-- Table structure for advert
-- ----------------------------
CREATE TABLE `advert` (
  `advert_id` varchar(30) NOT NULL COMMENT '广告ID',
  `b_id` varchar(30) NOT NULL COMMENT '业务Id',
  `ad_name` varchar(200) NOT NULL COMMENT '广告名称',
  `ad_type_cd` varchar(12) NOT NULL COMMENT '广告类型,门禁机 10000',
  `classify` varchar(12) NOT NULL COMMENT '广告分类 9001 物流 9002 餐饮 9003 旅游 9004 酒店 9005 教育 9006 互联网',
  `community_id` varchar(30) NOT NULL COMMENT '小区ID,主要用来做分片',
  `location_type_cd` varchar(12) NOT NULL DEFAULT '1000' COMMENT '位置类型，1000 大门 2000 单元门 3000 房屋门 4000 楼栋',
  `location_obj_id` varchar(30) NOT NULL DEFAULT '-1' COMMENT '对象ID，大门时小区ID，单元门 时单元ID 房屋时房屋ID，楼栋时 楼栋ID',
  `state` varchar(12) NOT NULL DEFAULT '1000' COMMENT '广告状态，1000 未审核 2000 审核通过 3000 审核拒绝 4000 未播放 5000 播放中',
  `seq` int(11) NOT NULL DEFAULT '1' COMMENT '播放顺序',
  `start_time` datetime NOT NULL COMMENT '开始时间',
  `end_time` datetime NOT NULL COMMENT '结束时间',
  `create_time` timestamp NOT NULL DEFAULT CURRENT_TIMESTAMP COMMENT '创建时间',
  `status_cd` varchar(2) NOT NULL DEFAULT '0' COMMENT '数据状态，详细参考t_dict表，0, 在用 1失效',
  `view_type` varchar(12) NOT NULL COMMENT '广告类型 8888 图片 9999 视频',
  KEY `idx_advert_id` (`advert_id`) USING BTREE
) ENGINE=InnoDB DEFAULT CHARSET=utf8;

-- ----------------------------
-- Records of advert
-- ----------------------------

-- ----------------------------
-- Table structure for advert_item
-- ----------------------------
CREATE TABLE `advert_item` (
  `advert_item_id` varchar(30) NOT NULL COMMENT '广告ID',
  `b_id` varchar(30) NOT NULL COMMENT '业务Id',
  `advert_id` varchar(200) NOT NULL COMMENT '广告名称',
  `item_type_cd` varchar(12) NOT NULL COMMENT '8888 图片 9999 视频',
  `url` varchar(200) NOT NULL COMMENT '图片或视频地址',
  `community_id` varchar(30) NOT NULL COMMENT '小区ID,主要用来做分片',
  `seq` int(11) NOT NULL DEFAULT '1' COMMENT '播放顺序',
  `create_time` timestamp NOT NULL DEFAULT CURRENT_TIMESTAMP COMMENT '创建时间',
  `status_cd` varchar(2) NOT NULL DEFAULT '0' COMMENT '数据状态，详细参考t_dict表，0, 在用 1失效',
  KEY `idx_advert_item` (`advert_item_id`) USING BTREE
) ENGINE=InnoDB DEFAULT CHARSET=utf8;

-- ----------------------------
-- Records of advert_item
-- ----------------------------

-- ----------------------------
-- Table structure for allocation_storehouse
-- ----------------------------
CREATE TABLE `allocation_storehouse` (
  `as_id` varchar(30) NOT NULL COMMENT '调拨ID',
  `b_id` varchar(30) NOT NULL COMMENT '业务Id',
  `sh_id_a` varchar(30) NOT NULL COMMENT '前仓库ID',
  `sh_id_z` varchar(30) NOT NULL COMMENT '后仓库ID',
  `res_id` varchar(30) NOT NULL COMMENT '物品ID',
  `res_name` varchar(100) NOT NULL COMMENT '物品名称',
  `store_id` varchar(30) NOT NULL COMMENT '商户ID',
  `stock` int(11) DEFAULT NULL COMMENT '库存数',
  `state` varchar(12) NOT NULL COMMENT '状态，1201 调拨审核 1202 调拨完成 1202 调拨失败',
  `start_user_id` varchar(30) NOT NULL COMMENT '申请人',
  `start_user_name` varchar(64) NOT NULL COMMENT '申请人',
  `create_time` timestamp NOT NULL DEFAULT CURRENT_TIMESTAMP COMMENT '创建时间',
  `status_cd` varchar(2) NOT NULL DEFAULT '0' COMMENT '数据状态，详细参考t_dict表，0, 在用 1失效',
  `remark` varchar(1024) DEFAULT NULL COMMENT '调拨说明',
  `apply_id` varchar(30) NOT NULL COMMENT '申请ID',
  `original_stock` int(11) DEFAULT NULL COMMENT '原有库存',
  PRIMARY KEY (`as_id`)
) ENGINE=InnoDB DEFAULT CHARSET=utf8;

-- ----------------------------
-- Records of allocation_storehouse
-- ----------------------------
INSERT INTO `allocation_storehouse` VALUES ('262021040847940001', '202021040876841697', '252021040723070003', '252021040786640001', '852020110101150256', '扫把 - 带刮刀', '402019032924930007', '5', '1201', '30518940136629616640', 'wuxw', '2021-04-08 15:15:19', '0', '调拨申请', '', null);
INSERT INTO `allocation_storehouse` VALUES ('262021040854130001', '202021040866671391', '252021040723070003', '252021040786640001', '852020110101150256', '扫把 - 带刮刀', '402019032924930007', '5', '1201', '30518940136629616640', 'wuxw', '2021-04-08 01:40:28', '0', '请领导审批', '', null);
INSERT INTO `allocation_storehouse` VALUES ('262021040881850004', '202021040896921852', '252021040723070003', '252021040786640001', '852020110101150256', '扫把 - 带刮刀', '402019032924930007', '6', '1202', '30518940136629616640', 'wuxw', '2021-04-08 16:13:56', '0', '调拨申请', '', null);
INSERT INTO `allocation_storehouse` VALUES ('262021040892980010', '202021040809961849', '252021040723070003', '252021040786640001', '852020110101150256', '扫把 - 带刮刀', '402019032924930007', '3', '1201', '30518940136629616640', 'wuxw', '2021-04-08 16:29:07', '0', '测试调拨', '', null);
INSERT INTO `allocation_storehouse` VALUES ('262021040898690001', '202021040850041904', '252021040723070003', '252021040786640001', '852020110101150256', '扫把 - 带刮刀', '402019032924930007', '5', '1202', '30518940136629616640', 'wuxw', '2021-04-08 17:30:12', '0', '测试调拨', '', null);
INSERT INTO `allocation_storehouse` VALUES ('262021042910700007', '202021042990643825', '252021040723070003', '252021040786640001', '852021040112530007', '测试物品', '402019032924930007', '1', '1202', '30518940136629616640', 'wuxw', '2021-04-29 23:25:47', '0', '测试调拨', '292021042993600006', null);
INSERT INTO `allocation_storehouse` VALUES ('262021042921250003', '202021042913643821', '252021040723070003', '252021042956100002', '852021040887540011', '扫把 - 带刮刀', '402019032924930007', '2', '1202', '30518940136629616640', 'wuxw', '2021-04-29 23:05:42', '0', '测试', '292021042908970001', null);
INSERT INTO `allocation_storehouse` VALUES ('262021042952170008', '202021042990643825', '252021040723070003', '252021041271240005', '852020110101150256', '扫把 - 带刮刀', '402019032924930007', '2', '1202', '30518940136629616640', 'wuxw', '2021-04-29 23:25:47', '0', '测试调拨', '292021042993600006', null);
INSERT INTO `allocation_storehouse` VALUES ('262021042957750001', '202021042987873817', '252021040723070003', '252021042956100002', '852021040112530007', '测试物品', '402019032924930007', '1', '1202', '30518940136629616640', 'wuxw', '2021-04-29 21:57:34', '1', '测试', '29', null);
INSERT INTO `allocation_storehouse` VALUES ('262021042997030002', '202021042913643821', '252021040786640001', '252021042956100002', '852021040863010002', '扫把 - 带刮刀', '402019032924930007', '4', '1202', '30518940136629616640', 'wuxw', '2021-04-29 23:05:42', '0', '测试', '292021042908970001', null);
INSERT INTO `allocation_storehouse` VALUES ('262021052679820549', '202021052675817846', '252021040723070003', '252021042956100002', '852021052472440005', '苹果', '402019032924930007', '5', '1200', '30518940136629616640', 'wuxw', '2021-05-26 15:51:21', '0', '调拨申请', '292021052635130548', '225');
INSERT INTO `allocation_storehouse` VALUES ('262021052767860124', '202021052793939808', '252021052770610007', '252021052712840009', '852021052770420122', '中性笔', '402021052437100417', '50', '1200', '302021052485270016', 'yunshangwuye', '2021-05-27 20:19:32', '0', '调拨给乐安小区', '292021052735410123', '100');

-- ----------------------------
-- Table structure for allocation_storehouse_apply
-- ----------------------------
CREATE TABLE `allocation_storehouse_apply` (
  `apply_id` varchar(30) NOT NULL COMMENT '主键ID',
  `b_id` varchar(30) NOT NULL COMMENT '业务Id',
  `start_user_id` varchar(30) NOT NULL COMMENT '申请人',
  `start_user_name` varchar(64) NOT NULL COMMENT '申请人',
  `remark` varchar(1024) NOT NULL COMMENT '申请说明',
  `apply_count` int(11) NOT NULL DEFAULT '1' COMMENT '调拨数量',
  `store_id` varchar(30) NOT NULL COMMENT '商户ID',
  `create_time` timestamp NOT NULL DEFAULT CURRENT_TIMESTAMP COMMENT '创建时间',
  `status_cd` varchar(2) NOT NULL DEFAULT '0' COMMENT '数据状态，详细参考t_dict表，0, 在用 1失效',
  `state` varchar(12) NOT NULL COMMENT '状态，1201 调拨审核 1202 调拨完成 1202 调拨失败',
  PRIMARY KEY (`apply_id`)
) ENGINE=InnoDB DEFAULT CHARSET=utf8;

-- ----------------------------
-- Records of allocation_storehouse_apply
-- ----------------------------
INSERT INTO `allocation_storehouse_apply` VALUES ('29', '202021042938403819', '30518940136629616640', 'wuxw', '测试', '1', '402019032924930007', '2021-04-29 21:57:34', '1', '1201');
INSERT INTO `allocation_storehouse_apply` VALUES ('292021042908970001', '202021042992273823', '30518940136629616640', 'wuxw', '测试', '6', '402019032924930007', '2021-04-29 23:05:42', '0', '1201');
INSERT INTO `allocation_storehouse_apply` VALUES ('292021042993600006', '202021042939413827', '30518940136629616640', 'wuxw', '测试调拨', '3', '402019032924930007', '2021-04-29 23:25:47', '0', '1201');
INSERT INTO `allocation_storehouse_apply` VALUES ('292021052635130548', '202021052620397848', '30518940136629616640', 'wuxw', '调拨申请', '5', '402019032924930007', '2021-05-26 15:51:21', '0', '1200');
INSERT INTO `allocation_storehouse_apply` VALUES ('292021052735410123', '202021052740549810', '302021052485270016', 'yunshangwuye', '调拨给乐安小区', '50', '402021052437100417', '2021-05-27 20:19:32', '0', '1200');

-- ----------------------------
-- Table structure for allocation_user_storehouse
-- ----------------------------
CREATE TABLE `allocation_user_storehouse` (
  `aus_id` varchar(30) NOT NULL COMMENT '转增ID',
  `b_id` varchar(30) NOT NULL COMMENT '业务Id',
  `res_id` varchar(30) NOT NULL COMMENT '资源ID',
  `res_name` varchar(100) NOT NULL COMMENT '物品名称',
  `store_id` varchar(30) NOT NULL COMMENT '商户ID',
  `stock` int(11) NOT NULL COMMENT '现有库存数',
  `give_quantity` int(11) NOT NULL COMMENT '转赠数量',
  `start_user_id` varchar(30) NOT NULL COMMENT '申请人userId',
  `start_user_name` varchar(64) NOT NULL COMMENT '申请人用户名',
  `accept_user_id` varchar(30) NOT NULL COMMENT '接受人userId',
  `accept_user_name` varchar(64) NOT NULL COMMENT '接受人用户名',
  `create_time` timestamp NOT NULL DEFAULT CURRENT_TIMESTAMP COMMENT '创建时间',
  `status_cd` varchar(2) NOT NULL DEFAULT '0' COMMENT '数据状态，详细参考t_dict表，0, 在用 1失效',
  `remark` varchar(512) DEFAULT NULL COMMENT '转增说明'
) ENGINE=InnoDB DEFAULT CHARSET=utf8;

-- ----------------------------
-- Records of allocation_user_storehouse
-- ----------------------------

-- ----------------------------
-- Table structure for application_key
-- ----------------------------
CREATE TABLE `application_key` (
  `application_key_id` varchar(30) NOT NULL COMMENT '申请ID',
  `b_id` varchar(30) NOT NULL COMMENT '业务Id',
  `machine_id` varchar(30) NOT NULL COMMENT '设备ID',
  `type_cd` varchar(12) NOT NULL COMMENT '类型，10001 保洁 10002 保安 10003 其他人员，详情查看t_dict表',
  `name` varchar(64) NOT NULL COMMENT '申请人名称',
  `tel` varchar(12) NOT NULL COMMENT '申请人手机号码',
  `sex` varchar(2) NOT NULL COMMENT '申请人男女 0男 1女',
  `age` int(11) NOT NULL COMMENT '申请人年龄',
  `id_card` varchar(20) NOT NULL COMMENT '申请人身份证号',
  `community_id` varchar(30) NOT NULL COMMENT '小区ID',
  `state` varchar(8) NOT NULL COMMENT '状态，10002 未审核,10001 完成审核 10003 审核拒绝',
  `start_time` timestamp NOT NULL DEFAULT CURRENT_TIMESTAMP COMMENT '开始时间',
  `end_time` timestamp NOT NULL DEFAULT CURRENT_TIMESTAMP COMMENT '结束时间',
  `create_time` timestamp NOT NULL DEFAULT CURRENT_TIMESTAMP COMMENT '创建时间',
  `status_cd` varchar(2) NOT NULL DEFAULT '0' COMMENT '数据状态，详细参考c_status表，S 保存，0, 在用 1失效',
  `type_flag` varchar(12) NOT NULL COMMENT '人脸申请1100101 固定密码申请 1100102 临时密码 1100103',
  `pwd` varchar(12) NOT NULL COMMENT '密码',
  UNIQUE KEY `application_key_id` (`application_key_id`) USING BTREE
) ENGINE=InnoDB DEFAULT CHARSET=utf8;

-- ----------------------------
-- Records of application_key
-- ----------------------------

-- ----------------------------
-- Table structure for apply_room_discount
-- ----------------------------
CREATE TABLE `apply_room_discount` (
  `ard_id` varchar(30) NOT NULL COMMENT '主键ID',
  `community_id` varchar(30) NOT NULL COMMENT '小区ID',
  `room_id` varchar(30) NOT NULL COMMENT '房屋id',
  `room_name` varchar(64) NOT NULL COMMENT '房屋名称',
  `discount_id` varchar(30) DEFAULT NULL COMMENT '折扣id',
  `apply_type` varchar(30) NOT NULL COMMENT '申请类型',
  `start_time` datetime NOT NULL COMMENT '开始时间',
  `end_time` datetime NOT NULL COMMENT '结束时间',
  `create_user_name` varchar(64) NOT NULL COMMENT '创建人',
  `create_user_tel` varchar(11) NOT NULL COMMENT '创建手机号',
  `check_user_id` varchar(30) DEFAULT NULL COMMENT '验房人',
  `review_user_id` varchar(30) DEFAULT NULL COMMENT '通过人',
  `state` varchar(12) NOT NULL DEFAULT '0' COMMENT '审核状态: 1申请验房2验房通过3验房不通过 4审批通过5审批不通过',
  `create_remark` varchar(512) DEFAULT NULL COMMENT '申请信息',
  `check_remark` varchar(512) DEFAULT NULL COMMENT '验房备注信息',
  `review_remark` varchar(512) DEFAULT NULL COMMENT '通过备注信息',
  `create_time` timestamp NOT NULL DEFAULT CURRENT_TIMESTAMP COMMENT '创建时间',
  `status_cd` varchar(2) NOT NULL DEFAULT '0' COMMENT '数据状态0正常1失效',
  PRIMARY KEY (`ard_id`),
  KEY `community_id` (`community_id`) USING BTREE,
  KEY `room_id` (`room_id`) USING BTREE,
  KEY `state` (`state`) USING BTREE
) ENGINE=InnoDB DEFAULT CHARSET=utf8;

-- ----------------------------
-- Records of apply_room_discount
-- ----------------------------
INSERT INTO `apply_room_discount` VALUES ('142020122252320001', '7020181217000001', '752020082615958134', '88-1-202', null, '3333', '2020-12-01 00:00:53', '2021-01-01 00:00:53', 'lbwnb', '15332877834', null, null, '1', '没住着', null, null, '2020-12-22 23:50:26', '1');
INSERT INTO `apply_room_discount` VALUES ('142020122380540006', '7020181217000001', '752020082615958134', '88-1-202', '132021030499380001', '152020122379340001', '2020-12-01 01:00:36', '2020-02-01 01:00:36', 'lbwnb', '15332877834', '30518940136629616640', '30518940136629616640', '4', '没住着', '1', 'tg', '2020-12-23 01:11:38', '0');
INSERT INTO `apply_room_discount` VALUES ('142020122435420252', '2020121177440140', '752020121123140101', '1-1-1021', null, '152020122493070251', '2020-12-24 00:00:20', '2020-12-31 00:00:20', '张三4', '18999999994', null, null, '1', '1111111111111111111', null, null, '2020-12-24 10:33:54', '0');
INSERT INTO `apply_room_discount` VALUES ('142020122893120390', '2020122877240881', '752020122839010900', '1-1-110', null, '152020122804290389', '2020-12-01 11:55:06', '2020-12-09 12:35:06', '杨大站', '15907078222', null, null, '1', '5656+', null, null, '2020-12-28 12:07:51', '0');
INSERT INTO `apply_room_discount` VALUES ('142020123077190091', '2020122471920846', '752020123037230597', '1111-2222-1605', null, '152020123050900090', '2020-12-08 05:25:31', '2020-12-08 05:25:31', '刘文军', '15838995173', null, null, '1', '111', null, null, '2020-12-30 16:33:31', '0');
INSERT INTO `apply_room_discount` VALUES ('142021011905340154', '2020121792640104', '752020122766840715', '00001-6-501', '132021011878920070', '152021011780040036', '2021-01-19 00:00:38', '2021-01-19 23:00:38', 'wxw', '13454543434', '30518940136629616640', '30518940136629616640', '4', '1111', '1111', '11111', '2021-01-19 17:00:57', '0');
INSERT INTO `apply_room_discount` VALUES ('142021012218740662', '7020181217000001', '752020091237800114', '1-1-1021', '132021030499380001', '152020122370460003', '2021-01-27 00:00:00', '2021-04-01 00:00:00', 'test001', '18909711443', '30518940136629616640', '30518940136629616640', '4', '空置房申请', '1', '烦烦烦', '2021-01-22 15:52:38', '0');
INSERT INTO `apply_room_discount` VALUES ('142021012631620895', '2021012222523156', '752021012250133223', '88-3-802', '132021012699780896', '152021012261070677', '2021-01-26 11:25:14', '2021-01-27 11:25:14', '张三水', '15835356767', '302021012190350087', '302021012190350087', '4', '优秀人才福利', '验房没问题', '同意', '2021-01-26 11:31:22', '0');
INSERT INTO `apply_room_discount` VALUES ('142021012699500899', '2021012222523156', '752021012212443221', '88-3-901', '132021012699780896', '152021012261070677', '2021-01-26 11:35:48', '2021-01-27 11:35:48', '李敬臣', '15834562345', '302021012190350087', '302021012190350087', '4', '优秀人才福利', '验房没问题', '同意', '2021-01-26 11:37:43', '0');
INSERT INTO `apply_room_discount` VALUES ('142021012805940942', '2021012115732778', '752021012260620213', '11-1-111401', '132021012844000943', '152021012886100941', '2020-01-01 00:00:16', '2022-01-01 00:00:16', '张三18', '18999999994', '302021012191590092', '302021012191590092', '4', 'aaaa', 'aaaaa', 'aaaaa', '2021-01-28 16:53:00', '0');
INSERT INTO `apply_room_discount` VALUES ('142021012854070946', '2021012115732778', '752021012260620213', '11-1-111401', '132021012844000943', '152021012886100941', '2022-01-02 00:00:00', '2023-01-02 00:00:00', '张三18', '18999999994', '302021012191590092', '302021012191590092', '4', '空置房申请', 'aaaa', 'aaaa', '2021-01-28 17:24:51', '0');
INSERT INTO `apply_room_discount` VALUES ('142021012883320940', '2020121530990123', '752021012579820037', '15-2-PA001', null, '152021012897040939', '2021-01-28 16:45:54', '2021-04-28 16:45:54', '杨测试', '18824674978', '30518940136629616640', null, '2', '水电费', 'aaa', null, '2021-01-28 16:48:13', '1');
INSERT INTO `apply_room_discount` VALUES ('142021020282320032', '2021012115732778', '752021012259750195', '1-1-11101', null, '152021012886100941', '2021-02-01 00:00:26', '2021-03-01 00:00:26', '陈美宝', '18999999999', null, null, '1', 'aaaa', null, null, '2021-02-02 00:16:04', '0');
INSERT INTO `apply_room_discount` VALUES ('142021020290890035', '7020181217000001', '752020091237800114', '1-1-1021', '132021020974380577', '152020122379340001', '2029-02-02 00:00:00', '2029-02-05 00:00:00', 'test001', '18909711443', '30518940136629616640', '30518940136629616640', '4', '空置房申请', '1', '1', '2021-02-02 12:37:55', '0');
INSERT INTO `apply_room_discount` VALUES ('142021020683590005', '2020121530990123', '752021012579820037', '15-2-PA001', null, '152021012897040939', '2025-01-28 09:35:11', '2029-08-24 11:55:11', '杨测试', '18824674978', '30518940136629616640', null, '2', 'test', '1', null, '2021-02-06 18:02:13', '0');
INSERT INTO `apply_room_discount` VALUES ('142021020691880004', '2020121530990123', '752021012579820037', '15-2-PA001', null, '152021012897040939', '2021-05-06 06:30:56', '2021-09-24 17:50:11', '杨测试', '18824674978', '30518940136629616640', null, '2', 'TEST', 'TEST', null, '2021-02-06 18:00:08', '0');
INSERT INTO `apply_room_discount` VALUES ('142021020945540573', '7020181217000001', '752020091278580065', '11-1-0903', '132021020969820574', '152020122370460003', '2021-02-09 15:20:22', '2021-02-26 15:20:22', '孙开心', '13987654321', '30518940136629616640', '30518940136629616640', '4', '123', '123', '123', '2021-02-09 15:23:43', '0');
INSERT INTO `apply_room_discount` VALUES ('142021022012090038', '2021012122242316', '752021022090100226', '1-1-11', '132021020927210570', '152021022061670037', '2021-02-20 17:15:52', '2021-03-31 23:55:52', '王二', '18149530235', '30518940136629616640', '30518940136629616640', '4', '测试测试', '验房通过', '审核通过', '2021-02-20 17:20:27', '0');
INSERT INTO `apply_room_discount` VALUES ('142021022074770047', '7020181217000001', '752020091237800114', '1-1-1021', null, '152020122379340001', '2033-03-20 00:00:00', '2038-05-21 00:00:00', 'test001', '18909711443', null, null, '1', '空置房申请', null, null, '2021-02-20 18:07:57', '1');
INSERT INTO `apply_room_discount` VALUES ('142021030126930004', '7020181217000001', '752020120955470296', '1-1-10', '132021020974380577', '152020122379340001', '2021-03-01 00:00:43', '2021-07-31 23:35:43', '京东母婴', '18722081900', '30518940136629616640', '30518940136629616640', '4', '123', '123', '123', '2021-03-01 10:37:52', '1');
INSERT INTO `apply_room_discount` VALUES ('142021030478690122', '2021030221420610', '752021030414040580', '1-1-1001', null, '152021030477230121', '2021-01-01 00:00:11', '2022-12-01 00:00:11', '测试', '15500000006', null, null, '1', '房屋未入住申请打折', null, null, '2021-03-04 16:38:54', '0');
INSERT INTO `apply_room_discount` VALUES ('142021030503830053', '2021030162070337', '752021030317660701', '1-1-1011', '132021030597430050', '152021030580290045', '2020-12-31 00:00:27', '2022-01-02 00:00:27', '31yezhu', '18909715555', '302021030108720020', '302021030108720020', '4', '申请空置房', '情况属实', '通过', '2021-03-05 18:40:13', '0');
INSERT INTO `apply_room_discount` VALUES ('142021030526630003', '7020181217000001', '752020101795600338', '1-1-1011', '132021020969820574', '152020122311690002', '2021-01-01 00:00:15', '2021-02-28 23:55:15', '林先生', '18999999999', '30518940136629616640', '30518940136629616640', '4', '1', '同意', '1', '2021-03-05 19:04:56', '0');
INSERT INTO `apply_room_discount` VALUES ('142021030529100049', '2021030162070337', '752021030317660701', '1-1-1011', '132021030545170046', '152021030580290045', '2021-03-01 00:00:31', '2022-03-01 00:00:31', '31yezhu', '18909715555', '302021030108720020', '302021030108720020', '4', '空置房测试', '情况属实', '情况属实', '2021-03-05 18:15:59', '1');
INSERT INTO `apply_room_discount` VALUES ('142021030592130057', '2021012653560025', '752021030579880222', '1-1-1011', null, '152021030516800011', '2021-01-01 00:00:29', '2021-02-28 23:55:29', '吴学文', '18999999999', null, null, '1', '1', null, null, '2021-03-05 18:54:31', '0');
INSERT INTO `apply_room_discount` VALUES ('142021030813930038', '7020181217000001', '752020120908950287', '1-1-1', '132021020969820574', '152020122379340001', '2021-01-01 00:00:02', '2021-04-01 01:00:02', '腾达窗帘', '13687094569', '30518940136629616640', '30518940136629616640', '4', '1', '1', '1', '2021-03-08 17:05:17', '0');
INSERT INTO `apply_room_discount` VALUES ('142021030817310031', '7020181217000001', '752020120908950287', '1-1-1', '132021020969820574', '152020122379340001', '2021-02-01 00:00:03', '2021-03-31 23:55:03', '腾达窗帘', '13687094569', '30518940136629616640', '30518940136629616640', '4', '11', '1', '1', '2021-03-08 16:41:23', '1');
INSERT INTO `apply_room_discount` VALUES ('142021030824000030', '2021012714410004', '752021030864990103', '1-1-601', '132021030884240012', '152021030823410020', '2021-08-31 00:00:19', '2021-10-01 00:00:19', 'lrx', '15111111111', '30518940136629616640', '30518940136629616640', '4', '1', '1', '1', '2021-03-08 16:31:09', '0');
INSERT INTO `apply_room_discount` VALUES ('142021030827330021', '2021012714410004', '752021030864990103', '1-1-601', '132021030884240012', '152021030823410020', '2020-02-01 00:00:59', '2021-07-01 00:00:59', 'lrx', '15111111111', '30518940136629616640', '30518940136629616640', '4', '没人', '1', '1', '2021-03-08 15:29:33', '1');
INSERT INTO `apply_room_discount` VALUES ('142021030828310032', '7020181217000001', '752020120908950287', '1-1-1', '132021020969820574', '152020122379340001', '2021-01-31 23:55:30', '2021-03-31 23:55:30', '腾达窗帘', '13687094569', '30518940136629616640', '30518940136629616640', '4', '1', '1', '1', '2021-03-08 16:43:07', '1');
INSERT INTO `apply_room_discount` VALUES ('142021030832000024', '2021012714410004', '752021030864990103', '1-1-601', '132021030884240012', '152021030823410020', '2020-10-01 00:00:51', '2020-12-01 00:00:51', 'lrx', '15111111111', '30518940136629616640', '30518940136629616640', '4', '1', '1', '1', '2021-03-08 16:13:31', '1');
INSERT INTO `apply_room_discount` VALUES ('142021030871190034', '7020181217000001', '752020120908950287', '1-1-1', '132021020969820574', '152020122379340001', '2021-01-01 00:00:43', '2021-12-02 00:00:43', '腾达窗帘', '13687094569', '30518940136629616640', '30518940136629616640', '4', '1', '1', '1', '2021-03-08 16:59:13', '1');
INSERT INTO `apply_room_discount` VALUES ('142021030879440015', '7020181217000001', '752020120807580152', '01-01-01', '132021020974380577', '152020122379340001', '2021-03-01 11:00:46', '2021-03-17 11:25:46', 'chen', '18811120172', '30518940136629616640', '30518940136629616640', '4', '等待', 'ii', '；；', '2021-03-08 11:02:22', '0');
INSERT INTO `apply_room_discount` VALUES ('142021030881600022', '7020181217000001', '752020120908950287', '1-1-1', '132021020969820574', '152020122379340001', '2021-03-08 00:00:47', '2021-03-31 23:55:47', '腾达窗帘', '13687094569', '30518940136629616640', '30518940136629616640', '4', 'SDDD', 'dddd', 'ddd', '2021-03-08 15:34:16', '1');
INSERT INTO `apply_room_discount` VALUES ('142021030889010033', '7020181217000001', '752020120908950287', '1-1-1', '132021020969820574', '152020122379340001', '2020-12-31 00:00:41', '2022-01-01 00:00:41', '腾达窗帘', '13687094569', '30518940136629616640', '30518940136629616640', '4', '1', '1', '1', '2021-03-08 16:53:23', '1');
INSERT INTO `apply_room_discount` VALUES ('142021030910350048', '7020181217000001', '752020120955470296', '1-1-10', '132021020969820574', '152020122379340001', '2021-03-01 00:00:34', '2021-05-01 00:00:34', '京东母婴', '18722081900', '30518940136629616640', '30518940136629616640', '4', '1', '1', '1', '2021-03-09 16:49:58', '0');
INSERT INTO `apply_room_discount` VALUES ('142021031004710063', '7020181217000001', '752020091237800114', '1-1-1021', '132021020974380577', '152020122379340001', '2045-07-12 11:20:42', '2065-07-08 11:20:42', 'test001', '18909711443', '30518940136629616640', '30518940136629616640', '5', '生气', '不生气', '32', '2021-03-10 11:24:34', '0');
INSERT INTO `apply_room_discount` VALUES ('142021031030280083', '2021012739890133', '752021031036270178', '1-1-101', '132021031079210077', '152021031043410080', '2020-12-31 23:55:59', '2021-02-01 01:00:59', '测试', '15111111111', '30518940136629616640', '30518940136629616640', '4', '1', '1', '1', '2021-03-10 19:16:45', '0');
INSERT INTO `apply_room_discount` VALUES ('142021031083560068', '7020181217000001', '752020120908950287', '1-1-1', '132021031049450065', '152020122379340001', '2022-03-17 16:40:17', '2022-07-06 16:40:17', '腾达窗帘', '13687094569', '30518940136629616640', '30518940136629616640', '4', 'okoko', '没问题', '大师的撒', '2021-03-10 16:45:30', '0');
INSERT INTO `apply_room_discount` VALUES ('142021031085150081', '2021012739890133', '752021031036270178', '1-1-101', '132021031079210077', '152021031043410080', '2021-01-01 00:00:45', '2021-02-01 01:00:45', '测试', '15111111111', '30518940136629616640', '30518940136629616640', '4', '1', '1', '1', '2021-03-10 19:07:36', '1');
INSERT INTO `apply_room_discount` VALUES ('142021031086480062', '7020181217000001', '752020120955470296', '1-1-10', '132021031001730059', '152020122379340001', '2021-06-18 15:05:40', '2021-10-07 11:05:40', 'xueyu', '18722081900', '30518940136629616640', '30518940136629616640', '4', '通过一下', '没问题', '审批通过', '2021-03-10 11:09:42', '0');
INSERT INTO `apply_room_discount` VALUES ('142021031093480064', '7020181217000001', '752020120955470296', '1-1-10', '132021031049450065', '152020122379340001', '2024-03-06 13:45:25', '2026-03-12 13:45:25', '京东母婴', '18722081900', '30518940136629616640', '30518940136629616640', '4', '申请1', 'okook', '2222', '2021-03-10 13:48:48', '0');
INSERT INTO `apply_room_discount` VALUES ('142021031186700084', '2021012739890133', '752021030894870218', '1002-12-1', null, '152021031043410080', '2021-03-01 00:00:45', '2021-04-01 01:00:45', '1323', '13899999999', null, null, '1', '1', null, null, '2021-03-11 10:09:00', '0');
INSERT INTO `apply_room_discount` VALUES ('142021031213262251', '7020181217000001', '752021031242320069', '39-1-101', '132021031049450065', '152020122379340001', '2021-03-01 00:00:14', '2021-03-31 23:55:14', 'TATEST', '15666666666', '30518940136629616640', '30518940136629616640', '4', 'sssss', 'ddddd', 'dddd', '2021-03-12 15:51:34', '0');
INSERT INTO `apply_room_discount` VALUES ('142021031634000147', '2021031132160233', '752021031559790153', '1-1-1011', '132021031611360074', '152021031674690073', '2021-12-31 00:00:05', '2022-01-02 00:00:05', '吴学文', '18999999999', '302021031232220041', '302021031232220041', '4', '情况属实', '情况属实', '舒适', '2021-03-16 14:31:34', '0');
INSERT INTO `apply_room_discount` VALUES ('142021031666550078', '2021031132160233', '752021031546780155', '1-1-1013', '132021031611360074', '152021031674690073', '2021-03-01 00:00:46', '2021-12-01 00:00:46', '张三2', '18999999992', '302021031232220041', '302021031232220041', '4', '空置房', '情况属实', '情况属实', '2021-03-16 14:15:14', '0');
INSERT INTO `apply_room_discount` VALUES ('142021031761240310', '2020121527920100', '752021020102120058', '1-1-1011', null, '152020122474120263', '2021-01-01 00:00:04', '2021-03-01 00:00:04', '吴学文', '18999999999', '30518940136629616640', null, '3', '你好', '没问题', null, '2021-03-17 13:52:29', '0');
INSERT INTO `apply_room_discount` VALUES ('142021032076070495', '2020121527920100', '752021020102120058', '1-1-1011', null, '152020122474120263', '2021-03-01 00:00:28', '2021-03-31 23:55:28', '吴学文', '18999999999', null, null, '1', '1', null, null, '2021-03-20 18:43:49', '0');
INSERT INTO `apply_room_discount` VALUES ('142021040232140005', '2021031851920041', '752021040299450047', '1-1-101', null, '152021033186740120', '2021-04-24 00:00:00', '2021-04-28 00:00:00', 'fddfb', '15678976543', '30518940136629616640', null, '2', '饿饿饿', '通过', null, '2021-04-02 13:25:52', '0');
INSERT INTO `apply_room_discount` VALUES ('142021041507690587', '2021031851920041', '752021040299450047', '1-1-101	', '132021041545360613', '152021033186740120', '2021-05-01 01:00:08', '2026-01-01 00:00:08', 'fddfb', '15678976543', '30518940136629616640', '30518940136629616640', '4', '123', '测试', '审批通过', '2021-04-15 10:12:20', '1');
INSERT INTO `apply_room_discount` VALUES ('142021041508700621', '2021031851920041', '752021040299450047', '1-1-101', '132021041545360613', '152021041554000620', '2021-06-01 00:00:00', '2021-06-30 00:00:00', 'fddfb', '15678976543', '30518940136629616640', '30518940136629616640', '4', '1-1-101', '123', '通过', '2021-04-15 16:37:58', '0');
INSERT INTO `apply_room_discount` VALUES ('142021051264995717', '7020181217000001', '752020091278580065', '11-1-0903', '132021031049450065', '152020122370460003', '2021-05-05 00:00:00', '2021-05-13 00:00:00', '萨阿丹是', '18878415521', '30518940136629616640', '30518940136629616640', '4', '撒旦水水', '通过', '通过', '2021-05-12 17:14:12', '0');
INSERT INTO `apply_room_discount` VALUES ('142021051726770502', '7020181217000001', '752020091278580065', '11-1-0903', '132021030499380001', '152020122311690002', '2021-05-18 07:00:29', '2021-05-30 12:55:29', 'aa', '18049530235', '30518940136629616640', '30518940136629616640', '4', 'ssssss', 'ddd', 'ddsd', '2021-05-17 17:01:30', '1');
INSERT INTO `apply_room_discount` VALUES ('142021052444151186', '7020181217000001', '752020120801510026', '09-1-1', null, '152020122379340001', '2021-05-25 05:45:41', '2021-06-06 08:55:41', 'test', '13712345678', '30518940136629616640', null, '2', '00', '1', null, '2021-05-24 16:48:24', '0');
INSERT INTO `apply_room_discount` VALUES ('142021052453471181', '7020181217000001', '752020120294990250', '09-1-202020', null, '152020122370460003', '2021-05-25 05:40:54', '2021-05-30 04:55:54', '蔡万成', '18911544225', '30518940136629616640', null, '3', '111', 'ww', null, '2021-05-24 16:42:10', '0');
INSERT INTO `apply_room_discount` VALUES ('142021052532921211', '7020181217000001', '752020101795600338', '1-1-1011', '132021052468181182', '152020122379340001', '2021-05-20 02:30:12', '2021-05-29 06:55:12', '林先生', '18999999999', '30518940136629616640', '30518940136629616640', '4', '111222', '1', '通过', '2021-05-25 11:35:28', '1');
INSERT INTO `apply_room_discount` VALUES ('142021052745501102', '7020181217000001', '752021032424650030', '1-1-102', '132021052468181182', '152020122370460003', '2021-05-28 13:00:00', '2021-05-31 13:00:00', '南', '18999999991', '30518940136629616640', '30518940136629616640', '4', '申请', '通过', '10', '2021-05-27 14:49:15', '0');
INSERT INTO `apply_room_discount` VALUES ('142021052813301127', '7020181217000001', '752021032424650030', '1-1-102', null, '152021052874481124', '2021-08-05 00:00:00', '2021-12-31 00:00:00', '南', '18999999991', '30518940136629616640', null, '2', '11', '哈哈哈', null, '2021-05-28 13:41:35', '0');
INSERT INTO `apply_room_discount` VALUES ('142021060152363487', '7020181217000001', '752020101795600338', '1-1-1011', '132021052468181182', '152020122370460003', '2021-06-01 00:00:00', '2021-07-01 00:00:00', '林先生', '18999999999', '30518940136629616640', '30518940136629616640', '4', 'ceshi', '通过', 'OK', '2021-06-01 19:31:08', '0');

-- ----------------------------
-- Table structure for apply_room_discount_type
-- ----------------------------
CREATE TABLE `apply_room_discount_type` (
  `apply_type` varchar(30) NOT NULL COMMENT '类型ID',
  `type_name` varchar(64) NOT NULL COMMENT '类型名称',
  `community_id` varchar(30) NOT NULL COMMENT '小区ID',
  `type_desc` varchar(512) DEFAULT NULL COMMENT '类型说明',
  `create_time` timestamp NOT NULL DEFAULT CURRENT_TIMESTAMP COMMENT '创建时间',
  `status_cd` varchar(2) NOT NULL DEFAULT '0' COMMENT '数据状态0正常1失效',
  PRIMARY KEY (`apply_type`)
) ENGINE=InnoDB DEFAULT CHARSET=utf8;

-- ----------------------------
-- Records of apply_room_discount_type
-- ----------------------------
INSERT INTO `apply_room_discount_type` VALUES ('152020122311690002', '采暖不热', '7020181217000001', '采暖不热优惠', '2020-12-23 00:59:44', '0');
INSERT INTO `apply_room_discount_type` VALUES ('152020122312160005', '1', '7020181217000001', '1', '2020-12-23 01:10:32', '1');
INSERT INTO `apply_room_discount_type` VALUES ('152020122328750004', '嘻嘻嘻', '7020181217000001', '嘻嘻嘻', '2020-12-23 01:00:23', '1');
INSERT INTO `apply_room_discount_type` VALUES ('152020122370460003', '房屋质量问题', '7020181217000001', '房屋质量有问题优惠', '2020-12-23 01:00:12', '0');
INSERT INTO `apply_room_discount_type` VALUES ('152020122379340001', '空置房', '7020181217000001', '空置房', '2020-12-23 00:58:10', '1');
INSERT INTO `apply_room_discount_type` VALUES ('152020122380370001', '<{=．．．．(嘎~嘎~嘎~)', '2020121177440140', '柔柔弱弱', '2020-12-23 08:06:30', '1');
INSERT INTO `apply_room_discount_type` VALUES ('152020122474120263', '11', '2020121527920100', '222', '2020-12-24 14:52:06', '0');
INSERT INTO `apply_room_discount_type` VALUES ('152020122493070251', '111', '2020121177440140', '1111656', '2020-12-24 10:33:19', '0');
INSERT INTO `apply_room_discount_type` VALUES ('152020122804290389', '22', '2020122877240881', '', '2020-12-28 12:04:03', '0');
INSERT INTO `apply_room_discount_type` VALUES ('152020123050900090', '7折折扣', '2020122471920846', '', '2020-12-30 16:20:03', '0');
INSERT INTO `apply_room_discount_type` VALUES ('152020123052510089', '5折折扣', '2020122471920846', '', '2020-12-30 16:19:52', '0');
INSERT INTO `apply_room_discount_type` VALUES ('152020123061470092', '1折', '2020122471920846', '打骨折', '2020-12-30 16:43:03', '0');
INSERT INTO `apply_room_discount_type` VALUES ('152020123117260011', 'sys', '2020122471920846', 'sy', '2020-12-31 09:54:07', '0');
INSERT INTO `apply_room_discount_type` VALUES ('152020123128610038', '543', '2020122471920846', '45354321', '2020-12-31 15:07:47', '0');
INSERT INTO `apply_room_discount_type` VALUES ('152020123137380010', 'sy', '2020122471920846', 'sy', '2020-12-31 09:53:44', '0');
INSERT INTO `apply_room_discount_type` VALUES ('152021011780040036', '房屋漏水', '2020121792640104', '', '2021-01-17 16:50:34', '0');
INSERT INTO `apply_room_discount_type` VALUES ('152021011949340153', '空置房', '2020121792640104', '', '2021-01-19 17:00:15', '0');
INSERT INTO `apply_room_discount_type` VALUES ('152021012249830676', '低保优惠', '2021012222523156', '低保人员实行优惠政策', '2021-01-22 18:53:16', '0');
INSERT INTO `apply_room_discount_type` VALUES ('152021012261070677', '减免优惠', '2021012222523156', '优秀家庭进行减免优惠', '2021-01-22 18:53:42', '0');
INSERT INTO `apply_room_discount_type` VALUES ('152021012886100941', '物业优惠测试', '2021012115732778', 'aaaa', '2021-01-28 16:49:56', '0');
INSERT INTO `apply_room_discount_type` VALUES ('152021012897040939', '空置房', '2020121530990123', '空置房', '2021-01-28 16:47:54', '0');
INSERT INTO `apply_room_discount_type` VALUES ('152021022061670037', '测试类型', '2021012122242316', '测试', '2021-02-20 17:18:46', '0');
INSERT INTO `apply_room_discount_type` VALUES ('152021030477230121', '未入住打折', '2021030221420610', '未入住打折', '2021-03-04 16:38:07', '0');
INSERT INTO `apply_room_discount_type` VALUES ('152021030516800011', '费用优惠申请类型1', '2021012653560025', '', '2021-03-05 13:44:57', '0');
INSERT INTO `apply_room_discount_type` VALUES ('152021030580290045', '空置房', '2021030162070337', '', '2021-03-05 18:12:54', '0');
INSERT INTO `apply_room_discount_type` VALUES ('152021030823410020', '物业费减免', '2021012714410004', '1', '2021-03-08 15:28:34', '0');
INSERT INTO `apply_room_discount_type` VALUES ('152021031043410080', '打折', '2021012739890133', '', '2021-03-10 19:06:36', '0');
INSERT INTO `apply_room_discount_type` VALUES ('152021031674690073', '空置房优惠', '2021031132160233', '', '2021-03-16 14:01:31', '0');
INSERT INTO `apply_room_discount_type` VALUES ('152021031734720413', '端午节优惠', '2021031730860239', '临近端午', '2021-03-17 16:25:01', '0');
INSERT INTO `apply_room_discount_type` VALUES ('152021031737620415', '植树节', '2021031730860239', '植树节优惠', '2021-03-17 16:28:33', '0');
INSERT INTO `apply_room_discount_type` VALUES ('152021031782690414', '国庆节优惠', '2021031730860239', '临近国庆', '2021-03-17 16:26:28', '0');
INSERT INTO `apply_room_discount_type` VALUES ('152021033186740120', '预交费', '2021031851920041', '预交费3年优惠', '2021-03-31 14:13:15', '0');
INSERT INTO `apply_room_discount_type` VALUES ('152021041022260086', '领导特批优惠', '2021040903330084', '领导特批优惠', '2021-04-10 11:27:19', '0');
INSERT INTO `apply_room_discount_type` VALUES ('152021041554000620', '付物业费', '2021031851920041', '', '2021-04-15 16:36:45', '0');
INSERT INTO `apply_room_discount_type` VALUES ('152021042199490019', '活动打折', '2021042084880069', '活动打折', '2021-04-21 11:04:11', '0');
INSERT INTO `apply_room_discount_type` VALUES ('152021043069630083', '满五免一', '2021042996780878', '住满五年免一年费用\n', '2021-04-30 17:01:55', '0');
INSERT INTO `apply_room_discount_type` VALUES ('152021051084635035', '优惠1', '2021051033790693', '', '2021-05-10 18:51:25', '0');
INSERT INTO `apply_room_discount_type` VALUES ('152021051960630011', '活动', '2021031688280334', 'vv', '2021-05-19 10:55:19', '0');
INSERT INTO `apply_room_discount_type` VALUES ('152021052874481124', '11', '7020181217000001', '111', '2021-05-28 13:37:12', '0');

-- ----------------------------
-- Table structure for appraise
-- ----------------------------
CREATE TABLE `appraise` (
  `appraise_id` varchar(30) NOT NULL COMMENT '评价ID',
  `appraise_score` int(11) NOT NULL DEFAULT '0' COMMENT '评价得分',
  `appraise_type` varchar(12) NOT NULL DEFAULT '10000' COMMENT '评价类型，10000 普通类型',
  `context` varchar(500) DEFAULT NULL COMMENT '评论内容',
  `parent_appraise_id` varchar(30) NOT NULL DEFAULT '-1' COMMENT '父级评价ID',
  `create_time` timestamp NOT NULL DEFAULT CURRENT_TIMESTAMP COMMENT '创建时间',
  `status_cd` varchar(2) NOT NULL DEFAULT '0' COMMENT '数据状态，详细参考c_status表',
  `appraise_user_id` varchar(30) NOT NULL COMMENT '用户ID',
  `appraise_user_name` varchar(64) NOT NULL COMMENT '用户名称',
  `obj_type` varchar(12) NOT NULL COMMENT '评论对象类型，t_dict表',
  `obj_id` varchar(30) NOT NULL COMMENT '对象ID',
  `door_speed_score` int(11) NOT NULL DEFAULT '0' COMMENT '上门速度评分',
  `repairman_service_score` int(11) NOT NULL DEFAULT '0' COMMENT '维修员服务评分'
) ENGINE=InnoDB DEFAULT CHARSET=utf8;

-- ----------------------------
-- Records of appraise
-- ----------------------------
INSERT INTO `appraise` VALUES ('802020070832960001', '4', '10000', '不错', '-1', '2020-07-08 15:02:18', '0', '302020060163780031', 'test001', '10001', '822020070575740016', '0', '0');
INSERT INTO `appraise` VALUES ('802020080271320003', '4', '10000', '终于可以了', '-1', '2020-08-02 18:13:56', '0', '302020060163780031', 'test001', '10001', '822020080222190031', '0', '0');
INSERT INTO `appraise` VALUES ('8020201126174613149', '4', '10000', '。。。。', '-1', '2020-11-26 11:26:54', '0', '302020060163780031', 'test001', '10001', '822020112653360125', '0', '0');
INSERT INTO `appraise` VALUES ('802020112684049989', '5', '10000', '很好', '-1', '2020-11-26 16:49:34', '0', '302020060163780031', 'test001', '10001', '8220201126176015111', '0', '0');
INSERT INTO `appraise` VALUES ('802020120134764256', '5', '10000', '用美颜相机', '-1', '2020-12-01 10:52:03', '0', '302020060163780031', 'test001', '10001', '822020120188400069', '0', '0');
INSERT INTO `appraise` VALUES ('80202012020521-26899', '5', '10000', '不错', '-1', '2020-12-02 11:46:46', '0', '302020060163780031', 'test001', '10001', '822020120248500076', '0', '0');
INSERT INTO `appraise` VALUES ('80202012025018-19097', '5', '10000', '可以', '-1', '2020-12-02 14:47:09', '0', '302020060163780031', 'test001', '10001', '822020110566530285', '0', '0');
INSERT INTO `appraise` VALUES ('802020120845341829', '5', '10000', '完美', '-1', '2020-12-08 16:35:32', '0', '302020120859100031', 'test', '10001', '822020120824780033', '0', '0');
INSERT INTO `appraise` VALUES ('8020201218884031759', '5', '10000', '1', '-1', '2020-12-18 17:27:51', '0', '302020060163780031', 'test001', '10001', '822020121865610310', '0', '0');
INSERT INTO `appraise` VALUES ('80202101220551-24880', '5', '10000', '666', '-1', '2021-01-22 12:35:43', '0', '302020060163780031', 'test001', '10001', '822020123002550347', '0', '0');

-- ----------------------------
-- Table structure for asset
-- ----------------------------
CREATE TABLE `asset` (
  `asset_id` varchar(30) NOT NULL COMMENT '资产ID',
  `store_id` varchar(30) NOT NULL COMMENT '商户ID',
  `asset_type_id` varchar(30) NOT NULL COMMENT '资产类别ID',
  `asset_name` varchar(200) NOT NULL COMMENT '资产名称',
  `asset_code` varchar(30) DEFAULT NULL COMMENT '资产编码',
  `asset_site` varchar(200) DEFAULT NULL COMMENT '资产位置',
  `asset_summary` varchar(500) DEFAULT NULL COMMENT '资产介绍',
  `contacts` varchar(64) DEFAULT NULL COMMENT '联系人',
  `tel` varchar(11) DEFAULT NULL COMMENT '联系电话',
  `worth_price` decimal(10,2) DEFAULT NULL COMMENT '资产价值',
  `evaluated_price` decimal(10,2) DEFAULT NULL COMMENT '评估价',
  `final_price` decimal(10,2) DEFAULT NULL COMMENT '最终核定价',
  `create_time` timestamp NOT NULL DEFAULT CURRENT_TIMESTAMP COMMENT '创建时间',
  `status_cd` varchar(2) NOT NULL DEFAULT '0' COMMENT '数据状态，详细参考c_status表，S 保存，0, 在用 1失效',
  KEY `idx_asset_id` (`asset_id`) USING BTREE
) ENGINE=InnoDB DEFAULT CHARSET=utf8 COMMENT='资产管理';

-- ----------------------------
-- Records of asset
-- ----------------------------
INSERT INTO `asset` VALUES ('1012021041972570001', '402019032924930007', '1022021041958540003', '换电站', 'CDX584646', '西门哪里哪里', '这是换点用的', '', '', '77.00', '77.00', '777.00', '2021-04-19 03:49:56', '1');
INSERT INTO `asset` VALUES ('1012021041969200004', '402019032924930007', '1022021041941690001', '777', '7777', '', '', '', '', '1.00', '1.00', '1.00', '2021-04-19 06:04:25', '1');
INSERT INTO `asset` VALUES ('1012021041947370006', '402019032924930007', '1022021041941690001', '777', '7777', '', '', '', '', '1.00', '1.00', '1.00', '2021-04-19 06:05:44', '1');
INSERT INTO `asset` VALUES ('1012021041956800008', '402019032924930007', '1022021041941690001', '777', '7777', '', '', '', '', '55.00', '55.00', '55.00', '2021-04-19 06:06:02', '0');

-- ----------------------------
-- Table structure for asset_type
-- ----------------------------
CREATE TABLE `asset_type` (
  `asset_type_id` varchar(30) NOT NULL COMMENT '资产类别ID',
  `store_id` varchar(30) NOT NULL COMMENT '商户ID',
  `type_name` varchar(200) NOT NULL COMMENT '类别名称',
  `type_desc` varchar(500) DEFAULT NULL COMMENT '类型描述',
  `seq` int(11) NOT NULL COMMENT '顺序',
  `create_time` timestamp NOT NULL DEFAULT CURRENT_TIMESTAMP COMMENT '创建时间',
  `status_cd` varchar(2) NOT NULL DEFAULT '0' COMMENT '数据状态，详细参考c_status表，S 保存，0, 在用 1失效',
  KEY `idx_asset_type_id` (`asset_type_id`) USING BTREE
) ENGINE=InnoDB DEFAULT CHARSET=utf8 COMMENT='资产 类别属性';

-- ----------------------------
-- Records of asset_type
-- ----------------------------
INSERT INTO `asset_type` VALUES ('1022021041941690001', '402019032924930007', '电表箱', '电力设备', '1', '2021-04-19 02:49:42', '0');
INSERT INTO `asset_type` VALUES ('1022021041921200002', '402019032924930007', '水表1', '水设备', '21', '2021-04-19 02:50:05', '1');
INSERT INTO `asset_type` VALUES ('1022021041958540003', '402019032924930007', '水表箱', '', '2', '2021-04-19 02:52:57', '0');
INSERT INTO `asset_type` VALUES ('1022021041994840003', '402019032924930007', '7777', '77', '777', '2021-04-19 05:50:35', '0');

-- ----------------------------
-- Table structure for asset_worth
-- ----------------------------
CREATE TABLE `asset_worth` (
  `asset_worth_id` varchar(30) NOT NULL COMMENT '资产评估ID',
  `asset_id` varchar(30) NOT NULL COMMENT '资产ID',
  `asset_worth_name` varchar(200) DEFAULT NULL COMMENT '资产评估名称',
  `worth_price` decimal(10,2) DEFAULT NULL COMMENT '资产价值',
  `evaluated_price` decimal(10,2) DEFAULT NULL COMMENT '评估价',
  `final_price` decimal(10,2) DEFAULT NULL COMMENT '最终核定价',
  `worth_time` datetime DEFAULT NULL COMMENT '评估时间',
  `create_time` timestamp NOT NULL DEFAULT CURRENT_TIMESTAMP COMMENT '创建时间',
  `status_cd` varchar(2) NOT NULL DEFAULT '0' COMMENT '数据状态，详细参考c_status表，S 保存，0, 在用 1失效',
  KEY `idx_asset_worth_id` (`asset_worth_id`) USING BTREE
) ENGINE=InnoDB DEFAULT CHARSET=utf8 COMMENT='资产评估';

-- ----------------------------
-- Records of asset_worth
-- ----------------------------
INSERT INTO `asset_worth` VALUES ('1032021041900590001', '', '好的好的', '50.00', '6660.00', '50.00', '2021-04-19 05:47:00', '2021-04-19 05:47:05', '0');
INSERT INTO `asset_worth` VALUES ('1032021041901630002', '', '777', '77.00', '77.00', '777.00', '2021-04-19 05:48:04', '2021-04-19 05:48:07', '0');
INSERT INTO `asset_worth` VALUES ('1032021041911180009', '1012021041956800008', null, '1.00', '1.00', '1.00', null, '2021-04-19 06:06:02', '0');
INSERT INTO `asset_worth` VALUES ('1032021041984800001', '1012021041956800008', '8974561', '55.00', '55.00', '55.00', '2021-04-19 06:18:25', '2021-04-19 06:18:29', '0');

-- ----------------------------
-- Table structure for attendance_classes
-- ----------------------------
CREATE TABLE `attendance_classes` (
  `classes_id` varchar(30) NOT NULL COMMENT '班次ID',
  `store_id` varchar(30) NOT NULL COMMENT '商户ID',
  `b_id` varchar(30) NOT NULL COMMENT '业务Id',
  `classes_name` varchar(100) NOT NULL COMMENT '班级名称',
  `time_offset` int(11) NOT NULL COMMENT '允许打卡范围，单位为分钟',
  `clock_count` int(11) NOT NULL DEFAULT '2' COMMENT '打卡次数 默认为 2 次 4 次 6次',
  `clock_type` varchar(12) NOT NULL DEFAULT '1001' COMMENT '打卡类型，1001 每天打卡 1002 隔天打卡 1003 自定义',
  `clock_type_value` varchar(12) NOT NULL COMMENT '打卡规则，* 每天打卡 ? 隔天打卡 0-6组成逗号分隔 自定义',
  `late_offset` int(11) NOT NULL DEFAULT '60' COMMENT '迟到时间范围，超过改时间即为旷工',
  `leave_offset` int(11) NOT NULL DEFAULT '60' COMMENT '早退时间范围，超过改时间即为旷工',
  `classes_obj_type` varchar(12) NOT NULL COMMENT '考勤对象类型，1001 集团公司 1002 分公司 1003 部门 1004 个人',
  `classes_obj_id` varchar(30) NOT NULL COMMENT '考勤对象ID',
  `create_time` timestamp NOT NULL DEFAULT CURRENT_TIMESTAMP COMMENT '创建时间',
  `status_cd` varchar(2) NOT NULL DEFAULT '0' COMMENT '数据状态，详细参考c_status表，S 保存，0, 在用 1失效',
  `classes_obj_name` varchar(64) NOT NULL COMMENT '考勤对象名称',
  PRIMARY KEY (`classes_id`)
) ENGINE=InnoDB DEFAULT CHARSET=utf8;

-- ----------------------------
-- Records of attendance_classes
-- ----------------------------
INSERT INTO `attendance_classes` VALUES ('162021012315620004', '402019032924930007', '202021012354935046', '保洁考勤', '30', '4', '1003', '1,2,3,4', '30', '20', '1003', '842020120206490178', '2021-01-23 15:17:56', '1', '财务管理');
INSERT INTO `attendance_classes` VALUES ('162021012344310003', '402019032924930007', '202021012468195221', '保安部考勤', '30', '2', '1001', '*', '30', '35', '1003', '842020123082410111', '2021-01-23 15:11:35', '1', 'trttt');
INSERT INTO `attendance_classes` VALUES ('1620210123748911973', '402019032924930007', '202021012374635022', '小区保洁', '30', '2', '1001', '*', '30', '30', '1003', '842020120266260174', '2021-01-23 14:19:36', '1', '');
INSERT INTO `attendance_classes` VALUES ('162021012409610075', '402019032924930007', '202021012401825216', '总部办公室', '30', '2', '1001', '*', '30', '30', '1003', '842018122237450001', '2021-01-24 18:18:16', '1', '总部办公室');
INSERT INTO `attendance_classes` VALUES ('162021012411570076', '402019032924930007', '202021012421245223', '爱情谷考勤', '30', '2', '1001', '*', '30', '30', '1003', '842018122237450001', '2021-01-24 18:26:19', '1', '总部办公室');
INSERT INTO `attendance_classes` VALUES ('162021012412630079', '402019032924930007', '202021012467885233', '财务部考勤', '30', '2', '1001', '*', '30', '30', '1003', '842018122237450001', '2021-01-24 18:35:58', '1', '总部办公室');
INSERT INTO `attendance_classes` VALUES ('162021012440360080', '402019032924930007', '202021012730857245', '综合办公室考勤', '45', '2', '1001', '*', '40', '35', '1003', '842018122237450001', '2021-01-24 18:40:03', '1', '总部办公室');
INSERT INTO `attendance_classes` VALUES ('162021012455360073', '402019032924930007', '202021012466755208', '董事会考勤', '30', '2', '1001', '*', '20', '20', '1003', '842018122237450001', '2021-01-24 18:04:20', '1', '总部办公室');
INSERT INTO `attendance_classes` VALUES ('162021012488870074', '402019032924930007', '202021012701107243', '综合办考勤', '30', '2', '1001', '*', '10', '10', '1003', '842020062847170038', '2021-01-24 18:16:26', '1', '都管部1');
INSERT INTO `attendance_classes` VALUES ('162021012492160071', '402019032924930007', '202021012419885200', '董事会考勤', '45', '2', '1001', '*', '30', '30', '1003', '842018122237450001', '2021-01-24 18:00:41', '1', '总部办公室');
INSERT INTO `attendance_classes` VALUES ('162021012495450077', '402019032924930007', '202021012406595228', '站三废', '30', '2', '1001', '*', '30', '30', '1003', '842018122237450001', '2021-01-24 18:28:50', '1', '总部办公室');
INSERT INTO `attendance_classes` VALUES ('162021012749890209', '402019032924930007', '202021012787907293', '测试考勤部', '35', '4', '1001', '*', '20', '20', '1003', '842021012771500063', '2021-01-27 23:47:44', '1', '考勤测试部');
INSERT INTO `attendance_classes` VALUES ('162021012804210211', '402019032924930007', '202021012893827316', '考勤测试1', '30', '2', '1001', '*', '20', '20', '1003', '842021012771500063', '2021-01-28 00:09:30', '1', '考勤测试部');
INSERT INTO `attendance_classes` VALUES ('162021012856220226', '402019032924930007', '202021012988458062', '考勤测试', '30', '2', '1001', '*', '20', '20', '1003', '842021012771500063', '2021-01-28 09:05:15', '1', '考勤测试部');
INSERT INTO `attendance_classes` VALUES ('162021012876570210', '402019032924930007', '202021012840107300', '考勤测试', '30', '2', '1001', '*', '20', '20', '1003', '842021012771500063', '2021-01-28 00:01:18', '1', '考勤测试部');
INSERT INTO `attendance_classes` VALUES ('162021020144770930', '402019032924930007', '202021042232670987', '测试考勤成功', '30', '2', '1001', '*', '20', '20', '1003', '842021012771500063', '2021-02-01 14:16:09', '1', '考勤测试部');
INSERT INTO `attendance_classes` VALUES ('162021022336690789', '402019032924930007', '202021022368551685', '123', '12312', '2', '1001', '*', '123', '123', '1003', '842020123000560099', '2021-02-23 19:04:37', '1', '测试组12-30');
INSERT INTO `attendance_classes` VALUES ('162021022375820782', '402019032924930007', '202021022374391687', 'demo', '60', '2', '1001', '*', '30', '60', '1003', '842018122237450001', '2021-02-23 17:59:20', '1', '总部办公室');
INSERT INTO `attendance_classes` VALUES ('162021030455810647', '402021030295380622', '202021030430466147', '1', '1', '2', '1001', '*', '30', '30', '1003', '842021030286030010', '2021-03-04 16:52:58', '0', '物业管理部');
INSERT INTO `attendance_classes` VALUES ('162021031602470058', '402019032924930007', '202021042276480989', '晚班', '30', '2', '1001', '*', '10', '10', '1003', '842018122237450001', '2021-03-16 10:59:15', '0', '总部办公室');
INSERT INTO `attendance_classes` VALUES ('162021031747020730', '402021031272750040', '202021031754502102', '员工', '2', '2', '1003', '1,2,3,5,6,4', '0', '5', '1003', '842021031250340043', '2021-03-17 15:59:35', '0', '总部办公室');
INSERT INTO `attendance_classes` VALUES ('162021031777530867', '402021031779540228', '202021031757262182', '早班', '100', '2', '1001', '*', '10', '10', '1003', '842021031757850231', '2021-03-17 17:10:54', '0', '总部办公室');
INSERT INTO `attendance_classes` VALUES ('162021041562500548', '402019032924930007', '202021051700621638', '早班', '30', '2', '1001', '*', '20', '20', '1003', '842018122237450001', '2021-04-15 17:07:22', '0', '总部办公室');
INSERT INTO `attendance_classes` VALUES ('162021050662150789', '402021042943610896', '202021050616688185', '工作打卡', '5', '2', '1001', '*', '5', '5', '1003', '842021042917910081', '2021-05-06 11:02:31', '0', '收费部');
INSERT INTO `attendance_classes` VALUES ('162021051741580842', '402019032924930007', '202021052195543501', '测试班组', '30', '2', '1001', '*', '20', '30', '1003', '842019122237450001', '2021-05-17 16:34:40', '0', '总部办公室');

-- ----------------------------
-- Table structure for attendance_classes_attr
-- ----------------------------
CREATE TABLE `attendance_classes_attr` (
  `attr_id` varchar(64) NOT NULL COMMENT '班次属性',
  `store_id` varchar(30) NOT NULL COMMENT '商户ID',
  `b_id` varchar(30) NOT NULL COMMENT '业务Id',
  `classes_id` varchar(64) NOT NULL COMMENT '班次ID',
  `spec_cd` varchar(12) NOT NULL COMMENT '班次规格ID',
  `value` varchar(100) NOT NULL COMMENT '班次值',
  `create_time` timestamp NOT NULL DEFAULT CURRENT_TIMESTAMP COMMENT '创建时间',
  `status_cd` varchar(2) NOT NULL DEFAULT '0' COMMENT '数据状态，详细参考c_status表，S 保存，0, 在用 1失效',
  PRIMARY KEY (`attr_id`)
) ENGINE=InnoDB DEFAULT CHARSET=utf8;

-- ----------------------------
-- Records of attendance_classes_attr
-- ----------------------------
INSERT INTO `attendance_classes_attr` VALUES ('112021012302590209', '402019032924930007', '202021012359555041', '162021012315620004', '20000', '18:00', '2021-01-23 16:02:25', '0');
INSERT INTO `attendance_classes_attr` VALUES ('112021012305150207', '402019032924930007', '202021012359555041', '162021012315620004', '11000', '12:00', '2021-01-23 16:02:25', '0');
INSERT INTO `attendance_classes_attr` VALUES ('112021012308530198', '402019032924930007', '202021012317015038', '162021012315620004', '11000', '12:00', '2021-01-23 16:02:05', '0');
INSERT INTO `attendance_classes_attr` VALUES ('112021012323260208', '402019032924930007', '202021012359555041', '162021012315620004', '21000', '14:30', '2021-01-23 16:02:25', '0');
INSERT INTO `attendance_classes_attr` VALUES ('112021012329020171', '402019032924930007', '202021012348595032', '162021012315620004', '21000', '14:30', '2021-01-23 15:17:56', '0');
INSERT INTO `attendance_classes_attr` VALUES ('112021012330740169', '402019032924930007', '202021012348595032', '162021012315620004', '10000', '08:35', '2021-01-23 15:17:56', '0');
INSERT INTO `attendance_classes_attr` VALUES ('112021012332320206', '402019032924930007', '202021012359555041', '162021012315620004', '10000', '08:40', '2021-01-23 16:02:25', '0');
INSERT INTO `attendance_classes_attr` VALUES ('112021012332770115', '402019032924930007', '202021012473875206', '162021012344310003', '10000', '08:40', '2021-01-23 15:11:35', '0');
INSERT INTO `attendance_classes_attr` VALUES ('112021012334180170', '402019032924930007', '202021012348595032', '162021012315620004', '11000', '12:00', '2021-01-23 15:17:56', '0');
INSERT INTO `attendance_classes_attr` VALUES ('112021012344930116', '402019032924930007', '202021012473875206', '162021012344310003', '20000', '18:00', '2021-01-23 15:11:35', '0');
INSERT INTO `attendance_classes_attr` VALUES ('112021012349690200', '402019032924930007', '202021012317015038', '162021012315620004', '20000', '18:00', '2021-01-23 16:02:05', '0');
INSERT INTO `attendance_classes_attr` VALUES ('112021012353320197', '402019032924930007', '202021012317015038', '162021012315620004', '10000', '08:30', '2021-01-23 16:02:05', '0');
INSERT INTO `attendance_classes_attr` VALUES ('112021012379550172', '402019032924930007', '202021012348595032', '162021012315620004', '20000', '18:00', '2021-01-23 15:17:56', '0');
INSERT INTO `attendance_classes_attr` VALUES ('112021012398520199', '402019032924930007', '202021012317015038', '162021012315620004', '21000', '14:30', '2021-01-23 16:02:05', '0');
INSERT INTO `attendance_classes_attr` VALUES ('1120210124079712505', '402019032924930007', '202021012470495203', '162021012455360073', '10000', '08:30', '2021-01-24 18:04:20', '0');
INSERT INTO `attendance_classes_attr` VALUES ('1120210124099912703', '402019032924930007', '202021012413845226', '162021012495450077', '10000', '08:00', '2021-01-24 18:28:50', '0');
INSERT INTO `attendance_classes_attr` VALUES ('1120210124117012441', '402019032924930007', '202021012422525192', '162021012492160071', '20000', '18:00', '2021-01-24 18:00:41', '0');
INSERT INTO `attendance_classes_attr` VALUES ('1120210124136512804', '402019032924930007', '202021012472665236', '162021012440360080', '10000', '08:00', '2021-01-24 18:40:03', '0');
INSERT INTO `attendance_classes_attr` VALUES ('1120210124188112616', '402019032924930007', '202021012401605214', '162021012409610075', '20000', '18:00', '2021-01-24 18:18:16', '0');
INSERT INTO `attendance_classes_attr` VALUES ('1120210124196712594', '402019032924930007', '202021012434085254', '162021012440360080', '20000', '18:00', '2021-01-24 18:16:26', '0');
INSERT INTO `attendance_classes_attr` VALUES ('1120210124272412593', '402019032924930007', '202021012434085254', '162021012440360080', '10000', '08:26', '2021-01-24 18:16:26', '0');
INSERT INTO `attendance_classes_attr` VALUES ('1120210124280212506', '402019032924930007', '202021012470495203', '162021012455360073', '20000', '18:00', '2021-01-24 18:04:20', '0');
INSERT INTO `attendance_classes_attr` VALUES ('1120210124323612704', '402019032924930007', '202021012413845226', '162021012495450077', '20000', '18:00', '2021-01-24 18:28:50', '0');
INSERT INTO `attendance_classes_attr` VALUES ('1120210124612912768', '402019032924930007', '202021012467685231', '162021012412630079', '10000', '08:00', '2021-01-24 18:35:58', '0');
INSERT INTO `attendance_classes_attr` VALUES ('1120210124662512805', '402019032924930007', '202021012472665236', '162021012440360080', '20000', '18:00', '2021-01-24 18:40:03', '0');
INSERT INTO `attendance_classes_attr` VALUES ('1120210124695912677', '402019032924930007', '202021012462385219', '162021012411570076', '20000', '18:00', '2021-01-24 18:26:20', '0');
INSERT INTO `attendance_classes_attr` VALUES ('1120210124750612769', '402019032924930007', '202021012467685231', '162021012412630079', '20000', '18:00', '2021-01-24 18:35:58', '0');
INSERT INTO `attendance_classes_attr` VALUES ('1120210124806312440', '402019032924930007', '202021012422525192', '162021012492160071', '10000', '08:30', '2021-01-24 18:00:41', '0');
INSERT INTO `attendance_classes_attr` VALUES ('1120210124924812676', '402019032924930007', '202021012462385219', '162021012411570076', '10000', '08:00', '2021-01-24 18:26:20', '0');
INSERT INTO `attendance_classes_attr` VALUES ('1120210124999812615', '402019032924930007', '202021012401605214', '162021012409610075', '10000', '08:30', '2021-01-24 18:18:16', '0');
INSERT INTO `attendance_classes_attr` VALUES ('1120210127289331921', '402019032924930007', '202021012772947291', '162021012749890209', '11000', '12:00', '2021-01-27 23:47:44', '0');
INSERT INTO `attendance_classes_attr` VALUES ('1120210127958331920', '402019032924930007', '202021012772947291', '162021012749890209', '10000', '08:30', '2021-01-27 23:47:44', '0');
INSERT INTO `attendance_classes_attr` VALUES ('1120210127963831923', '402019032924930007', '202021012772947291', '162021012749890209', '20000', '18:00', '2021-01-27 23:47:44', '0');
INSERT INTO `attendance_classes_attr` VALUES ('1120210127979631922', '402019032924930007', '202021012772947291', '162021012749890209', '21000', '14:30', '2021-01-27 23:47:44', '0');
INSERT INTO `attendance_classes_attr` VALUES ('1120210128063932044', '402019032924930007', '202021012829167303', '162021012804210211', '20000', '18:00', '2021-01-28 00:09:30', '0');
INSERT INTO `attendance_classes_attr` VALUES ('11202101281105-30806', '402019032924930007', '202021012823577327', '162021012856220226', '10000', '08:30', '2021-01-28 09:05:15', '0');
INSERT INTO `attendance_classes_attr` VALUES ('11202101281996-30805', '402019032924930007', '202021012823577327', '162021012856220226', '20000', '18:00', '2021-01-28 09:05:15', '0');
INSERT INTO `attendance_classes_attr` VALUES ('1120210128557532043', '402019032924930007', '202021012829167303', '162021012804210211', '10000', '08:30', '2021-01-28 00:09:30', '0');
INSERT INTO `attendance_classes_attr` VALUES ('1120210128720732003', '402019032924930007', '202021012843487298', '162021012876570210', '20000', '18:00', '2021-01-28 00:01:18', '0');
INSERT INTO `attendance_classes_attr` VALUES ('1120210128747832002', '402019032924930007', '202021012843487298', '162021012876570210', '10000', '08:30', '2021-01-28 00:01:18', '0');
INSERT INTO `attendance_classes_attr` VALUES ('112021020117211663', '402019032924930007', '202021052187913502', '162021051741580842', '20000', '18:00', '2021-02-01 14:16:09', '0');
INSERT INTO `attendance_classes_attr` VALUES ('112021020153351662', '402019032924930007', '202021052187913502', '162021051741580842', '10000', '08:30', '2021-02-01 14:16:09', '0');
INSERT INTO `attendance_classes_attr` VALUES ('1120210223130318408', '402019032924930007', '202021022363741672', '162021022375820782', '20000', '13:30', '2021-02-23 17:59:20', '0');
INSERT INTO `attendance_classes_attr` VALUES ('1120210223242619019', '402019032924930007', '202021022329191683', '162021022336690789', '20000', '01:50', '2021-02-23 19:04:37', '0');
INSERT INTO `attendance_classes_attr` VALUES ('1120210223314718407', '402019032924930007', '202021022363741672', '162021022375820782', '10000', '09:00', '2021-02-23 17:59:20', '0');
INSERT INTO `attendance_classes_attr` VALUES ('1120210223398819018', '402019032924930007', '202021022329191683', '162021022336690789', '10000', '00:10', '2021-02-23 19:04:37', '0');
INSERT INTO `attendance_classes_attr` VALUES ('1120210304228731169', '402021030295380622', '202021030465696148', '162021030455810647', '10000', '08:00', '2021-03-04 16:52:58', '0');
INSERT INTO `attendance_classes_attr` VALUES ('1120210304633131170', '402021030295380622', '202021030465696148', '162021030455810647', '20000', '18:00', '2021-03-04 16:52:58', '0');
INSERT INTO `attendance_classes_attr` VALUES ('112021031607991295', '402019032924930007', '202021031615810026', '162021031602470058', '10000', '10:00', '2021-03-16 10:59:15', '0');
INSERT INTO `attendance_classes_attr` VALUES ('112021031675141296', '402019032924930007', '202021031615810026', '162021031602470058', '20000', '18:00', '2021-03-16 10:59:15', '0');
INSERT INTO `attendance_classes_attr` VALUES ('11202103170539-28511', '402021031779540228', '202021031711912183', '162021031777530867', '20000', '06:00', '2021-03-17 17:10:54', '0');
INSERT INTO `attendance_classes_attr` VALUES ('11202103171559-28512', '402021031779540228', '202021031711912183', '162021031777530867', '10000', '08:00', '2021-03-17 17:10:54', '0');
INSERT INTO `attendance_classes_attr` VALUES ('11202103175536-31109', '402021031272750040', '202021031764882103', '162021031747020730', '20000', '18:00', '2021-03-17 15:59:35', '0');
INSERT INTO `attendance_classes_attr` VALUES ('11202103177999-31110', '402021031272750040', '202021031764882103', '162021031747020730', '10000', '08:30', '2021-03-17 15:59:35', '0');
INSERT INTO `attendance_classes_attr` VALUES ('1120210415374914999', '402019032924930007', '202021041537844730', '162021041562500548', '20000', '18:00', '2021-04-15 17:07:22', '0');
INSERT INTO `attendance_classes_attr` VALUES ('1120210415377214998', '402019032924930007', '202021041537844730', '162021041562500548', '10000', '09:00', '2021-04-15 17:07:22', '0');
INSERT INTO `attendance_classes_attr` VALUES ('1120210506656527019', '402021042943610896', '202021050635078186', '162021050662150789', '10000', '09:00', '2021-05-06 11:02:31', '0');
INSERT INTO `attendance_classes_attr` VALUES ('1120210506730327020', '402021042943610896', '202021050635078186', '162021050662150789', '20000', '17:00', '2021-05-06 11:02:31', '0');
INSERT INTO `attendance_classes_attr` VALUES ('1120210517185524881', '402019032924930007', '202021051710011674', '162021051741580842', '10000', '10:30', '2021-05-17 16:34:40', '0');
INSERT INTO `attendance_classes_attr` VALUES ('1120210517219724882', '402019032924930007', '202021051710011674', '162021051741580842', '20000', '16:30', '2021-05-17 16:34:40', '0');

-- ----------------------------
-- Table structure for attendance_classes_task
-- ----------------------------
CREATE TABLE `attendance_classes_task` (
  `task_id` varchar(64) NOT NULL COMMENT '打卡任务ID',
  `class_id` varchar(64) NOT NULL COMMENT '班次ID',
  `staff_id` varchar(64) NOT NULL COMMENT '员工ID',
  `task_year` int(11) NOT NULL COMMENT '年份',
  `task_month` int(11) NOT NULL COMMENT '月份',
  `task_day` int(11) NOT NULL COMMENT '日',
  `state` varchar(12) NOT NULL DEFAULT '10000' COMMENT '考勤状态，10000未考勤 20000 考勤中 30000考勤完成',
  `create_time` timestamp NOT NULL DEFAULT CURRENT_TIMESTAMP COMMENT '创建时间',
  `status_cd` varchar(2) NOT NULL DEFAULT '0' COMMENT '数据状态，详细参考c_status表，S 保存，0, 在用 1失效',
  `store_id` varchar(30) NOT NULL COMMENT '商户ID',
  PRIMARY KEY (`task_id`)
) ENGINE=InnoDB DEFAULT CHARSET=utf8;

-- ----------------------------
-- Records of attendance_classes_task
-- ----------------------------
INSERT INTO `attendance_classes_task` VALUES ('1473e6a9-831c-4d1e-92d2-076940eb0b30', '162021020144770930', '302021012752050205', '2021', '2', '10', '10000', '2021-02-10 00:00:00', '0', '402019032924930007');
INSERT INTO `attendance_classes_task` VALUES ('1fd89f1f-7e57-436a-a416-275b51f338e0', '162021020144770930', '302021012752050205', '2021', '2', '4', '10000', '2021-02-04 00:00:00', '0', '402019032924930007');
INSERT INTO `attendance_classes_task` VALUES ('20f855b0-1da8-4803-9a31-1aff23475c98', '162021020144770930', '302021012752050205', '2021', '2', '6', '10000', '2021-02-06 00:00:00', '0', '402019032924930007');
INSERT INTO `attendance_classes_task` VALUES ('2314fdf2-a727-435e-b42e-02b7aa2ff6e7', '162021020144770930', '21d9fb5d-c99c-4f2d-a907-f3b82cc76811', '2021', '2', '2', '10000', '2021-02-02 00:00:00', '0', '402019032924930007');
INSERT INTO `attendance_classes_task` VALUES ('2e966a6d-6853-4af7-a7d6-e7f79937c528', '162021020144770930', '302021012752050205', '2021', '2', '3', '10000', '2021-02-03 00:00:00', '0', '402019032924930007');
INSERT INTO `attendance_classes_task` VALUES ('36fceffb-9615-4f74-9eb9-eed99056fc20', '162021020144770930', '302021012825820303', '2021', '2', '3', '10000', '2021-02-03 00:00:00', '0', '402019032924930007');
INSERT INTO `attendance_classes_task` VALUES ('5686e148-3cd5-47cb-8376-592b1a66354f', '162021020144770930', '21d9fb5d-c99c-4f2d-a907-f3b82cc76811', '2021', '2', '1', '10000', '2021-02-01 14:56:00', '0', '402019032924930007');
INSERT INTO `attendance_classes_task` VALUES ('6c3b2791-859d-44df-9486-b47120483e05', '162021020144770930', '302021012825820303', '2021', '2', '7', '10000', '2021-02-07 00:00:00', '0', '402019032924930007');
INSERT INTO `attendance_classes_task` VALUES ('7e292811-bd03-4078-b923-2d4a7b43f3e9', '162021020144770930', '302021012825820303', '2021', '2', '10', '10000', '2021-02-10 00:00:00', '0', '402019032924930007');
INSERT INTO `attendance_classes_task` VALUES ('95f789d8-4357-411c-867b-c5ceef7353eb', '162021020144770930', '302021012825820303', '2021', '2', '4', '10000', '2021-02-04 00:00:00', '0', '402019032924930007');
INSERT INTO `attendance_classes_task` VALUES ('96685c53-cba0-49b7-bfb4-45c12015a5dd', '162021020144770930', '302021012752050205', '2021', '2', '7', '10000', '2021-02-07 00:00:00', '0', '402019032924930007');
INSERT INTO `attendance_classes_task` VALUES ('99d47cc1-8e04-4302-8328-90fb78077179', '162021020144770930', '302021012752050205', '2021', '2', '8', '10000', '2021-02-08 00:00:00', '0', '402019032924930007');
INSERT INTO `attendance_classes_task` VALUES ('adc5d909-bb2a-4546-9515-4950a7bed350', '162021020144770930', '8470c64e-4a1e-441a-bf0b-1f85eb18669b', '2021', '2', '1', '10000', '2021-02-01 14:56:00', '0', '402019032924930007');
INSERT INTO `attendance_classes_task` VALUES ('b65f2ec5-b7af-493b-910b-cef7e5c7da75', '162021020144770930', '302021012752050205', '2021', '2', '5', '10000', '2021-02-05 00:00:00', '0', '402019032924930007');
INSERT INTO `attendance_classes_task` VALUES ('bd1a77f8-7d97-4816-b49d-634d9487e5f1', '162021020144770930', '302021012825820303', '2021', '2', '6', '10000', '2021-02-06 00:00:00', '0', '402019032924930007');
INSERT INTO `attendance_classes_task` VALUES ('c246771e-474b-48f6-afbc-2928977cca34', '162021020144770930', '302021012825820303', '2021', '2', '5', '10000', '2021-02-05 00:00:00', '0', '402019032924930007');
INSERT INTO `attendance_classes_task` VALUES ('c390ee62-ff59-4f69-9d22-776a691ae8a3', '162021020144770930', '302021012825820303', '2021', '2', '8', '10000', '2021-02-08 00:00:00', '0', '402019032924930007');
INSERT INTO `attendance_classes_task` VALUES ('d5a2775c-2f6b-40a4-a64e-ea8f7801b40f', '162021020144770930', '8470c64e-4a1e-441a-bf0b-1f85eb18669b', '2021', '2', '2', '10000', '2021-02-02 00:00:00', '0', '402019032924930007');
INSERT INTO `attendance_classes_task` VALUES ('db8a39e3-3e7a-45be-8801-de0c6d33d4bb', '162021020144770930', '302021012752050205', '2021', '2', '9', '10000', '2021-02-09 00:00:00', '0', '402019032924930007');
INSERT INTO `attendance_classes_task` VALUES ('e7e338df-e793-4e79-bcc3-28f71e8d2212', '162021020144770930', '302021012825820303', '2021', '2', '9', '10000', '2021-02-09 00:00:00', '0', '402019032924930007');

-- ----------------------------
-- Table structure for attendance_classes_task_detail
-- ----------------------------
CREATE TABLE `attendance_classes_task_detail` (
  `detail_id` varchar(64) NOT NULL COMMENT '打卡记录表',
  `task_id` varchar(64) NOT NULL COMMENT '打卡任务ID',
  `spec_cd` varchar(12) NOT NULL COMMENT '打卡时间段',
  `value` varchar(12) NOT NULL COMMENT '希望打卡时间',
  `check_time` timestamp NULL DEFAULT NULL COMMENT '实际打卡时间',
  `state` varchar(12) NOT NULL COMMENT '打卡状态 10000未考勤  30000正常考勤 40000 迟到 50000早退 60000 免考勤',
  `face_path` varchar(200) DEFAULT NULL COMMENT '打卡抓拍人脸',
  `create_time` timestamp NOT NULL DEFAULT CURRENT_TIMESTAMP COMMENT '创建时间',
  `status_cd` varchar(2) NOT NULL DEFAULT '0' COMMENT '数据状态，详细参考c_status表，S 保存，0, 在用 1失效',
  `remark` varchar(500) DEFAULT NULL COMMENT '备注字段',
  `store_id` varchar(30) NOT NULL COMMENT '商户ID'
) ENGINE=InnoDB DEFAULT CHARSET=utf8;

-- ----------------------------
-- Records of attendance_classes_task_detail
-- ----------------------------
INSERT INTO `attendance_classes_task_detail` VALUES ('c8ebd417-5ed9-4e4a-874d-532f2745a2df', 'adc5d909-bb2a-4546-9515-4950a7bed350', '20000', '18:00', null, '10000', null, '2021-02-01 14:56:00', '0', null, '402019032924930007');
INSERT INTO `attendance_classes_task_detail` VALUES ('eed74643-fbbc-42cc-aef0-eb78d1e09743', '5686e148-3cd5-47cb-8376-592b1a66354f', '10000', '08:30', null, '10000', null, '2021-02-01 14:56:00', '0', null, '402019032924930007');
INSERT INTO `attendance_classes_task_detail` VALUES ('4e5f9632-141e-4e0e-82c3-9522feb8f415', 'adc5d909-bb2a-4546-9515-4950a7bed350', '10000', '08:30', null, '10000', null, '2021-02-01 14:56:00', '0', null, '402019032924930007');
INSERT INTO `attendance_classes_task_detail` VALUES ('9d92975b-791e-4a82-b676-83c17ffb0497', '5686e148-3cd5-47cb-8376-592b1a66354f', '20000', '18:00', null, '10000', null, '2021-02-01 14:56:00', '0', null, '402019032924930007');
INSERT INTO `attendance_classes_task_detail` VALUES ('e5076733-d1ad-490f-bfd6-d7c9533d6645', 'd5a2775c-2f6b-40a4-a64e-ea8f7801b40f', '20000', '18:00', null, '10000', null, '2021-02-02 00:00:00', '0', null, '402019032924930007');
INSERT INTO `attendance_classes_task_detail` VALUES ('9d7774e9-9518-4001-9c31-9eb5a5960c5c', '2314fdf2-a727-435e-b42e-02b7aa2ff6e7', '20000', '18:00', null, '10000', null, '2021-02-02 00:00:00', '0', null, '402019032924930007');
INSERT INTO `attendance_classes_task_detail` VALUES ('24ae0575-523c-4f43-8c10-57833c6d9e33', 'd5a2775c-2f6b-40a4-a64e-ea8f7801b40f', '10000', '08:30', null, '10000', null, '2021-02-02 00:00:00', '0', null, '402019032924930007');
INSERT INTO `attendance_classes_task_detail` VALUES ('414401f6-3395-4c46-9b51-9cb202f48b73', '2314fdf2-a727-435e-b42e-02b7aa2ff6e7', '10000', '08:30', null, '10000', null, '2021-02-02 00:00:00', '0', null, '402019032924930007');
INSERT INTO `attendance_classes_task_detail` VALUES ('b808c0b4-4420-4e19-bb01-d3487c9fe45e', '2e966a6d-6853-4af7-a7d6-e7f79937c528', '10000', '08:30', null, '10000', null, '2021-02-03 00:00:00', '0', null, '402019032924930007');
INSERT INTO `attendance_classes_task_detail` VALUES ('21dc3fc0-141e-47c2-986c-378efd3f1944', '2e966a6d-6853-4af7-a7d6-e7f79937c528', '20000', '18:00', null, '10000', null, '2021-02-03 00:00:00', '0', null, '402019032924930007');
INSERT INTO `attendance_classes_task_detail` VALUES ('76b8409c-b318-4a14-a43c-d960c1bddb2f', '36fceffb-9615-4f74-9eb9-eed99056fc20', '10000', '08:30', null, '10000', null, '2021-02-03 00:00:00', '0', null, '402019032924930007');
INSERT INTO `attendance_classes_task_detail` VALUES ('efa9274d-a1af-47cb-beb0-d64f5157b8c8', '36fceffb-9615-4f74-9eb9-eed99056fc20', '20000', '18:00', null, '10000', null, '2021-02-03 00:00:00', '0', null, '402019032924930007');
INSERT INTO `attendance_classes_task_detail` VALUES ('1e3b97b9-0957-4e84-87aa-a44475aca220', '95f789d8-4357-411c-867b-c5ceef7353eb', '10000', '08:30', null, '10000', null, '2021-02-04 00:00:00', '0', null, '402019032924930007');
INSERT INTO `attendance_classes_task_detail` VALUES ('90530849-92ee-45da-baba-c8902da9e7d0', '1fd89f1f-7e57-436a-a416-275b51f338e0', '10000', '08:30', null, '10000', null, '2021-02-04 00:00:00', '0', null, '402019032924930007');
INSERT INTO `attendance_classes_task_detail` VALUES ('55d47e25-4055-4391-9d1e-b54953d862db', '95f789d8-4357-411c-867b-c5ceef7353eb', '20000', '18:00', null, '10000', null, '2021-02-04 00:00:00', '0', null, '402019032924930007');
INSERT INTO `attendance_classes_task_detail` VALUES ('89c68eb5-c31f-4cb3-b254-a77654589546', '1fd89f1f-7e57-436a-a416-275b51f338e0', '20000', '18:00', null, '10000', null, '2021-02-04 00:00:00', '0', null, '402019032924930007');
INSERT INTO `attendance_classes_task_detail` VALUES ('d90a4c11-a129-4328-85b9-d074b8a22598', 'c246771e-474b-48f6-afbc-2928977cca34', '10000', '08:30', null, '10000', null, '2021-02-05 00:00:00', '0', null, '402019032924930007');
INSERT INTO `attendance_classes_task_detail` VALUES ('83313a58-4afd-4dc9-a89c-3e30c08fe613', 'c246771e-474b-48f6-afbc-2928977cca34', '20000', '18:00', null, '10000', null, '2021-02-05 00:00:00', '0', null, '402019032924930007');
INSERT INTO `attendance_classes_task_detail` VALUES ('d414db3f-54f2-49bd-a7bd-58342910cf8e', 'b65f2ec5-b7af-493b-910b-cef7e5c7da75', '10000', '08:30', null, '10000', null, '2021-02-05 00:00:00', '0', null, '402019032924930007');
INSERT INTO `attendance_classes_task_detail` VALUES ('8179e541-86c2-41ee-ae1b-14085f281284', 'b65f2ec5-b7af-493b-910b-cef7e5c7da75', '20000', '18:00', null, '10000', null, '2021-02-05 00:00:00', '0', null, '402019032924930007');
INSERT INTO `attendance_classes_task_detail` VALUES ('d81fda86-6c77-4af0-8ac3-f3bcc63f99cc', '20f855b0-1da8-4803-9a31-1aff23475c98', '10000', '08:30', null, '10000', null, '2021-02-06 00:00:00', '0', null, '402019032924930007');
INSERT INTO `attendance_classes_task_detail` VALUES ('c147c3df-3c57-4b3a-ab9b-98a660f21d6e', 'bd1a77f8-7d97-4816-b49d-634d9487e5f1', '10000', '08:30', null, '10000', null, '2021-02-06 00:00:00', '0', null, '402019032924930007');
INSERT INTO `attendance_classes_task_detail` VALUES ('4da86120-7455-4cb9-af09-cb37c218774a', '20f855b0-1da8-4803-9a31-1aff23475c98', '20000', '18:00', null, '10000', null, '2021-02-06 00:00:00', '0', null, '402019032924930007');
INSERT INTO `attendance_classes_task_detail` VALUES ('7a6fe375-5812-4c61-8b2c-a419b1165302', 'bd1a77f8-7d97-4816-b49d-634d9487e5f1', '20000', '18:00', null, '10000', null, '2021-02-06 00:00:00', '0', null, '402019032924930007');
INSERT INTO `attendance_classes_task_detail` VALUES ('0e861f2a-fbd9-4c18-ae79-869ea56c1d4f', '6c3b2791-859d-44df-9486-b47120483e05', '20000', '18:00', null, '10000', null, '2021-02-07 00:00:00', '0', null, '402019032924930007');
INSERT INTO `attendance_classes_task_detail` VALUES ('45f3de2c-8959-4d81-9a33-23ec63a5a9b7', '96685c53-cba0-49b7-bfb4-45c12015a5dd', '20000', '18:00', null, '10000', null, '2021-02-07 00:00:00', '0', null, '402019032924930007');
INSERT INTO `attendance_classes_task_detail` VALUES ('06f80672-79be-4c03-af88-4bd241242946', '6c3b2791-859d-44df-9486-b47120483e05', '10000', '08:30', null, '10000', null, '2021-02-07 00:00:00', '0', null, '402019032924930007');
INSERT INTO `attendance_classes_task_detail` VALUES ('5dab2f3c-2b1f-4304-bf6d-c9b8c4a867a4', '96685c53-cba0-49b7-bfb4-45c12015a5dd', '10000', '08:30', null, '10000', null, '2021-02-07 00:00:00', '0', null, '402019032924930007');
INSERT INTO `attendance_classes_task_detail` VALUES ('738afa37-6443-4624-8951-71f6d6370105', 'c390ee62-ff59-4f69-9d22-776a691ae8a3', '20000', '18:00', null, '10000', null, '2021-02-08 00:00:00', '0', null, '402019032924930007');
INSERT INTO `attendance_classes_task_detail` VALUES ('6c9c9037-0610-4aa6-8011-15d007f76064', '99d47cc1-8e04-4302-8328-90fb78077179', '20000', '18:00', null, '10000', null, '2021-02-08 00:00:00', '0', null, '402019032924930007');
INSERT INTO `attendance_classes_task_detail` VALUES ('d10b94c2-bd99-4bcd-af15-abb5de717a31', 'c390ee62-ff59-4f69-9d22-776a691ae8a3', '10000', '08:30', null, '10000', null, '2021-02-08 00:00:00', '0', null, '402019032924930007');
INSERT INTO `attendance_classes_task_detail` VALUES ('cc363a8b-c646-4cb7-902b-eebb5cec2182', '99d47cc1-8e04-4302-8328-90fb78077179', '10000', '08:30', null, '10000', null, '2021-02-08 00:00:00', '0', null, '402019032924930007');
INSERT INTO `attendance_classes_task_detail` VALUES ('b80fb5eb-3609-49e3-8e1e-3e2b95ed4650', 'db8a39e3-3e7a-45be-8801-de0c6d33d4bb', '10000', '08:30', null, '10000', null, '2021-02-09 00:00:00', '0', null, '402019032924930007');
INSERT INTO `attendance_classes_task_detail` VALUES ('127b2dbc-2583-47b7-92c1-8f6a18730c9b', 'e7e338df-e793-4e79-bcc3-28f71e8d2212', '10000', '08:30', null, '10000', null, '2021-02-09 00:00:00', '0', null, '402019032924930007');
INSERT INTO `attendance_classes_task_detail` VALUES ('43cb002b-7b06-4980-a267-13d2e6eeb19e', 'e7e338df-e793-4e79-bcc3-28f71e8d2212', '20000', '18:00', null, '10000', null, '2021-02-09 00:00:00', '0', null, '402019032924930007');
INSERT INTO `attendance_classes_task_detail` VALUES ('1eb24cc9-f84e-4e7c-bc3b-8c29fb5dc3aa', 'db8a39e3-3e7a-45be-8801-de0c6d33d4bb', '20000', '18:00', null, '10000', null, '2021-02-09 00:00:00', '0', null, '402019032924930007');
INSERT INTO `attendance_classes_task_detail` VALUES ('148958b2-09fd-47a4-a251-d1565076d14c', '7e292811-bd03-4078-b923-2d4a7b43f3e9', '10000', '08:30', null, '10000', null, '2021-02-10 00:00:00', '0', null, '402019032924930007');
INSERT INTO `attendance_classes_task_detail` VALUES ('d39529e5-1e73-4dad-ace5-b28bf2b321fa', '1473e6a9-831c-4d1e-92d2-076940eb0b30', '10000', '08:30', null, '10000', null, '2021-02-10 00:00:00', '0', null, '402019032924930007');
INSERT INTO `attendance_classes_task_detail` VALUES ('a41e1454-53a8-4965-8a53-79a05d94d8ea', '7e292811-bd03-4078-b923-2d4a7b43f3e9', '20000', '18:00', null, '10000', null, '2021-02-10 00:00:00', '0', null, '402019032924930007');
INSERT INTO `attendance_classes_task_detail` VALUES ('f4d40776-7485-4985-9ffc-1fdba07a9040', '1473e6a9-831c-4d1e-92d2-076940eb0b30', '20000', '18:00', null, '10000', null, '2021-02-10 00:00:00', '0', null, '402019032924930007');

-- ----------------------------
-- Table structure for attendance_log
-- ----------------------------
CREATE TABLE `attendance_log` (
  `log_id` varchar(64) NOT NULL COMMENT '员工考勤日志表',
  `staff_id` varchar(64) NOT NULL COMMENT '员工ID',
  `staff_name` varchar(128) NOT NULL COMMENT '员工名称',
  `department_id` varchar(30) DEFAULT NULL COMMENT '考勤部门',
  `department_name` varchar(128) DEFAULT NULL COMMENT '考勤部门',
  `clock_time` datetime NOT NULL COMMENT '设备考勤时间',
  `store_id` varchar(30) NOT NULL COMMENT '商户ID',
  `create_time` timestamp NOT NULL DEFAULT CURRENT_TIMESTAMP COMMENT '创建时间',
  `status_cd` varchar(2) NOT NULL DEFAULT '0' COMMENT '数据状态，详细参考c_status表，S 保存，0, 在用 1失效',
  PRIMARY KEY (`log_id`)
) ENGINE=InnoDB DEFAULT CHARSET=utf8;

-- ----------------------------
-- Records of attendance_log
-- ----------------------------
INSERT INTO `attendance_log` VALUES ('102021020323281871', '302021012752050205', '张爸爸', '842021012771500063', '考勤测试部', '2021-02-03 12:25:23', '402019032924930007', '2021-02-03 12:25:07', '0');
INSERT INTO `attendance_log` VALUES ('102021020335900384', '302021012752050205', '张爸爸', '842021012771500063', '考勤测试部', '2021-02-03 10:38:29', '402019032924930007', '2021-02-03 10:38:13', '0');
INSERT INTO `attendance_log` VALUES ('102021020357680324', '302021012752050205', '张爸爸', '842021012771500063', '842021012771500063', '2021-02-03 10:35:08', '402019032924930007', '2021-02-03 10:34:53', '0');
INSERT INTO `attendance_log` VALUES ('102021020372770376', '302021012752050205', '张爸爸', '842021012771500063', '考勤测试部', '2021-02-03 10:38:16', '402019032924930007', '2021-02-03 10:38:03', '0');
INSERT INTO `attendance_log` VALUES ('10202102222169-7125', '302021012752050205', '张爸爸', '842021012771500063', '考勤测试部', '2021-02-22 10:45:38', '402019032924930007', '2021-02-22 10:45:38', '0');

-- ----------------------------
-- Table structure for attr_spec
-- ----------------------------
CREATE TABLE `attr_spec` (
  `spec_cd` varchar(12) NOT NULL COMMENT '规格ID',
  `table_name` varchar(50) NOT NULL COMMENT '表名',
  `spec_name` varchar(100) NOT NULL COMMENT '规格名称',
  `spec_holdplace` varchar(100) NOT NULL COMMENT '字段填写说明',
  `required` varchar(2) NOT NULL COMMENT '是否必填 Y 必填，N非必填',
  `spec_show` varchar(2) NOT NULL COMMENT '是否展示',
  `spec_value_type` varchar(12) NOT NULL COMMENT '1001 字符串 2002 整数 3003 金额 4004 日期 5005 时间',
  `spec_type` varchar(12) NOT NULL COMMENT '2233 input 3344 select 4455 日期',
  `create_time` timestamp NOT NULL DEFAULT CURRENT_TIMESTAMP COMMENT '创建时间',
  `status_cd` varchar(2) NOT NULL DEFAULT '0' COMMENT '数据状态，详细参考c_status表，S 保存，0, 在用 1失效',
  `list_show` varchar(2) NOT NULL COMMENT '是否展示在list页面 Y 是 N 不是',
  UNIQUE KEY `spec_cd` (`spec_cd`) USING BTREE
) ENGINE=InnoDB DEFAULT CHARSET=utf8;

-- ----------------------------
-- Records of attr_spec
-- ----------------------------
INSERT INTO `attr_spec` VALUES ('081442370001', 'building_room_attr', '测试属性1', '必填，请填写测试属性1', 'N', 'Y', '1001', '2233', '2020-08-14 23:24:40', '1', 'Y');
INSERT INTO `attr_spec` VALUES ('081475250002', 'building_room_attr', '商品房', '必填，请选择房屋类型', 'Y', 'Y', '1001', '3344', '2020-08-14 23:45:45', '1', 'Y');
INSERT INTO `attr_spec` VALUES ('081606740011', 'building_owner_attr', '门禁钥匙', '选填，请填写门禁钥匙', 'N', 'Y', '1001', '2233', '2020-08-16 12:58:29', '0', 'Y');
INSERT INTO `attr_spec` VALUES ('081623050012', 'building_owner_attr', '爱好', '选填', 'N', 'Y', '1001', '3344', '2020-08-16 12:59:02', '1', 'Y');
INSERT INTO `attr_spec` VALUES ('081623500015', 'building_room_attr', '商品房', '必填，请填写是否为商品房', 'Y', 'Y', '1001', '3344', '2020-08-16 16:50:41', '1', 'Y');
INSERT INTO `attr_spec` VALUES ('081681590010', 'building_owner_attr', 'QQ', '选填，请填写QQ', 'N', 'Y', '1001', '2233', '2020-08-16 12:41:07', '0', 'Y');
INSERT INTO `attr_spec` VALUES ('081688940018', 'building_room_attr', '商铺', '选填，是否为商铺', 'N', 'Y', '1001', '3344', '2020-08-16 16:51:41', '1', 'Y');
INSERT INTO `attr_spec` VALUES ('082999830016', 'building_owner_attr', '是否业主', '是否业主', 'N', 'Y', '1001', '3344', '2020-08-29 11:39:43', '1', 'Y');
INSERT INTO `attr_spec` VALUES ('2000908', 'building_room_attr', '是否商铺', '必填，是否为商铺', 'Y', 'Y', '1001', '3344', '2020-08-13 21:33:03', '1', 'Y');
INSERT INTO `attr_spec` VALUES ('6185-17861', 'parking_area_attr', '外部编码', '选填，请填写外部编码 一般为第三方停车场系统ID', 'N', 'Y', '1001', '2233', '2021-03-18 12:20:26', '0', 'Y');
INSERT INTO `attr_spec` VALUES ('7127015495', 'machine_attr', '厂家协议', '必填，请选择厂家协议', 'Y', 'Y', '1001', '3344', '2020-12-09 22:10:05', '0', 'Y');
INSERT INTO `attr_spec` VALUES ('9329000004', 'building_community_attr', '社区编码', '必填，请填写社区编码', 'Y', 'Y', '1001', '2233', '2020-11-27 11:13:30', '0', 'Y');

-- ----------------------------
-- Table structure for attr_value
-- ----------------------------
CREATE TABLE `attr_value` (
  `value_id` varchar(30) NOT NULL COMMENT '值ID',
  `spec_cd` varchar(12) NOT NULL COMMENT '规格ID',
  `value` varchar(200) NOT NULL COMMENT '值',
  `value_name` varchar(200) NOT NULL COMMENT '值名称，前台显示用',
  `value_show` varchar(2) NOT NULL COMMENT '选择时，是否显示在前台 Y显示 N不显示',
  `create_time` timestamp NOT NULL DEFAULT CURRENT_TIMESTAMP COMMENT '创建时间',
  `status_cd` varchar(2) NOT NULL DEFAULT '0' COMMENT '数据状态，详细参考c_status表，S 保存，0, 在用 1失效',
  UNIQUE KEY `value_id` (`value_id`) USING BTREE
) ENGINE=InnoDB DEFAULT CHARSET=utf8;

-- ----------------------------
-- Records of attr_value
-- ----------------------------
INSERT INTO `attr_value` VALUES ('1', '2000908', '1', '是', 'Y', '2020-08-14 09:33:32', '1');
INSERT INTO `attr_value` VALUES ('112020081400390004', '081475250002', '2', '否', 'Y', '2020-08-14 23:46:09', '1');
INSERT INTO `attr_value` VALUES ('112020081440200001', '081442370001', '3', '否', 'Y', '2020-08-14 23:35:53', '1');
INSERT INTO `attr_value` VALUES ('112020081441490003', '081475250002', '1', '是', 'Y', '2020-08-14 23:46:02', '1');
INSERT INTO `attr_value` VALUES ('112020081471550002', '081442370001', '1', '是', 'Y', '2020-08-14 23:25:01', '1');
INSERT INTO `attr_value` VALUES ('112020081602340014', '081623050012', '2', '篮球', 'Y', '2020-08-16 12:59:28', '1');
INSERT INTO `attr_value` VALUES ('112020081602700016', '081623500015', '1', '是', 'Y', '2020-08-16 16:50:54', '0');
INSERT INTO `attr_value` VALUES ('112020081615120017', '081623500015', '2', '否', 'Y', '2020-08-16 16:51:01', '0');
INSERT INTO `attr_value` VALUES ('112020081622380013', '081623050012', '1', '女人', 'Y', '2020-08-16 12:59:16', '1');
INSERT INTO `attr_value` VALUES ('112020081668020020', '081688940018', '2', '否', 'Y', '2020-08-16 16:51:59', '0');
INSERT INTO `attr_value` VALUES ('112020081699120019', '081688940018', '1', '是', 'Y', '2020-08-16 16:51:52', '0');
INSERT INTO `attr_value` VALUES ('112020082947120018', '082999830016', '2', '否', 'Y', '2020-08-29 11:40:48', '1');
INSERT INTO `attr_value` VALUES ('112020082963920017', '082999830016', '1', '是', 'Y', '2020-08-29 11:40:35', '1');
INSERT INTO `attr_value` VALUES ('11202012203752-6440', '7127015495', '3', '伊兰度mqtt协议', 'Y', '2020-12-20 12:37:57', '0');
INSERT INTO `attr_value` VALUES ('11202012205775-6457', '7127015495', '1', 'HC测试协议', 'Y', '2020-12-20 12:34:30', '0');
INSERT INTO `attr_value` VALUES ('11202012205936-6435', '7127015495', '4', '宇泛协议', 'Y', '2020-12-20 12:38:08', '0');
INSERT INTO `attr_value` VALUES ('11202012249350-13198', '7127015495', '5', '德安门禁', 'Y', '2020-12-24 15:25:09', '0');
INSERT INTO `attr_value` VALUES ('1120201225281514184', '7127015495', '6', '德安门禁mqtt', 'Y', '2020-12-25 15:51:40', '0');
INSERT INTO `attr_value` VALUES ('1120210105901626818', '7127015495', '7', '臻识道闸Tcp协议', 'Y', '2021-01-05 13:55:50', '0');
INSERT INTO `attr_value` VALUES ('1120210109643418450', '7127015495', '8', '臻识道闸Tcp协议(第三方平台)', 'Y', '2021-01-09 01:38:07', '0');
INSERT INTO `attr_value` VALUES ('1120210128680232122', '7127015495', '9', '群英考勤机', 'Y', '2021-01-28 00:17:43', '0');
INSERT INTO `attr_value` VALUES ('1120210317174832184', '7127015495', '10', '百胜智能门禁协议', 'Y', '2021-03-17 15:04:59', '0');
INSERT INTO `attr_value` VALUES ('11202103192806-4642', '7127015495', '11', '百胜智能道闸(第三方平台)', 'Y', '2021-03-19 10:24:39', '0');
INSERT INTO `attr_value` VALUES ('112021041610511585', '7127015495', '12', '云盟道闸(第三方平台)', 'Y', '2021-04-16 17:51:13', '0');
INSERT INTO `attr_value` VALUES ('112021041691292415', '7127015495', '13', '零壹道闸(第三方平台)', 'Y', '2021-04-16 18:13:13', '0');
INSERT INTO `attr_value` VALUES ('112021051889380884', '7127015495', '14', '陶格斯道闸(第三方平台)', 'Y', '2021-05-18 09:25:11', '0');
INSERT INTO `attr_value` VALUES ('2', '2000908', '2', '否', 'Y', '2020-08-14 09:33:46', '1');

-- ----------------------------
-- Table structure for audit_user
-- ----------------------------
CREATE TABLE `audit_user` (
  `audit_user_id` varchar(30) NOT NULL COMMENT '审核ID',
  `b_id` varchar(30) NOT NULL COMMENT '业务Id',
  `store_id` varchar(30) NOT NULL COMMENT '商户ID,用来做分区',
  `user_id` varchar(100) NOT NULL COMMENT '审核用户ID',
  `user_name` varchar(100) NOT NULL COMMENT '审核用户名称',
  `audit_link` varchar(64) NOT NULL COMMENT '审核环节，建t_dict表 如部门经理审核 ， 财务审核 ，采购人员采购',
  `obj_code` varchar(64) NOT NULL COMMENT '流程对象编码,如采购申请 resource_enter',
  `create_time` timestamp NOT NULL DEFAULT CURRENT_TIMESTAMP COMMENT '创建时间',
  `status_cd` varchar(2) NOT NULL DEFAULT '0' COMMENT '数据状态，详细参考t_dict表，0, 在用 1失效',
  KEY `idx_audit_user_id` (`audit_user_id`) USING BTREE
) ENGINE=InnoDB DEFAULT CHARSET=utf8;

-- ----------------------------
-- Records of audit_user
-- ----------------------------

-- ----------------------------
-- Table structure for bill
-- ----------------------------
CREATE TABLE `bill` (
  `bill_id` varchar(30) NOT NULL COMMENT '账单主键ID',
  `bill_name` varchar(200) NOT NULL COMMENT '账单名称',
  `receivable` decimal(10,2) NOT NULL COMMENT '应收金额',
  `receipts` decimal(10,2) NOT NULL COMMENT '实收金额',
  `bill_time` timestamp NOT NULL DEFAULT CURRENT_TIMESTAMP ON UPDATE CURRENT_TIMESTAMP COMMENT '账单日期',
  `community_id` varchar(30) NOT NULL COMMENT '小区分片字段',
  `config_id` varchar(30) NOT NULL COMMENT '收费项目ID',
  `create_time` timestamp NOT NULL DEFAULT CURRENT_TIMESTAMP COMMENT '创建时间',
  `remark` varchar(200) NOT NULL COMMENT '备注',
  `cur_bill` varchar(12) NOT NULL DEFAULT 'T' COMMENT 'T为当前有效账单，F为历史账单',
  `cur_receivable` decimal(10,2) DEFAULT NULL COMMENT '当期应收金额'
) ENGINE=InnoDB DEFAULT CHARSET=utf8;

-- ----------------------------
-- Records of bill
-- ----------------------------

-- ----------------------------
-- Table structure for bill_owe_fee
-- ----------------------------
CREATE TABLE `bill_owe_fee` (
  `owe_id` varchar(30) NOT NULL COMMENT '欠费主键',
  `bill_id` varchar(30) NOT NULL COMMENT '账单ID',
  `fee_id` varchar(30) NOT NULL COMMENT '费用ID',
  `bill_amount_owed` decimal(10,2) NOT NULL COMMENT '账期欠费金额',
  `amount_owed` decimal(10,2) NOT NULL COMMENT '当前欠费金额',
  `fee_end_time` timestamp NOT NULL DEFAULT CURRENT_TIMESTAMP ON UPDATE CURRENT_TIMESTAMP COMMENT '费用结束时间，当时跑账单时的费用结束时间',
  `owner_id` varchar(30) NOT NULL COMMENT '业主ID',
  `owner_name` varchar(100) NOT NULL COMMENT '业主名称',
  `owner_tel` varchar(11) NOT NULL COMMENT '业主联系电话',
  `payer_obj_name` varchar(100) NOT NULL COMMENT '付费对象名称 如 1栋1单元1室 或者 1号停车场1号车位',
  `payer_obj_type` varchar(12) NOT NULL COMMENT '付费对象类型 3333 房屋 6666 是车位',
  `community_id` varchar(30) NOT NULL COMMENT '分片键，小区ID',
  `state` varchar(12) NOT NULL DEFAULT '1000' COMMENT '状态 1000 未交费，2000 已缴费',
  `create_time` timestamp NOT NULL DEFAULT CURRENT_TIMESTAMP COMMENT '创建时间',
  `deadline_time` timestamp NULL DEFAULT NULL COMMENT '截止时间'
) ENGINE=InnoDB DEFAULT CHARSET=utf8;

-- ----------------------------
-- Records of bill_owe_fee
-- ----------------------------

-- ----------------------------
-- Table structure for building_owner
-- ----------------------------
CREATE TABLE `building_owner` (
  `member_id` varchar(30) NOT NULL COMMENT '业主成员ID',
  `owner_id` varchar(30) NOT NULL COMMENT '业主ID',
  `b_id` varchar(30) NOT NULL COMMENT '业务Id',
  `name` varchar(64) NOT NULL COMMENT '业主名称',
  `sex` int(11) NOT NULL COMMENT '性别',
  `age` int(11) NOT NULL COMMENT '年龄',
  `link` varchar(11) NOT NULL COMMENT '联系人手机号',
  `user_id` varchar(30) NOT NULL COMMENT '用户ID',
  `remark` varchar(200) DEFAULT NULL COMMENT '备注',
  `create_time` timestamp NOT NULL DEFAULT CURRENT_TIMESTAMP COMMENT '创建时间',
  `status_cd` varchar(2) NOT NULL DEFAULT '0' COMMENT '数据状态，详细参考c_status表，0, 在用 1失效',
  `owner_type_cd` varchar(4) NOT NULL DEFAULT '1001' COMMENT '1001 业主本人 1002 家庭成员',
  `community_id` varchar(30) DEFAULT NULL COMMENT '小区ID',
  `id_card` varchar(18) NOT NULL DEFAULT '-1' COMMENT '身份证号码',
  `state` varchar(12) NOT NULL DEFAULT '2000' COMMENT '业主 成员状态 1000 表示待审核，2000 审核完成  3000 拒绝审核 ',
  UNIQUE KEY `member_id` (`member_id`) USING BTREE,
  UNIQUE KEY `idx_owner_id` (`member_id`) USING BTREE,
  KEY `idx_owner_b_id` (`b_id`) USING BTREE,
  KEY `i_bo_owner_id` (`owner_id`) USING BTREE
) ENGINE=InnoDB DEFAULT CHARSET=utf8;

-- ----------------------------
-- Records of building_owner
-- ----------------------------

-- ----------------------------
-- Table structure for building_owner_attr
-- ----------------------------
CREATE TABLE `building_owner_attr` (
  `b_id` varchar(30) NOT NULL COMMENT '订单ID',
  `attr_id` varchar(30) NOT NULL COMMENT '属性id',
  `member_id` varchar(30) NOT NULL COMMENT '业主ID',
  `spec_cd` varchar(12) NOT NULL COMMENT '规格id,参考spec表',
  `value` varchar(50) NOT NULL COMMENT '属性值',
  `create_time` timestamp NOT NULL DEFAULT CURRENT_TIMESTAMP COMMENT '创建时间',
  `status_cd` varchar(2) NOT NULL DEFAULT '0' COMMENT '数据状态，详细参考c_status表，S 保存，0, 在用 1失效',
  `community_id` varchar(30) NOT NULL COMMENT '小区ID 分片ID',
  UNIQUE KEY `attr_id` (`attr_id`) USING BTREE
) ENGINE=InnoDB DEFAULT CHARSET=utf8;

-- ----------------------------
-- Records of building_owner_attr
-- ----------------------------

-- ----------------------------
-- Table structure for building_owner_room_rel
-- ----------------------------
CREATE TABLE `building_owner_room_rel` (
  `rel_id` varchar(30) NOT NULL COMMENT '关系ID',
  `owner_id` varchar(30) NOT NULL COMMENT '业主ID',
  `room_id` varchar(30) NOT NULL COMMENT '房间ID',
  `b_id` varchar(30) NOT NULL COMMENT '业务Id',
  `state` varchar(4) NOT NULL COMMENT '业务状态 2001 业主未迁入 2002 业主迁入 2003 业主迁出',
  `user_id` varchar(30) NOT NULL COMMENT '用户ID',
  `remark` varchar(200) DEFAULT NULL COMMENT '备注',
  `create_time` timestamp NOT NULL DEFAULT CURRENT_TIMESTAMP COMMENT '创建时间',
  `status_cd` varchar(2) NOT NULL DEFAULT '0' COMMENT '数据状态，详细参考c_status表，0, 在用 1失效',
  `start_time` datetime NOT NULL COMMENT '起租时间',
  `end_time` datetime NOT NULL COMMENT '起租时间',
  UNIQUE KEY `rel_id` (`rel_id`) USING BTREE,
  UNIQUE KEY `idx_borr_rel_id` (`rel_id`) USING BTREE,
  UNIQUE KEY `idx_orr_rel_id` (`rel_id`) USING BTREE,
  KEY `idx_borr_b_id` (`b_id`) USING BTREE,
  KEY `idx_orr_b_id` (`b_id`) USING BTREE,
  KEY `i_borr_owner_id` (`owner_id`) USING BTREE,
  KEY `i_borr_room_id` (`room_id`) USING BTREE
) ENGINE=InnoDB DEFAULT CHARSET=utf8;

-- ----------------------------
-- Records of building_owner_room_rel
-- ----------------------------

-- ----------------------------
-- Table structure for building_room
-- ----------------------------
CREATE TABLE `building_room` (
  `room_id` varchar(30) NOT NULL COMMENT '房屋ID',
  `b_id` varchar(30) NOT NULL COMMENT '业务Id',
  `room_num` varchar(12) NOT NULL COMMENT '房屋编号',
  `unit_id` varchar(30) NOT NULL COMMENT '单元ID',
  `layer` int(11) NOT NULL COMMENT '层数',
  `section` int(11) DEFAULT NULL COMMENT '室',
  `apartment` varchar(20) NOT NULL COMMENT '户型',
  `built_up_area` decimal(6,2) NOT NULL COMMENT '建筑面积',
  `fee_coefficient` decimal(12,2) NOT NULL DEFAULT '1.00' COMMENT '算费系数',
  `user_id` varchar(30) NOT NULL COMMENT '用户ID',
  `remark` varchar(200) DEFAULT NULL COMMENT '备注',
  `create_time` timestamp NOT NULL DEFAULT CURRENT_TIMESTAMP COMMENT '创建时间',
  `status_cd` varchar(2) NOT NULL DEFAULT '0' COMMENT '数据状态，详细参考c_status表，S 保存，0, 在用 1失效',
  `state` varchar(4) NOT NULL COMMENT '房屋状态，如房屋出售等，请查看state 表',
  `community_id` varchar(30) DEFAULT NULL COMMENT '小区ID',
  `room_type` varchar(12) NOT NULL DEFAULT '1010301' COMMENT '房屋类型',
  UNIQUE KEY `room_id` (`room_id`) USING BTREE,
  UNIQUE KEY `idx_room_id` (`room_id`) USING BTREE,
  KEY `idx_room_b_id` (`b_id`) USING BTREE
) ENGINE=InnoDB DEFAULT CHARSET=utf8;

-- ----------------------------
-- Records of building_room
-- ----------------------------

-- ----------------------------
-- Table structure for building_room_attr
-- ----------------------------
CREATE TABLE `building_room_attr` (
  `b_id` varchar(30) NOT NULL COMMENT '订单ID',
  `attr_id` varchar(30) NOT NULL COMMENT '属性id',
  `room_id` varchar(30) NOT NULL COMMENT '房屋ID',
  `spec_cd` varchar(12) NOT NULL COMMENT '规格id,参考spec表',
  `value` varchar(50) NOT NULL COMMENT '属性值',
  `create_time` timestamp NOT NULL DEFAULT CURRENT_TIMESTAMP COMMENT '创建时间',
  `status_cd` varchar(2) NOT NULL DEFAULT '0' COMMENT '数据状态，详细参考c_status表，S 保存，0, 在用 1失效',
  UNIQUE KEY `attr_id` (`attr_id`) USING BTREE,
  KEY `idx_b_attr_b_id` (`b_id`) USING BTREE,
  KEY `idx_attr_room_id` (`room_id`) USING BTREE
) ENGINE=InnoDB DEFAULT CHARSET=utf8;

-- ----------------------------
-- Records of building_room_attr
-- ----------------------------

-- ----------------------------
-- Table structure for building_unit
-- ----------------------------
CREATE TABLE `building_unit` (
  `unit_id` varchar(30) NOT NULL COMMENT '单元ID',
  `b_id` varchar(30) NOT NULL COMMENT '业务Id',
  `unit_num` varchar(12) NOT NULL COMMENT '单元编号',
  `floor_id` varchar(30) NOT NULL COMMENT '楼ID',
  `layer_count` int(11) NOT NULL COMMENT '总层数',
  `lift` varchar(4) NOT NULL COMMENT '是否有电梯 1010有 2020 无',
  `user_id` varchar(30) NOT NULL COMMENT '用户ID',
  `remark` varchar(200) DEFAULT NULL COMMENT '备注',
  `create_time` timestamp NOT NULL DEFAULT CURRENT_TIMESTAMP COMMENT '创建时间',
  `status_cd` varchar(2) NOT NULL DEFAULT '0' COMMENT '数据状态，详细参考c_status表，S 保存，0, 在用 1失效',
  `unit_area` decimal(10,2) NOT NULL COMMENT '单元面积',
  UNIQUE KEY `unit_id` (`unit_id`) USING BTREE,
  UNIQUE KEY `idx_unit_id` (`unit_id`) USING BTREE,
  KEY `idx_unit_b_id` (`b_id`) USING BTREE
) ENGINE=InnoDB DEFAULT CHARSET=utf8;

-- ----------------------------
-- Records of building_unit
-- ----------------------------

-- ----------------------------
-- Table structure for building_unit_attr
-- ----------------------------
CREATE TABLE `building_unit_attr` (
  `b_id` varchar(30) NOT NULL COMMENT '订单ID',
  `attr_id` varchar(30) NOT NULL COMMENT '属性id',
  `unit_id` varchar(30) NOT NULL COMMENT '房屋ID',
  `spec_cd` varchar(12) NOT NULL COMMENT '规格id,参考spec表',
  `value` varchar(50) NOT NULL COMMENT '属性值',
  `create_time` timestamp NOT NULL DEFAULT CURRENT_TIMESTAMP COMMENT '创建时间',
  `status_cd` varchar(2) NOT NULL DEFAULT '0' COMMENT '数据状态，详细参考c_status表，S 保存，0, 在用 1失效',
  PRIMARY KEY (`attr_id`)
) ENGINE=InnoDB DEFAULT CHARSET=utf8;

-- ----------------------------
-- Records of building_unit_attr
-- ----------------------------

-- ----------------------------
-- Table structure for buiness_small_wechat
-- ----------------------------
CREATE TABLE `buiness_small_wechat` (
  `wechat_id` varchar(30) COLLATE utf8_bin NOT NULL COMMENT '微信ID',
  `b_id` varchar(30) COLLATE utf8_bin NOT NULL COMMENT '业务ID',
  `store_Id` varchar(30) COLLATE utf8_bin NOT NULL COMMENT '商户ID',
  `name` varchar(100) COLLATE utf8_bin NOT NULL COMMENT '小程序名称',
  `appId` varchar(100) COLLATE utf8_bin NOT NULL COMMENT '小程序appid',
  `appSecret` varchar(200) COLLATE utf8_bin NOT NULL COMMENT '应用密钥',
  `pay_password` varchar(200) COLLATE utf8_bin NOT NULL COMMENT '支付密码',
  `remarks` varchar(200) COLLATE utf8_bin DEFAULT NULL COMMENT '备注信息',
  `create_time` timestamp NOT NULL DEFAULT CURRENT_TIMESTAMP COMMENT '创建时间',
  `operate` varchar(4) COLLATE utf8_bin NOT NULL COMMENT '数据状态，添加ADD，修改MOD 删除DEL',
  `obj_id` varchar(30) COLLATE utf8_bin NOT NULL,
  `obj_type` varchar(4) COLLATE utf8_bin NOT NULL,
  `mch_id` varchar(200) COLLATE utf8_bin NOT NULL,
  `wechat_type` varchar(4) COLLATE utf8_bin DEFAULT NULL
) ENGINE=InnoDB DEFAULT CHARSET=utf8 COLLATE=utf8_bin;

-- ----------------------------
-- Records of buiness_small_wechat
-- ----------------------------

-- ----------------------------
-- Table structure for business_account
-- ----------------------------
CREATE TABLE `business_account` (
  `acct_id` varchar(30) NOT NULL COMMENT '账户ID',
  `acct_name` varchar(128) NOT NULL COMMENT '账户名称',
  `acct_type` varchar(12) NOT NULL COMMENT '账户类型，2003 现金账户 2004 积分账户 2005 优惠券账户',
  `amount` decimal(10,2) NOT NULL DEFAULT '0.00' COMMENT '金额',
  `obj_type` varchar(12) NOT NULL COMMENT '对象类型，6006 个人 7007 商户',
  `obj_id` varchar(30) NOT NULL COMMENT '对象ID',
  `b_id` varchar(30) NOT NULL COMMENT '业务Id',
  `create_time` timestamp NOT NULL DEFAULT CURRENT_TIMESTAMP COMMENT '创建时间',
  `operate` varchar(3) NOT NULL COMMENT '数据状态，添加ADD，修改MOD 删除DEL'
) ENGINE=InnoDB DEFAULT CHARSET=utf8;

-- ----------------------------
-- Records of business_account
-- ----------------------------

-- ----------------------------
-- Table structure for business_account_detail
-- ----------------------------
CREATE TABLE `business_account_detail` (
  `detail_id` varchar(30) NOT NULL COMMENT '明细ID',
  `acct_id` varchar(30) NOT NULL COMMENT '账户ID',
  `detail_type` varchar(128) NOT NULL COMMENT '类型，1001 转入 2002 转出',
  `rel_acct_id` varchar(30) NOT NULL DEFAULT '-1' COMMENT '关联账户',
  `amount` decimal(10,2) NOT NULL DEFAULT '0.00' COMMENT '金额',
  `obj_type` varchar(12) NOT NULL COMMENT '对象类型，6006 个人 7007 商户',
  `obj_id` varchar(30) NOT NULL COMMENT '对象ID',
  `order_id` varchar(30) NOT NULL COMMENT '交易单号',
  `b_id` varchar(30) NOT NULL COMMENT '业务Id',
  `remark` varchar(1024) DEFAULT NULL COMMENT '备注',
  `create_time` timestamp NOT NULL DEFAULT CURRENT_TIMESTAMP COMMENT '创建时间',
  `operate` varchar(3) NOT NULL COMMENT '数据状态，添加ADD，修改MOD 删除DEL'
) ENGINE=InnoDB DEFAULT CHARSET=utf8;

-- ----------------------------
-- Records of business_account_detail
-- ----------------------------

-- ----------------------------
-- Table structure for business_activities
-- ----------------------------
CREATE TABLE `business_activities` (
  `activities_id` varchar(30) NOT NULL COMMENT '活动ID',
  `b_id` varchar(30) NOT NULL COMMENT '业务Id',
  `title` varchar(200) NOT NULL COMMENT '活动标题',
  `type_cd` varchar(30) NOT NULL COMMENT '文章类型',
  `header_img` varchar(200) NOT NULL COMMENT '头部照片,照片名称',
  `context` longtext NOT NULL COMMENT '活动内容',
  `community_id` varchar(30) NOT NULL COMMENT '小区ID',
  `read_count` int(11) NOT NULL DEFAULT '0' COMMENT '阅读数',
  `like_count` int(11) NOT NULL DEFAULT '0' COMMENT '点赞数',
  `collect_count` int(11) NOT NULL DEFAULT '0' COMMENT '收藏数',
  `user_id` varchar(30) NOT NULL COMMENT '创建用户Id',
  `user_name` varchar(30) NOT NULL COMMENT '创建用户名称',
  `start_time` datetime NOT NULL COMMENT '开始时间',
  `end_time` datetime NOT NULL COMMENT '结束时间',
  `state` varchar(12) NOT NULL DEFAULT '10000' COMMENT '审核状态，10000 待审核 ，11000 审核完成 12000 审核失败',
  `create_time` timestamp NOT NULL DEFAULT CURRENT_TIMESTAMP COMMENT '创建时间',
  `operate` varchar(4) NOT NULL COMMENT '数据状态，添加ADD，修改MOD 删除DEL',
  KEY `idx_business_activities_id` (`activities_id`) USING BTREE,
  KEY `idx_business_activities_b_id` (`b_id`) USING BTREE
) ENGINE=InnoDB DEFAULT CHARSET=utf8;

-- ----------------------------
-- Records of business_activities
-- ----------------------------

-- ----------------------------
-- Table structure for business_activities_event
-- ----------------------------
CREATE TABLE `business_activities_event` (
  `event_id` varchar(30) NOT NULL COMMENT '事件ID',
  `b_id` varchar(30) NOT NULL COMMENT '业务Id',
  `activities_id` varchar(30) NOT NULL COMMENT '活动ID',
  `event_type_cd` varchar(12) NOT NULL COMMENT '事件类型，999999阅读，888888 收藏 777777 点赞',
  `user_id` varchar(30) NOT NULL COMMENT '人员ID',
  `user_name` varchar(30) NOT NULL COMMENT '人员名称',
  `create_time` timestamp NOT NULL DEFAULT CURRENT_TIMESTAMP COMMENT '创建时间',
  `operate` varchar(4) NOT NULL COMMENT '数据状态，添加ADD，修改MOD 删除DEL'
) ENGINE=InnoDB DEFAULT CHARSET=utf8;

-- ----------------------------
-- Records of business_activities_event
-- ----------------------------

-- ----------------------------
-- Table structure for business_advert
-- ----------------------------
CREATE TABLE `business_advert` (
  `advert_id` varchar(30) NOT NULL COMMENT '广告ID',
  `b_id` varchar(30) NOT NULL COMMENT '业务Id',
  `ad_name` varchar(200) NOT NULL COMMENT '广告名称',
  `ad_type_cd` varchar(12) NOT NULL COMMENT '广告类型,门禁机 10000',
  `classify` varchar(12) NOT NULL COMMENT '广告分类 9001 物流 9002 餐饮 9003 旅游 9004 酒店 9005 教育 9006 互联网',
  `community_id` varchar(30) NOT NULL COMMENT '小区ID,主要用来做分片',
  `location_type_cd` varchar(12) NOT NULL DEFAULT '1000' COMMENT '位置类型，1000 大门 2000 单元门 3000 房屋门 4000 楼栋',
  `location_obj_id` varchar(30) NOT NULL DEFAULT '-1' COMMENT '对象ID，大门时小区ID，单元门 时单元ID 房屋时房屋ID，楼栋时 楼栋ID',
  `state` varchar(12) NOT NULL DEFAULT '1000' COMMENT '广告状态，1000 未审核 2000 审核通过 3000 审核拒绝 4000 未播放 5000 播放中',
  `seq` int(11) NOT NULL DEFAULT '1' COMMENT '播放顺序',
  `start_time` datetime NOT NULL COMMENT '开始时间',
  `end_time` datetime NOT NULL COMMENT '结束时间',
  `create_time` timestamp NOT NULL DEFAULT CURRENT_TIMESTAMP COMMENT '创建时间',
  `operate` varchar(4) NOT NULL COMMENT '数据状态，添加ADD，修改MOD 删除DEL',
  `view_type` varchar(12) NOT NULL COMMENT '广告类型 8888 图片 9999 视频'
) ENGINE=InnoDB DEFAULT CHARSET=utf8;

-- ----------------------------
-- Records of business_advert
-- ----------------------------

-- ----------------------------
-- Table structure for business_advert_item
-- ----------------------------
CREATE TABLE `business_advert_item` (
  `advert_item_id` varchar(30) NOT NULL COMMENT '广告ID',
  `b_id` varchar(30) NOT NULL COMMENT '业务Id',
  `advert_id` varchar(200) NOT NULL COMMENT '广告名称',
  `item_type_cd` varchar(12) NOT NULL COMMENT '8888 图片 9999 视频',
  `url` varchar(200) NOT NULL COMMENT '图片或视频地址',
  `community_id` varchar(30) NOT NULL COMMENT '小区ID,主要用来做分片',
  `seq` int(11) NOT NULL DEFAULT '1' COMMENT '播放顺序',
  `create_time` timestamp NOT NULL DEFAULT CURRENT_TIMESTAMP COMMENT '创建时间',
  `operate` varchar(4) NOT NULL COMMENT '数据状态，添加ADD，修改MOD 删除DEL'
) ENGINE=InnoDB DEFAULT CHARSET=utf8;

-- ----------------------------
-- Records of business_advert_item
-- ----------------------------

-- ----------------------------
-- Table structure for business_allocation_storehouse
-- ----------------------------
CREATE TABLE `business_allocation_storehouse` (
  `as_id` varchar(30) NOT NULL COMMENT '调拨ID',
  `b_id` varchar(30) NOT NULL COMMENT '业务Id',
  `sh_id_a` varchar(30) NOT NULL COMMENT '前仓库ID',
  `sh_id_z` varchar(30) NOT NULL COMMENT '后仓库ID',
  `res_id` varchar(30) NOT NULL COMMENT '物品ID',
  `res_name` varchar(100) NOT NULL COMMENT '物品名称',
  `store_id` varchar(30) NOT NULL COMMENT '商户ID',
  `stock` int(11) DEFAULT NULL COMMENT '库存数',
  `state` varchar(12) NOT NULL COMMENT '状态，1201 调拨审核 1202 调拨完成 1202 调拨失败',
  `start_user_id` varchar(30) NOT NULL COMMENT '申请人',
  `start_user_name` varchar(64) NOT NULL COMMENT '申请人',
  `create_time` timestamp NOT NULL DEFAULT CURRENT_TIMESTAMP COMMENT '创建时间',
  `operate` varchar(4) NOT NULL COMMENT '数据状态，添加ADD，修改MOD 删除DEL',
  `remark` varchar(1024) DEFAULT NULL COMMENT '调拨说明',
  `apply_id` varchar(30) NOT NULL COMMENT '申请ID',
  `original_stock` int(11) DEFAULT NULL COMMENT '原有库存'
) ENGINE=InnoDB DEFAULT CHARSET=utf8;

-- ----------------------------
-- Records of business_allocation_storehouse
-- ----------------------------
INSERT INTO `business_allocation_storehouse` VALUES ('262021040854130001', '202021040866671391', '252021040723070003', '252021040786640001', '852020110101150256', '扫把 - 带刮刀', '402019032924930007', '5', '1201', '30518940136629616640', 'wuxw', '2021-04-08 01:40:28', 'ADD', '请领导审批', '', null);
INSERT INTO `business_allocation_storehouse` VALUES ('262021040847940001', '202021040876841697', '252021040723070003', '252021040786640001', '852020110101150256', '扫把 - 带刮刀', '402019032924930007', '5', '1201', '30518940136629616640', 'wuxw', '2021-04-08 15:15:19', 'ADD', '调拨申请', '', null);
INSERT INTO `business_allocation_storehouse` VALUES ('262021040881850004', '202021040827931820', '252021040723070003', '252021040786640001', '852020110101150256', '扫把 - 带刮刀', '402019032924930007', '6', '1201', '30518940136629616640', 'wuxw', '2021-04-08 16:13:56', 'ADD', '调拨申请', '', null);
INSERT INTO `business_allocation_storehouse` VALUES ('262021040892980010', '202021040809961849', '252021040723070003', '252021040786640001', '852020110101150256', '扫把 - 带刮刀', '402019032924930007', '3', '1201', '30518940136629616640', 'wuxw', '2021-04-08 16:29:07', 'ADD', '测试调拨', '', null);
INSERT INTO `business_allocation_storehouse` VALUES ('262021040881850004', '202021040896921852', '252021040723070003', '252021040786640001', '852020110101150256', '扫把 - 带刮刀', '402019032924930007', '6', '1201', '30518940136629616640', 'wuxw', '2021-04-08 16:30:53', 'DEl', '调拨申请', '', null);
INSERT INTO `business_allocation_storehouse` VALUES ('262021040881850004', '202021040896921852', '252021040723070003', '252021040786640001', '852020110101150256', '扫把 - 带刮刀', '402019032924930007', '6', '1202', '30518940136629616640', 'wuxw', '2021-04-08 16:30:53', 'ADD', '调拨申请', '', null);
INSERT INTO `business_allocation_storehouse` VALUES ('262021040898690001', '202021040802001901', '252021040723070003', '252021040786640001', '852020110101150256', '扫把 - 带刮刀', '402019032924930007', '5', '1201', '30518940136629616640', 'wuxw', '2021-04-08 17:30:12', 'ADD', '测试调拨', '', null);
INSERT INTO `business_allocation_storehouse` VALUES ('262021040898690001', '202021040850041904', '252021040723070003', '252021040786640001', '852020110101150256', '扫把 - 带刮刀', '402019032924930007', '5', '1201', '30518940136629616640', 'wuxw', '2021-04-08 17:30:35', 'DEl', '测试调拨', '', null);
INSERT INTO `business_allocation_storehouse` VALUES ('262021040898690001', '202021040850041904', '252021040723070003', '252021040786640001', '852020110101150256', '扫把 - 带刮刀', '402019032924930007', '5', '1202', '30518940136629616640', 'wuxw', '2021-04-08 17:30:35', 'ADD', '测试调拨', '', null);
INSERT INTO `business_allocation_storehouse` VALUES ('262021042957750001', '202021042959393805', '252021040723070003', '252021042956100002', '852021040112530007', '测试物品', '402019032924930007', '1', '1202', '30518940136629616640', 'wuxw', '2021-04-29 21:57:34', 'ADD', '测试', '29', null);
INSERT INTO `business_allocation_storehouse` VALUES ('262021042957750001', '202021042987873817', '252021040723070003', '252021042956100002', '852021040112530007', '测试物品', '402019032924930007', '1', '1202', '30518940136629616640', 'wuxw', '2021-04-29 23:05:13', 'DEl', '测试', '29', null);
INSERT INTO `business_allocation_storehouse` VALUES ('262021042997030002', '202021042913643821', '252021040786640001', '252021042956100002', '852021040863010002', '扫把 - 带刮刀', '402019032924930007', '4', '1202', '30518940136629616640', 'wuxw', '2021-04-29 23:05:42', 'ADD', '测试', '292021042908970001', null);
INSERT INTO `business_allocation_storehouse` VALUES ('262021042921250003', '202021042913643821', '252021040723070003', '252021042956100002', '852021040887540011', '扫把 - 带刮刀', '402019032924930007', '2', '1202', '30518940136629616640', 'wuxw', '2021-04-29 23:05:42', 'ADD', '测试', '292021042908970001', null);
INSERT INTO `business_allocation_storehouse` VALUES ('262021042910700007', '202021042990643825', '252021040723070003', '252021040786640001', '852021040112530007', '测试物品', '402019032924930007', '1', '1202', '30518940136629616640', 'wuxw', '2021-04-29 23:25:47', 'ADD', '测试调拨', '292021042993600006', null);
INSERT INTO `business_allocation_storehouse` VALUES ('262021042952170008', '202021042990643825', '252021040723070003', '252021041271240005', '852020110101150256', '扫把 - 带刮刀', '402019032924930007', '2', '1202', '30518940136629616640', 'wuxw', '2021-04-29 23:25:47', 'ADD', '测试调拨', '292021042993600006', null);
INSERT INTO `business_allocation_storehouse` VALUES ('262021052679820549', '202021052675817846', '252021040723070003', '252021042956100002', '852021052472440005', '苹果', '402019032924930007', '5', '1200', '30518940136629616640', 'wuxw', '2021-05-26 15:51:21', 'ADD', '调拨申请', '292021052635130548', '225');
INSERT INTO `business_allocation_storehouse` VALUES ('262021052767860124', '202021052793939808', '252021052770610007', '252021052712840009', '852021052770420122', '中性笔', '402021052437100417', '50', '1200', '302021052485270016', 'yunshangwuye', '2021-05-27 20:19:31', 'ADD', '调拨给乐安小区', '292021052735410123', '100');

-- ----------------------------
-- Table structure for business_allocation_storehouse_apply
-- ----------------------------
CREATE TABLE `business_allocation_storehouse_apply` (
  `apply_id` varchar(30) NOT NULL COMMENT '主键ID',
  `b_id` varchar(30) NOT NULL COMMENT '业务Id',
  `start_user_id` varchar(30) NOT NULL COMMENT '申请人',
  `start_user_name` varchar(64) NOT NULL COMMENT '申请人',
  `remark` varchar(1024) NOT NULL COMMENT '申请说明',
  `apply_count` int(11) NOT NULL DEFAULT '1' COMMENT '调拨数量',
  `store_id` varchar(30) NOT NULL COMMENT '商户ID',
  `create_time` timestamp NOT NULL DEFAULT CURRENT_TIMESTAMP COMMENT '创建时间',
  `operate` varchar(4) NOT NULL COMMENT '数据状态，添加ADD，修改MOD 删除DEL',
  `state` varchar(12) NOT NULL COMMENT '状态'
) ENGINE=InnoDB DEFAULT CHARSET=utf8;

-- ----------------------------
-- Records of business_allocation_storehouse_apply
-- ----------------------------
INSERT INTO `business_allocation_storehouse_apply` VALUES ('29', '202021042958843807', '30518940136629616640', 'wuxw', '测试', '1', '402019032924930007', '2021-04-29 21:57:34', 'ADD', '1201');
INSERT INTO `business_allocation_storehouse_apply` VALUES ('29', '202021042938403819', '30518940136629616640', 'wuxw', '测试', '1', '402019032924930007', '2021-04-29 23:05:13', 'DEl', '1201');
INSERT INTO `business_allocation_storehouse_apply` VALUES ('292021042908970001', '202021042992273823', '30518940136629616640', 'wuxw', '测试', '6', '402019032924930007', '2021-04-29 23:05:42', 'ADD', '1201');
INSERT INTO `business_allocation_storehouse_apply` VALUES ('292021042993600006', '202021042939413827', '30518940136629616640', 'wuxw', '测试调拨', '3', '402019032924930007', '2021-04-29 23:25:47', 'ADD', '1201');
INSERT INTO `business_allocation_storehouse_apply` VALUES ('292021052635130548', '202021052620397848', '30518940136629616640', 'wuxw', '调拨申请', '5', '402019032924930007', '2021-05-26 15:51:21', 'ADD', '1200');
INSERT INTO `business_allocation_storehouse_apply` VALUES ('292021052735410123', '202021052740549810', '302021052485270016', 'yunshangwuye', '调拨给乐安小区', '50', '402021052437100417', '2021-05-27 20:19:31', 'ADD', '1200');

-- ----------------------------
-- Table structure for business_allocation_user_storehouse
-- ----------------------------
CREATE TABLE `business_allocation_user_storehouse` (
  `aus_id` varchar(30) NOT NULL COMMENT '转增ID',
  `b_id` varchar(30) NOT NULL COMMENT '业务Id',
  `res_id` varchar(30) NOT NULL COMMENT '资源ID',
  `res_name` varchar(100) NOT NULL COMMENT '物品名称',
  `store_id` varchar(30) NOT NULL COMMENT '商户ID',
  `stock` int(11) NOT NULL COMMENT '现有库存数',
  `give_quantity` int(11) NOT NULL COMMENT '转增数量',
  `start_user_id` varchar(30) NOT NULL COMMENT '申请人userId',
  `start_user_name` varchar(64) NOT NULL COMMENT '申请人用户名',
  `accept_user_id` varchar(30) NOT NULL COMMENT '接受人userId',
  `accept_user_name` varchar(64) NOT NULL COMMENT '接受人用户名',
  `create_time` timestamp NOT NULL DEFAULT CURRENT_TIMESTAMP COMMENT '创建时间',
  `status_cd` varchar(2) NOT NULL DEFAULT '0' COMMENT '数据状态，详细参考t_dict表，0, 在用 1失效',
  `remark` varchar(512) DEFAULT NULL COMMENT '转增说明',
  `operate` varchar(4) NOT NULL COMMENT '数据状态，添加ADD，修改MOD 删除DEL'
) ENGINE=InnoDB DEFAULT CHARSET=utf8;

-- ----------------------------
-- Records of business_allocation_user_storehouse
-- ----------------------------

-- ----------------------------
-- Table structure for business_application_key
-- ----------------------------
CREATE TABLE `business_application_key` (
  `application_key_id` varchar(30) NOT NULL COMMENT '申请ID',
  `b_id` varchar(30) NOT NULL COMMENT '业务Id',
  `machine_id` varchar(30) NOT NULL COMMENT '设备ID',
  `type_cd` varchar(12) NOT NULL COMMENT '类型，10001 保洁 10002 保安 10003 其他人员，详情查看t_dict表',
  `name` varchar(64) NOT NULL COMMENT '申请人名称',
  `tel` varchar(12) NOT NULL COMMENT '申请人手机号码',
  `sex` varchar(12) NOT NULL COMMENT '申请人男女  0男 1女',
  `age` int(11) NOT NULL COMMENT '申请人年龄',
  `id_card` varchar(20) NOT NULL COMMENT '申请人身份证号',
  `community_id` varchar(30) NOT NULL COMMENT '小区ID',
  `state` varchar(8) NOT NULL COMMENT '状态，10002 未审核,10001 完成审核 10003 审核拒绝',
  `start_time` timestamp NOT NULL DEFAULT CURRENT_TIMESTAMP COMMENT '开始时间',
  `end_time` timestamp NOT NULL DEFAULT CURRENT_TIMESTAMP COMMENT '结束时间',
  `create_time` timestamp NOT NULL DEFAULT CURRENT_TIMESTAMP COMMENT '创建时间',
  `operate` varchar(4) NOT NULL COMMENT '数据状态，添加ADD，修改MOD 删除DEL',
  `type_flag` varchar(12) NOT NULL COMMENT '人脸申请1100101 固定密码申请 1100102 临时密码 1100103',
  `pwd` varchar(12) NOT NULL COMMENT '密码'
) ENGINE=InnoDB DEFAULT CHARSET=utf8;

-- ----------------------------
-- Records of business_application_key
-- ----------------------------

-- ----------------------------
-- Table structure for business_attendance_classes
-- ----------------------------
CREATE TABLE `business_attendance_classes` (
  `classes_id` varchar(30) NOT NULL COMMENT '班次ID',
  `store_id` varchar(30) NOT NULL COMMENT '商户ID',
  `b_id` varchar(30) NOT NULL COMMENT '业务Id',
  `classes_name` varchar(100) NOT NULL COMMENT '班级名称',
  `time_offset` int(11) NOT NULL COMMENT '允许打卡范围，单位为分钟',
  `clock_count` int(11) NOT NULL DEFAULT '2' COMMENT '打卡次数 默认为 2 次 4 次 6次',
  `clock_type` varchar(12) NOT NULL DEFAULT '1001' COMMENT '打卡类型，1001 每天打卡 1002 隔天打卡 1003 自定义',
  `clock_type_value` varchar(12) NOT NULL COMMENT '打卡规则，* 每天打卡 ? 隔天打卡 0-6组成逗号分隔 自定义',
  `late_offset` int(11) NOT NULL DEFAULT '60' COMMENT '迟到时间范围，超过改时间即为旷工',
  `leave_offset` int(11) NOT NULL DEFAULT '60' COMMENT '早退时间范围，超过改时间即为旷工',
  `classes_obj_type` varchar(12) NOT NULL COMMENT '考勤对象类型，1001 集团公司 1002 分公司 1003 部门 1004 个人',
  `classes_obj_id` varchar(30) NOT NULL COMMENT '考勤对象ID',
  `create_time` timestamp NOT NULL DEFAULT CURRENT_TIMESTAMP COMMENT '创建时间',
  `operate` varchar(4) NOT NULL COMMENT '数据状态，添加ADD，修改MOD 删除DEL',
  `classes_obj_name` varchar(64) NOT NULL COMMENT '考勤对象名称'
) ENGINE=InnoDB DEFAULT CHARSET=utf8;

-- ----------------------------
-- Records of business_attendance_classes
-- ----------------------------
INSERT INTO `business_attendance_classes` VALUES ('1620210123748911973', '402019032924930007', '202021012380225014', '小区保洁', '30', '2', '1001', '*', '30', '30', '1003', '842020120266260174', '2021-01-23 14:19:36', 'ADD', '');
INSERT INTO `business_attendance_classes` VALUES ('162021012376650001', '402019032924930007', '202021012353365016', '保安部考勤', '30', '2', '1001', '*', '30', '30', '1003', '842020123082410111', '2021-01-23 15:06:43', 'ADD', 'trttt');
INSERT INTO `business_attendance_classes` VALUES ('162021012344310003', '402019032924930007', '202021012343665019', '保安部考勤', '30', '2', '1001', '*', '30', '30', '1003', '842020123082410111', '2021-01-23 15:11:35', 'ADD', 'trttt');
INSERT INTO `business_attendance_classes` VALUES ('1620210123748911973', '402019032924930007', '202021012374635022', '小区保洁', '30', '2', '1001', '*', '30', '30', '1003', '842020120266260174', '2021-01-23 15:14:15', 'DEl', '');
INSERT INTO `business_attendance_classes` VALUES ('162021012315620004', '402019032924930007', '202021012395245024', '保洁考勤', '30', '4', '1003', '1,2,3,4,5', '30', '30', '1003', '842020120206490178', '2021-01-23 15:17:56', 'ADD', '财务管理');
INSERT INTO `business_attendance_classes` VALUES ('162021012315620004', '402019032924930007', '202021012312755031', '保洁考勤', '30', '4', '1003', '1,2,3,4,5', '30', '30', '1003', '842020120206490178', '2021-01-23 15:53:19', 'DEl', '财务管理');
INSERT INTO `business_attendance_classes` VALUES ('162021012315620004', '402019032924930007', '202021012312755031', '保洁考勤', '30', '4', '1003', '1,2,3,4,5', '30', '20', '1003', '842020120206490178', '2021-01-23 15:53:19', 'ADD', '财务管理');
INSERT INTO `business_attendance_classes` VALUES ('162021012315620004', '402019032924930007', '202021012382765037', '保洁考勤', '30', '4', '1003', '1,2,3,4,5', '30', '20', '1003', '842020120206490178', '2021-01-23 16:02:05', 'DEl', '财务管理');
INSERT INTO `business_attendance_classes` VALUES ('162021012315620004', '402019032924930007', '202021012382765037', '保洁考勤', '30', '4', '1003', '1,2,3,4', '30', '20', '1003', '842020120206490178', '2021-01-23 16:02:05', 'ADD', '财务管理');
INSERT INTO `business_attendance_classes` VALUES ('162021012315620004', '402019032924930007', '202021012332765040', '保洁考勤', '30', '4', '1003', '1,2,3,4', '30', '20', '1003', '842020120206490178', '2021-01-23 16:02:25', 'DEl', '财务管理');
INSERT INTO `business_attendance_classes` VALUES ('162021012315620004', '402019032924930007', '202021012332765040', '保洁考勤', '30', '4', '1003', '1,2,3,4', '30', '20', '1003', '842020120206490178', '2021-01-23 16:02:25', 'ADD', '财务管理');
INSERT INTO `business_attendance_classes` VALUES ('162021012344310003', '402019032924930007', '202021012351645043', '保安部考勤', '30', '2', '1001', '*', '30', '30', '1003', '842020123082410111', '2021-01-23 16:03:42', 'DEl', 'trttt');
INSERT INTO `business_attendance_classes` VALUES ('162021012344310003', '402019032924930007', '202021012351645043', '保安部考勤', '30', '2', '1001', '*', '30', '30', '1003', '842020123082410111', '2021-01-23 16:03:42', 'ADD', 'trttt');
INSERT INTO `business_attendance_classes` VALUES ('162021012315620004', '402019032924930007', '202021012354935046', '保洁考勤', '30', '4', '1003', '1,2,3,4', '30', '20', '1003', '842020120206490178', '2021-01-23 16:07:52', 'DEl', '财务管理');
INSERT INTO `business_attendance_classes` VALUES ('162021012492160071', '402019032924930007', '202021012444605191', '董事会考勤', '45', '2', '1001', '*', '30', '30', '1003', '842018122237450001', '2021-01-24 18:00:41', 'ADD', '总部办公室');
INSERT INTO `business_attendance_classes` VALUES ('162021012492160071', '402019032924930007', '202021012419885200', '董事会考勤', '45', '2', '1001', '*', '30', '30', '1003', '842018122237450001', '2021-01-24 18:03:39', 'DEl', '总部办公室');
INSERT INTO `business_attendance_classes` VALUES ('162021012455360073', '402019032924930007', '202021012456865202', '董事会考勤', '30', '2', '1001', '*', '20', '20', '1003', '842018122237450001', '2021-01-24 18:04:20', 'ADD', '总部办公室');
INSERT INTO `business_attendance_classes` VALUES ('162021012344310003', '402019032924930007', '202021012484335205', '保安部考勤', '30', '2', '1001', '*', '30', '30', '1003', '842020123082410111', '2021-01-24 18:14:35', 'DEl', 'trttt');
INSERT INTO `business_attendance_classes` VALUES ('162021012344310003', '402019032924930007', '202021012484335205', '保安部考勤', '30', '2', '1001', '*', '30', '35', '1003', '842020123082410111', '2021-01-24 18:14:35', 'ADD', 'trttt');
INSERT INTO `business_attendance_classes` VALUES ('162021012455360073', '402019032924930007', '202021012466755208', '董事会考勤', '30', '2', '1001', '*', '20', '20', '1003', '842018122237450001', '2021-01-24 18:14:52', 'DEl', '总部办公室');
INSERT INTO `business_attendance_classes` VALUES ('162021012488870074', '402019032924930007', '202021012445515210', '综合办考勤', '30', '2', '1001', '*', '10', '10', '1003', '842020062847170038', '2021-01-24 18:16:26', 'ADD', '都管部1');
INSERT INTO `business_attendance_classes` VALUES ('162021012409610075', '402019032924930007', '202021012486295213', '总部办公室', '30', '2', '1001', '*', '30', '30', '1003', '842018122237450001', '2021-01-24 18:18:16', 'ADD', '总部办公室');
INSERT INTO `business_attendance_classes` VALUES ('162021012409610075', '402019032924930007', '202021012401825216', '总部办公室', '30', '2', '1001', '*', '30', '30', '1003', '842018122237450001', '2021-01-24 18:25:41', 'DEl', '总部办公室');
INSERT INTO `business_attendance_classes` VALUES ('162021012411570076', '402019032924930007', '202021012407295218', '爱情谷考勤', '30', '2', '1001', '*', '30', '30', '1003', '842018122237450001', '2021-01-24 18:26:19', 'ADD', '总部办公室');
INSERT INTO `business_attendance_classes` VALUES ('162021012344310003', '402019032924930007', '202021012468195221', '保安部考勤', '30', '2', '1001', '*', '30', '35', '1003', '842020123082410111', '2021-01-24 18:28:08', 'DEl', 'trttt');
INSERT INTO `business_attendance_classes` VALUES ('162021012411570076', '402019032924930007', '202021012421245223', '爱情谷考勤', '30', '2', '1001', '*', '30', '30', '1003', '842018122237450001', '2021-01-24 18:28:22', 'DEl', '总部办公室');
INSERT INTO `business_attendance_classes` VALUES ('162021012495450077', '402019032924930007', '202021012443375225', '站三废', '30', '2', '1001', '*', '30', '30', '1003', '842018122237450001', '2021-01-24 18:28:50', 'ADD', '总部办公室');
INSERT INTO `business_attendance_classes` VALUES ('162021012495450077', '402019032924930007', '202021012406595228', '站三废', '30', '2', '1001', '*', '30', '30', '1003', '842018122237450001', '2021-01-24 18:35:23', 'DEl', '总部办公室');
INSERT INTO `business_attendance_classes` VALUES ('162021012412630079', '402019032924930007', '202021012473145230', '财务部考勤', '30', '2', '1001', '*', '30', '30', '1003', '842018122237450001', '2021-01-24 18:35:58', 'ADD', '总部办公室');
INSERT INTO `business_attendance_classes` VALUES ('162021012412630079', '402019032924930007', '202021012467885233', '财务部考勤', '30', '2', '1001', '*', '30', '30', '1003', '842018122237450001', '2021-01-24 18:39:32', 'DEl', '总部办公室');
INSERT INTO `business_attendance_classes` VALUES ('162021012440360080', '402019032924930007', '202021012487465235', '综合办公室考勤', '30', '2', '1001', '*', '30', '30', '1003', '842018122237450001', '2021-01-24 18:40:03', 'ADD', '总部办公室');
INSERT INTO `business_attendance_classes` VALUES ('162021012440360080', '402019032924930007', '202021012475475238', '综合办公室考勤', '30', '2', '1001', '*', '30', '30', '1003', '842018122237450001', '2021-01-24 18:43:05', 'DEl', '总部办公室');
INSERT INTO `business_attendance_classes` VALUES ('162021012440360080', '402019032924930007', '202021012475475238', '综合办公室考勤', '40', '2', '1001', '*', '30', '30', '1003', '842018122237450001', '2021-01-24 18:43:05', 'ADD', '总部办公室');
INSERT INTO `business_attendance_classes` VALUES ('162021012440360080', '402019032924930007', '202021012490485241', '综合办公室考勤', '40', '2', '1001', '*', '30', '30', '1003', '842018122237450001', '2021-01-24 18:46:23', 'DEl', '总部办公室');
INSERT INTO `business_attendance_classes` VALUES ('162021012440360080', '402019032924930007', '202021012490485241', '综合办公室考勤', '50', '2', '1001', '*', '30', '30', '1003', '842018122237450001', '2021-01-24 18:46:23', 'ADD', '总部办公室');
INSERT INTO `business_attendance_classes` VALUES ('162021012440360080', '402019032924930007', '202021012421215244', '综合办公室考勤', '50', '2', '1001', '*', '30', '30', '1003', '842018122237450001', '2021-01-24 18:46:39', 'DEl', '总部办公室');
INSERT INTO `business_attendance_classes` VALUES ('162021012440360080', '402019032924930007', '202021012421215244', '综合办公室考勤', '40', '2', '1001', '*', '30', '30', '1003', '842018122237450001', '2021-01-24 18:46:39', 'ADD', '总部办公室');
INSERT INTO `business_attendance_classes` VALUES ('162021012440360080', '402019032924930007', '202021012428715247', '综合办公室考勤', '40', '2', '1001', '*', '30', '30', '1003', '842018122237450001', '2021-01-24 18:48:20', 'DEl', '总部办公室');
INSERT INTO `business_attendance_classes` VALUES ('162021012440360080', '402019032924930007', '202021012428715247', '综合办公室考勤', '40', '2', '1001', '*', '40', '30', '1003', '842018122237450001', '2021-01-24 18:48:20', 'ADD', '总部办公室');
INSERT INTO `business_attendance_classes` VALUES ('162021012440360080', '402019032924930007', '202021012450285250', '综合办公室考勤', '40', '2', '1001', '*', '40', '30', '1003', '842018122237450001', '2021-01-24 18:48:37', 'DEl', '总部办公室');
INSERT INTO `business_attendance_classes` VALUES ('162021012440360080', '402019032924930007', '202021012450285250', '综合办公室考勤', '45', '2', '1001', '*', '40', '35', '1003', '842018122237450001', '2021-01-24 18:48:37', 'ADD', '总部办公室');
INSERT INTO `business_attendance_classes` VALUES ('162021012440360080', '402019032924930007', '202021012468185253', '综合办公室考勤', '45', '2', '1001', '*', '40', '35', '1003', '842018122237450001', '2021-01-24 18:55:55', 'DEl', '总部办公室');
INSERT INTO `business_attendance_classes` VALUES ('162021012440360080', '402019032924930007', '202021012468185253', '综合办公室考勤', '45', '2', '1001', '*', '40', '35', '1003', '842018122237450001', '2021-01-24 18:55:55', 'ADD', '总部办公室');
INSERT INTO `business_attendance_classes` VALUES ('162021012488870074', '402019032924930007', '202021012701107243', '综合办考勤', '30', '2', '1001', '*', '10', '10', '1003', '842020062847170038', '2021-01-27 23:42:58', 'DEl', '都管部1');
INSERT INTO `business_attendance_classes` VALUES ('162021012440360080', '402019032924930007', '202021012730857245', '综合办公室考勤', '45', '2', '1001', '*', '40', '35', '1003', '842018122237450001', '2021-01-27 23:43:02', 'DEl', '总部办公室');
INSERT INTO `business_attendance_classes` VALUES ('162021012749890209', '402019032924930007', '202021012754037287', '测试考勤部', '30', '4', '1001', '*', '20', '20', '1003', '842021012771500063', '2021-01-27 23:47:44', 'ADD', '考勤测试部');
INSERT INTO `business_attendance_classes` VALUES ('162021012749890209', '402019032924930007', '202021012796547290', '测试考勤部', '30', '4', '1001', '*', '20', '20', '1003', '842021012771500063', '2021-01-27 23:52:37', 'DEl', '考勤测试部');
INSERT INTO `business_attendance_classes` VALUES ('162021012749890209', '402019032924930007', '202021012796547290', '测试考勤部', '35', '4', '1001', '*', '20', '20', '1003', '842021012771500063', '2021-01-27 23:52:37', 'ADD', '考勤测试部');
INSERT INTO `business_attendance_classes` VALUES ('162021012749890209', '402019032924930007', '202021012787907293', '测试考勤部', '35', '4', '1001', '*', '20', '20', '1003', '842021012771500063', '2021-01-27 23:57:38', 'DEl', '考勤测试部');
INSERT INTO `business_attendance_classes` VALUES ('162021012876570210', '402019032924930007', '202021012840347297', '考勤测试', '30', '2', '1001', '*', '20', '20', '1003', '842021012771500063', '2021-01-28 00:01:18', 'ADD', '考勤测试部');
INSERT INTO `business_attendance_classes` VALUES ('162021012876570210', '402019032924930007', '202021012840107300', '考勤测试', '30', '2', '1001', '*', '20', '20', '1003', '842021012771500063', '2021-01-28 00:07:25', 'DEl', '考勤测试部');
INSERT INTO `business_attendance_classes` VALUES ('162021012804210211', '402019032924930007', '202021012833637302', '考勤测试1', '30', '2', '1001', '*', '20', '20', '1003', '842021012771500063', '2021-01-28 00:09:30', 'ADD', '考勤测试部');
INSERT INTO `business_attendance_classes` VALUES ('162021012804210211', '402019032924930007', '202021012893827316', '考勤测试1', '30', '2', '1001', '*', '20', '20', '1003', '842021012771500063', '2021-01-28 00:21:08', 'DEl', '考勤测试部');
INSERT INTO `business_attendance_classes` VALUES ('162021012856220226', '402019032924930007', '202021012832337326', '考勤测试', '30', '2', '1001', '*', '20', '20', '1003', '842021012771500063', '2021-01-28 09:05:15', 'ADD', '考勤测试部');
INSERT INTO `business_attendance_classes` VALUES ('162021012856220226', '402019032924930007', '202021012988458062', '考勤测试', '30', '2', '1001', '*', '20', '20', '1003', '842021012771500063', '2021-01-29 17:15:42', 'DEl', '考勤测试部');
INSERT INTO `business_attendance_classes` VALUES ('162021020144770930', '402019032924930007', '202021020186289225', '测试考勤成功', '30', '2', '1001', '*', '20', '20', '1003', '842021012771500063', '2021-02-01 14:16:09', 'ADD', '考勤测试部');
INSERT INTO `business_attendance_classes` VALUES ('162021022375820782', '402019032924930007', '202021022317191671', 'demo', '60', '2', '1001', '*', '30', '60', '1003', '842018122237450001', '2021-02-23 17:59:20', 'ADD', '总部办公室');
INSERT INTO `business_attendance_classes` VALUES ('162021022336690789', '402019032924930007', '202021022328151682', '123', '12312', '2', '1001', '*', '123', '123', '1003', '842020123000560099', '2021-02-23 19:04:37', 'ADD', '测试组12-30');
INSERT INTO `business_attendance_classes` VALUES ('162021022336690789', '402019032924930007', '202021022368551685', '123', '12312', '2', '1001', '*', '123', '123', '1003', '842020123000560099', '2021-02-23 19:05:02', 'DEl', '测试组12-30');
INSERT INTO `business_attendance_classes` VALUES ('162021022375820782', '402019032924930007', '202021022374391687', 'demo', '60', '2', '1001', '*', '30', '60', '1003', '842018122237450001', '2021-02-23 19:05:04', 'DEl', '总部办公室');
INSERT INTO `business_attendance_classes` VALUES ('162021030455810647', '402021030295380622', '202021030430466147', '1', '1', '2', '1001', '*', '30', '30', '1003', '842021030286030010', '2021-03-04 16:52:58', 'ADD', '物业管理部');
INSERT INTO `business_attendance_classes` VALUES ('162021031602470058', '402019032924930007', '202021031617020025', '1231', '30', '2', '1001', '*', '10', '10', '1003', '842018122237450001', '2021-03-16 10:59:15', 'ADD', '总部办公室');
INSERT INTO `business_attendance_classes` VALUES ('162021031747020730', '402021031272750040', '202021031754502102', '员工', '2', '2', '1003', '1,2,3,5,6,4', '0', '5', '1003', '842021031250340043', '2021-03-17 15:59:35', 'ADD', '总部办公室');
INSERT INTO `business_attendance_classes` VALUES ('162021031777530867', '402021031779540228', '202021031757262182', '早班', '100', '2', '1001', '*', '10', '10', '1003', '842021031757850231', '2021-03-17 17:10:54', 'ADD', '总部办公室');
INSERT INTO `business_attendance_classes` VALUES ('162021041562500548', '402019032924930007', '202021041526984729', '测试班组', '30', '2', '1001', '*', '20', '20', '1003', '842018122237450001', '2021-04-15 17:07:22', 'ADD', '总部办公室');
INSERT INTO `business_attendance_classes` VALUES ('162021041562500548', '402019032924930007', '202021042227970984', '测试班组', '30', '2', '1001', '*', '20', '20', '1003', '842018122237450001', '2021-04-22 16:24:04', 'DEl', '总部办公室');
INSERT INTO `business_attendance_classes` VALUES ('162021041562500548', '402019032924930007', '202021042227970984', '早班', '30', '2', '1001', '*', '20', '20', '1003', '842018122237450001', '2021-04-22 16:24:04', 'ADD', '总部办公室');
INSERT INTO `business_attendance_classes` VALUES ('162021020144770930', '402019032924930007', '202021042232670987', '测试考勤成功', '30', '2', '1001', '*', '20', '20', '1003', '842021012771500063', '2021-04-22 16:24:07', 'DEl', '考勤测试部');
INSERT INTO `business_attendance_classes` VALUES ('162021031602470058', '402019032924930007', '202021042276480989', '1231', '30', '2', '1001', '*', '10', '10', '1003', '842018122237450001', '2021-04-22 16:24:17', 'DEl', '总部办公室');
INSERT INTO `business_attendance_classes` VALUES ('162021031602470058', '402019032924930007', '202021042276480989', '晚班', '30', '2', '1001', '*', '10', '10', '1003', '842018122237450001', '2021-04-22 16:24:17', 'ADD', '总部办公室');
INSERT INTO `business_attendance_classes` VALUES ('162021041562500548', '402019032924930007', '202021042804400153', '早班', '30', '2', '1001', '*', '20', '20', '1003', '842018122237450001', '2021-04-28 12:44:51', 'DEl', '总部办公室');
INSERT INTO `business_attendance_classes` VALUES ('162021041562500548', '402019032924930007', '202021042804400153', '早班', '30', '2', '1001', '*', '20', '20', '1003', '842018122237450001', '2021-04-28 12:44:51', 'ADD', '总部办公室');
INSERT INTO `business_attendance_classes` VALUES ('162021050662150789', '402021042943610896', '202021050616688185', '工作打卡', '5', '2', '1001', '*', '5', '5', '1003', '842021042917910081', '2021-05-06 11:02:30', 'ADD', '收费部');
INSERT INTO `business_attendance_classes` VALUES ('162021041562500548', '402019032924930007', '202021051700621638', '早班', '30', '2', '1001', '*', '20', '20', '1003', '842018122237450001', '2021-05-17 15:36:26', 'DEl', '总部办公室');
INSERT INTO `business_attendance_classes` VALUES ('162021041562500548', '402019032924930007', '202021051700621638', '早班', '30', '2', '1001', '*', '20', '20', '1003', '842018122237450001', '2021-05-17 15:36:26', 'ADD', '总部办公室');
INSERT INTO `business_attendance_classes` VALUES ('162021051741580842', '402019032924930007', '202021051725971673', '测试班组', '30', '2', '1003', '1,2,3,4,5,6', '20', '30', '1003', '842019122237450001', '2021-05-17 16:34:40', 'ADD', '总部办公室');
INSERT INTO `business_attendance_classes` VALUES ('162021051741580842', '402019032924930007', '202021051715761676', '测试班组', '30', '2', '1003', '1,2,3,4,5,6', '20', '30', '1003', '842019122237450001', '2021-05-17 16:35:06', 'DEl', '总部办公室');
INSERT INTO `business_attendance_classes` VALUES ('162021051741580842', '402019032924930007', '202021051715761676', '测试班组', '30', '2', '1003', '1,2,3,4,5,6', '20', '30', '1003', '842019122237450001', '2021-05-17 16:35:06', 'ADD', '总部办公室');
INSERT INTO `business_attendance_classes` VALUES ('162021051741580842', '402019032924930007', '202021052195543501', '测试班组', '30', '2', '1003', '1,2,3,4,5,6', '20', '30', '1003', '842019122237450001', '2021-05-21 18:51:48', 'DEl', '总部办公室');
INSERT INTO `business_attendance_classes` VALUES ('162021051741580842', '402019032924930007', '202021052195543501', '测试班组', '30', '2', '1001', '*', '20', '30', '1003', '842019122237450001', '2021-05-21 18:51:48', 'ADD', '总部办公室');

-- ----------------------------
-- Table structure for business_attendance_classes_attr
-- ----------------------------
CREATE TABLE `business_attendance_classes_attr` (
  `attr_id` varchar(64) NOT NULL COMMENT '班次属性',
  `store_id` varchar(30) NOT NULL COMMENT '商户ID',
  `b_id` varchar(30) NOT NULL COMMENT '业务Id',
  `classes_id` varchar(64) NOT NULL COMMENT '班次ID',
  `spec_cd` varchar(12) NOT NULL COMMENT '班次规格ID',
  `value` varchar(100) NOT NULL COMMENT '班次值',
  `create_time` timestamp NOT NULL DEFAULT CURRENT_TIMESTAMP COMMENT '创建时间',
  `operate` varchar(4) NOT NULL COMMENT '数据状态，添加ADD，修改MOD 删除DEL'
) ENGINE=InnoDB DEFAULT CHARSET=utf8;

-- ----------------------------
-- Records of business_attendance_classes_attr
-- ----------------------------
INSERT INTO `business_attendance_classes_attr` VALUES ('112021012332770115', '402019032924930007', '202021012397735020', '162021012344310003', '10000', '08:30', '2021-01-23 15:11:35', 'ADD');
INSERT INTO `business_attendance_classes_attr` VALUES ('112021012344930116', '402019032924930007', '202021012397735020', '162021012344310003', '20000', '18:00', '2021-01-23 15:11:35', 'ADD');
INSERT INTO `business_attendance_classes_attr` VALUES ('112021012330740169', '402019032924930007', '202021012348645025', '162021012315620004', '10000', '08:30', '2021-01-23 15:17:56', 'ADD');
INSERT INTO `business_attendance_classes_attr` VALUES ('112021012334180170', '402019032924930007', '202021012348645025', '162021012315620004', '11000', '12:00', '2021-01-23 15:17:56', 'ADD');
INSERT INTO `business_attendance_classes_attr` VALUES ('112021012329020171', '402019032924930007', '202021012348645025', '162021012315620004', '21000', '14:30', '2021-01-23 15:17:56', 'ADD');
INSERT INTO `business_attendance_classes_attr` VALUES ('112021012379550172', '402019032924930007', '202021012348645025', '162021012315620004', '20000', '18:00', '2021-01-23 15:17:56', 'ADD');
INSERT INTO `business_attendance_classes_attr` VALUES ('112021012379550172', '402019032924930007', '202021012348595032', '162021012315620004', '20000', '18:00', '2021-01-23 15:53:19', 'DEl');
INSERT INTO `business_attendance_classes_attr` VALUES ('112021012379550172', '402019032924930007', '202021012348595032', '162021012315620004', '20000', '18:00', '2021-01-23 15:53:19', 'ADD');
INSERT INTO `business_attendance_classes_attr` VALUES ('112021012329020171', '402019032924930007', '202021012348595032', '162021012315620004', '21000', '14:30', '2021-01-23 15:53:19', 'DEl');
INSERT INTO `business_attendance_classes_attr` VALUES ('112021012329020171', '402019032924930007', '202021012348595032', '162021012315620004', '21000', '14:30', '2021-01-23 15:53:19', 'ADD');
INSERT INTO `business_attendance_classes_attr` VALUES ('112021012330740169', '402019032924930007', '202021012348595032', '162021012315620004', '10000', '08:30', '2021-01-23 15:53:19', 'DEl');
INSERT INTO `business_attendance_classes_attr` VALUES ('112021012330740169', '402019032924930007', '202021012348595032', '162021012315620004', '10000', '08:35', '2021-01-23 15:53:19', 'ADD');
INSERT INTO `business_attendance_classes_attr` VALUES ('112021012334180170', '402019032924930007', '202021012348595032', '162021012315620004', '11000', '12:00', '2021-01-23 15:53:19', 'DEl');
INSERT INTO `business_attendance_classes_attr` VALUES ('112021012334180170', '402019032924930007', '202021012348595032', '162021012315620004', '11000', '12:00', '2021-01-23 15:53:19', 'ADD');
INSERT INTO `business_attendance_classes_attr` VALUES ('112021012332770115', '402019032924930007', '202021012348595032', '162021012344310003', '10000', '08:30', '2021-01-23 15:53:19', 'DEl');
INSERT INTO `business_attendance_classes_attr` VALUES ('112021012332770115', '402019032924930007', '202021012348595032', '162021012315620004', '10000', '08:35', '2021-01-23 15:53:19', 'ADD');
INSERT INTO `business_attendance_classes_attr` VALUES ('112021012344930116', '402019032924930007', '202021012348595032', '162021012344310003', '20000', '18:00', '2021-01-23 15:53:19', 'DEl');
INSERT INTO `business_attendance_classes_attr` VALUES ('112021012344930116', '402019032924930007', '202021012348595032', '162021012315620004', '20000', '18:00', '2021-01-23 15:53:19', 'ADD');
INSERT INTO `business_attendance_classes_attr` VALUES ('112021012353320197', '402019032924930007', '202021012317015038', '162021012315620004', '10000', '08:30', '2021-01-23 16:02:05', 'ADD');
INSERT INTO `business_attendance_classes_attr` VALUES ('112021012308530198', '402019032924930007', '202021012317015038', '162021012315620004', '11000', '12:00', '2021-01-23 16:02:05', 'ADD');
INSERT INTO `business_attendance_classes_attr` VALUES ('112021012398520199', '402019032924930007', '202021012317015038', '162021012315620004', '21000', '14:30', '2021-01-23 16:02:05', 'ADD');
INSERT INTO `business_attendance_classes_attr` VALUES ('112021012349690200', '402019032924930007', '202021012317015038', '162021012315620004', '20000', '18:00', '2021-01-23 16:02:05', 'ADD');
INSERT INTO `business_attendance_classes_attr` VALUES ('112021012332320206', '402019032924930007', '202021012359555041', '162021012315620004', '10000', '08:40', '2021-01-23 16:02:25', 'ADD');
INSERT INTO `business_attendance_classes_attr` VALUES ('112021012305150207', '402019032924930007', '202021012359555041', '162021012315620004', '11000', '12:00', '2021-01-23 16:02:25', 'ADD');
INSERT INTO `business_attendance_classes_attr` VALUES ('112021012323260208', '402019032924930007', '202021012359555041', '162021012315620004', '21000', '14:30', '2021-01-23 16:02:25', 'ADD');
INSERT INTO `business_attendance_classes_attr` VALUES ('112021012302590209', '402019032924930007', '202021012359555041', '162021012315620004', '20000', '18:00', '2021-01-23 16:02:25', 'ADD');
INSERT INTO `business_attendance_classes_attr` VALUES ('112021012332770115', '402019032924930007', '202021012362325044', '162021012315620004', '10000', '08:35', '2021-01-23 16:03:42', 'DEl');
INSERT INTO `business_attendance_classes_attr` VALUES ('112021012332770115', '402019032924930007', '202021012362325044', '162021012344310003', '10000', '08:40', '2021-01-23 16:03:42', 'ADD');
INSERT INTO `business_attendance_classes_attr` VALUES ('112021012344930116', '402019032924930007', '202021012362325044', '162021012315620004', '20000', '18:00', '2021-01-23 16:03:42', 'DEl');
INSERT INTO `business_attendance_classes_attr` VALUES ('112021012344930116', '402019032924930007', '202021012362325044', '162021012344310003', '20000', '18:00', '2021-01-23 16:03:42', 'ADD');
INSERT INTO `business_attendance_classes_attr` VALUES ('1120210124806312440', '402019032924930007', '202021012422525192', '162021012492160071', '10000', '08:30', '2021-01-24 18:00:41', 'ADD');
INSERT INTO `business_attendance_classes_attr` VALUES ('1120210124117012441', '402019032924930007', '202021012422525192', '162021012492160071', '20000', '18:00', '2021-01-24 18:00:41', 'ADD');
INSERT INTO `business_attendance_classes_attr` VALUES ('1120210124079712505', '402019032924930007', '202021012470495203', '162021012455360073', '10000', '08:30', '2021-01-24 18:04:20', 'ADD');
INSERT INTO `business_attendance_classes_attr` VALUES ('1120210124280212506', '402019032924930007', '202021012470495203', '162021012455360073', '20000', '18:00', '2021-01-24 18:04:20', 'ADD');
INSERT INTO `business_attendance_classes_attr` VALUES ('112021012332770115', '402019032924930007', '202021012473875206', '162021012344310003', '10000', '08:40', '2021-01-24 18:14:35', 'DEl');
INSERT INTO `business_attendance_classes_attr` VALUES ('112021012332770115', '402019032924930007', '202021012473875206', '162021012344310003', '10000', '08:40', '2021-01-24 18:14:35', 'ADD');
INSERT INTO `business_attendance_classes_attr` VALUES ('112021012344930116', '402019032924930007', '202021012473875206', '162021012344310003', '20000', '18:00', '2021-01-24 18:14:35', 'DEl');
INSERT INTO `business_attendance_classes_attr` VALUES ('112021012344930116', '402019032924930007', '202021012473875206', '162021012344310003', '20000', '18:00', '2021-01-24 18:14:35', 'ADD');
INSERT INTO `business_attendance_classes_attr` VALUES ('1120210124272412593', '402019032924930007', '202021012410065211', '162021012488870074', '10000', '08:00', '2021-01-24 18:16:26', 'ADD');
INSERT INTO `business_attendance_classes_attr` VALUES ('1120210124196712594', '402019032924930007', '202021012410065211', '162021012488870074', '20000', '18:00', '2021-01-24 18:16:26', 'ADD');
INSERT INTO `business_attendance_classes_attr` VALUES ('1120210124999812615', '402019032924930007', '202021012401605214', '162021012409610075', '10000', '08:30', '2021-01-24 18:18:16', 'ADD');
INSERT INTO `business_attendance_classes_attr` VALUES ('1120210124188112616', '402019032924930007', '202021012401605214', '162021012409610075', '20000', '18:00', '2021-01-24 18:18:16', 'ADD');
INSERT INTO `business_attendance_classes_attr` VALUES ('1120210124924812676', '402019032924930007', '202021012462385219', '162021012411570076', '10000', '08:00', '2021-01-24 18:26:19', 'ADD');
INSERT INTO `business_attendance_classes_attr` VALUES ('1120210124695912677', '402019032924930007', '202021012462385219', '162021012411570076', '20000', '18:00', '2021-01-24 18:26:19', 'ADD');
INSERT INTO `business_attendance_classes_attr` VALUES ('1120210124099912703', '402019032924930007', '202021012413845226', '162021012495450077', '10000', '08:00', '2021-01-24 18:28:50', 'ADD');
INSERT INTO `business_attendance_classes_attr` VALUES ('1120210124323612704', '402019032924930007', '202021012413845226', '162021012495450077', '20000', '18:00', '2021-01-24 18:28:50', 'ADD');
INSERT INTO `business_attendance_classes_attr` VALUES ('1120210124612912768', '402019032924930007', '202021012467685231', '162021012412630079', '10000', '08:00', '2021-01-24 18:35:58', 'ADD');
INSERT INTO `business_attendance_classes_attr` VALUES ('1120210124750612769', '402019032924930007', '202021012467685231', '162021012412630079', '20000', '18:00', '2021-01-24 18:35:58', 'ADD');
INSERT INTO `business_attendance_classes_attr` VALUES ('1120210124136512804', '402019032924930007', '202021012472665236', '162021012440360080', '10000', '08:00', '2021-01-24 18:40:03', 'ADD');
INSERT INTO `business_attendance_classes_attr` VALUES ('1120210124662512805', '402019032924930007', '202021012472665236', '162021012440360080', '20000', '18:00', '2021-01-24 18:40:03', 'ADD');
INSERT INTO `business_attendance_classes_attr` VALUES ('1120210124272412593', '402019032924930007', '202021012499825239', '162021012488870074', '10000', '08:00', '2021-01-24 18:43:05', 'DEl');
INSERT INTO `business_attendance_classes_attr` VALUES ('1120210124272412593', '402019032924930007', '202021012499825239', '162021012440360080', '10000', '08:00', '2021-01-24 18:43:05', 'ADD');
INSERT INTO `business_attendance_classes_attr` VALUES ('1120210124196712594', '402019032924930007', '202021012499825239', '162021012488870074', '20000', '18:00', '2021-01-24 18:43:05', 'DEl');
INSERT INTO `business_attendance_classes_attr` VALUES ('1120210124196712594', '402019032924930007', '202021012499825239', '162021012440360080', '20000', '18:00', '2021-01-24 18:43:05', 'ADD');
INSERT INTO `business_attendance_classes_attr` VALUES ('1120210124272412593', '402019032924930007', '202021012466235242', '162021012440360080', '10000', '08:00', '2021-01-24 18:46:23', 'DEl');
INSERT INTO `business_attendance_classes_attr` VALUES ('1120210124272412593', '402019032924930007', '202021012466235242', '162021012440360080', '10000', '08:00', '2021-01-24 18:46:23', 'ADD');
INSERT INTO `business_attendance_classes_attr` VALUES ('1120210124196712594', '402019032924930007', '202021012466235242', '162021012440360080', '20000', '18:00', '2021-01-24 18:46:23', 'DEl');
INSERT INTO `business_attendance_classes_attr` VALUES ('1120210124196712594', '402019032924930007', '202021012466235242', '162021012440360080', '20000', '18:00', '2021-01-24 18:46:23', 'ADD');
INSERT INTO `business_attendance_classes_attr` VALUES ('1120210124272412593', '402019032924930007', '202021012415405245', '162021012440360080', '10000', '08:00', '2021-01-24 18:46:39', 'DEl');
INSERT INTO `business_attendance_classes_attr` VALUES ('1120210124272412593', '402019032924930007', '202021012415405245', '162021012440360080', '10000', '08:30', '2021-01-24 18:46:39', 'ADD');
INSERT INTO `business_attendance_classes_attr` VALUES ('1120210124196712594', '402019032924930007', '202021012415405245', '162021012440360080', '20000', '18:00', '2021-01-24 18:46:39', 'DEl');
INSERT INTO `business_attendance_classes_attr` VALUES ('1120210124196712594', '402019032924930007', '202021012415405245', '162021012440360080', '20000', '18:00', '2021-01-24 18:46:39', 'ADD');
INSERT INTO `business_attendance_classes_attr` VALUES ('1120210124272412593', '402019032924930007', '202021012497925248', '162021012440360080', '10000', '08:30', '2021-01-24 18:48:20', 'DEl');
INSERT INTO `business_attendance_classes_attr` VALUES ('1120210124272412593', '402019032924930007', '202021012497925248', '162021012440360080', '10000', '08:30', '2021-01-24 18:48:20', 'ADD');
INSERT INTO `business_attendance_classes_attr` VALUES ('1120210124196712594', '402019032924930007', '202021012497925248', '162021012440360080', '20000', '18:00', '2021-01-24 18:48:20', 'DEl');
INSERT INTO `business_attendance_classes_attr` VALUES ('1120210124196712594', '402019032924930007', '202021012497925248', '162021012440360080', '20000', '18:00', '2021-01-24 18:48:20', 'ADD');
INSERT INTO `business_attendance_classes_attr` VALUES ('1120210124272412593', '402019032924930007', '202021012479435251', '162021012440360080', '10000', '08:30', '2021-01-24 18:48:37', 'DEl');
INSERT INTO `business_attendance_classes_attr` VALUES ('1120210124272412593', '402019032924930007', '202021012479435251', '162021012440360080', '10000', '08:25', '2021-01-24 18:48:37', 'ADD');
INSERT INTO `business_attendance_classes_attr` VALUES ('1120210124196712594', '402019032924930007', '202021012479435251', '162021012440360080', '20000', '18:00', '2021-01-24 18:48:37', 'DEl');
INSERT INTO `business_attendance_classes_attr` VALUES ('1120210124196712594', '402019032924930007', '202021012479435251', '162021012440360080', '20000', '18:00', '2021-01-24 18:48:37', 'ADD');
INSERT INTO `business_attendance_classes_attr` VALUES ('1120210124272412593', '402019032924930007', '202021012434085254', '162021012440360080', '10000', '08:25', '2021-01-24 18:55:55', 'DEl');
INSERT INTO `business_attendance_classes_attr` VALUES ('1120210124272412593', '402019032924930007', '202021012434085254', '162021012440360080', '10000', '08:26', '2021-01-24 18:55:55', 'ADD');
INSERT INTO `business_attendance_classes_attr` VALUES ('1120210124196712594', '402019032924930007', '202021012434085254', '162021012440360080', '20000', '18:00', '2021-01-24 18:55:55', 'DEl');
INSERT INTO `business_attendance_classes_attr` VALUES ('1120210124196712594', '402019032924930007', '202021012434085254', '162021012440360080', '20000', '18:00', '2021-01-24 18:55:55', 'ADD');
INSERT INTO `business_attendance_classes_attr` VALUES ('1120210127958331920', '402019032924930007', '202021012746177288', '162021012749890209', '10000', '08:30', '2021-01-27 23:47:44', 'ADD');
INSERT INTO `business_attendance_classes_attr` VALUES ('1120210127289331921', '402019032924930007', '202021012746177288', '162021012749890209', '11000', '12:00', '2021-01-27 23:47:44', 'ADD');
INSERT INTO `business_attendance_classes_attr` VALUES ('1120210127979631922', '402019032924930007', '202021012746177288', '162021012749890209', '21000', '14:30', '2021-01-27 23:47:44', 'ADD');
INSERT INTO `business_attendance_classes_attr` VALUES ('1120210127963831923', '402019032924930007', '202021012746177288', '162021012749890209', '20000', '18:00', '2021-01-27 23:47:44', 'ADD');
INSERT INTO `business_attendance_classes_attr` VALUES ('1120210127958331920', '402019032924930007', '202021012772947291', '162021012749890209', '10000', '08:30', '2021-01-27 23:52:37', 'DEl');
INSERT INTO `business_attendance_classes_attr` VALUES ('1120210127958331920', '402019032924930007', '202021012772947291', '162021012749890209', '10000', '08:30', '2021-01-27 23:52:37', 'ADD');
INSERT INTO `business_attendance_classes_attr` VALUES ('1120210127289331921', '402019032924930007', '202021012772947291', '162021012749890209', '11000', '12:00', '2021-01-27 23:52:37', 'DEl');
INSERT INTO `business_attendance_classes_attr` VALUES ('1120210127289331921', '402019032924930007', '202021012772947291', '162021012749890209', '11000', '12:00', '2021-01-27 23:52:37', 'ADD');
INSERT INTO `business_attendance_classes_attr` VALUES ('1120210127979631922', '402019032924930007', '202021012772947291', '162021012749890209', '21000', '14:30', '2021-01-27 23:52:37', 'DEl');
INSERT INTO `business_attendance_classes_attr` VALUES ('1120210127979631922', '402019032924930007', '202021012772947291', '162021012749890209', '21000', '14:30', '2021-01-27 23:52:37', 'ADD');
INSERT INTO `business_attendance_classes_attr` VALUES ('1120210127963831923', '402019032924930007', '202021012772947291', '162021012749890209', '20000', '18:00', '2021-01-27 23:52:37', 'DEl');
INSERT INTO `business_attendance_classes_attr` VALUES ('1120210127963831923', '402019032924930007', '202021012772947291', '162021012749890209', '20000', '18:00', '2021-01-27 23:52:37', 'ADD');
INSERT INTO `business_attendance_classes_attr` VALUES ('1120210128747832002', '402019032924930007', '202021012843487298', '162021012876570210', '10000', '08:30', '2021-01-28 00:01:18', 'ADD');
INSERT INTO `business_attendance_classes_attr` VALUES ('1120210128720732003', '402019032924930007', '202021012843487298', '162021012876570210', '20000', '18:00', '2021-01-28 00:01:18', 'ADD');
INSERT INTO `business_attendance_classes_attr` VALUES ('1120210128557532043', '402019032924930007', '202021012829167303', '162021012804210211', '10000', '08:30', '2021-01-28 00:09:30', 'ADD');
INSERT INTO `business_attendance_classes_attr` VALUES ('1120210128063932044', '402019032924930007', '202021012829167303', '162021012804210211', '20000', '18:00', '2021-01-28 00:09:30', 'ADD');
INSERT INTO `business_attendance_classes_attr` VALUES ('11202101281105-30806', '402019032924930007', '202021012823577327', '162021012856220226', '10000', '08:30', '2021-01-28 09:05:15', 'ADD');
INSERT INTO `business_attendance_classes_attr` VALUES ('11202101281996-30805', '402019032924930007', '202021012823577327', '162021012856220226', '20000', '18:00', '2021-01-28 09:05:15', 'ADD');
INSERT INTO `business_attendance_classes_attr` VALUES ('112021020153351662', '402019032924930007', '202021020119099226', '162021020144770930', '10000', '08:30', '2021-02-01 14:16:09', 'ADD');
INSERT INTO `business_attendance_classes_attr` VALUES ('112021020117211663', '402019032924930007', '202021020119099226', '162021020144770930', '20000', '18:00', '2021-02-01 14:16:09', 'ADD');
INSERT INTO `business_attendance_classes_attr` VALUES ('1120210223314718407', '402019032924930007', '202021022363741672', '162021022375820782', '10000', '09:00', '2021-02-23 17:59:20', 'ADD');
INSERT INTO `business_attendance_classes_attr` VALUES ('1120210223130318408', '402019032924930007', '202021022363741672', '162021022375820782', '20000', '13:30', '2021-02-23 17:59:20', 'ADD');
INSERT INTO `business_attendance_classes_attr` VALUES ('1120210223398819018', '402019032924930007', '202021022329191683', '162021022336690789', '10000', '00:10', '2021-02-23 19:04:37', 'ADD');
INSERT INTO `business_attendance_classes_attr` VALUES ('1120210223242619019', '402019032924930007', '202021022329191683', '162021022336690789', '20000', '01:50', '2021-02-23 19:04:37', 'ADD');
INSERT INTO `business_attendance_classes_attr` VALUES ('1120210304228731169', '402021030295380622', '202021030465696148', '162021030455810647', '10000', '08:00', '2021-03-04 16:52:58', 'ADD');
INSERT INTO `business_attendance_classes_attr` VALUES ('1120210304633131170', '402021030295380622', '202021030465696148', '162021030455810647', '20000', '18:00', '2021-03-04 16:52:58', 'ADD');
INSERT INTO `business_attendance_classes_attr` VALUES ('112021031607991295', '402019032924930007', '202021031615810026', '162021031602470058', '10000', '10:00', '2021-03-16 10:59:15', 'ADD');
INSERT INTO `business_attendance_classes_attr` VALUES ('112021031675141296', '402019032924930007', '202021031615810026', '162021031602470058', '20000', '18:00', '2021-03-16 10:59:15', 'ADD');
INSERT INTO `business_attendance_classes_attr` VALUES ('11202103177999-31110', '402021031272750040', '202021031764882103', '162021031747020730', '10000', '08:30', '2021-03-17 15:59:35', 'ADD');
INSERT INTO `business_attendance_classes_attr` VALUES ('11202103175536-31109', '402021031272750040', '202021031764882103', '162021031747020730', '20000', '18:00', '2021-03-17 15:59:35', 'ADD');
INSERT INTO `business_attendance_classes_attr` VALUES ('11202103171559-28512', '402021031779540228', '202021031711912183', '162021031777530867', '10000', '08:00', '2021-03-17 17:10:54', 'ADD');
INSERT INTO `business_attendance_classes_attr` VALUES ('11202103170539-28511', '402021031779540228', '202021031711912183', '162021031777530867', '20000', '06:00', '2021-03-17 17:10:54', 'ADD');
INSERT INTO `business_attendance_classes_attr` VALUES ('1120210415377214998', '402019032924930007', '202021041537844730', '162021041562500548', '10000', '09:00', '2021-04-15 17:07:22', 'ADD');
INSERT INTO `business_attendance_classes_attr` VALUES ('1120210415374914999', '402019032924930007', '202021041537844730', '162021041562500548', '20000', '18:00', '2021-04-15 17:07:22', 'ADD');
INSERT INTO `business_attendance_classes_attr` VALUES ('112021020153351662', '402019032924930007', '202021042293190985', '162021020144770930', '10000', '08:30', '2021-04-22 16:24:04', 'DEl');
INSERT INTO `business_attendance_classes_attr` VALUES ('112021020153351662', '402019032924930007', '202021042293190985', '162021041562500548', '10000', '08:30', '2021-04-22 16:24:04', 'ADD');
INSERT INTO `business_attendance_classes_attr` VALUES ('112021020117211663', '402019032924930007', '202021042293190985', '162021020144770930', '20000', '18:00', '2021-04-22 16:24:04', 'DEl');
INSERT INTO `business_attendance_classes_attr` VALUES ('112021020117211663', '402019032924930007', '202021042293190985', '162021041562500548', '20000', '18:00', '2021-04-22 16:24:04', 'ADD');
INSERT INTO `business_attendance_classes_attr` VALUES ('112021020153351662', '402019032924930007', '202021042267430990', '162021041562500548', '10000', '08:30', '2021-04-22 16:24:17', 'DEl');
INSERT INTO `business_attendance_classes_attr` VALUES ('112021020153351662', '402019032924930007', '202021042267430990', '162021031602470058', '10000', '08:30', '2021-04-22 16:24:17', 'ADD');
INSERT INTO `business_attendance_classes_attr` VALUES ('112021020117211663', '402019032924930007', '202021042267430990', '162021041562500548', '20000', '18:00', '2021-04-22 16:24:17', 'DEl');
INSERT INTO `business_attendance_classes_attr` VALUES ('112021020117211663', '402019032924930007', '202021042267430990', '162021031602470058', '20000', '18:00', '2021-04-22 16:24:17', 'ADD');
INSERT INTO `business_attendance_classes_attr` VALUES ('112021020153351662', '402019032924930007', '202021042865040154', '162021031602470058', '10000', '08:30', '2021-04-28 12:44:51', 'DEl');
INSERT INTO `business_attendance_classes_attr` VALUES ('112021020153351662', '402019032924930007', '202021042865040154', '162021041562500548', '10000', '08:30', '2021-04-28 12:44:51', 'ADD');
INSERT INTO `business_attendance_classes_attr` VALUES ('112021020117211663', '402019032924930007', '202021042865040154', '162021031602470058', '20000', '18:00', '2021-04-28 12:44:51', 'DEl');
INSERT INTO `business_attendance_classes_attr` VALUES ('112021020117211663', '402019032924930007', '202021042865040154', '162021041562500548', '20000', '18:00', '2021-04-28 12:44:51', 'ADD');
INSERT INTO `business_attendance_classes_attr` VALUES ('1120210506656527019', '402021042943610896', '202021050635078186', '162021050662150789', '10000', '09:00', '2021-05-06 11:02:30', 'ADD');
INSERT INTO `business_attendance_classes_attr` VALUES ('1120210506730327020', '402021042943610896', '202021050635078186', '162021050662150789', '20000', '17:00', '2021-05-06 11:02:30', 'ADD');
INSERT INTO `business_attendance_classes_attr` VALUES ('112021020153351662', '402019032924930007', '202021051763731639', '162021041562500548', '10000', '08:30', '2021-05-17 15:36:26', 'DEl');
INSERT INTO `business_attendance_classes_attr` VALUES ('112021020153351662', '402019032924930007', '202021051763731639', '162021041562500548', '10000', '08:30', '2021-05-17 15:36:26', 'ADD');
INSERT INTO `business_attendance_classes_attr` VALUES ('112021020117211663', '402019032924930007', '202021051763731639', '162021041562500548', '20000', '18:00', '2021-05-17 15:36:26', 'DEl');
INSERT INTO `business_attendance_classes_attr` VALUES ('112021020117211663', '402019032924930007', '202021051763731639', '162021041562500548', '20000', '18:00', '2021-05-17 15:36:26', 'ADD');
INSERT INTO `business_attendance_classes_attr` VALUES ('1120210517185524881', '402019032924930007', '202021051710011674', '162021051741580842', '10000', '10:30', '2021-05-17 16:34:40', 'ADD');
INSERT INTO `business_attendance_classes_attr` VALUES ('1120210517219724882', '402019032924930007', '202021051710011674', '162021051741580842', '20000', '16:30', '2021-05-17 16:34:40', 'ADD');
INSERT INTO `business_attendance_classes_attr` VALUES ('112021020153351662', '402019032924930007', '202021051717091677', '162021041562500548', '10000', '08:30', '2021-05-17 16:35:06', 'DEl');
INSERT INTO `business_attendance_classes_attr` VALUES ('112021020153351662', '402019032924930007', '202021051717091677', '162021051741580842', '10000', '08:30', '2021-05-17 16:35:06', 'ADD');
INSERT INTO `business_attendance_classes_attr` VALUES ('112021020117211663', '402019032924930007', '202021051717091677', '162021041562500548', '20000', '18:00', '2021-05-17 16:35:06', 'DEl');
INSERT INTO `business_attendance_classes_attr` VALUES ('112021020117211663', '402019032924930007', '202021051717091677', '162021051741580842', '20000', '18:00', '2021-05-17 16:35:06', 'ADD');
INSERT INTO `business_attendance_classes_attr` VALUES ('112021020153351662', '402019032924930007', '202021052187913502', '162021051741580842', '10000', '08:30', '2021-05-21 18:51:48', 'DEl');
INSERT INTO `business_attendance_classes_attr` VALUES ('112021020153351662', '402019032924930007', '202021052187913502', '162021051741580842', '10000', '08:30', '2021-05-21 18:51:48', 'ADD');
INSERT INTO `business_attendance_classes_attr` VALUES ('112021020117211663', '402019032924930007', '202021052187913502', '162021051741580842', '20000', '18:00', '2021-05-21 18:51:48', 'DEl');
INSERT INTO `business_attendance_classes_attr` VALUES ('112021020117211663', '402019032924930007', '202021052187913502', '162021051741580842', '20000', '18:00', '2021-05-21 18:51:48', 'ADD');

-- ----------------------------
-- Table structure for business_audit_user
-- ----------------------------
CREATE TABLE `business_audit_user` (
  `audit_user_id` varchar(30) NOT NULL COMMENT '审核ID',
  `b_id` varchar(30) NOT NULL COMMENT '业务Id',
  `store_id` varchar(30) NOT NULL COMMENT '商户ID,用来做分区',
  `user_id` varchar(100) NOT NULL COMMENT '审核用户ID',
  `user_name` varchar(100) NOT NULL COMMENT '审核用户名称',
  `audit_link` varchar(64) NOT NULL COMMENT '审核环节，建t_dict表 如部门经理审核 ， 财务审核 ，采购人员采购',
  `obj_code` varchar(64) NOT NULL COMMENT '流程对象编码,如采购申请 resource_enter',
  `create_time` timestamp NOT NULL DEFAULT CURRENT_TIMESTAMP COMMENT '创建时间',
  `operate` varchar(4) NOT NULL COMMENT '数据状态，添加ADD，修改MOD 删除DEL'
) ENGINE=InnoDB DEFAULT CHARSET=utf8;

-- ----------------------------
-- Records of business_audit_user
-- ----------------------------

-- ----------------------------
-- Table structure for business_building_owner
-- ----------------------------
CREATE TABLE `business_building_owner` (
  `member_id` varchar(30) NOT NULL COMMENT '业主成员ID',
  `owner_id` varchar(30) NOT NULL COMMENT '业主ID',
  `b_id` varchar(30) NOT NULL COMMENT '业务Id',
  `name` varchar(64) NOT NULL COMMENT '业主名称',
  `sex` int(11) NOT NULL COMMENT '性别',
  `age` int(11) NOT NULL COMMENT '年龄',
  `link` varchar(11) NOT NULL COMMENT '联系人手机号',
  `user_id` varchar(30) NOT NULL COMMENT '用户ID',
  `remark` varchar(200) DEFAULT NULL COMMENT '备注',
  `create_time` timestamp NOT NULL DEFAULT CURRENT_TIMESTAMP COMMENT '创建时间',
  `operate` varchar(4) NOT NULL COMMENT '数据状态，添加ADD，修改MOD 删除DEL',
  `owner_type_cd` varchar(4) NOT NULL DEFAULT '1001' COMMENT '1001 业主本人 1002 家庭成员',
  `community_id` varchar(30) DEFAULT NULL COMMENT '小区ID',
  `id_card` varchar(18) NOT NULL DEFAULT '-1' COMMENT '身份证号码',
  `state` varchar(12) NOT NULL DEFAULT '2000' COMMENT '业主 成员状态 1000 表示待审核，2000 审核完成  3000 拒绝审核 ',
  KEY `idx_business_owner_id` (`member_id`) USING BTREE,
  KEY `idx_business_owner_b_id` (`b_id`) USING BTREE
) ENGINE=InnoDB DEFAULT CHARSET=utf8;

-- ----------------------------
-- Records of business_building_owner
-- ----------------------------

-- ----------------------------
-- Table structure for business_building_owner_attr
-- ----------------------------
CREATE TABLE `business_building_owner_attr` (
  `b_id` varchar(30) NOT NULL COMMENT '订单ID',
  `attr_id` varchar(30) NOT NULL COMMENT '属性id',
  `member_id` varchar(30) NOT NULL COMMENT '业主ID',
  `spec_cd` varchar(12) NOT NULL COMMENT '规格id,参考spec表',
  `value` varchar(50) NOT NULL COMMENT '属性值',
  `create_time` timestamp NOT NULL DEFAULT CURRENT_TIMESTAMP COMMENT '创建时间',
  `operate` varchar(3) NOT NULL COMMENT '数据状态，添加ADD，修改MOD 删除DEL',
  `community_id` varchar(30) NOT NULL COMMENT '小区ID 分片ID'
) ENGINE=InnoDB DEFAULT CHARSET=utf8;

-- ----------------------------
-- Records of business_building_owner_attr
-- ----------------------------

-- ----------------------------
-- Table structure for business_building_owner_room_rel
-- ----------------------------
CREATE TABLE `business_building_owner_room_rel` (
  `rel_id` varchar(30) NOT NULL COMMENT '关系ID',
  `owner_id` varchar(30) NOT NULL COMMENT '业主ID',
  `room_id` varchar(30) NOT NULL COMMENT '房间ID',
  `b_id` varchar(30) NOT NULL COMMENT '业务Id',
  `state` varchar(4) NOT NULL COMMENT '业务状态  2001 业主未迁入 2002 业主迁入 2003 业主迁出',
  `user_id` varchar(30) NOT NULL COMMENT '用户ID',
  `remark` varchar(200) DEFAULT NULL COMMENT '备注',
  `create_time` timestamp NOT NULL DEFAULT CURRENT_TIMESTAMP COMMENT '创建时间',
  `operate` varchar(4) NOT NULL COMMENT '数据状态，添加ADD，修改MOD 删除DEL',
  `start_time` datetime NOT NULL COMMENT '起租时间',
  `end_time` datetime NOT NULL COMMENT '起租时间',
  KEY `idx_bborrl_owner_id` (`rel_id`) USING BTREE,
  KEY `idx_bborrl_b_id` (`b_id`) USING BTREE
) ENGINE=InnoDB DEFAULT CHARSET=utf8;

-- ----------------------------
-- Records of business_building_owner_room_rel
-- ----------------------------

-- ----------------------------
-- Table structure for business_building_room
-- ----------------------------
CREATE TABLE `business_building_room` (
  `room_id` varchar(30) NOT NULL COMMENT '房屋ID',
  `b_id` varchar(30) NOT NULL COMMENT '业务Id',
  `room_num` varchar(12) NOT NULL COMMENT '房屋编号',
  `unit_id` varchar(30) NOT NULL COMMENT '单元ID',
  `layer` int(11) NOT NULL COMMENT '层数',
  `section` int(11) DEFAULT NULL COMMENT '室',
  `apartment` varchar(20) NOT NULL COMMENT '户型',
  `built_up_area` decimal(6,2) NOT NULL COMMENT '建筑面积',
  `fee_coefficient` decimal(12,2) NOT NULL DEFAULT '1.00' COMMENT '算费系数',
  `user_id` varchar(30) NOT NULL COMMENT '用户ID',
  `remark` varchar(200) DEFAULT NULL COMMENT '备注',
  `create_time` timestamp NOT NULL DEFAULT CURRENT_TIMESTAMP COMMENT '创建时间',
  `operate` varchar(4) NOT NULL COMMENT '数据状态，添加ADD，修改MOD 删除DEL',
  `state` varchar(4) NOT NULL COMMENT '房屋状态，如房屋出售等，请查看state 表',
  `community_id` varchar(30) DEFAULT NULL COMMENT '小区ID',
  `room_type` varchar(12) NOT NULL DEFAULT '1010301' COMMENT '房屋类型',
  KEY `idx_business_room_id` (`room_id`) USING BTREE,
  KEY `idx_business_room_b_id` (`b_id`) USING BTREE
) ENGINE=InnoDB DEFAULT CHARSET=utf8;

-- ----------------------------
-- Records of business_building_room
-- ----------------------------

-- ----------------------------
-- Table structure for business_building_room_attr
-- ----------------------------
CREATE TABLE `business_building_room_attr` (
  `b_id` varchar(30) NOT NULL COMMENT '订单ID',
  `attr_id` varchar(30) NOT NULL COMMENT '属性id',
  `room_id` varchar(30) NOT NULL COMMENT '用户ID',
  `spec_cd` varchar(12) NOT NULL COMMENT '规格id,参考spec表',
  `value` varchar(50) NOT NULL COMMENT '属性值',
  `create_time` timestamp NOT NULL DEFAULT CURRENT_TIMESTAMP COMMENT '创建时间',
  `operate` varchar(3) NOT NULL COMMENT '数据状态，添加ADD，修改MOD 删除DEL',
  KEY `idx_business_b_room_attr` (`room_id`) USING BTREE,
  KEY `idx_business_b_room_attr_b_id` (`b_id`) USING BTREE
) ENGINE=InnoDB DEFAULT CHARSET=utf8;

-- ----------------------------
-- Records of business_building_room_attr
-- ----------------------------

-- ----------------------------
-- Table structure for business_building_unit
-- ----------------------------
CREATE TABLE `business_building_unit` (
  `unit_id` varchar(30) NOT NULL COMMENT '单元ID',
  `b_id` varchar(30) NOT NULL COMMENT '业务Id',
  `unit_num` varchar(12) NOT NULL COMMENT '单元编号',
  `floor_id` varchar(30) NOT NULL COMMENT '楼ID',
  `layer_count` int(11) NOT NULL COMMENT '总层数',
  `lift` varchar(4) NOT NULL COMMENT '是否有电梯 1010有 2020 无',
  `user_id` varchar(30) NOT NULL COMMENT '用户ID',
  `remark` varchar(200) DEFAULT NULL COMMENT '备注',
  `create_time` timestamp NOT NULL DEFAULT CURRENT_TIMESTAMP COMMENT '创建时间',
  `operate` varchar(4) NOT NULL COMMENT '数据状态，添加ADD，修改MOD 删除DEL',
  `unit_area` decimal(10,2) NOT NULL COMMENT '单元面积',
  KEY `idx_business_unit_id` (`unit_id`) USING BTREE,
  KEY `idx_business_unit_b_id` (`b_id`) USING BTREE
) ENGINE=InnoDB DEFAULT CHARSET=utf8;

-- ----------------------------
-- Records of business_building_unit
-- ----------------------------

-- ----------------------------
-- Table structure for business_building_unit_attr
-- ----------------------------
CREATE TABLE `business_building_unit_attr` (
  `b_id` varchar(30) NOT NULL COMMENT '订单ID',
  `attr_id` varchar(30) NOT NULL COMMENT '属性id',
  `unit_id` varchar(30) NOT NULL COMMENT '房屋ID',
  `spec_cd` varchar(12) NOT NULL COMMENT '规格id,参考spec表',
  `value` varchar(50) NOT NULL COMMENT '属性值',
  `create_time` timestamp NOT NULL DEFAULT CURRENT_TIMESTAMP COMMENT '创建时间',
  `operate` varchar(3) NOT NULL COMMENT '数据状态，添加ADD，修改MOD 删除DEL',
  PRIMARY KEY (`attr_id`)
) ENGINE=InnoDB DEFAULT CHARSET=utf8;

-- ----------------------------
-- Records of business_building_unit_attr
-- ----------------------------

-- ----------------------------
-- Table structure for business_bus
-- ----------------------------
CREATE TABLE `business_bus` (
  `id` varchar(30) NOT NULL COMMENT '服务ID',
  `b_id` varchar(30) NOT NULL COMMENT '业务Id',
  `business_type_cd` varchar(20) NOT NULL COMMENT '服务编码',
  `name` varchar(20) NOT NULL COMMENT '服务名称',
  `description` varchar(20) NOT NULL COMMENT '服务描述',
  `user_id` varchar(30) NOT NULL COMMENT '创建用户ID',
  `create_time` timestamp NOT NULL DEFAULT CURRENT_TIMESTAMP COMMENT '创建时间',
  `operate` varchar(4) NOT NULL COMMENT '数据状态，添加ADD，修改MOD 删除DEL'
) ENGINE=InnoDB DEFAULT CHARSET=utf8;

-- ----------------------------
-- Records of business_bus
-- ----------------------------

-- ----------------------------
-- Table structure for business_car_black_white
-- ----------------------------
CREATE TABLE `business_car_black_white` (
  `bw_id` varchar(30) NOT NULL COMMENT '黑白名单ID',
  `b_id` varchar(30) NOT NULL COMMENT '业务Id',
  `community_id` varchar(30) NOT NULL COMMENT '小区ID',
  `black_white` varchar(12) NOT NULL COMMENT '黑白名单标识 1111 黑名单 2222 白名单',
  `car_num` varchar(12) NOT NULL COMMENT '车牌号',
  `start_time` datetime NOT NULL COMMENT '开始时间',
  `end_time` datetime NOT NULL COMMENT '结束时间',
  `create_time` timestamp NOT NULL DEFAULT CURRENT_TIMESTAMP COMMENT '创建时间',
  `operate` varchar(4) NOT NULL COMMENT '数据状态，添加ADD，修改MOD 删除DEL',
  `pa_id` varchar(30) NOT NULL COMMENT '停车场ID'
) ENGINE=InnoDB DEFAULT CHARSET=utf8;

-- ----------------------------
-- Records of business_car_black_white
-- ----------------------------

-- ----------------------------
-- Table structure for business_car_inout
-- ----------------------------
CREATE TABLE `business_car_inout` (
  `inout_id` varchar(30) NOT NULL COMMENT '进出ID',
  `b_id` varchar(30) NOT NULL COMMENT '业务Id',
  `community_id` varchar(30) NOT NULL COMMENT '小区ID',
  `car_num` varchar(12) NOT NULL COMMENT '车牌号',
  `state` varchar(12) NOT NULL COMMENT '状态，100300 进场状态 100400 支付完成 100500 离场状态 100600 支付超时重新支付',
  `in_time` timestamp NOT NULL DEFAULT CURRENT_TIMESTAMP COMMENT '进场时间',
  `out_time` timestamp NULL DEFAULT NULL COMMENT '离场时间',
  `create_time` timestamp NOT NULL DEFAULT CURRENT_TIMESTAMP COMMENT '创建时间',
  `operate` varchar(4) NOT NULL COMMENT '数据状态，添加ADD，修改MOD 删除DEL'
) ENGINE=InnoDB DEFAULT CHARSET=utf8;

-- ----------------------------
-- Records of business_car_inout
-- ----------------------------

-- ----------------------------
-- Table structure for business_car_inout_detail
-- ----------------------------
CREATE TABLE `business_car_inout_detail` (
  `detail_id` varchar(30) NOT NULL COMMENT '详情ID',
  `inout_id` varchar(30) NOT NULL COMMENT '进出ID',
  `b_id` varchar(30) NOT NULL COMMENT '业务Id',
  `community_id` varchar(30) NOT NULL COMMENT '小区ID',
  `machine_id` varchar(30) NOT NULL COMMENT '设备ID',
  `machine_code` varchar(30) NOT NULL COMMENT '设备编码',
  `car_inout` varchar(12) NOT NULL COMMENT '3306 进场 3307 出场',
  `car_num` varchar(12) NOT NULL COMMENT '车牌号',
  `create_time` timestamp NOT NULL DEFAULT CURRENT_TIMESTAMP COMMENT '创建时间',
  `operate` varchar(4) NOT NULL COMMENT '数据状态，添加ADD，修改MOD 删除DEL'
) ENGINE=InnoDB DEFAULT CHARSET=utf8;

-- ----------------------------
-- Records of business_car_inout_detail
-- ----------------------------

-- ----------------------------
-- Table structure for business_community
-- ----------------------------
CREATE TABLE `business_community` (
  `community_id` varchar(30) NOT NULL COMMENT '小区ID',
  `b_id` varchar(30) NOT NULL COMMENT '业务Id',
  `name` varchar(100) NOT NULL COMMENT '小区名称',
  `address` varchar(200) NOT NULL COMMENT '小区地址',
  `city_code` varchar(12) NOT NULL COMMENT '根据定位获取城市编码',
  `nearby_landmarks` varchar(200) DEFAULT NULL COMMENT '地标，如王府井北60米',
  `map_x` varchar(20) NOT NULL COMMENT '地区 x坐标',
  `map_y` varchar(20) NOT NULL COMMENT '地区 y坐标',
  `month` int(11) NOT NULL COMMENT '月份',
  `create_time` timestamp NOT NULL DEFAULT CURRENT_TIMESTAMP COMMENT '创建时间',
  `operate` varchar(3) NOT NULL COMMENT '数据状态，添加ADD，修改MOD 删除DEL',
  `state` varchar(4) DEFAULT '1000' COMMENT '''业务状态 1000 为待审核 1200审核拒绝''',
  `community_area` decimal(10,2) DEFAULT '0.00' COMMENT '小区面积',
  `tel` varchar(200) DEFAULT NULL COMMENT '联系方式',
  KEY `idx_business_community_id` (`community_id`) USING BTREE,
  KEY `idx_business_community_b_id` (`b_id`) USING BTREE
) ENGINE=InnoDB DEFAULT CHARSET=utf8;

-- ----------------------------
-- Records of business_community
-- ----------------------------

-- ----------------------------
-- Table structure for business_community_attr
-- ----------------------------
CREATE TABLE `business_community_attr` (
  `b_id` varchar(30) NOT NULL COMMENT '订单ID',
  `attr_id` varchar(30) NOT NULL COMMENT '属性id',
  `community_id` varchar(30) NOT NULL COMMENT '用户ID',
  `spec_cd` varchar(12) NOT NULL COMMENT '规格id,参考spec表',
  `value` varchar(50) NOT NULL COMMENT '属性值',
  `month` int(11) NOT NULL COMMENT '月份',
  `create_time` timestamp NOT NULL DEFAULT CURRENT_TIMESTAMP COMMENT '创建时间',
  `operate` varchar(3) NOT NULL COMMENT '数据状态，添加ADD，修改MOD 删除DEL',
  KEY `idx_business_attr_community_id` (`community_id`) USING BTREE,
  KEY `idx_business_community_attr_b_id` (`b_id`) USING BTREE,
  KEY `idx_business_b_room_attr_b_id` (`b_id`) USING BTREE
) ENGINE=InnoDB DEFAULT CHARSET=utf8;

-- ----------------------------
-- Records of business_community_attr
-- ----------------------------

-- ----------------------------
-- Table structure for business_community_location
-- ----------------------------
CREATE TABLE `business_community_location` (
  `location_id` varchar(30) NOT NULL COMMENT '位置ID',
  `location_name` varchar(100) NOT NULL COMMENT '位置名称',
  `location_type` varchar(12) NOT NULL COMMENT '位置类型 1000 小区 2000 单元 3000 房屋, t_dict 表',
  `b_id` varchar(30) NOT NULL COMMENT '业务ID',
  `create_time` timestamp NOT NULL DEFAULT CURRENT_TIMESTAMP COMMENT '创建时间',
  `operate` varchar(4) NOT NULL COMMENT '数据状态，添加ADD，修改MOD 删除DEL',
  `community_id` varchar(30) NOT NULL COMMENT '小区位置'
) ENGINE=InnoDB DEFAULT CHARSET=utf8;

-- ----------------------------
-- Records of business_community_location
-- ----------------------------

-- ----------------------------
-- Table structure for business_community_location_attr
-- ----------------------------
CREATE TABLE `business_community_location_attr` (
  `b_id` varchar(30) NOT NULL COMMENT '订单ID',
  `attr_id` varchar(30) NOT NULL COMMENT '属性id',
  `location_id` varchar(30) NOT NULL COMMENT '位置ID',
  `community_id` varchar(30) NOT NULL COMMENT '小区ID',
  `spec_cd` varchar(12) NOT NULL COMMENT '规格id,参考spec表',
  `value` varchar(50) NOT NULL COMMENT '属性值',
  `create_time` timestamp NOT NULL DEFAULT CURRENT_TIMESTAMP COMMENT '创建时间',
  `operate` varchar(3) NOT NULL COMMENT '数据状态，添加ADD，修改MOD 删除DEL',
  PRIMARY KEY (`attr_id`)
) ENGINE=InnoDB DEFAULT CHARSET=utf8;

-- ----------------------------
-- Records of business_community_location_attr
-- ----------------------------

-- ----------------------------
-- Table structure for business_community_member
-- ----------------------------
CREATE TABLE `business_community_member` (
  `community_member_id` varchar(30) NOT NULL COMMENT 'ID',
  `b_id` varchar(30) NOT NULL COMMENT '业务Id',
  `community_id` varchar(30) NOT NULL COMMENT '小区ID',
  `member_id` varchar(50) NOT NULL COMMENT '成员ID',
  `member_type_cd` varchar(12) NOT NULL COMMENT '成员类型见 community_member_type表',
  `month` int(11) NOT NULL COMMENT '月份',
  `create_time` timestamp NOT NULL DEFAULT CURRENT_TIMESTAMP COMMENT '创建时间',
  `operate` varchar(3) NOT NULL COMMENT '数据状态，添加ADD，修改MOD 删除DEL',
  `audit_status_cd` varchar(4) NOT NULL DEFAULT '0000' COMMENT '审核状态',
  KEY `idx_business_member_community_id` (`community_id`) USING BTREE,
  KEY `idx_business_community_member_b_id` (`b_id`) USING BTREE
) ENGINE=InnoDB DEFAULT CHARSET=utf8;

-- ----------------------------
-- Records of business_community_member
-- ----------------------------

-- ----------------------------
-- Table structure for business_community_photo
-- ----------------------------
CREATE TABLE `business_community_photo` (
  `community_photo_id` varchar(30) NOT NULL COMMENT '商户照片ID',
  `b_id` varchar(30) NOT NULL COMMENT '业务Id',
  `community_id` varchar(30) NOT NULL COMMENT '小区ID',
  `community_photo_type_cd` varchar(12) NOT NULL COMMENT '商户照片类型,T 门头照 I 内景照',
  `photo` varchar(100) NOT NULL COMMENT '照片',
  `month` int(11) NOT NULL COMMENT '月份',
  `create_time` timestamp NOT NULL DEFAULT CURRENT_TIMESTAMP COMMENT '创建时间',
  `operate` varchar(3) NOT NULL COMMENT '数据状态，添加ADD，修改MOD 删除DEL',
  KEY `idx_business_photo_community_id` (`community_id`) USING BTREE,
  KEY `idx_business_community_photo_b_id` (`b_id`) USING BTREE
) ENGINE=InnoDB DEFAULT CHARSET=utf8;

-- ----------------------------
-- Records of business_community_photo
-- ----------------------------

-- ----------------------------
-- Table structure for business_complaint
-- ----------------------------
CREATE TABLE `business_complaint` (
  `complaint_id` varchar(30) NOT NULL COMMENT '投诉ID',
  `b_id` varchar(30) NOT NULL COMMENT '业务Id',
  `store_id` varchar(30) NOT NULL COMMENT '商户ID',
  `type_cd` varchar(30) NOT NULL COMMENT '投诉类型，见t_dict表',
  `room_id` varchar(100) NOT NULL COMMENT '房间ID',
  `complaint_name` varchar(30) NOT NULL COMMENT '投诉人',
  `tel` varchar(11) NOT NULL COMMENT '投诉人联系方式',
  `context` longtext NOT NULL COMMENT '投诉内容',
  `state` varchar(12) NOT NULL COMMENT '投诉处理状态，见 t_dict表',
  `create_time` timestamp NOT NULL DEFAULT CURRENT_TIMESTAMP COMMENT '创建时间',
  `operate` varchar(4) NOT NULL COMMENT '数据状态，添加ADD，修改MOD 删除DEL',
  `community_id` varchar(30) NOT NULL COMMENT '小区ID，分片键',
  `start_user_id` varchar(30) NOT NULL COMMENT '投诉人ID',
  KEY `idx_b_complaint_complaint_id` (`complaint_id`) USING BTREE
) ENGINE=InnoDB DEFAULT CHARSET=utf8;

-- ----------------------------
-- Records of business_complaint
-- ----------------------------

-- ----------------------------
-- Table structure for business_demo
-- ----------------------------
CREATE TABLE `business_demo` (
  `demo_id` varchar(30) NOT NULL COMMENT '费用ID',
  `b_id` varchar(30) NOT NULL COMMENT '业务Id',
  `demo_name` varchar(20) NOT NULL COMMENT '用例名称',
  `demo_value` varchar(20) NOT NULL COMMENT '用例值',
  `demo_remark` varchar(20) NOT NULL COMMENT '用例描述',
  `user_id` varchar(30) NOT NULL COMMENT '创建用户ID',
  `create_time` timestamp NOT NULL DEFAULT CURRENT_TIMESTAMP COMMENT '创建时间',
  `operate` varchar(4) NOT NULL COMMENT '数据状态，添加ADD，修改MOD 删除DEL'
) ENGINE=InnoDB DEFAULT CHARSET=utf8;

-- ----------------------------
-- Records of business_demo
-- ----------------------------

-- ----------------------------
-- Table structure for business_file_rel
-- ----------------------------
CREATE TABLE `business_file_rel` (
  `file_rel_id` varchar(30) NOT NULL COMMENT '文件关系ID，主键',
  `b_id` varchar(30) NOT NULL COMMENT '业务Id',
  `rel_type_cd` varchar(30) NOT NULL COMMENT '文件类型,用来做分区,业主照片，商户照片，具体查看t_dict表',
  `save_way` varchar(12) NOT NULL COMMENT '存放方式，ftp table,fastdfs 具体查看t_dict表',
  `obj_id` varchar(30) NOT NULL COMMENT '对象ID，及说明这个文件归宿于谁，业主则填写业主ID',
  `file_real_name` varchar(200) NOT NULL COMMENT '文件真实名称',
  `file_save_name` varchar(200) NOT NULL COMMENT '文件存储名称',
  `create_time` timestamp NOT NULL DEFAULT CURRENT_TIMESTAMP COMMENT '创建时间',
  `operate` varchar(4) NOT NULL COMMENT '数据状态，添加ADD，修改MOD 删除DEL'
) ENGINE=InnoDB DEFAULT CHARSET=utf8;

-- ----------------------------
-- Records of business_file_rel
-- ----------------------------

-- ----------------------------
-- Table structure for business_floor
-- ----------------------------
CREATE TABLE `business_floor` (
  `floor_id` varchar(30) NOT NULL COMMENT '楼ID',
  `b_id` varchar(30) NOT NULL COMMENT '业务Id',
  `floor_num` varchar(12) NOT NULL COMMENT '楼编号',
  `name` varchar(100) NOT NULL COMMENT '小区楼名称',
  `user_id` varchar(30) NOT NULL COMMENT '用户ID',
  `remark` varchar(200) DEFAULT NULL COMMENT '备注',
  `create_time` timestamp NOT NULL DEFAULT CURRENT_TIMESTAMP COMMENT '创建时间',
  `operate` varchar(4) NOT NULL COMMENT '数据状态，添加ADD，修改MOD 删除DEL',
  `community_id` varchar(30) NOT NULL DEFAULT '-1' COMMENT '小区ID',
  `floor_area` decimal(10,2) NOT NULL COMMENT '建筑面积',
  KEY `idx_business_floor_id` (`floor_id`) USING BTREE,
  KEY `idx_business_floor_b_id` (`b_id`) USING BTREE
) ENGINE=InnoDB DEFAULT CHARSET=utf8;

-- ----------------------------
-- Records of business_floor
-- ----------------------------

-- ----------------------------
-- Table structure for business_floor_attr
-- ----------------------------
CREATE TABLE `business_floor_attr` (
  `b_id` varchar(30) NOT NULL COMMENT '订单ID',
  `attr_id` varchar(30) NOT NULL COMMENT '属性id',
  `floor_id` varchar(30) NOT NULL COMMENT '房屋ID',
  `community_id` varchar(30) NOT NULL COMMENT '小区ID',
  `spec_cd` varchar(12) NOT NULL COMMENT '规格id,参考spec表',
  `value` varchar(50) NOT NULL COMMENT '属性值',
  `create_time` timestamp NOT NULL DEFAULT CURRENT_TIMESTAMP COMMENT '创建时间',
  `operate` varchar(3) NOT NULL COMMENT '数据状态，添加ADD，修改MOD 删除DEL'
) ENGINE=InnoDB DEFAULT CHARSET=utf8;

-- ----------------------------
-- Records of business_floor_attr
-- ----------------------------

-- ----------------------------
-- Table structure for business_inspection_plan
-- ----------------------------
CREATE TABLE `business_inspection_plan` (
  `inspection_plan_id` varchar(30) COLLATE utf8_bin NOT NULL COMMENT '巡检计划ID',
  `b_id` varchar(30) COLLATE utf8_bin NOT NULL COMMENT '业务Id',
  `inspection_plan_name` varchar(100) COLLATE utf8_bin NOT NULL COMMENT '巡检计划名称',
  `inspection_route_id` varchar(300) COLLATE utf8_bin NOT NULL COMMENT '巡检路线ID',
  `community_id` varchar(30) COLLATE utf8_bin NOT NULL COMMENT '小区ID',
  `start_time` datetime NOT NULL COMMENT '开始时间',
  `end_time` datetime NOT NULL COMMENT '结束时间',
  `inspection_plan_period` varchar(12) COLLATE utf8_bin NOT NULL COMMENT '执行周期',
  `sign_type` varchar(12) COLLATE utf8_bin NOT NULL COMMENT '签到方式',
  `state` varchar(12) COLLATE utf8_bin DEFAULT NULL COMMENT '当前状态',
  `remark` varchar(200) COLLATE utf8_bin DEFAULT NULL COMMENT '备注说明',
  `create_user_id` varchar(30) COLLATE utf8_bin NOT NULL COMMENT '制定人员ID',
  `create_user_name` varchar(50) COLLATE utf8_bin NOT NULL COMMENT '制定人员姓名',
  `create_time` timestamp NOT NULL DEFAULT CURRENT_TIMESTAMP COMMENT '创建时间',
  `operate` varchar(4) COLLATE utf8_bin NOT NULL COMMENT '数据状态，添加ADD，修改MOD 删除DEL'
) ENGINE=InnoDB DEFAULT CHARSET=utf8 COLLATE=utf8_bin;

-- ----------------------------
-- Records of business_inspection_plan
-- ----------------------------

-- ----------------------------
-- Table structure for business_inspection_plan_staff
-- ----------------------------
CREATE TABLE `business_inspection_plan_staff` (
  `ip_staff_id` varchar(30) NOT NULL COMMENT '主键ID',
  `inspection_plan_id` varchar(30) NOT NULL COMMENT '巡检计划ID',
  `b_id` varchar(30) NOT NULL COMMENT '业务id',
  `community_id` varchar(30) NOT NULL COMMENT '小区ID',
  `staff_id` varchar(30) NOT NULL COMMENT '巡检人',
  `staff_name` varchar(200) NOT NULL COMMENT '巡检人名称',
  `start_time` varchar(20) NOT NULL COMMENT '开始时间',
  `end_time` varchar(20) NOT NULL COMMENT '结束时间',
  `create_time` timestamp NOT NULL DEFAULT CURRENT_TIMESTAMP,
  `operate` varchar(4) NOT NULL COMMENT '数据状态，添加ADD，修改MOD 删除DEL'
) ENGINE=InnoDB DEFAULT CHARSET=utf8;

-- ----------------------------
-- Records of business_inspection_plan_staff
-- ----------------------------

-- ----------------------------
-- Table structure for business_inspection_point
-- ----------------------------
CREATE TABLE `business_inspection_point` (
  `inspection_id` varchar(30) NOT NULL COMMENT 'ID',
  `b_id` varchar(30) NOT NULL COMMENT '业务Id',
  `inspection_name` varchar(100) NOT NULL COMMENT '巡检名称',
  `community_id` varchar(30) NOT NULL COMMENT '小区ID',
  `remark` varchar(200) DEFAULT NULL COMMENT '备注说明',
  `create_time` timestamp NOT NULL DEFAULT CURRENT_TIMESTAMP COMMENT '创建时间',
  `operate` varchar(4) NOT NULL COMMENT '数据状态，添加ADD，修改MOD 删除DEL',
  `point_obj_type` varchar(12) NOT NULL COMMENT '1001 设备巡检，2002 环境巡检',
  `point_obj_id` varchar(30) NOT NULL COMMENT '对象ID，环境时写-1，设备时写设备ID',
  `point_obj_name` varchar(200) NOT NULL COMMENT '对象名称',
  `point_start_time` timestamp NOT NULL DEFAULT CURRENT_TIMESTAMP COMMENT '巡检开始时间',
  `point_end_time` timestamp NOT NULL DEFAULT CURRENT_TIMESTAMP COMMENT '巡检结束时间'
) ENGINE=InnoDB DEFAULT CHARSET=utf8;

-- ----------------------------
-- Records of business_inspection_point
-- ----------------------------

-- ----------------------------
-- Table structure for business_inspection_route
-- ----------------------------
CREATE TABLE `business_inspection_route` (
  `inspection_route_id` varchar(30) NOT NULL COMMENT 'Route_ID',
  `b_id` varchar(30) NOT NULL COMMENT '业务Id',
  `route_name` varchar(100) NOT NULL COMMENT '路线名称',
  `community_id` varchar(30) NOT NULL COMMENT '小区ID',
  `seq` varchar(100) NOT NULL COMMENT '路线顺序',
  `remark` varchar(200) DEFAULT NULL COMMENT '备注说明',
  `create_time` timestamp NOT NULL DEFAULT CURRENT_TIMESTAMP COMMENT '创建时间',
  `operate` varchar(4) NOT NULL COMMENT '数据状态，添加ADD，修改MOD 删除DEL'
) ENGINE=InnoDB DEFAULT CHARSET=utf8;

-- ----------------------------
-- Records of business_inspection_route
-- ----------------------------

-- ----------------------------
-- Table structure for business_inspection_route_point_rel
-- ----------------------------
CREATE TABLE `business_inspection_route_point_rel` (
  `irp_rel_id` varchar(30) NOT NULL COMMENT 'inspection_route and point relation ID',
  `b_id` varchar(30) NOT NULL COMMENT '业务Id',
  `inspection_route_id` varchar(30) NOT NULL COMMENT '路线ID',
  `inspection_id` varchar(30) NOT NULL COMMENT '巡检点ID',
  `community_id` varchar(30) NOT NULL COMMENT '小区ID',
  `create_time` timestamp NOT NULL DEFAULT CURRENT_TIMESTAMP COMMENT '创建时间',
  `operate` varchar(4) NOT NULL COMMENT '数据状态，添加ADD，修改MOD 删除DEL'
) ENGINE=InnoDB DEFAULT CHARSET=utf8;

-- ----------------------------
-- Records of business_inspection_route_point_rel
-- ----------------------------

-- ----------------------------
-- Table structure for business_inspection_task
-- ----------------------------
CREATE TABLE `business_inspection_task` (
  `task_id` varchar(30) NOT NULL COMMENT '任务编码',
  `b_id` varchar(30) NOT NULL COMMENT '订单id',
  `community_id` varchar(30) NOT NULL COMMENT '小区ID',
  `inspection_plan_id` varchar(30) NOT NULL COMMENT '计划ID',
  `plan_ins_time` timestamp NOT NULL DEFAULT CURRENT_TIMESTAMP ON UPDATE CURRENT_TIMESTAMP COMMENT '计划巡检时间',
  `act_ins_time` datetime DEFAULT NULL COMMENT '实际巡检时间',
  `plan_user_id` varchar(60) NOT NULL COMMENT '计划巡检人员id',
  `plan_user_name` varchar(60) DEFAULT NULL COMMENT '计划巡检人员姓名',
  `act_user_id` varchar(30) DEFAULT NULL COMMENT '实际巡检人员id',
  `act_user_name` varchar(60) DEFAULT NULL COMMENT '实际巡检人员姓名',
  `sign_type` varchar(200) NOT NULL COMMENT '实际巡检方式',
  `create_time` timestamp NOT NULL DEFAULT CURRENT_TIMESTAMP,
  `operate` varchar(4) NOT NULL COMMENT '数据状态，添加ADD，修改MOD 删除DEL',
  `state` varchar(12) NOT NULL DEFAULT '20200405' COMMENT '巡检状态'
) ENGINE=InnoDB DEFAULT CHARSET=utf8;

-- ----------------------------
-- Records of business_inspection_task
-- ----------------------------

-- ----------------------------
-- Table structure for business_inspection_task_detail
-- ----------------------------
CREATE TABLE `business_inspection_task_detail` (
  `task_detail_id` varchar(30) NOT NULL COMMENT '任务明细编码',
  `b_id` varchar(30) NOT NULL COMMENT '业务id',
  `community_id` varchar(30) NOT NULL COMMENT '小区ID',
  `task_id` varchar(30) NOT NULL COMMENT '任务ID',
  `inspection_id` varchar(30) NOT NULL COMMENT '巡检点ID',
  `inspection_name` varchar(100) NOT NULL COMMENT '巡检点名称',
  `state` varchar(12) NOT NULL COMMENT '巡检点状态',
  `operate` varchar(4) NOT NULL COMMENT '数据状态，添加ADD，修改MOD 删除DEL',
  `create_time` timestamp NOT NULL DEFAULT CURRENT_TIMESTAMP,
  `patrol_type` varchar(12) DEFAULT NULL COMMENT '巡检情况',
  `description` varchar(1000) DEFAULT NULL COMMENT '巡检说明'
) ENGINE=InnoDB DEFAULT CHARSET=utf8;

-- ----------------------------
-- Records of business_inspection_task_detail
-- ----------------------------

-- ----------------------------
-- Table structure for business_junk_requirement
-- ----------------------------
CREATE TABLE `business_junk_requirement` (
  `junk_requirement_id` varchar(30) NOT NULL COMMENT 'ID编码',
  `b_id` varchar(30) NOT NULL COMMENT '业务Id',
  `type_cd` varchar(12) NOT NULL COMMENT '类型 旧货还是需求 旧货 222222 需求 333333',
  `classification` varchar(12) NOT NULL COMMENT '类别，具体查看t_dict 表',
  `context` varchar(200) NOT NULL COMMENT '内容',
  `reference_price` decimal(12,2) NOT NULL COMMENT '参考价格',
  `publish_user_id` varchar(30) NOT NULL COMMENT '发布用户ID',
  `publish_user_name` varchar(30) NOT NULL COMMENT '发布用户名称',
  `publish_user_link` varchar(11) NOT NULL COMMENT '联系电话',
  `state` varchar(12) NOT NULL COMMENT '状态，12001 未审核 13001 审核通过 14001 审核失败  15001 处理完成',
  `create_time` timestamp NOT NULL DEFAULT CURRENT_TIMESTAMP COMMENT '创建时间',
  `operate` varchar(4) NOT NULL COMMENT '数据状态，添加ADD，修改MOD 删除DEL',
  `community_id` varchar(30) NOT NULL COMMENT '小区ID'
) ENGINE=InnoDB DEFAULT CHARSET=utf8;

-- ----------------------------
-- Records of business_junk_requirement
-- ----------------------------

-- ----------------------------
-- Table structure for business_machine
-- ----------------------------
CREATE TABLE `business_machine` (
  `machine_id` varchar(30) NOT NULL COMMENT '设备ID',
  `b_id` varchar(30) NOT NULL COMMENT '业务Id',
  `machine_code` varchar(30) NOT NULL COMMENT '设备编码',
  `machine_version` varchar(30) NOT NULL COMMENT '设备版本',
  `machine_type_cd` varchar(30) NOT NULL COMMENT '设备类型 门禁9999 详情查看t_dict 表',
  `community_id` varchar(30) NOT NULL COMMENT '小区ID',
  `machine_name` varchar(200) NOT NULL COMMENT '设备名称',
  `auth_code` varchar(64) NOT NULL COMMENT '授权码',
  `machine_ip` varchar(64) DEFAULT NULL COMMENT '设备IP',
  `machine_mac` varchar(64) DEFAULT NULL COMMENT '设备mac',
  `create_time` timestamp NOT NULL DEFAULT CURRENT_TIMESTAMP COMMENT '创建时间',
  `operate` varchar(4) NOT NULL COMMENT '数据状态，添加ADD，修改MOD 删除DEL',
  `location_type_cd` varchar(30) NOT NULL COMMENT '位置ID,请查看 community_location',
  `location_obj_id` varchar(30) NOT NULL DEFAULT '-1' COMMENT '对象ID，大门时小区ID，单元门 时单元ID 房屋时房屋ID',
  `state` varchar(12) NOT NULL DEFAULT '1000' COMMENT '设备状态，设备配置同步状态 1000 未同步 1100 同步中 1200 已同步',
  `direction` varchar(12) NOT NULL DEFAULT '3306' COMMENT '设备方向进出，3306 进 3307 出',
  `heartbeat_time` datetime NOT NULL COMMENT '设备心跳时间',
  KEY `idx_bm_machine_id` (`machine_id`) USING BTREE,
  KEY `idx_bm_b_id` (`b_id`) USING BTREE
) ENGINE=InnoDB DEFAULT CHARSET=utf8;

-- ----------------------------
-- Records of business_machine
-- ----------------------------

-- ----------------------------
-- Table structure for business_machine_attrs
-- ----------------------------
CREATE TABLE `business_machine_attrs` (
  `machine_id` varchar(30) NOT NULL COMMENT '费用ID',
  `b_id` varchar(30) NOT NULL COMMENT '业务Id',
  `community_id` varchar(30) NOT NULL COMMENT '小区ID',
  `attr_id` varchar(30) NOT NULL COMMENT '属性id',
  `spec_cd` varchar(12) NOT NULL COMMENT '规格id,参考spec表',
  `value` varchar(128) NOT NULL COMMENT '属性值',
  `operate` varchar(4) NOT NULL COMMENT '数据状态，添加ADD，修改MOD 删除DEL',
  KEY `idx_bma_machine_id` (`machine_id`) USING BTREE
) ENGINE=InnoDB DEFAULT CHARSET=utf8;

-- ----------------------------
-- Records of business_machine_attrs
-- ----------------------------
INSERT INTO `business_machine_attrs` VALUES ('', '20202012098157-10612', '2020120964250485', '112020120926790160', '7127015495', '123123', 'ADD');
INSERT INTO `business_machine_attrs` VALUES ('892020120935540003', '20202012090033-10610', '2020120964250485', '112020120926790160', '7127015495', '123123', 'DEl');
INSERT INTO `business_machine_attrs` VALUES ('892020120935540003', '20202012090033-10610', '2020120964250485', '112020120926790160', '7127015495', '1231234', 'ADD');
INSERT INTO `business_machine_attrs` VALUES ('892020120935540003', '20202012098347-10608', '2020120964250485', '112020120926790160', '7127015495', '1231234', 'DEl');
INSERT INTO `business_machine_attrs` VALUES ('892020120935540003', '20202012098347-10608', '2020120964250485', '112020120926790160', '7127015495', '1231234', 'ADD');
INSERT INTO `business_machine_attrs` VALUES ('892020120956530006', '20202012098517-10606', '2020120964250485', '112020120981860024', '7127015495', '123', 'ADD');
INSERT INTO `business_machine_attrs` VALUES ('892020121449580167', '202020121456540203', '2020121177440140', '112020121493582273', '7127015495', '', 'ADD');
INSERT INTO `business_machine_attrs` VALUES ('892020121449580167', '202020121406480205', '2020121177440140', '112020121493582273', '7127015495', '', 'DEl');
INSERT INTO `business_machine_attrs` VALUES ('892020121449580167', '202020121406480205', '2020121177440140', '112020121493582273', '7127015495', '', 'ADD');
INSERT INTO `business_machine_attrs` VALUES ('892020121449580167', '202020121411150207', '2020121177440140', '112020121493582273', '7127015495', '', 'DEl');
INSERT INTO `business_machine_attrs` VALUES ('892020121449580167', '202020121411150207', '2020121177440140', '112020121493582273', '7127015495', '', 'ADD');
INSERT INTO `business_machine_attrs` VALUES ('892020121493980169', '202020121430700211', '2020121177440140', '112020121420982425', '7127015495', '', 'ADD');
INSERT INTO `business_machine_attrs` VALUES ('892020121467360170', '202020121464220213', '2020121177440140', '112020121444452444', '7127015495', '', 'ADD');
INSERT INTO `business_machine_attrs` VALUES ('892020121467360170', '202020121400930649', '2020121177440140', '112020121444452444', '7127015495', '', 'DEl');
INSERT INTO `business_machine_attrs` VALUES ('892020121467360170', '202020121400930649', '2020121177440140', '112020121444452444', '7127015495', '', 'ADD');
INSERT INTO `business_machine_attrs` VALUES ('892020121467360170', '202020121401320661', '2020121177440140', '112020121444452444', '7127015495', '', 'DEl');
INSERT INTO `business_machine_attrs` VALUES ('892020121467360170', '202020121401320661', '2020121177440140', '112020121444452444', '7127015495', '', 'ADD');
INSERT INTO `business_machine_attrs` VALUES ('892020121426040541', '202020121431870684', '2020121177440140', '1120201214574727455', '7127015495', '33', 'ADD');
INSERT INTO `business_machine_attrs` VALUES ('892020121581850055', '202020121587780838', '2020120964250485', '11202012158032-30824', '7127015495', '', 'ADD');
INSERT INTO `business_machine_attrs` VALUES ('892020102612600069', '202020121589451069', '7020181217000001', '11202012154498-25135', '7127015495', '', 'ADD');
INSERT INTO `business_machine_attrs` VALUES ('892020121547790025', '202020121532841071', '7020181217000001', '11202012156158-25122', '7127015495', '', 'ADD');
INSERT INTO `business_machine_attrs` VALUES ('892020121883940279', '202020121872250329', '2020120964250485', '1120201218187917132', '7127015495', '', 'ADD');
INSERT INTO `business_machine_attrs` VALUES ('892020121882350459', '202020121814390619', '7020181217000001', '1120201218683527877', '7127015495', '', 'ADD');
INSERT INTO `business_machine_attrs` VALUES ('892020121832410460', '202020121841430621', '7020181217000001', '1120201218600727894', '7127015495', '', 'ADD');
INSERT INTO `business_machine_attrs` VALUES ('892020121882350459', '202020122189261409', '7020181217000001', '1120201218683527877', '7127015495', '', 'DEl');
INSERT INTO `business_machine_attrs` VALUES ('892020121882350459', '202020122189261409', '7020181217000001', '1120201218683527877', '7127015495', '1', 'ADD');
INSERT INTO `business_machine_attrs` VALUES ('892020122476100860', '202020122417961425', '2020122471920846', '11202012244005-15993', '7127015495', '4', 'ADD');
INSERT INTO `business_machine_attrs` VALUES ('892020122476100860', '202020122447241453', '2020122471920846', '11202012244005-15993', '7127015495', '4', 'DEl');
INSERT INTO `business_machine_attrs` VALUES ('892020122476100860', '202020122447241453', '2020122471920846', '11202012244005-15993', '7127015495', '4', 'ADD');
INSERT INTO `business_machine_attrs` VALUES ('892020122476100860', '202020122449781455', '2020122471920846', '11202012244005-15993', '7127015495', '4', 'DEl');
INSERT INTO `business_machine_attrs` VALUES ('892020122476100860', '202020122449781455', '2020122471920846', '11202012244005-15993', '7127015495', '4', 'ADD');
INSERT INTO `business_machine_attrs` VALUES ('892020122476100860', '202020122432741473', '2020122471920846', '11202012244005-15993', '7127015495', '4', 'DEl');
INSERT INTO `business_machine_attrs` VALUES ('892020122476100860', '202020122432741473', '2020122471920846', '11202012244005-15993', '7127015495', '4', 'ADD');
INSERT INTO `business_machine_attrs` VALUES ('892020122476100860', '202020122448711475', '2020122471920846', '11202012244005-15993', '7127015495', '4', 'DEl');
INSERT INTO `business_machine_attrs` VALUES ('892020122476100860', '202020122448711475', '2020122471920846', '11202012244005-15993', '7127015495', '4', 'ADD');
INSERT INTO `business_machine_attrs` VALUES ('892020122476100860', '202020122426841477', '2020122471920846', '11202012244005-15993', '7127015495', '4', 'DEl');
INSERT INTO `business_machine_attrs` VALUES ('892020122476100860', '202020122426841477', '2020122471920846', '11202012244005-15993', '7127015495', '4', 'ADD');
INSERT INTO `business_machine_attrs` VALUES ('892020122410910915', '202020122402891496', '2020122471920846', '11202012241433-13102', '7127015495', '5', 'ADD');
INSERT INTO `business_machine_attrs` VALUES ('892020122476100860', '202020122441341503', '2020122471920846', '11202012244005-15993', '7127015495', '4', 'DEl');
INSERT INTO `business_machine_attrs` VALUES ('892020122476100860', '202020122441341503', '2020122471920846', '11202012244005-15993', '7127015495', '4', 'ADD');
INSERT INTO `business_machine_attrs` VALUES ('892020122410910915', '202020122459291507', '2020122471920846', '11202012241433-13102', '7127015495', '5', 'DEl');
INSERT INTO `business_machine_attrs` VALUES ('892020122410910915', '202020122459291507', '2020122471920846', '11202012241433-13102', '7127015495', '5', 'ADD');
INSERT INTO `business_machine_attrs` VALUES ('892020122410910915', '202020122495051509', '2020122471920846', '11202012241433-13102', '7127015495', '5', 'DEl');
INSERT INTO `business_machine_attrs` VALUES ('892020122410910915', '202020122495051509', '2020122471920846', '11202012241433-13102', '7127015495', '5', 'ADD');
INSERT INTO `business_machine_attrs` VALUES ('892020122410910915', '202020122486591524', '2020122471920846', '11202012241433-13102', '7127015495', '5', 'DEl');
INSERT INTO `business_machine_attrs` VALUES ('892020122410910915', '202020122486591524', '2020122471920846', '11202012241433-13102', '7127015495', '5', 'ADD');
INSERT INTO `business_machine_attrs` VALUES ('892020122410910915', '202020122459241526', '2020122471920846', '11202012241433-13102', '7127015495', '5', 'DEl');
INSERT INTO `business_machine_attrs` VALUES ('892020122410910915', '202020122459241526', '2020122471920846', '11202012241433-13102', '7127015495', '5', 'ADD');
INSERT INTO `business_machine_attrs` VALUES ('892020122476100860', '202020122494381528', '2020122471920846', '11202012244005-15993', '7127015495', '4', 'DEl');
INSERT INTO `business_machine_attrs` VALUES ('892020122476100860', '202020122494381528', '2020122471920846', '11202012244005-15993', '7127015495', '4', 'ADD');
INSERT INTO `business_machine_attrs` VALUES ('892020122476100860', '202020122430381538', '2020122471920846', '11202012244005-15993', '7127015495', '4', 'DEl');
INSERT INTO `business_machine_attrs` VALUES ('892020122476100860', '202020122430381538', '2020122471920846', '11202012244005-15993', '7127015495', '4', 'ADD');
INSERT INTO `business_machine_attrs` VALUES ('892020122410910915', '202020122591431848', '2020122471920846', '11202012241433-13102', '7127015495', '5', 'DEl');
INSERT INTO `business_machine_attrs` VALUES ('892020122410910915', '202020122591431848', '2020122471920846', '11202012241433-13102', '7127015495', '5', 'ADD');
INSERT INTO `business_machine_attrs` VALUES ('892020122410910915', '202020122578591850', '2020122471920846', '11202012241433-13102', '7127015495', '5', 'DEl');
INSERT INTO `business_machine_attrs` VALUES ('892020122410910915', '202020122578591850', '2020122471920846', '11202012241433-13102', '7127015495', '5', 'ADD');
INSERT INTO `business_machine_attrs` VALUES ('892020122410910915', '202020122530811872', '2020122471920846', '11202012241433-13102', '7127015495', '5', 'DEl');
INSERT INTO `business_machine_attrs` VALUES ('892020122410910915', '202020122530811872', '2020122471920846', '11202012241433-13102', '7127015495', '5', 'ADD');
INSERT INTO `business_machine_attrs` VALUES ('892020122476100860', '202020122562571874', '2020122471920846', '11202012244005-15993', '7127015495', '4', 'DEl');
INSERT INTO `business_machine_attrs` VALUES ('892020122476100860', '202020122562571874', '2020122471920846', '11202012244005-15993', '7127015495', '4', 'ADD');
INSERT INTO `business_machine_attrs` VALUES ('892020122410910915', '202020122571392062', '2020122471920846', '11202012241433-13102', '7127015495', '5', 'DEl');
INSERT INTO `business_machine_attrs` VALUES ('892020122410910915', '202020122571392062', '2020122471920846', '11202012241433-13102', '7127015495', '5', 'ADD');
INSERT INTO `business_machine_attrs` VALUES ('892020122410910915', '202020122583632064', '2020122471920846', '11202012241433-13102', '7127015495', '5', 'DEl');
INSERT INTO `business_machine_attrs` VALUES ('892020122410910915', '202020122583632064', '2020122471920846', '11202012241433-13102', '7127015495', '5', 'ADD');
INSERT INTO `business_machine_attrs` VALUES ('892020122410910915', '202020122508792122', '2020122471920846', '11202012241433-13102', '7127015495', '5', 'DEl');
INSERT INTO `business_machine_attrs` VALUES ('892020122410910915', '202020122508792122', '2020122471920846', '11202012241433-13102', '7127015495', '5', 'ADD');
INSERT INTO `business_machine_attrs` VALUES ('892020122410910915', '202020122550852124', '2020122471920846', '11202012241433-13102', '7127015495', '5', 'DEl');
INSERT INTO `business_machine_attrs` VALUES ('892020122410910915', '202020122550852124', '2020122471920846', '11202012241433-13102', '7127015495', '5', 'ADD');
INSERT INTO `business_machine_attrs` VALUES ('892020122688130473', '202020122662702494', '2020122471920846', '1120201226477927616', '7127015495', '4', 'ADD');
INSERT INTO `business_machine_attrs` VALUES ('892020122410910915', '202020122605382496', '2020122471920846', '11202012241433-13102', '7127015495', '5', 'DEl');
INSERT INTO `business_machine_attrs` VALUES ('892020122410910915', '202020122605382496', '2020122471920846', '11202012241433-13102', '7127015495', '5', 'ADD');
INSERT INTO `business_machine_attrs` VALUES ('892020122661250487', '202020122638422511', '2020122471920846', '1120201226237327759', '7127015495', '4', 'ADD');
INSERT INTO `business_machine_attrs` VALUES ('892020122410910915', '202020122628752513', '2020122471920846', '11202012241433-13102', '7127015495', '5', 'DEl');
INSERT INTO `business_machine_attrs` VALUES ('892020122410910915', '202020122628752513', '2020122471920846', '11202012241433-13102', '7127015495', '5', 'ADD');
INSERT INTO `business_machine_attrs` VALUES ('892020122645300489', '202020122613392517', '2020122471920846', '1120201226745327899', '7127015495', '4', 'ADD');
INSERT INTO `business_machine_attrs` VALUES ('892020122645300489', '202020122646782524', '2020122471920846', '1120201226745327899', '7127015495', '4', 'DEl');
INSERT INTO `business_machine_attrs` VALUES ('892020122645300489', '202020122646782524', '2020122471920846', '1120201226745327899', '7127015495', '4', 'ADD');
INSERT INTO `business_machine_attrs` VALUES ('892020122645300489', '202020122638252570', '2020122471920846', '1120201226745327899', '7127015495', '4', 'DEl');
INSERT INTO `business_machine_attrs` VALUES ('892020122645300489', '202020122638252570', '2020122471920846', '1120201226745327899', '7127015495', '4', 'ADD');
INSERT INTO `business_machine_attrs` VALUES ('892020122834150972', '202020122886073149', '2020122471920846', '1120201228918930385', '7127015495', '6', 'ADD');
INSERT INTO `business_machine_attrs` VALUES ('892020122872730977', '202020122840343171', '2020122471920846', '112020122835960237', '7127015495', '6', 'ADD');
INSERT INTO `business_machine_attrs` VALUES ('892020122872730977', '202020122811163253', '2020122471920846', '112020122835960237', '7127015495', '6', 'DEl');
INSERT INTO `business_machine_attrs` VALUES ('892020122872730977', '202020122811163253', '2020122471920846', '112020122835960237', '7127015495', '6', 'ADD');
INSERT INTO `business_machine_attrs` VALUES ('892020122872730977', '202020122846503299', '2020122471920846', '112020122835960237', '7127015495', '6', 'DEl');
INSERT INTO `business_machine_attrs` VALUES ('892020122872730977', '202020122846503299', '2020122471920846', '112020122835960237', '7127015495', '6', 'ADD');
INSERT INTO `business_machine_attrs` VALUES ('892020122872730977', '202020122874493318', '2020122471920846', '112020122835960237', '7127015495', '6', 'DEl');
INSERT INTO `business_machine_attrs` VALUES ('892020122872730977', '202020122874493318', '2020122471920846', '112020122835960237', '7127015495', '6', 'ADD');
INSERT INTO `business_machine_attrs` VALUES ('892020122872730977', '202020122835233326', '2020122471920846', '112020122835960237', '7127015495', '6', 'DEl');
INSERT INTO `business_machine_attrs` VALUES ('892020122872730977', '202020122835233326', '2020122471920846', '112020122835960237', '7127015495', '6', 'ADD');
INSERT INTO `business_machine_attrs` VALUES ('892020121832410460', '202020122862493554', '7020181217000001', '1120201218600727894', '7127015495', '', 'DEl');
INSERT INTO `business_machine_attrs` VALUES ('892020121832410460', '202020122862493554', '7020181217000001', '1120201218600727894', '7127015495', '3', 'ADD');
INSERT INTO `business_machine_attrs` VALUES ('892020122872730977', '202020122989734037', '2020122471920846', '112020122835960237', '7127015495', '6', 'DEl');
INSERT INTO `business_machine_attrs` VALUES ('892020122872730977', '202020122989734037', '2020122471920846', '112020122835960237', '7127015495', '6', 'ADD');
INSERT INTO `business_machine_attrs` VALUES ('892020122872730977', '202020122913684146', '2020122471920846', '112020122835960237', '7127015495', '6', 'DEl');
INSERT INTO `business_machine_attrs` VALUES ('892020122872730977', '202020122913684146', '2020122471920846', '112020122835960237', '7127015495', '6', 'ADD');
INSERT INTO `business_machine_attrs` VALUES ('892020122872730977', '202020122992794150', '2020122471920846', '112020122835960237', '7127015495', '6', 'DEl');
INSERT INTO `business_machine_attrs` VALUES ('892020122872730977', '202020122992794150', '2020122471920846', '112020122835960237', '7127015495', '6', 'ADD');
INSERT INTO `business_machine_attrs` VALUES ('892020122872730977', '202020123175710158', '2020122471920846', '112020122835960237', '7127015495', '6', 'DEl');
INSERT INTO `business_machine_attrs` VALUES ('892020122872730977', '202020123175710158', '2020122471920846', '112020122835960237', '7127015495', '6', 'ADD');
INSERT INTO `business_machine_attrs` VALUES ('892020122872730977', '202020123122460167', '2020122471920846', '112020122835960237', '7127015495', '6', 'DEl');
INSERT INTO `business_machine_attrs` VALUES ('892020122872730977', '202020123122460167', '2020122471920846', '112020122835960237', '7127015495', '6', 'ADD');
INSERT INTO `business_machine_attrs` VALUES ('892020122872730977', '202020123158350174', '2020122471920846', '112020122835960237', '7127015495', '6', 'DEl');
INSERT INTO `business_machine_attrs` VALUES ('892020122872730977', '202020123158350174', '2020122471920846', '112020122835960237', '7127015495', '6', 'ADD');
INSERT INTO `business_machine_attrs` VALUES ('892020122872730977', '202020123115120176', '2020122471920846', '112020122835960237', '7127015495', '6', 'DEl');
INSERT INTO `business_machine_attrs` VALUES ('892020122872730977', '202020123115120176', '2020122471920846', '112020122835960237', '7127015495', '6', 'ADD');
INSERT INTO `business_machine_attrs` VALUES ('892020122872730977', '202020123145170207', '2020122471920846', '112020122835960237', '7127015495', '6', 'DEl');
INSERT INTO `business_machine_attrs` VALUES ('892020122872730977', '202020123145170207', '2020122471920846', '112020122835960237', '7127015495', '6', 'ADD');
INSERT INTO `business_machine_attrs` VALUES ('892020122872730977', '202020123197250209', '2020122471920846', '112020122835960237', '7127015495', '6', 'DEl');
INSERT INTO `business_machine_attrs` VALUES ('892020122872730977', '202020123197250209', '2020122471920846', '112020122835960237', '7127015495', '6', 'ADD');
INSERT INTO `business_machine_attrs` VALUES ('892020122872730977', '202020123198730299', '2020122471920846', '112020122835960237', '7127015495', '6', 'DEl');
INSERT INTO `business_machine_attrs` VALUES ('892020122872730977', '202020123198730299', '2020122471920846', '112020122835960237', '7127015495', '6', 'ADD');
INSERT INTO `business_machine_attrs` VALUES ('892020122872730977', '202020123157470317', '2020122471920846', '112020122835960237', '7127015495', '6', 'DEl');
INSERT INTO `business_machine_attrs` VALUES ('892020122872730977', '202020123157470317', '2020122471920846', '112020122835960237', '7127015495', '6', 'ADD');
INSERT INTO `business_machine_attrs` VALUES ('892020123188660119', '202020123185890423', '7020181217000001', '112020123179948190', '7127015495', '4', 'ADD');
INSERT INTO `business_machine_attrs` VALUES ('892020122872730977', '202021010355241121', '2020122471920846', '112020122835960237', '7127015495', '6', 'DEl');
INSERT INTO `business_machine_attrs` VALUES ('892020122872730977', '202021010355241121', '2020122471920846', '112020122835960237', '7127015495', '6', 'ADD');
INSERT INTO `business_machine_attrs` VALUES ('892020123188660119', '202021010667484551', '7020181217000001', '112020123179948190', '7127015495', '4', 'DEl');
INSERT INTO `business_machine_attrs` VALUES ('892020123188660119', '202021010667484551', '7020181217000001', '112020123179948190', '7127015495', '4', 'ADD');
INSERT INTO `business_machine_attrs` VALUES ('892021010667251313', '202021010645614702', '7020181217000001', '11202101064912-2039', '7127015495', '7', 'ADD');
INSERT INTO `business_machine_attrs` VALUES ('892021010646351315', '202021010665384710', '7020181217000001', '11202101065179-1788', '7127015495', '7', 'ADD');
INSERT INTO `business_machine_attrs` VALUES ('892021010608651318', '202021010681074714', '7020181217000001', '11202101060553-1623', '7127015495', '7', 'ADD');
INSERT INTO `business_machine_attrs` VALUES ('892020123188660119', '202021010624674720', '7020181217000001', '112020123179948190', '7127015495', '4', 'DEl');
INSERT INTO `business_machine_attrs` VALUES ('892020123188660119', '202021010624674720', '7020181217000001', '112020123179948190', '7127015495', '4', 'ADD');
INSERT INTO `business_machine_attrs` VALUES ('892021010651931319', '202021010602454724', '7020181217000001', '11202101060518-1469', '7127015495', '7', 'ADD');
INSERT INTO `business_machine_attrs` VALUES ('892021010604981320', '202021010691044732', '7020181217000001', '11202101065860-1413', '7127015495', '7', 'ADD');
INSERT INTO `business_machine_attrs` VALUES ('892021010604981320', '202021010623784772', '7020181217000001', '11202101065860-1413', '7127015495', '7', 'DEl');
INSERT INTO `business_machine_attrs` VALUES ('892021010604981320', '202021010623784772', '7020181217000001', '11202101065860-1413', '7127015495', '7', 'ADD');
INSERT INTO `business_machine_attrs` VALUES ('892021010604981320', '202021010638194810', '7020181217000001', '11202101065860-1413', '7127015495', '7', 'DEl');
INSERT INTO `business_machine_attrs` VALUES ('892021010604981320', '202021010638194810', '7020181217000001', '11202101065860-1413', '7127015495', '7', 'ADD');
INSERT INTO `business_machine_attrs` VALUES ('892021010604981320', '202021010631764964', '7020181217000001', '11202101065860-1413', '7127015495', '7', 'DEl');
INSERT INTO `business_machine_attrs` VALUES ('892021010604981320', '202021010631764964', '7020181217000001', '11202101065860-1413', '7127015495', '7', 'ADD');
INSERT INTO `business_machine_attrs` VALUES ('892021011302010006', '202021011361862087', '7020181217000001', '112021011315762456', '7127015495', '7', 'ADD');
INSERT INTO `business_machine_attrs` VALUES ('892021010604981320', '202021011360242089', '7020181217000001', '11202101065860-1413', '7127015495', '7', 'DEl');
INSERT INTO `business_machine_attrs` VALUES ('892021010604981320', '202021011360242089', '7020181217000001', '11202101065860-1413', '7127015495', '7', 'ADD');
INSERT INTO `business_machine_attrs` VALUES ('892021010604981320', '202021011328922091', '7020181217000001', '11202101065860-1413', '7127015495', '7', 'DEl');
INSERT INTO `business_machine_attrs` VALUES ('892021010604981320', '202021011328922091', '7020181217000001', '11202101065860-1413', '7127015495', '7', 'ADD');
INSERT INTO `business_machine_attrs` VALUES ('892020123188660119', '202021011876420878', '7020181217000001', '112020123179948190', '7127015495', '4', 'DEl');
INSERT INTO `business_machine_attrs` VALUES ('892020123188660119', '202021011876420878', '7020181217000001', '112020123179948190', '7127015495', '4', 'ADD');
INSERT INTO `business_machine_attrs` VALUES ('892021011807650635', '202021011800400931', '7020181217000001', '1120210118903822403', '7127015495', '7', 'ADD');
INSERT INTO `business_machine_attrs` VALUES ('892021012574780185', '202021012562585418', '2020121530990123', '1120210125200922623', '7127015495', '1', 'ADD');
INSERT INTO `business_machine_attrs` VALUES ('892021012584630565', '202021012574116079', '2021012222523156', '11202101251406-29264', '7127015495', '8', 'ADD');
INSERT INTO `business_machine_attrs` VALUES ('892021012670740184', '202021012668666725', '2021012222523156', '112021012624465415', '7127015495', '3', 'ADD');
INSERT INTO `business_machine_attrs` VALUES ('892021012574780185', '202021012872497295', '2020121530990123', '1120210125200922623', '7127015495', '1', 'DEl');
INSERT INTO `business_machine_attrs` VALUES ('892021012574780185', '202021012872497295', '2020121530990123', '1120210125200922623', '7127015495', '1', 'ADD');
INSERT INTO `business_machine_attrs` VALUES ('892021012821250212', '202021012809817307', '2020121530990123', '1120210128031532069', '7127015495', '1', 'ADD');
INSERT INTO `business_machine_attrs` VALUES ('892021012821250212', '202021012809167525', '2020121530990123', '1120210128031532069', '7127015495', '1', 'DEl');
INSERT INTO `business_machine_attrs` VALUES ('892021012821250212', '202021012809167525', '2020121530990123', '1120210128031532069', '7127015495', '1', 'ADD');
INSERT INTO `business_machine_attrs` VALUES ('892021012821250212', '202021012829937527', '2020121530990123', '1120210128031532069', '7127015495', '1', 'DEl');
INSERT INTO `business_machine_attrs` VALUES ('892021012821250212', '202021012829937527', '2020121530990123', '1120210128031532069', '7127015495', '1', 'ADD');
INSERT INTO `business_machine_attrs` VALUES ('892021012877230318', '202021012861757552', '2020121530990123', '11202101280089-25850', '7127015495', '1', 'ADD');
INSERT INTO `business_machine_attrs` VALUES ('892021031732680251', '202021031716281281', '2020121527920100', '1120210317530327730', '7127015495', '5', 'ADD');
INSERT INTO `business_machine_attrs` VALUES ('892021012821250212', '202021031907622599', '2020121530990123', '1120210128031532069', '7127015495', '1', 'DEl');
INSERT INTO `business_machine_attrs` VALUES ('892021012821250212', '202021031907622599', '2020121530990123', '1120210128031532069', '7127015495', '7', 'ADD');
INSERT INTO `business_machine_attrs` VALUES ('892021031928690180', '202021031901362601', '2020121530990123', '11202103191775-6019', '7127015495', '8', 'ADD');
INSERT INTO `business_machine_attrs` VALUES ('892021032292070257', '202021032229140444', '2020121527920100', '1120210322701522604', '7127015495', '11', 'ADD');
INSERT INTO `business_machine_attrs` VALUES ('892021032527820298', '202021032510691337', '2021031063190136', '112021032586789875', '7127015495', '11', 'ADD');
INSERT INTO `business_machine_attrs` VALUES ('892021032663260011', '202021032611290020', '7020181217000001', '11202103265810-28502', '7127015495', '9', 'ADD');
INSERT INTO `business_machine_attrs` VALUES ('892021032993640009', '202021032907320558', '2021031851920041', '112021032913105471', '7127015495', '11', 'ADD');
INSERT INTO `business_machine_attrs` VALUES ('892021032925970010', '202021032972030560', '2021031851920041', '112021032927875480', '7127015495', '11', 'ADD');
INSERT INTO `business_machine_attrs` VALUES ('892021032925970010', '202021040255820280', '2021031851920041', '112021032927875480', '7127015495', '11', 'DEl');
INSERT INTO `business_machine_attrs` VALUES ('892021032925970010', '202021040255820280', '2021031851920041', '112021032927875480', '7127015495', '9', 'ADD');
INSERT INTO `business_machine_attrs` VALUES ('892021032925970010', '202021040242590282', '2021031851920041', '112021032927875480', '7127015495', '9', 'DEl');
INSERT INTO `business_machine_attrs` VALUES ('892021032925970010', '202021040242590282', '2021031851920041', '112021032927875480', '7127015495', '9', 'ADD');
INSERT INTO `business_machine_attrs` VALUES ('892021032925970010', '202021041044152692', '2021031851920041', '112021032927875480', '7127015495', '9', 'DEl');
INSERT INTO `business_machine_attrs` VALUES ('892021032925970010', '202021041044152692', '2021031851920041', '112021032927875480', '7127015495', '9', 'ADD');
INSERT INTO `business_machine_attrs` VALUES ('892021041329300116', '202021041347934082', '2021031851920041', '11202104139787-19878', '7127015495', '11', 'ADD');
INSERT INTO `business_machine_attrs` VALUES ('892021042154200232', '202021042131995776', '2021042084880069', '11202104212901-11664', '7127015495', '4', 'ADD');
INSERT INTO `business_machine_attrs` VALUES ('892021042116420233', '202021042189535778', '2021042084880069', '11202104211334-11622', '7127015495', '4', 'ADD');
INSERT INTO `business_machine_attrs` VALUES ('892021042183660234', '202021042169345780', '2021042084880069', '11202104217697-11570', '7127015495', '4', 'ADD');
INSERT INTO `business_machine_attrs` VALUES ('892021042150910235', '202021042169915782', '2021042084880069', '11202104219934-11515', '7127015495', '3', 'ADD');
INSERT INTO `business_machine_attrs` VALUES ('892021042127040236', '202021042144685784', '2021042084880069', '11202104216550-11425', '7127015495', '11', 'ADD');
INSERT INTO `business_machine_attrs` VALUES ('892021042115650237', '202021042114085786', '2021042084880069', '11202104219107-11405', '7127015495', '11', 'ADD');
INSERT INTO `business_machine_attrs` VALUES ('892021042131280240', '202021042184365788', '2021042084880069', '11202104211194-11206', '7127015495', '11', 'ADD');
INSERT INTO `business_machine_attrs` VALUES ('892021042138970241', '202021042175845790', '2021042084880069', '11202104219178-11187', '7127015495', '11', 'ADD');
INSERT INTO `business_machine_attrs` VALUES ('892021011807650635', '202021042412662587', '7020181217000001', '1120210118903822403', '7127015495', '7', 'DEl');
INSERT INTO `business_machine_attrs` VALUES ('892021011807650635', '202021042412662587', '7020181217000001', '1120210118903822403', '7127015495', '7', 'ADD');
INSERT INTO `business_machine_attrs` VALUES ('892021032663260011', '202021042571583567', '7020181217000001', '11202103265810-28502', '7127015495', '9', 'DEl');
INSERT INTO `business_machine_attrs` VALUES ('892021032663260011', '202021042571583567', '7020181217000001', '11202103265810-28502', '7127015495', '9', 'ADD');
INSERT INTO `business_machine_attrs` VALUES ('892021042811710040', '202021042886250237', '7020181217000001', '1120210428286932220', '7127015495', '7', 'ADD');
INSERT INTO `business_machine_attrs` VALUES ('892021042811710040', '202021042953962585', '7020181217000001', '1120210428286932220', '7127015495', '7', 'DEl');
INSERT INTO `business_machine_attrs` VALUES ('892021042811710040', '202021042953962585', '7020181217000001', '1120210428286932220', '7127015495', '7', 'ADD');
INSERT INTO `business_machine_attrs` VALUES ('892021052751530054', '202021052737589666', '7020181217000001', '1120210527409625714', '7127015495', '14', 'ADD');
INSERT INTO `business_machine_attrs` VALUES ('892021052836390342', '2020210528476410307', '7020181217000001', '11202105281071-25997', '7127015495', '5', 'ADD');
INSERT INTO `business_machine_attrs` VALUES ('892021052926710466', '2020210529941910544', '7020181217000001', '11202105297011-20222', '7127015495', '1', 'ADD');
INSERT INTO `business_machine_attrs` VALUES ('892021060477371549', '2020210604654814029', '7020181217000001', '1120210604200425168', '7127015495', '3', 'ADD');
INSERT INTO `business_machine_attrs` VALUES ('892021060456431560', '2020210604270314038', '7020181217000001', '1120210604807725422', '7127015495', '13', 'ADD');

-- ----------------------------
-- Table structure for business_machine_auth
-- ----------------------------
CREATE TABLE `business_machine_auth` (
  `auth_id` varchar(30) NOT NULL COMMENT '授权ID',
  `machine_id` varchar(30) NOT NULL COMMENT '设备ID',
  `b_id` varchar(30) NOT NULL COMMENT '业务Id',
  `community_id` varchar(30) NOT NULL COMMENT '小区ID',
  `person_id` varchar(30) NOT NULL COMMENT '用户ID',
  `person_name` varchar(64) NOT NULL COMMENT '用户名称',
  `person_type` varchar(12) NOT NULL DEFAULT '1001' COMMENT '用户类别 1001 员工',
  `state` varchar(12) NOT NULL DEFAULT '1030' COMMENT '状态 待审核 10301 审核通过10302 审核不通10303',
  `start_time` datetime NOT NULL COMMENT '开始时间',
  `end_time` datetime NOT NULL COMMENT '结束时间',
  `create_time` timestamp NOT NULL DEFAULT CURRENT_TIMESTAMP COMMENT '创建时间',
  `operate` varchar(4) NOT NULL COMMENT '数据状态，添加ADD，修改MOD 删除DEL',
  PRIMARY KEY (`auth_id`)
) ENGINE=InnoDB DEFAULT CHARSET=utf8;

-- ----------------------------
-- Records of business_machine_auth
-- ----------------------------

-- ----------------------------
-- Table structure for business_machine_record
-- ----------------------------
CREATE TABLE `business_machine_record` (
  `machine_record_id` varchar(30) NOT NULL COMMENT '记录ID',
  `b_id` varchar(30) NOT NULL COMMENT '业务Id',
  `machine_id` varchar(30) NOT NULL COMMENT '设备ID',
  `machine_code` varchar(30) NOT NULL COMMENT '设备编码',
  `name` varchar(30) NOT NULL COMMENT '用户名称',
  `open_type_cd` varchar(12) NOT NULL COMMENT '开门方式，1000 人脸开门 2000 钥匙开门',
  `community_id` varchar(30) NOT NULL COMMENT '小区ID',
  `tel` varchar(11) NOT NULL COMMENT '手机号',
  `id_card` varchar(20) NOT NULL COMMENT '用户身份证',
  `record_type_cd` varchar(12) NOT NULL COMMENT '记录类型，8888 开门记录 6666 访客留影',
  `file_id` varchar(64) DEFAULT NULL COMMENT '文件ID',
  `file_time` timestamp NULL DEFAULT CURRENT_TIMESTAMP COMMENT '文件生成时间',
  `create_time` timestamp NOT NULL DEFAULT CURRENT_TIMESTAMP COMMENT '创建时间',
  `operate` varchar(4) NOT NULL COMMENT '数据状态，添加ADD，修改MOD 删除DEL'
) ENGINE=InnoDB DEFAULT CHARSET=utf8;

-- ----------------------------
-- Records of business_machine_record
-- ----------------------------

-- ----------------------------
-- Table structure for business_machine_translate
-- ----------------------------
CREATE TABLE `business_machine_translate` (
  `machine_translate_id` varchar(30) NOT NULL COMMENT '设备同步ID',
  `b_id` varchar(30) NOT NULL COMMENT '业务Id',
  `machine_id` varchar(30) NOT NULL COMMENT '设备ID',
  `machine_code` varchar(30) NOT NULL COMMENT '设备编码',
  `type_cd` varchar(30) NOT NULL COMMENT '类型，是同步业主还是同步小区信息，详情查看t_dict表',
  `obj_id` varchar(30) NOT NULL COMMENT '对象ID 业主时，业主ID，小区是小区ID',
  `community_id` varchar(30) NOT NULL COMMENT '小区ID',
  `obj_name` varchar(200) NOT NULL COMMENT '对象名称，业主时业主名称，小区时小区名称',
  `state` varchar(8) NOT NULL COMMENT '状态，10000 初始状态,20000 同步完成',
  `create_time` timestamp NOT NULL DEFAULT CURRENT_TIMESTAMP COMMENT '创建时间',
  `operate` varchar(4) NOT NULL COMMENT '数据状态，添加ADD，修改MOD 删除DEL',
  `update_time` timestamp NOT NULL DEFAULT CURRENT_TIMESTAMP COMMENT '二次同步时间',
  `machine_cmd` varchar(12) NOT NULL DEFAULT '999' COMMENT '设备指令 详见 t_dict',
  `obj_b_id` varchar(30) NOT NULL DEFAULT '-1' COMMENT '业务ID',
  `remark` varchar(200) DEFAULT NULL COMMENT '备注字段'
) ENGINE=InnoDB DEFAULT CHARSET=utf8;

-- ----------------------------
-- Records of business_machine_translate
-- ----------------------------

-- ----------------------------
-- Table structure for business_member_store
-- ----------------------------
CREATE TABLE `business_member_store` (
  `member_store_id` varchar(30) NOT NULL COMMENT 'ID',
  `b_id` varchar(30) NOT NULL COMMENT '业务Id',
  `store_id` varchar(30) NOT NULL COMMENT '商店ID',
  `member_id` varchar(50) NOT NULL COMMENT '商户成员ID',
  `month` int(11) NOT NULL COMMENT '月份',
  `create_time` timestamp NOT NULL DEFAULT CURRENT_TIMESTAMP COMMENT '创建时间',
  `operate` varchar(3) NOT NULL COMMENT '数据状态，添加ADD，修改MOD 删除DEL',
  KEY `idx_business_member_store_store_id` (`store_id`) USING BTREE,
  KEY `idx_business_member_store_b_id` (`b_id`) USING BTREE
) ENGINE=InnoDB DEFAULT CHARSET=utf8;

-- ----------------------------
-- Records of business_member_store
-- ----------------------------

-- ----------------------------
-- Table structure for business_meter_water
-- ----------------------------
CREATE TABLE `business_meter_water` (
  `water_id` varchar(30) NOT NULL COMMENT '主键ID',
  `b_id` varchar(30) NOT NULL COMMENT '业务Id',
  `meter_type` varchar(12) NOT NULL COMMENT '表类型，1010 电表 2020 水表',
  `obj_type` varchar(12) NOT NULL COMMENT '类型 1001 房屋 2002 车位',
  `obj_id` varchar(30) NOT NULL COMMENT '对象ID，1001 是房屋 2002 是车位',
  `pre_degrees` decimal(10,2) NOT NULL COMMENT '上期度数',
  `cur_degrees` decimal(10,2) NOT NULL COMMENT '本期度数',
  `pre_reading_time` timestamp NOT NULL DEFAULT CURRENT_TIMESTAMP COMMENT '上期读表时间',
  `cur_reading_time` timestamp NOT NULL DEFAULT CURRENT_TIMESTAMP COMMENT '本期读表时间',
  `community_id` varchar(30) NOT NULL COMMENT '小区ID',
  `create_time` timestamp NOT NULL DEFAULT CURRENT_TIMESTAMP COMMENT '创建时间',
  `remark` varchar(200) DEFAULT NULL COMMENT '度表署名',
  `operate` varchar(4) NOT NULL COMMENT '数据状态，添加ADD，修改MOD 删除DEL',
  `fee_id` varchar(30) NOT NULL COMMENT '费用ID',
  `obj_name` varchar(200) DEFAULT NULL COMMENT '对象名称'
) ENGINE=InnoDB DEFAULT CHARSET=utf8;

-- ----------------------------
-- Records of business_meter_water
-- ----------------------------

-- ----------------------------
-- Table structure for business_msg
-- ----------------------------
CREATE TABLE `business_msg` (
  `msg_id` varchar(30) NOT NULL COMMENT '消息ID',
  `b_id` varchar(30) NOT NULL COMMENT '业务Id',
  `msg_type` varchar(12) NOT NULL COMMENT '消息类型 10001 公告，10002 钥匙审核，10003 小区入驻审核，10004 小区添加审核',
  `title` varchar(30) NOT NULL COMMENT '消息标题',
  `url` varchar(100) NOT NULL COMMENT '消息路径',
  `view_type_cd` varchar(100) NOT NULL COMMENT '受众类型，10000 系统内消息，20000 小区内消息， 30000 商户内， 40000 员工ID（userId）',
  `view_obj_id` varchar(64) NOT NULL COMMENT '对象ID',
  `create_time` timestamp NOT NULL DEFAULT CURRENT_TIMESTAMP COMMENT '创建时间',
  `operate` varchar(4) NOT NULL COMMENT '数据状态，添加ADD，修改MOD 删除DEL'
) ENGINE=InnoDB DEFAULT CHARSET=utf8;

-- ----------------------------
-- Records of business_msg
-- ----------------------------

-- ----------------------------
-- Table structure for business_msg_read
-- ----------------------------
CREATE TABLE `business_msg_read` (
  `msg_read_id` varchar(30) NOT NULL COMMENT '消息阅读ID',
  `b_id` varchar(30) NOT NULL COMMENT '业务Id',
  `msg_id` varchar(30) NOT NULL COMMENT '消息ID',
  `user_id` varchar(30) NOT NULL COMMENT '阅读者',
  `user_name` varchar(30) NOT NULL COMMENT '阅读者姓名',
  `create_time` timestamp NOT NULL DEFAULT CURRENT_TIMESTAMP COMMENT '创建时间',
  `operate` varchar(4) NOT NULL COMMENT '数据状态，添加ADD，修改MOD 删除DEL'
) ENGINE=InnoDB DEFAULT CHARSET=utf8;

-- ----------------------------
-- Records of business_msg_read
-- ----------------------------

-- ----------------------------
-- Table structure for business_notice
-- ----------------------------
CREATE TABLE `business_notice` (
  `notice_id` varchar(30) NOT NULL COMMENT '通知ID',
  `b_id` varchar(30) NOT NULL COMMENT '业务Id',
  `title` varchar(100) NOT NULL COMMENT '通知标题',
  `notice_type_cd` varchar(4) NOT NULL COMMENT '类型 1000 业主通知，1001员工通知，1002小区通知',
  `context` longtext NOT NULL COMMENT '通知内容',
  `community_id` varchar(30) NOT NULL COMMENT '小区ID',
  `user_id` varchar(30) NOT NULL COMMENT '用户ID',
  `start_time` datetime NOT NULL COMMENT '开始时间',
  `create_time` timestamp NOT NULL DEFAULT CURRENT_TIMESTAMP COMMENT '创建时间',
  `operate` varchar(4) NOT NULL COMMENT '数据状态，添加ADD，修改MOD 删除DEL',
  `end_time` datetime NOT NULL COMMENT '结束时间',
  `obj_type` varchar(12) NOT NULL DEFAULT '9999' COMMENT '对象类型',
  `obj_id` varchar(30) NOT NULL DEFAULT '-1' COMMENT '对象ID',
  `state` varchar(12) NOT NULL DEFAULT '3000' COMMENT '状态 1000 待通知 2000 通知中  3000 通知完成'
) ENGINE=InnoDB DEFAULT CHARSET=utf8;

-- ----------------------------
-- Records of business_notice
-- ----------------------------

-- ----------------------------
-- Table structure for business_org
-- ----------------------------
CREATE TABLE `business_org` (
  `org_id` varchar(30) NOT NULL COMMENT '组织ID',
  `b_id` varchar(30) NOT NULL COMMENT '业务Id',
  `store_id` varchar(30) NOT NULL COMMENT '商户ID',
  `org_name` varchar(200) NOT NULL COMMENT '组织名称',
  `org_level` varchar(10) NOT NULL COMMENT '组织级别1 公司级 2 分公司级，3 部门级 查看t_dict表',
  `parent_org_id` varchar(30) NOT NULL COMMENT '上级组织ID，一级时填写org_id',
  `description` varchar(200) DEFAULT NULL COMMENT '组织描述',
  `create_time` timestamp NOT NULL DEFAULT CURRENT_TIMESTAMP COMMENT '创建时间',
  `operate` varchar(3) NOT NULL COMMENT '数据状态，添加ADD，修改MOD 删除DEL',
  `belong_community_id` varchar(30) NOT NULL COMMENT '归属小区，9999 归属于入驻的所有小区，否则是为小区ID',
  `allow_operation` varchar(12) NOT NULL DEFAULT 'T' COMMENT '允许前台操作数据，T可以，F不可以'
) ENGINE=InnoDB DEFAULT CHARSET=utf8;

-- ----------------------------
-- Records of business_org
-- ----------------------------

-- ----------------------------
-- Table structure for business_org_community
-- ----------------------------
CREATE TABLE `business_org_community` (
  `org_community_id` varchar(30) NOT NULL COMMENT '组织ID',
  `org_id` varchar(30) NOT NULL COMMENT '组织ID',
  `community_id` varchar(30) NOT NULL COMMENT '小区ID',
  `community_name` varchar(200) NOT NULL COMMENT '小区名称',
  `b_id` varchar(30) NOT NULL COMMENT '业务Id',
  `store_id` varchar(30) NOT NULL COMMENT '商户ID',
  `org_name` varchar(200) NOT NULL COMMENT '组织名称',
  `create_time` timestamp NOT NULL DEFAULT CURRENT_TIMESTAMP COMMENT '创建时间',
  `operate` varchar(3) NOT NULL COMMENT '数据状态，添加ADD，修改MOD 删除DEL'
) ENGINE=InnoDB DEFAULT CHARSET=utf8;

-- ----------------------------
-- Records of business_org_community
-- ----------------------------

-- ----------------------------
-- Table structure for business_org_staff_rel
-- ----------------------------
CREATE TABLE `business_org_staff_rel` (
  `rel_id` varchar(30) NOT NULL COMMENT '组织员工ID',
  `b_id` varchar(30) NOT NULL COMMENT '业务Id',
  `org_id` varchar(30) NOT NULL COMMENT '组织ID',
  `staff_id` varchar(30) NOT NULL COMMENT '员工ID',
  `rel_cd` varchar(30) NOT NULL COMMENT '关系角色，10000 普通员工， 20000部门经理 查看t_dict表',
  `create_time` timestamp NOT NULL DEFAULT CURRENT_TIMESTAMP COMMENT '创建时间',
  `operate` varchar(3) NOT NULL COMMENT '数据状态，添加ADD，修改MOD 删除DEL',
  `store_id` varchar(30) NOT NULL COMMENT '商户ID'
) ENGINE=InnoDB DEFAULT CHARSET=utf8;

-- ----------------------------
-- Records of business_org_staff_rel
-- ----------------------------

-- ----------------------------
-- Table structure for business_owner_app_user
-- ----------------------------
CREATE TABLE `business_owner_app_user` (
  `app_user_id` varchar(30) NOT NULL COMMENT 'app用户ID',
  `member_id` varchar(30) NOT NULL COMMENT '业主成员ID',
  `b_id` varchar(30) NOT NULL COMMENT '业务Id',
  `community_id` varchar(30) NOT NULL COMMENT '小区Id',
  `community_name` varchar(100) NOT NULL COMMENT '小区名称',
  `app_user_name` varchar(100) NOT NULL COMMENT 'app用户名称',
  `id_card` varchar(20) NOT NULL COMMENT '身份证号',
  `link` varchar(11) NOT NULL COMMENT '联系人手机号',
  `open_id` varchar(30) NOT NULL COMMENT 'app 开放ID',
  `app_type_cd` varchar(12) NOT NULL COMMENT '应用类型 10010 微信小程序',
  `state` varchar(12) NOT NULL COMMENT '状态类型，10000 审核中，12000 审核成功，13000 审核失败',
  `remark` varchar(200) DEFAULT NULL COMMENT '备注',
  `create_time` timestamp NOT NULL DEFAULT CURRENT_TIMESTAMP COMMENT '创建时间',
  `operate` varchar(4) NOT NULL COMMENT '数据状态，添加ADD，修改MOD 删除DEL',
  `user_id` varchar(30) DEFAULT NULL COMMENT '用户ID',
  `app_type` varchar(12) NOT NULL DEFAULT 'APP' COMMENT '绑定业主手机端类型',
  `nickname` varchar(255) DEFAULT NULL COMMENT '昵称',
  `headimgurl` varchar(255) DEFAULT NULL COMMENT '微信头像',
  KEY `idx_b_owner_app_app_user_id` (`app_user_id`) USING BTREE,
  KEY `idx_b_owner_app_b_id` (`b_id`) USING BTREE
) ENGINE=InnoDB DEFAULT CHARSET=utf8;

-- ----------------------------
-- Records of business_owner_app_user
-- ----------------------------

-- ----------------------------
-- Table structure for business_owner_car
-- ----------------------------
CREATE TABLE `business_owner_car` (
  `car_id` varchar(30) NOT NULL COMMENT '汽车ID',
  `owner_id` varchar(30) NOT NULL COMMENT '业主ID',
  `b_id` varchar(30) NOT NULL COMMENT '业务Id',
  `car_num` varchar(12) NOT NULL COMMENT '车牌号',
  `car_brand` varchar(50) NOT NULL COMMENT '汽车品牌',
  `car_type` varchar(4) NOT NULL COMMENT '9901 家用小汽车，9902 客车，9903 货车',
  `car_color` varchar(12) NOT NULL COMMENT '颜色',
  `ps_id` varchar(30) NOT NULL COMMENT '车位ID',
  `user_id` varchar(30) NOT NULL COMMENT '用户ID',
  `remark` varchar(200) DEFAULT NULL COMMENT '备注',
  `create_time` timestamp NOT NULL DEFAULT CURRENT_TIMESTAMP COMMENT '创建时间',
  `operate` varchar(4) NOT NULL COMMENT '数据状态，添加ADD，修改MOD 删除DEL',
  `community_id` varchar(30) NOT NULL COMMENT '小区ID',
  `start_time` datetime NOT NULL COMMENT '起租时间',
  `end_time` datetime NOT NULL COMMENT '结租时间',
  `state` varchar(12) NOT NULL COMMENT '状态，1001 正常状态，2002 车位释放欠费状态  3003 车位释放',
  `car_type_cd` varchar(4) NOT NULL DEFAULT '1001' COMMENT '1001 主车辆 1002 成员车辆',
  `member_id` varchar(30) NOT NULL COMMENT '成员ID',
  KEY `idx_boc_car_id` (`car_id`) USING BTREE,
  KEY `idx_boc_b_id` (`b_id`) USING BTREE
) ENGINE=InnoDB DEFAULT CHARSET=utf8;

-- ----------------------------
-- Records of business_owner_car
-- ----------------------------

-- ----------------------------
-- Table structure for business_owner_car_attr
-- ----------------------------
CREATE TABLE `business_owner_car_attr` (
  `b_id` varchar(30) NOT NULL COMMENT '订单ID',
  `attr_id` varchar(30) NOT NULL COMMENT '属性id',
  `car_id` varchar(30) NOT NULL COMMENT '车辆ID',
  `community_id` varchar(30) NOT NULL COMMENT '小区ID',
  `spec_cd` varchar(12) NOT NULL COMMENT '规格id,参考spec表',
  `value` varchar(50) NOT NULL COMMENT '属性值',
  `create_time` timestamp NOT NULL DEFAULT CURRENT_TIMESTAMP COMMENT '创建时间',
  `operate` varchar(3) NOT NULL COMMENT '数据状态，添加ADD，修改MOD 删除DEL',
  PRIMARY KEY (`attr_id`)
) ENGINE=InnoDB DEFAULT CHARSET=utf8;

-- ----------------------------
-- Records of business_owner_car_attr
-- ----------------------------

-- ----------------------------
-- Table structure for business_parking_area
-- ----------------------------
CREATE TABLE `business_parking_area` (
  `pa_id` varchar(30) NOT NULL COMMENT '停车场ID',
  `b_id` varchar(30) NOT NULL COMMENT '业务ID',
  `community_id` varchar(30) NOT NULL COMMENT '小区ID',
  `num` varchar(12) NOT NULL COMMENT '停车场编号',
  `type_cd` varchar(12) NOT NULL COMMENT '停车场类型，1001 地上停车场 2001 地下停车场',
  `remark` varchar(300) DEFAULT NULL COMMENT '备注',
  `create_time` timestamp NOT NULL DEFAULT CURRENT_TIMESTAMP COMMENT '创建时间',
  `operate` varchar(4) NOT NULL COMMENT '数据状态，添加ADD，修改MOD 删除DEL'
) ENGINE=InnoDB DEFAULT CHARSET=utf8;

-- ----------------------------
-- Records of business_parking_area
-- ----------------------------

-- ----------------------------
-- Table structure for business_parking_area_attr
-- ----------------------------
CREATE TABLE `business_parking_area_attr` (
  `b_id` varchar(30) NOT NULL COMMENT '订单ID',
  `attr_id` varchar(30) NOT NULL COMMENT '属性id',
  `pa_id` varchar(30) NOT NULL COMMENT '停车场ID',
  `community_id` varchar(30) NOT NULL COMMENT '小区ID',
  `spec_cd` varchar(12) NOT NULL COMMENT '规格id,参考spec表',
  `value` varchar(50) NOT NULL COMMENT '属性值',
  `create_time` timestamp NOT NULL DEFAULT CURRENT_TIMESTAMP COMMENT '创建时间',
  `operate` varchar(3) NOT NULL COMMENT '数据状态，添加ADD，修改MOD 删除DEL'
) ENGINE=InnoDB DEFAULT CHARSET=utf8;

-- ----------------------------
-- Records of business_parking_area_attr
-- ----------------------------
INSERT INTO `business_parking_area_attr` VALUES ('202021031852982354', '112021031893940001', '102021031863360003', '2020121527920100', '6185-17861', '123456', '2021-03-18 13:08:36', 'ADD');
INSERT INTO `business_parking_area_attr` VALUES ('202021031841682359', '112021031893940001', '102021031863360003', '2020121527920100', '6185-17861', '123456', '2021-03-18 13:35:28', 'DEl');
INSERT INTO `business_parking_area_attr` VALUES ('202021031841682359', '112021031893940001', '102021031863360003', '2020121527920100', '6185-17861', '123457', '2021-03-18 13:35:28', 'ADD');
INSERT INTO `business_parking_area_attr` VALUES ('202021032686461884', '112021032653260076', '102021032659770191', '2021031851920041', '6185-17861', '111', '2021-03-26 12:45:06', 'ADD');
INSERT INTO `business_parking_area_attr` VALUES ('202021032871180456', '112021032653260076', '102021032659770191', '2021031851920041', '6185-17861', '111', '2021-03-28 17:23:06', 'DEl');
INSERT INTO `business_parking_area_attr` VALUES ('202021032871180456', '112021032653260076', '102021032659770191', '2021031851920041', '6185-17861', '111', '2021-03-28 17:23:06', 'ADD');
INSERT INTO `business_parking_area_attr` VALUES ('202021033048651310', '112021033060660133', '102021033038400132', '2021031851920041', '6185-17861', 'asdadasd', '2021-03-30 14:00:56', 'ADD');
INSERT INTO `business_parking_area_attr` VALUES ('202021033035021526', '112021033060660133', '102021033038400132', '2021031851920041', '6185-17861', 'asdadasd', '2021-03-30 19:42:51', 'DEl');
INSERT INTO `business_parking_area_attr` VALUES ('202021033035021526', '112021033060660133', '102021033038400132', '2021031851920041', '6185-17861', 'asdadasd', '2021-03-30 19:42:51', 'ADD');
INSERT INTO `business_parking_area_attr` VALUES ('202021033138122088', '112021033196310179', '102021033130110233', '2020123089350299', '6185-17861', '', '2021-03-31 16:12:29', 'ADD');
INSERT INTO `business_parking_area_attr` VALUES ('202021033136482384', '112021033120780202', '102021033149290323', '2021033121480162', '6185-17861', '', '2021-03-31 16:53:15', 'ADD');
INSERT INTO `business_parking_area_attr` VALUES ('202021040136332593', '112021040173050213', '102021040133220021', '2021033019490252', '6185-17861', '', '2021-04-01 13:29:01', 'ADD');
INSERT INTO `business_parking_area_attr` VALUES ('202021040889331481', '112021032653260076', '102021032659770191', '2021031851920041', '6185-17861', '111', '2021-04-08 11:12:11', 'DEl');
INSERT INTO `business_parking_area_attr` VALUES ('202021040889331481', '112021032653260076', '102021032659770191', '2021031851920041', '6185-17861', '111', '2021-04-08 11:12:11', 'ADD');
INSERT INTO `business_parking_area_attr` VALUES ('202021041509944510', '112021041543760051', '102021041523890428', '2021031851920041', '6185-17861', '3243233', '2021-04-15 10:10:25', 'ADD');
INSERT INTO `business_parking_area_attr` VALUES ('202021041682904818', '112021041543760051', '102021041523890428', '2021031851920041', '6185-17861', '3243233', '2021-04-16 08:46:06', 'DEl');
INSERT INTO `business_parking_area_attr` VALUES ('202021041682904818', '112021041543760051', '102021041523890428', '2021031851920041', '6185-17861', '3243233', '2021-04-16 08:46:06', 'ADD');
INSERT INTO `business_parking_area_attr` VALUES ('202021042037415589', '112021042050680091', '102021042096890125', '2021042084880069', '6185-17861', '6666666', '2021-04-20 19:50:08', 'ADD');
INSERT INTO `business_parking_area_attr` VALUES ('202021042154205686', '112021042050680091', '102021042096890125', '2021042084880069', '6185-17861', '6666666', '2021-04-21 10:35:05', 'DEl');
INSERT INTO `business_parking_area_attr` VALUES ('202021042154205686', '112021042050680091', '102021042096890125', '2021042084880069', '6185-17861', '6666666', '2021-04-21 10:35:05', 'ADD');
INSERT INTO `business_parking_area_attr` VALUES ('202021042210070756', '112021042256370008', '102021042262440232', '7020181217000001', '6185-17861', '', '2021-04-22 12:03:06', 'ADD');
INSERT INTO `business_parking_area_attr` VALUES ('202021042686534329', '112021042693430104', '102021042654360572', '7020181217000001', '6185-17861', '', '2021-04-26 01:04:26', 'ADD');
INSERT INTO `business_parking_area_attr` VALUES ('202021042614734726', '112021042626410136', '102021042647210132', '7020181217000001', '6185-17861', '1111111', '2021-04-26 14:23:35', 'ADD');
INSERT INTO `business_parking_area_attr` VALUES ('202021042655005124', '112021042692690168', '102021042683890315', '2021042681080178', '6185-17861', '', '2021-04-26 16:58:49', 'ADD');
INSERT INTO `business_parking_area_attr` VALUES ('202021042670735192', '112021042626410136', '102021042647210132', '7020181217000001', '6185-17861', '1111111', '2021-04-26 18:17:07', 'DEl');
INSERT INTO `business_parking_area_attr` VALUES ('202021042670735192', '112021042626410136', '102021042647210132', '7020181217000001', '6185-17861', '1111111', '2021-04-26 18:17:07', 'ADD');
INSERT INTO `business_parking_area_attr` VALUES ('202021042996733507', '112021042942740250', '102021042935560902', '7020181217000001', '6185-17861', '', '2021-04-29 16:45:18', 'ADD');
INSERT INTO `business_parking_area_attr` VALUES ('202021043068093980', '112021042942740250', '102021042935560902', '7020181217000001', '6185-17861', '', '2021-04-30 13:02:29', 'DEl');
INSERT INTO `business_parking_area_attr` VALUES ('202021043068093980', '112021042942740250', '102021042935560902', '7020181217000001', '6185-17861', '', '2021-04-30 13:02:29', 'ADD');
INSERT INTO `business_parking_area_attr` VALUES ('202021050516686683', '112021050537340022', '102021050516140312', '7020181217000001', '6185-17861', '', '2021-05-05 11:56:02', 'ADD');
INSERT INTO `business_parking_area_attr` VALUES ('202021050636388460', '112021050696270044', '102021050677240977', '7020181217000001', '6185-17861', 'asd', '2021-05-06 20:32:31', 'ADD');
INSERT INTO `business_parking_area_attr` VALUES ('2020210512675712479', '112021051200450128', '102021051223140325', '7020181217000001', '6185-17861', 'DEIJING', '2021-05-12 16:31:29', 'ADD');
INSERT INTO `business_parking_area_attr` VALUES ('202021051523150264', '112021051528020012', '102021051587950262', '7020181217000001', '6185-17861', '11', '2021-05-15 15:05:40', 'ADD');
INSERT INTO `business_parking_area_attr` VALUES ('202021051728251749', '112021051528020012', '102021051587950262', '7020181217000001', '6185-17861', '11', '2021-05-17 19:41:52', 'DEl');
INSERT INTO `business_parking_area_attr` VALUES ('202021051728251749', '112021051528020012', '102021051587950262', '7020181217000001', '6185-17861', '11', '2021-05-17 19:41:52', 'ADD');
INSERT INTO `business_parking_area_attr` VALUES ('202021051830842067', '112021051832750023', '102021051860330163', '2021031688280334', '6185-17861', '', '2021-05-18 15:06:06', 'ADD');
INSERT INTO `business_parking_area_attr` VALUES ('202021052074252900', '112021052051420070', '102021052028280086', '2021031688280334', '6185-17861', '', '2021-05-20 13:52:41', 'ADD');
INSERT INTO `business_parking_area_attr` VALUES ('202021052035003076', '112021052000660073', '102021052099040195', '2021051856460081', '6185-17861', '', '2021-05-20 19:53:28', 'ADD');
INSERT INTO `business_parking_area_attr` VALUES ('202021052489736262', '112021052482160094', '102021052497840363', '7020181217000001', '6185-17861', '', '2021-05-24 16:41:53', 'ADD');
INSERT INTO `business_parking_area_attr` VALUES ('202021052586217602', '112021052552600016', '102021052568680332', '2021052456890406', '6185-17861', '', '2021-05-25 21:12:25', 'ADD');
INSERT INTO `business_parking_area_attr` VALUES ('202021052597587605', '112021052545370017', '102021052519320333', '2021052456890406', '6185-17861', '', '2021-05-25 21:12:37', 'ADD');
INSERT INTO `business_parking_area_attr` VALUES ('202021052595047608', '112021052523060018', '102021052598130334', '2021052456890406', '6185-17861', '', '2021-05-25 21:12:49', 'ADD');
INSERT INTO `business_parking_area_attr` VALUES ('202021052503047611', '112021052530580019', '102021052528120335', '2021052456890406', '6185-17861', '', '2021-05-25 21:13:01', 'ADD');
INSERT INTO `business_parking_area_attr` VALUES ('202021052636578461', '112021052482160094', '102021052497840363', '7020181217000001', '6185-17861', '', '2021-05-26 21:46:28', 'DEl');
INSERT INTO `business_parking_area_attr` VALUES ('202021052636578461', '112021052482160094', '102021052497840363', '7020181217000001', '6185-17861', '', '2021-05-26 21:46:28', 'ADD');
INSERT INTO `business_parking_area_attr` VALUES ('202021052678648464', '112021052642690039', '102021052678730711', '7020181217000001', '6185-17861', '', '2021-05-26 21:46:45', 'ADD');
INSERT INTO `business_parking_area_attr` VALUES ('202021052644508467', '112021052642690039', '102021052678730711', '7020181217000001', '6185-17861', '', '2021-05-26 21:47:00', 'DEl');
INSERT INTO `business_parking_area_attr` VALUES ('202021052644508467', '112021052642690039', '102021052678730711', '7020181217000001', '6185-17861', '', '2021-05-26 21:47:00', 'ADD');
INSERT INTO `business_parking_area_attr` VALUES ('202021052678698507', '112021052642690039', '102021052678730711', '7020181217000001', '6185-17861', '', '2021-05-26 21:52:34', 'DEl');
INSERT INTO `business_parking_area_attr` VALUES ('202021052678698507', '112021052642690039', '102021052678730711', '7020181217000001', '6185-17861', '', '2021-05-26 21:52:34', 'ADD');
INSERT INTO `business_parking_area_attr` VALUES ('2020210531075911521', '112021052482160094', '102021052497840363', '7020181217000001', '6185-17861', '', '2021-05-31 11:44:18', 'DEl');
INSERT INTO `business_parking_area_attr` VALUES ('2020210531075911521', '112021052482160094', '102021052497840363', '7020181217000001', '6185-17861', '', '2021-05-31 11:44:18', 'ADD');

-- ----------------------------
-- Table structure for business_parking_space
-- ----------------------------
CREATE TABLE `business_parking_space` (
  `ps_id` varchar(30) NOT NULL COMMENT '车位ID',
  `b_id` varchar(30) NOT NULL COMMENT '业务Id',
  `community_id` varchar(30) NOT NULL COMMENT '小区ID',
  `num` varchar(12) NOT NULL COMMENT '车位编号',
  `pa_id` varchar(30) NOT NULL COMMENT '停车场ID',
  `state` varchar(4) NOT NULL COMMENT '车位状态 出售 S，出租 H ，空闲 F',
  `area` decimal(7,2) NOT NULL COMMENT '车位面积',
  `remark` varchar(300) DEFAULT NULL COMMENT '备注',
  `create_time` timestamp NOT NULL DEFAULT CURRENT_TIMESTAMP COMMENT '创建时间',
  `operate` varchar(4) NOT NULL COMMENT '数据状态，添加ADD，修改MOD 删除DEL',
  `parking_type` varchar(3) NOT NULL DEFAULT '1' COMMENT '1：普通车位  2：子母车位  3：豪华车位'
) ENGINE=InnoDB DEFAULT CHARSET=utf8;

-- ----------------------------
-- Records of business_parking_space
-- ----------------------------

-- ----------------------------
-- Table structure for business_parking_space_attr
-- ----------------------------
CREATE TABLE `business_parking_space_attr` (
  `b_id` varchar(30) NOT NULL COMMENT '订单ID',
  `attr_id` varchar(30) NOT NULL COMMENT '属性id',
  `ps_id` varchar(30) NOT NULL COMMENT '车位ID',
  `community_id` varchar(30) NOT NULL COMMENT '小区ID',
  `spec_cd` varchar(12) NOT NULL COMMENT '规格id,参考spec表',
  `value` varchar(50) NOT NULL COMMENT '属性值',
  `create_time` timestamp NOT NULL DEFAULT CURRENT_TIMESTAMP COMMENT '创建时间',
  `operate` varchar(3) NOT NULL COMMENT '数据状态，添加ADD，修改MOD 删除DEL',
  PRIMARY KEY (`attr_id`)
) ENGINE=InnoDB DEFAULT CHARSET=utf8;

-- ----------------------------
-- Records of business_parking_space_attr
-- ----------------------------

-- ----------------------------
-- Table structure for business_pay_fee
-- ----------------------------
CREATE TABLE `business_pay_fee` (
  `fee_id` varchar(30) NOT NULL COMMENT '费用ID',
  `b_id` varchar(30) NOT NULL COMMENT '业务Id',
  `fee_type_cd` varchar(12) NOT NULL COMMENT '费用类型，物业费，停车费',
  `community_id` varchar(30) NOT NULL COMMENT '小区ID',
  `payer_obj_id` varchar(30) NOT NULL COMMENT '付款方ID',
  `income_obj_id` varchar(30) NOT NULL COMMENT '收款方ID',
  `start_time` datetime NOT NULL COMMENT '开始时间',
  `end_time` datetime NOT NULL COMMENT '结束时间',
  `amount` decimal(10,2) NOT NULL DEFAULT '-1.00' COMMENT '总金额，如物业费，停车费等没有总金额的，填写为-1.00',
  `user_id` varchar(30) NOT NULL COMMENT '创建用户ID',
  `create_time` timestamp NOT NULL DEFAULT CURRENT_TIMESTAMP COMMENT '创建时间',
  `operate` varchar(4) NOT NULL COMMENT '数据状态，添加ADD，修改MOD 删除DEL',
  `fee_flag` varchar(12) NOT NULL DEFAULT '1003006' COMMENT '费用标识 1003006 为周期性费用 2006012 为一次性费用',
  `state` varchar(12) NOT NULL DEFAULT '2008001' COMMENT '状态 2007001收费未开始 2008001 收费中状态 2009001 收费结束',
  `config_id` varchar(30) NOT NULL DEFAULT '-1' COMMENT '费用项ID',
  `payer_obj_type` varchar(12) NOT NULL DEFAULT '3333' COMMENT '付费对象类型 3333 房屋 6666 是车位',
  KEY `idx_bpf_fee_id` (`fee_id`) USING BTREE,
  KEY `idx_bpf_b_id` (`b_id`) USING BTREE,
  KEY `idx_pf_fee_id` (`fee_id`) USING BTREE,
  KEY `idx_pf_b_id` (`b_id`) USING BTREE
) ENGINE=InnoDB DEFAULT CHARSET=utf8;

-- ----------------------------
-- Records of business_pay_fee
-- ----------------------------

-- ----------------------------
-- Table structure for business_pay_fee_attrs
-- ----------------------------
CREATE TABLE `business_pay_fee_attrs` (
  `fee_id` varchar(30) NOT NULL COMMENT '费用ID',
  `b_id` varchar(30) NOT NULL COMMENT '业务Id',
  `community_id` varchar(30) NOT NULL COMMENT '小区ID',
  `attr_id` varchar(30) NOT NULL COMMENT '属性id',
  `spec_cd` varchar(12) NOT NULL COMMENT '规格id,参考spec表',
  `value` varchar(500) NOT NULL COMMENT '属性值',
  `operate` varchar(4) NOT NULL COMMENT '数据状态，添加ADD，修改MOD 删除DEL',
  KEY `idx_bpfa_fee_id` (`fee_id`) USING BTREE,
  KEY `idx_bpfa_b_id` (`b_id`) USING BTREE,
  KEY `idx_pfa_fee_id` (`fee_id`) USING BTREE,
  KEY `idx_pfa_b_id` (`b_id`) USING BTREE,
  KEY `idx_bma_b_id` (`b_id`) USING BTREE
) ENGINE=InnoDB DEFAULT CHARSET=utf8;

-- ----------------------------
-- Records of business_pay_fee_attrs
-- ----------------------------
INSERT INTO `business_pay_fee_attrs` VALUES ('902020070111090002', '202020070110446196', '7020181217000001', '112020070157130424', '390001', '822020070141190001', 'ADD');
INSERT INTO `business_pay_fee_attrs` VALUES ('902020070189920002', '202020070113746281', '7020181217000001', '112020070158720431', '390001', '822020070107780001', 'ADD');
INSERT INTO `business_pay_fee_attrs` VALUES ('902020071830990107', '202020071867682006', '702020071843450072', '112020071851320249', '390001', '822020071872130106', 'ADD');
INSERT INTO `business_pay_fee_attrs` VALUES ('902020080282580032', '202020080249350112', '7020181217000001', '112020080271810005', '390001', '822020080222190031', 'ADD');
INSERT INTO `business_pay_fee_attrs` VALUES ('902020101390930223', '202020101329103389', '702020101257710838', '112020101395700048', '390001', '822020101317420214', 'ADD');
INSERT INTO `business_pay_fee_attrs` VALUES ('902020101354150002', '202020101359053817', '7020181217000001', '112020101344720109', '390006', '77.69', 'ADD');
INSERT INTO `business_pay_fee_attrs` VALUES ('902020101301380010', '202020101381953828', '7020181217000001', '112020101380560120', '390006', '10', 'ADD');
INSERT INTO `business_pay_fee_attrs` VALUES ('902020101456610194', '202020101451944003', '7020181217000001', '112020101449470130', '390006', '100.00', 'ADD');
INSERT INTO `business_pay_fee_attrs` VALUES ('902020101435400197', '202020101430254010', '7020181217000001', '112020101416420135', '390006', '100.00', 'ADD');
INSERT INTO `business_pay_fee_attrs` VALUES ('902020101425230316', '202020101406814140', '7020181217000001', '112020101403420002', '390006', '153.85', 'ADD');
INSERT INTO `business_pay_fee_attrs` VALUES ('902020101437290335', '202020101483014192', '7020181217000001', '112020101409320030', '390006', '76.92', 'ADD');
INSERT INTO `business_pay_fee_attrs` VALUES ('902020102049930951', '202020102076066623', '7020181217000001', '112020102016560419', '390006', '15.38', 'ADD');
INSERT INTO `business_pay_fee_attrs` VALUES ('902020102644530640', '202020102657240861', '7020181217000001', '112020102678390266', '390006', '384.62', 'ADD');
INSERT INTO `business_pay_fee_attrs` VALUES ('902020102696560796', '202020102687841183', '7020181217000001', '112020102696440326', '390006', '76.92', 'ADD');
INSERT INTO `business_pay_fee_attrs` VALUES ('902020103138910071', '202020103168964413', '702020103191660031', '112020103143050775', '390006', '10', 'ADD');
INSERT INTO `business_pay_fee_attrs` VALUES ('902020110364210725', '202020110361495576', '7020181217000001', '112020110352141422', '390006', '0.77', 'ADD');
INSERT INTO `business_pay_fee_attrs` VALUES ('902020111141080019', '2020201111349810856', '7020181217000001', '112020111159310165', '390006', '25.38', 'ADD');
INSERT INTO `business_pay_fee_attrs` VALUES ('902020111647010112', '2020201116829515852', '7020181217000001', '112020111605620040', '390006', '9.23', 'ADD');
INSERT INTO `business_pay_fee_attrs` VALUES ('902020111705360279', '2020201117730716576', '7020181217000001', '112020111783250168', '390006', '76.92', 'ADD');
INSERT INTO `business_pay_fee_attrs` VALUES ('902020111754980284', '2020201117883716589', '7020181217000001', '112020111703080171', '390006', '384.62', 'ADD');
INSERT INTO `business_pay_fee_attrs` VALUES ('902020111837100494', '2020201118742917093', '7020181217000001', '112020111871570358', '390006', '10', 'ADD');
INSERT INTO `business_pay_fee_attrs` VALUES ('902020112397002345', '2020201123627319769', '7020181217000001', '112020112395540051', '390006', '7.69', 'ADD');
INSERT INTO `business_pay_fee_attrs` VALUES ('902020112354662619', '2020201123028520373', '7020181217000001', '112020112358750127', '390006', '90', 'ADD');
INSERT INTO `business_pay_fee_attrs` VALUES ('902020112436270042', '2020201124886820637', '7020181217000001', '112020112494880003', '390006', '7.69', 'ADD');
INSERT INTO `business_pay_fee_attrs` VALUES ('902020112876760143', '2020201128596524244', '7020181217000001', '112020112828130325', '390006', '37.00', 'ADD');
INSERT INTO `business_pay_fee_attrs` VALUES ('902020120202570174', '2020201202375027760', '7020181217000001', '112020120282884330', '390006', '1538.46', 'ADD');
INSERT INTO `business_pay_fee_attrs` VALUES ('902020120285950362', '2020201202631028174', '7020181217000001', '112020120242754397', '390001', '822020120237670361', 'ADD');
INSERT INTO `business_pay_fee_attrs` VALUES ('902020121454720407', '202020121487200457', '7020181217000001', '112020121487070026', '390006', '400.00', 'ADD');
INSERT INTO `business_pay_fee_attrs` VALUES ('902020121400550413', '202020121495780473', '7020181217000001', '112020121471670082', '390006', '40.00', 'ADD');
INSERT INTO `business_pay_fee_attrs` VALUES ('902020121572460035', '202020121565091374', '2020120964250485', '112020121530400049', '390006', '200.00', 'ADD');
INSERT INTO `business_pay_fee_attrs` VALUES ('902020121576710084', '202020121503361649', '2020120964250485', '112020121538780290', '390006', '24.00', 'ADD');
INSERT INTO `business_pay_fee_attrs` VALUES ('902020121575990013', '202020121548041809', '2020120964250485', '112020121542490045', '390006', '80.00', 'ADD');
INSERT INTO `business_pay_fee_attrs` VALUES ('902020121541340014', '202020121564641815', '2020120964250485', '112020121540330047', '390006', '200.00', 'ADD');
INSERT INTO `business_pay_fee_attrs` VALUES ('902020121722520014', '202020121795253224', '7020181217000001', '112020121757600424', '390006', '25.60', 'ADD');
INSERT INTO `business_pay_fee_attrs` VALUES ('902020122195630477', '202020122165221267', '2020120964250485', '112020122185170137', '390006', '44444.40', 'ADD');
INSERT INTO `business_pay_fee_attrs` VALUES ('902020122350620321', '202020122393770689', '7020181217000001', '112020122393180211', '390006', '84.62', 'ADD');
INSERT INTO `business_pay_fee_attrs` VALUES ('902020122343960339', '202020122351680725', '7020181217000001', '112020122351990219', '390006', '85.38', 'ADD');
INSERT INTO `business_pay_fee_attrs` VALUES ('902020122331170505', '202020122323751007', '7020181217000001', '112020122337860231', '390006', '84.62', 'ADD');
INSERT INTO `business_pay_fee_attrs` VALUES ('902020122572670256', '202020122594022274', '7020181217000001', '112020122513280342', '390006', '76.92', 'ADD');
INSERT INTO `business_pay_fee_attrs` VALUES ('902020123054660744', '202020123046265358', '7020181217000001', '112020123091540098', '390001', '822020122395910354', 'ADD');
INSERT INTO `business_pay_fee_attrs` VALUES ('902021010321680032', '202021010318901040', '2020122471920846', '112021010346280247', '390006', '3.0', 'ADD');
INSERT INTO `business_pay_fee_attrs` VALUES ('902021010489940569', '202021010443271799', '7020181217000001', '112021010476700277', '390006', '50', 'ADD');
INSERT INTO `business_pay_fee_attrs` VALUES ('902021011232520041', '202021011286821755', '2020121527920100', '112021011249340025', '390006', '18.18', 'ADD');
INSERT INTO `business_pay_fee_attrs` VALUES ('902021011272360054', '202021011214311772', '2020121527920100', '112021011249420027', '390006', '18.18', 'ADD');
INSERT INTO `business_pay_fee_attrs` VALUES ('902021011288630009', '202021011248651931', '2020121527920100', '112021011201840145', '390006', '18.00', 'ADD');
INSERT INTO `business_pay_fee_attrs` VALUES ('902021011394230001', '202021011347086135', '7020181217000001', '112021011309320012', '390007', '772020112338742487', 'ADD');
INSERT INTO `business_pay_fee_attrs` VALUES ('902021011394230001', '202021011383216136', '7020181217000001', '112021011330410013', '390009', '19977777744', 'ADD');
INSERT INTO `business_pay_fee_attrs` VALUES ('902021011394230001', '202021011314726137', '7020181217000001', '112021011319890014', '390008', '刘栋', 'ADD');
INSERT INTO `business_pay_fee_attrs` VALUES ('902021011320430002', '202021011318436139', '7020181217000001', '112021011375080015', '390007', '772020120826310155', 'ADD');
INSERT INTO `business_pay_fee_attrs` VALUES ('902021011320430002', '202021011330366140', '7020181217000001', '112021011338170016', '390009', '18811120172', 'ADD');
INSERT INTO `business_pay_fee_attrs` VALUES ('902021011320430002', '202021011340096141', '7020181217000001', '112021011375620017', '390008', 'chen', 'ADD');
INSERT INTO `business_pay_fee_attrs` VALUES ('902021011352140003', '202021011374216143', '7020181217000001', '112021011326580018', '390007', '772020120883830433', 'ADD');
INSERT INTO `business_pay_fee_attrs` VALUES ('902021011352140003', '202021011376696144', '7020181217000001', '112021011357120019', '390009', '18905071111', 'ADD');
INSERT INTO `business_pay_fee_attrs` VALUES ('902021011352140003', '202021011331196145', '7020181217000001', '112021011346530020', '390008', '2寇敬', 'ADD');
INSERT INTO `business_pay_fee_attrs` VALUES ('902021011368430004', '202021011315426147', '7020181217000001', '112021011323070021', '390007', '772020120396610854', 'ADD');
INSERT INTO `business_pay_fee_attrs` VALUES ('902021011368430004', '202021011350596148', '7020181217000001', '112021011355730022', '390009', '13712345678', 'ADD');
INSERT INTO `business_pay_fee_attrs` VALUES ('902021011368430004', '202021011326586149', '7020181217000001', '112021011353590023', '390008', 'test', 'ADD');
INSERT INTO `business_pay_fee_attrs` VALUES ('902021011382260005', '202021011384776151', '7020181217000001', '112021011382760024', '390007', '772020120735690205', 'ADD');
INSERT INTO `business_pay_fee_attrs` VALUES ('902021011382260005', '202021011352006152', '7020181217000001', '112021011331600025', '390009', '18911544225', 'ADD');
INSERT INTO `business_pay_fee_attrs` VALUES ('902021011382260005', '202021011398046153', '7020181217000001', '112021011321220026', '390008', '蔡万成', 'ADD');
INSERT INTO `business_pay_fee_attrs` VALUES ('902021011341420006', '202021011368246155', '7020181217000001', '112021011398980027', '390007', '772020113085750274', 'ADD');
INSERT INTO `business_pay_fee_attrs` VALUES ('902021011341420006', '202021011346676156', '7020181217000001', '112021011373960028', '390009', '18580865040', 'ADD');
INSERT INTO `business_pay_fee_attrs` VALUES ('902021011341420006', '202021011376356157', '7020181217000001', '112021011377730029', '390008', '11', 'ADD');
INSERT INTO `business_pay_fee_attrs` VALUES ('902021011377290007', '202021011348986159', '7020181217000001', '112021011331170030', '390007', '772020120679330199', 'ADD');
INSERT INTO `business_pay_fee_attrs` VALUES ('902021011377290007', '202021011337896160', '7020181217000001', '112021011319890031', '390009', '13425855967', 'ADD');
INSERT INTO `business_pay_fee_attrs` VALUES ('902021011377290007', '202021011312886161', '7020181217000001', '112021011335650032', '390008', '韩国', 'ADD');
INSERT INTO `business_pay_fee_attrs` VALUES ('902021011337330008', '202021011343316163', '7020181217000001', '112021011372190033', '390007', '772020120980990067', 'ADD');
INSERT INTO `business_pay_fee_attrs` VALUES ('902021011337330008', '202021011368406164', '7020181217000001', '112021011370890034', '390009', '13687094569', 'ADD');
INSERT INTO `business_pay_fee_attrs` VALUES ('902021011337330008', '202021011378426165', '7020181217000001', '112021011329390035', '390008', '腾达窗帘', 'ADD');
INSERT INTO `business_pay_fee_attrs` VALUES ('902021011351050009', '202021011398586167', '7020181217000001', '112021011396280036', '390007', '772020120963720076', 'ADD');
INSERT INTO `business_pay_fee_attrs` VALUES ('902021011351050009', '202021011362766168', '7020181217000001', '112021011387860037', '390009', '18722081900', 'ADD');
INSERT INTO `business_pay_fee_attrs` VALUES ('902021011351050009', '202021011380726169', '7020181217000001', '112021011326220038', '390008', '京东母婴', 'ADD');
INSERT INTO `business_pay_fee_attrs` VALUES ('902021011320250010', '202021011360566171', '7020181217000001', '112021011392350039', '390007', '772020101749830288', 'ADD');
INSERT INTO `business_pay_fee_attrs` VALUES ('902021011320250010', '202021011359886172', '7020181217000001', '112021011374470040', '390009', '18999999999', 'ADD');
INSERT INTO `business_pay_fee_attrs` VALUES ('902021011320250010', '202021011334926173', '7020181217000001', '112021011315260041', '390008', '林先生', 'ADD');
INSERT INTO `business_pay_fee_attrs` VALUES ('902021011316860011', '202021011397796175', '7020181217000001', '112021011328400042', '390007', '772020042007020023', 'ADD');
INSERT INTO `business_pay_fee_attrs` VALUES ('902021011316860011', '202021011327366176', '7020181217000001', '112021011320980043', '390009', '18999999991', 'ADD');
INSERT INTO `business_pay_fee_attrs` VALUES ('902021011316860011', '202021011361836177', '7020181217000001', '112021011351520044', '390008', '张三1', 'ADD');
INSERT INTO `business_pay_fee_attrs` VALUES ('902021011337500012', '202021011358736179', '7020181217000001', '112021011389070045', '390007', '772020061743120002', 'ADD');
INSERT INTO `business_pay_fee_attrs` VALUES ('902021011337500012', '202021011369506180', '7020181217000001', '112021011301210046', '390009', '18999999992', 'ADD');
INSERT INTO `business_pay_fee_attrs` VALUES ('902021011337500012', '202021011373656181', '7020181217000001', '112021011314590047', '390008', '张三2', 'ADD');
INSERT INTO `business_pay_fee_attrs` VALUES ('902021011343740013', '202021011389636183', '7020181217000001', '112021011379830048', '390007', '772020042034260025', 'ADD');
INSERT INTO `business_pay_fee_attrs` VALUES ('902021011343740013', '202021011318936184', '7020181217000001', '112021011384200049', '390009', '18999999993', 'ADD');
INSERT INTO `business_pay_fee_attrs` VALUES ('902021011343740013', '202021011357096185', '7020181217000001', '112021011361810050', '390008', '张三3', 'ADD');
INSERT INTO `business_pay_fee_attrs` VALUES ('902021011307280014', '202021011388466187', '7020181217000001', '112021011358980051', '390007', '772020053194100009', 'ADD');
INSERT INTO `business_pay_fee_attrs` VALUES ('902021011307280014', '202021011346756188', '7020181217000001', '112021011344150052', '390009', '18909711443', 'ADD');
INSERT INTO `business_pay_fee_attrs` VALUES ('902021011307280014', '202021011374066189', '7020181217000001', '112021011330030053', '390008', 'test001', 'ADD');
INSERT INTO `business_pay_fee_attrs` VALUES ('902021011359500015', '202021011317976191', '7020181217000001', '112021011311080054', '390007', '772020101828680454', 'ADD');
INSERT INTO `business_pay_fee_attrs` VALUES ('902021011359500015', '202021011383716192', '7020181217000001', '112021011380740055', '390009', '15880913670', 'ADD');
INSERT INTO `business_pay_fee_attrs` VALUES ('902021011359500015', '202021011382956193', '7020181217000001', '112021011310160056', '390008', 'hai', 'ADD');
INSERT INTO `business_pay_fee_attrs` VALUES ('902021011335380016', '202021011380326195', '7020181217000001', '112021011392210057', '390007', '772020100835380396', 'ADD');
INSERT INTO `business_pay_fee_attrs` VALUES ('902021011335380016', '202021011378046196', '7020181217000001', '112021011350300058', '390009', '13691571710', 'ADD');
INSERT INTO `business_pay_fee_attrs` VALUES ('902021011335380016', '202021011344026197', '7020181217000001', '112021011390990059', '390008', 'rocky', 'ADD');
INSERT INTO `business_pay_fee_attrs` VALUES ('902021011310170017', '202021011366686199', '7020181217000001', '112021011328850060', '390007', '772020120971100077', 'ADD');
INSERT INTO `business_pay_fee_attrs` VALUES ('902021011310170017', '202021011337406200', '7020181217000001', '112021011310600061', '390009', '13699517582', 'ADD');
INSERT INTO `business_pay_fee_attrs` VALUES ('902021011310170017', '202021011300486201', '7020181217000001', '112021011365320062', '390008', '五谷渔粉', 'ADD');
INSERT INTO `business_pay_fee_attrs` VALUES ('902021011340380018', '202021011330036203', '7020181217000001', '112021011306570063', '390007', '772020120902820560', 'ADD');
INSERT INTO `business_pay_fee_attrs` VALUES ('902021011340380018', '202021011384076204', '7020181217000001', '112021011305150064', '390009', '18512111870', 'ADD');
INSERT INTO `business_pay_fee_attrs` VALUES ('902021011340380018', '202021011345086205', '7020181217000001', '112021011300460065', '390008', '小熊', 'ADD');
INSERT INTO `business_pay_fee_attrs` VALUES ('902021011367860019', '202021011336616207', '7020181217000001', '112021011329090066', '390007', '772020120920260068', 'ADD');
INSERT INTO `business_pay_fee_attrs` VALUES ('902021011367860019', '202021011308266208', '7020181217000001', '112021011387300067', '390009', '13657091256', 'ADD');
INSERT INTO `business_pay_fee_attrs` VALUES ('902021011367860019', '202021011393796209', '7020181217000001', '112021011330840068', '390008', '飘飘香烧烤', 'ADD');
INSERT INTO `business_pay_fee_attrs` VALUES ('902021011341880020', '202021011303036211', '7020181217000001', '112021011328340069', '390007', '772020120900030069', 'ADD');
INSERT INTO `business_pay_fee_attrs` VALUES ('902021011341880020', '202021011334896212', '7020181217000001', '112021011389650070', '390009', '13576125090', 'ADD');
INSERT INTO `business_pay_fee_attrs` VALUES ('902021011341880020', '202021011302416213', '7020181217000001', '112021011363580071', '390008', '赣味烧烤', 'ADD');
INSERT INTO `business_pay_fee_attrs` VALUES ('902021011368150021', '202021011343486215', '7020181217000001', '112021011366840072', '390007', '772020120964260070', 'ADD');
INSERT INTO `business_pay_fee_attrs` VALUES ('902021011368150021', '202021011390506216', '7020181217000001', '112021011334150073', '390009', '13870062966', 'ADD');
INSERT INTO `business_pay_fee_attrs` VALUES ('902021011368150021', '202021011379376217', '7020181217000001', '112021011333160074', '390008', '国慧口腔', 'ADD');
INSERT INTO `business_pay_fee_attrs` VALUES ('902021011347240022', '202021011331016219', '7020181217000001', '112021011300910075', '390007', '772020120908420071', 'ADD');
INSERT INTO `business_pay_fee_attrs` VALUES ('902021011347240022', '202021011366656220', '7020181217000001', '112021011364090076', '390009', '15079188472', 'ADD');
INSERT INTO `business_pay_fee_attrs` VALUES ('902021011347240022', '202021011334686221', '7020181217000001', '112021011360330077', '390008', '抚州特色鲜汤', 'ADD');
INSERT INTO `business_pay_fee_attrs` VALUES ('902021011378280023', '202021011371666223', '7020181217000001', '112021011358940078', '390007', '772020120946710072', 'ADD');
INSERT INTO `business_pay_fee_attrs` VALUES ('902021011378280023', '202021011369796224', '7020181217000001', '112021011337490079', '390009', '13607060027', 'ADD');
INSERT INTO `business_pay_fee_attrs` VALUES ('902021011378280023', '202021011366086225', '7020181217000001', '112021011385450080', '390008', '老街烤鱼', 'ADD');
INSERT INTO `business_pay_fee_attrs` VALUES ('902021011329900024', '202021011326246227', '7020181217000001', '112021011391360081', '390007', '772020120956110073', 'ADD');
INSERT INTO `business_pay_fee_attrs` VALUES ('902021011329900024', '202021011349556228', '7020181217000001', '112021011386680082', '390009', '13607060027', 'ADD');
INSERT INTO `business_pay_fee_attrs` VALUES ('902021011329900024', '202021011362646229', '7020181217000001', '112021011356450083', '390008', '新疆穆乃外尔', 'ADD');
INSERT INTO `business_pay_fee_attrs` VALUES ('902021011301820025', '202021011383136231', '7020181217000001', '112021011314890084', '390007', '772020120977550074', 'ADD');
INSERT INTO `business_pay_fee_attrs` VALUES ('902021011301820025', '202021011344296232', '7020181217000001', '112021011360580085', '390009', '13870815521', 'ADD');
INSERT INTO `business_pay_fee_attrs` VALUES ('902021011301820025', '202021011333866233', '7020181217000001', '112021011340370086', '390008', '绝味', 'ADD');
INSERT INTO `business_pay_fee_attrs` VALUES ('902021011361380026', '202021011354396235', '7020181217000001', '112021011397460087', '390007', '772020120959450075', 'ADD');
INSERT INTO `business_pay_fee_attrs` VALUES ('902021011361380026', '202021011379796236', '7020181217000001', '112021011340910088', '390009', '15170030218', 'ADD');
INSERT INTO `business_pay_fee_attrs` VALUES ('902021011361380026', '202021011390306237', '7020181217000001', '112021011391800089', '390008', '将军奶茶', 'ADD');
INSERT INTO `business_pay_fee_attrs` VALUES ('902021011349310027', '202021011341006239', '7020181217000001', '112021011378730090', '390007', '772020102021781120', 'ADD');
INSERT INTO `business_pay_fee_attrs` VALUES ('902021011349310027', '202021011352936240', '7020181217000001', '112021011301030091', '390009', '13708201121', 'ADD');
INSERT INTO `business_pay_fee_attrs` VALUES ('902021011349310027', '202021011399506241', '7020181217000001', '112021011332700092', '390008', '陈胜东', 'ADD');
INSERT INTO `business_pay_fee_attrs` VALUES ('902021011303730028', '202021011366776243', '7020181217000001', '112021011352150093', '390007', '772020112645120062', 'ADD');
INSERT INTO `business_pay_fee_attrs` VALUES ('902021011303730028', '202021011324496244', '7020181217000001', '112021011310170094', '390009', '17854150819', 'ADD');
INSERT INTO `business_pay_fee_attrs` VALUES ('902021011303730028', '202021011305336245', '7020181217000001', '112021011387690095', '390008', '侯敏敏', 'ADD');
INSERT INTO `business_pay_fee_attrs` VALUES ('902021011386800029', '202021011363966247', '7020181217000001', '112021011360960096', '390007', '772020120467570140', 'ADD');
INSERT INTO `business_pay_fee_attrs` VALUES ('902021011386800029', '202021011329596248', '7020181217000001', '112021011327830097', '390009', '13322221111', 'ADD');
INSERT INTO `business_pay_fee_attrs` VALUES ('902021011386800029', '202021011358586249', '7020181217000001', '112021011320830098', '390008', 'zyx', 'ADD');
INSERT INTO `business_pay_fee_attrs` VALUES ('902021011324380030', '202021011370966251', '7020181217000001', '112021011328280099', '390007', '772020122752160735', 'ADD');
INSERT INTO `business_pay_fee_attrs` VALUES ('902021011324380030', '202021011366276252', '7020181217000001', '112021011301230100', '390009', '13987654321', 'ADD');
INSERT INTO `business_pay_fee_attrs` VALUES ('902021011324380030', '202021011335646253', '7020181217000001', '112021011364870101', '390008', '孙开心', 'ADD');
INSERT INTO `business_pay_fee_attrs` VALUES ('902021011324130031', '202021011342836255', '7020181217000001', '112021011302760102', '390007', '772020120919110078', 'ADD');
INSERT INTO `business_pay_fee_attrs` VALUES ('902021011324130031', '202021011369976256', '7020181217000001', '112021011360190103', '390009', '13755672078', 'ADD');
INSERT INTO `business_pay_fee_attrs` VALUES ('902021011324130031', '202021011377846257', '7020181217000001', '112021011377440104', '390008', '时代惠佳超市', 'ADD');
INSERT INTO `business_pay_fee_attrs` VALUES ('902021011362030032', '202021011346406259', '7020181217000001', '112021011361960105', '390007', '772020092793160971', 'ADD');
INSERT INTO `business_pay_fee_attrs` VALUES ('902021011362030032', '202021011336086260', '7020181217000001', '112021011313480106', '390009', '18909711234', 'ADD');
INSERT INTO `business_pay_fee_attrs` VALUES ('902021011362030032', '202021011332896261', '7020181217000001', '112021011303670107', '390008', '张灿', 'ADD');
INSERT INTO `business_pay_fee_attrs` VALUES ('902021011320270033', '202021011312676263', '7020181217000001', '112021011303830108', '390007', '772020091620450044', 'ADD');
INSERT INTO `business_pay_fee_attrs` VALUES ('902021011320270033', '202021011315376264', '7020181217000001', '112021011336240109', '390009', '13333333331', 'ADD');
INSERT INTO `business_pay_fee_attrs` VALUES ('902021011320270033', '202021011351356265', '7020181217000001', '112021011346990110', '390008', '王丽', 'ADD');
INSERT INTO `business_pay_fee_attrs` VALUES ('902021011308290034', '202021011362626267', '7020181217000001', '112021011385220111', '390007', '772020120919530080', 'ADD');
INSERT INTO `business_pay_fee_attrs` VALUES ('902021011308290034', '202021011320086268', '7020181217000001', '112021011349550112', '390009', '13870053157', 'ADD');
INSERT INTO `business_pay_fee_attrs` VALUES ('902021011308290034', '202021011308656269', '7020181217000001', '112021011363530113', '390008', '专业祛斑祛痘', 'ADD');
INSERT INTO `business_pay_fee_attrs` VALUES ('902021011339040035', '202021011383266271', '7020181217000001', '112021011310350114', '390007', '772020120997110081', 'ADD');
INSERT INTO `business_pay_fee_attrs` VALUES ('902021011339040035', '202021011397996272', '7020181217000001', '112021011354120115', '390009', '15070066908', 'ADD');
INSERT INTO `business_pay_fee_attrs` VALUES ('902021011339040035', '202021011303726273', '7020181217000001', '112021011359080116', '390008', '美天便利店', 'ADD');
INSERT INTO `business_pay_fee_attrs` VALUES ('902021011383650036', '202021011324496275', '7020181217000001', '112021011357460117', '390007', '772020120467570140', 'ADD');
INSERT INTO `business_pay_fee_attrs` VALUES ('902021011383650036', '202021011335946276', '7020181217000001', '112021011324930118', '390009', '13322221111', 'ADD');
INSERT INTO `business_pay_fee_attrs` VALUES ('902021011383650036', '202021011357216277', '7020181217000001', '112021011398360119', '390008', 'zyx', 'ADD');
INSERT INTO `business_pay_fee_attrs` VALUES ('902021011306790037', '202021011376066279', '7020181217000001', '112021011317630120', '390007', '772020042058700026', 'ADD');
INSERT INTO `business_pay_fee_attrs` VALUES ('902021011306790037', '202021011365306280', '7020181217000001', '112021011342880121', '390009', '18999999994', 'ADD');
INSERT INTO `business_pay_fee_attrs` VALUES ('902021011306790037', '202021011397876281', '7020181217000001', '112021011354390122', '390008', '张三4', 'ADD');
INSERT INTO `business_pay_fee_attrs` VALUES ('902021011385990038', '202021011328606283', '7020181217000001', '112021011363560123', '390007', '772020120558660005', 'ADD');
INSERT INTO `business_pay_fee_attrs` VALUES ('902021011385990038', '202021011312186284', '7020181217000001', '112021011384660124', '390009', '13123232323', 'ADD');
INSERT INTO `business_pay_fee_attrs` VALUES ('902021011385990038', '202021011314796285', '7020181217000001', '112021011355570125', '390008', '12121', 'ADD');
INSERT INTO `business_pay_fee_attrs` VALUES ('902021011309540039', '202021011399326287', '7020181217000001', '112021011342190126', '390007', '772020120679330199', 'ADD');
INSERT INTO `business_pay_fee_attrs` VALUES ('902021011309540039', '202021011315936288', '7020181217000001', '112021011346160127', '390009', '13425855967', 'ADD');
INSERT INTO `business_pay_fee_attrs` VALUES ('902021011309540039', '202021011377806289', '7020181217000001', '112021011320650128', '390008', '韩国', 'ADD');
INSERT INTO `business_pay_fee_attrs` VALUES ('902021011370090040', '202021011370246291', '7020181217000001', '112021011321580129', '390007', '772020120510730402', 'ADD');
INSERT INTO `business_pay_fee_attrs` VALUES ('902021011370090040', '202021011328686292', '7020181217000001', '112021011312260130', '390009', '13212345678', 'ADD');
INSERT INTO `business_pay_fee_attrs` VALUES ('902021011370090040', '202021011325436293', '7020181217000001', '112021011351100131', '390008', '1205test', 'ADD');
INSERT INTO `business_pay_fee_attrs` VALUES ('902021011310210041', '202021011313986295', '7020181217000001', '112021011327190132', '390007', '772020111903521337', 'ADD');
INSERT INTO `business_pay_fee_attrs` VALUES ('902021011310210041', '202021011332246296', '7020181217000001', '112021011369600133', '390009', '13355552222', 'ADD');
INSERT INTO `business_pay_fee_attrs` VALUES ('902021011310210041', '202021011353256297', '7020181217000001', '112021011387890134', '390008', 'lll', 'ADD');
INSERT INTO `business_pay_fee_attrs` VALUES ('902021011328960042', '202021011322036299', '7020181217000001', '112021011314120135', '390007', '772020112338742487', 'ADD');
INSERT INTO `business_pay_fee_attrs` VALUES ('902021011328960042', '202021011307426300', '7020181217000001', '112021011386640136', '390009', '19977777744', 'ADD');
INSERT INTO `business_pay_fee_attrs` VALUES ('902021011328960042', '202021011337886301', '7020181217000001', '112021011332900137', '390008', '刘栋', 'ADD');
INSERT INTO `business_pay_fee_attrs` VALUES ('902021011331930043', '202021011377016303', '7020181217000001', '112021011312180138', '390007', '772020112473160100', 'ADD');
INSERT INTO `business_pay_fee_attrs` VALUES ('902021011331930043', '202021011382336304', '7020181217000001', '112021011345520139', '390009', '15846254961', 'ADD');
INSERT INTO `business_pay_fee_attrs` VALUES ('902021011331930043', '202021011329576305', '7020181217000001', '112021011369330140', '390008', '11', 'ADD');
INSERT INTO `business_pay_fee_attrs` VALUES ('902021011386030044', '202021011387976307', '7020181217000001', '112021011363990141', '390007', '772020112435570066', 'ADD');
INSERT INTO `business_pay_fee_attrs` VALUES ('902021011386030044', '202021011399056308', '7020181217000001', '112021011340160142', '390009', '13599999999', 'ADD');
INSERT INTO `business_pay_fee_attrs` VALUES ('902021011386030044', '202021011367616309', '7020181217000001', '112021011304380143', '390008', 'qw', 'ADD');
INSERT INTO `business_pay_fee_attrs` VALUES ('902021011318960045', '202021011392766311', '7020181217000001', '112021011371620144', '390007', '772020120467570140', 'ADD');
INSERT INTO `business_pay_fee_attrs` VALUES ('902021011318960045', '202021011332296312', '7020181217000001', '112021011310390145', '390009', '13322221111', 'ADD');
INSERT INTO `business_pay_fee_attrs` VALUES ('902021011318960045', '202021011312306313', '7020181217000001', '112021011364530146', '390008', 'zyx', 'ADD');
INSERT INTO `business_pay_fee_attrs` VALUES ('902021011392440046', '202021011395856315', '7020181217000001', '112021011391190147', '390007', '772020112575000784', 'ADD');
INSERT INTO `business_pay_fee_attrs` VALUES ('902021011392440046', '202021011366916316', '7020181217000001', '112021011300000148', '390009', '15999010101', 'ADD');
INSERT INTO `business_pay_fee_attrs` VALUES ('902021011392440046', '202021011304146317', '7020181217000001', '112021011380620149', '390008', '张明', 'ADD');
INSERT INTO `business_pay_fee_attrs` VALUES ('902021011305150047', '202021011378906319', '7020181217000001', '112021011342620150', '390007', '772020110319910961', 'ADD');
INSERT INTO `business_pay_fee_attrs` VALUES ('902021011305150047', '202021011302546320', '7020181217000001', '112021011376440151', '390009', '13213200001', 'ADD');
INSERT INTO `business_pay_fee_attrs` VALUES ('902021011305150047', '202021011326316321', '7020181217000001', '112021011333150152', '390008', '李文文', 'ADD');
INSERT INTO `business_pay_fee_attrs` VALUES ('902021011310770048', '202021011388056323', '7020181217000001', '112021011355660153', '390007', '772020110411511274', 'ADD');
INSERT INTO `business_pay_fee_attrs` VALUES ('902021011310770048', '202021011312766324', '7020181217000001', '112021011360600154', '390009', '18350735382', 'ADD');
INSERT INTO `business_pay_fee_attrs` VALUES ('902021011310770048', '202021011399126325', '7020181217000001', '112021011332280155', '390008', 'chen', 'ADD');
INSERT INTO `business_pay_fee_attrs` VALUES ('902021011323580049', '202021011307096327', '7020181217000001', '112021011331930156', '390007', '772020091450320038', 'ADD');
INSERT INTO `business_pay_fee_attrs` VALUES ('902021011323580049', '202021011389276328', '7020181217000001', '112021011337880157', '390009', '13461674412', 'ADD');
INSERT INTO `business_pay_fee_attrs` VALUES ('902021011323580049', '202021011355526329', '7020181217000001', '112021011358720158', '390008', '张三', 'ADD');
INSERT INTO `business_pay_fee_attrs` VALUES ('902021011366670050', '202021011304456331', '7020181217000001', '112021011371480159', '390007', '772020121837320250', 'ADD');
INSERT INTO `business_pay_fee_attrs` VALUES ('902021011366670050', '202021011320996332', '7020181217000001', '112021011342150160', '390009', '13834872025', 'ADD');
INSERT INTO `business_pay_fee_attrs` VALUES ('902021011366670050', '202021011397006333', '7020181217000001', '112021011339100161', '390008', '维修信息', 'ADD');
INSERT INTO `business_pay_fee_attrs` VALUES ('902021011372070051', '202021011380766335', '7020181217000001', '112021011375380162', '390007', '772020120970960083', 'ADD');
INSERT INTO `business_pay_fee_attrs` VALUES ('902021011372070051', '202021011380346336', '7020181217000001', '112021011337390163', '390009', '18179155298', 'ADD');
INSERT INTO `business_pay_fee_attrs` VALUES ('902021011372070051', '202021011360496337', '7020181217000001', '112021011336840164', '390008', '中国电信', 'ADD');
INSERT INTO `business_pay_fee_attrs` VALUES ('902021011355000052', '202021011327636339', '7020181217000001', '112021011372100165', '390007', '772020092881930102', 'ADD');
INSERT INTO `business_pay_fee_attrs` VALUES ('902021011355000052', '202021011368776340', '7020181217000001', '112021011321470166', '390009', '15687900134', 'ADD');
INSERT INTO `business_pay_fee_attrs` VALUES ('902021011355000052', '202021011378776341', '7020181217000001', '112021011383650167', '390008', '小王', 'ADD');
INSERT INTO `business_pay_fee_attrs` VALUES ('902021011350430053', '202021011340916343', '7020181217000001', '112021011385620168', '390007', '772020120943780082', 'ADD');
INSERT INTO `business_pay_fee_attrs` VALUES ('902021011350430053', '202021011350916344', '7020181217000001', '112021011332370169', '390009', '15979027256', 'ADD');
INSERT INTO `business_pay_fee_attrs` VALUES ('902021011350430053', '202021011385076345', '7020181217000001', '112021011323700170', '390008', '育才幼儿园', 'ADD');
INSERT INTO `business_pay_fee_attrs` VALUES ('902021011328780054', '202021011306346347', '7020181217000001', '112021011327450171', '390007', '772020120991690092', 'ADD');
INSERT INTO `business_pay_fee_attrs` VALUES ('902021011328780054', '202021011334656348', '7020181217000001', '112021011305380172', '390009', '15079000765', 'ADD');
INSERT INTO `business_pay_fee_attrs` VALUES ('902021011328780054', '202021011374266349', '7020181217000001', '112021011300380173', '390008', '乐贝儿', 'ADD');
INSERT INTO `business_pay_fee_attrs` VALUES ('902021011338940055', '202021011354626351', '7020181217000001', '112021011367090174', '390007', '772020120924560093', 'ADD');
INSERT INTO `business_pay_fee_attrs` VALUES ('902021011338940055', '202021011314636352', '7020181217000001', '112021011394280175', '390009', '13803531122', 'ADD');
INSERT INTO `business_pay_fee_attrs` VALUES ('902021011338940055', '202021011350876353', '7020181217000001', '112021011370870176', '390008', '老周修电动车', 'ADD');
INSERT INTO `business_pay_fee_attrs` VALUES ('902021011389440056', '202021011371436355', '7020181217000001', '112021011327830177', '390007', '772020120921860094', 'ADD');
INSERT INTO `business_pay_fee_attrs` VALUES ('902021011389440056', '202021011337766356', '7020181217000001', '112021011365460178', '390009', '13870059826', 'ADD');
INSERT INTO `business_pay_fee_attrs` VALUES ('902021011389440056', '202021011370386357', '7020181217000001', '112021011348210179', '390008', '沙县小吃', 'ADD');
INSERT INTO `business_pay_fee_attrs` VALUES ('902021011384170057', '202021011325376359', '7020181217000001', '112021011359770180', '390007', '772020120946020095', 'ADD');
INSERT INTO `business_pay_fee_attrs` VALUES ('902021011384170057', '202021011381296360', '7020181217000001', '112021011369900181', '390009', '18172862270', 'ADD');
INSERT INTO `business_pay_fee_attrs` VALUES ('902021011384170057', '202021011329396361', '7020181217000001', '112021011345990182', '390008', '中环地产', 'ADD');
INSERT INTO `business_pay_fee_attrs` VALUES ('902021011374220058', '202021011330816363', '7020181217000001', '112021011349770183', '390007', '772020120905200096', 'ADD');
INSERT INTO `business_pay_fee_attrs` VALUES ('902021011374220058', '202021011348036364', '7020181217000001', '112021011347770184', '390009', '13672239366', 'ADD');
INSERT INTO `business_pay_fee_attrs` VALUES ('902021011374220058', '202021011388926365', '7020181217000001', '112021011311810185', '390008', '回味烧烤', 'ADD');
INSERT INTO `business_pay_fee_attrs` VALUES ('902021011328560059', '202021011343866367', '7020181217000001', '112021011385790186', '390007', '772020120930810097', 'ADD');
INSERT INTO `business_pay_fee_attrs` VALUES ('902021011328560059', '202021011366786368', '7020181217000001', '112021011328790187', '390009', '18770065063', 'ADD');
INSERT INTO `business_pay_fee_attrs` VALUES ('902021011328560059', '202021011313126369', '7020181217000001', '112021011348760188', '390008', '紫金蕊美容院', 'ADD');
INSERT INTO `business_pay_fee_attrs` VALUES ('902021011392430060', '202021011334476371', '7020181217000001', '112021011389090189', '390007', '772020120949490098', 'ADD');
INSERT INTO `business_pay_fee_attrs` VALUES ('902021011392430060', '202021011394856372', '7020181217000001', '112021011366780190', '390009', '13699500782', 'ADD');
INSERT INTO `business_pay_fee_attrs` VALUES ('902021011392430060', '202021011359716373', '7020181217000001', '112021011390310191', '390008', '洪兴药房', 'ADD');
INSERT INTO `business_pay_fee_attrs` VALUES ('902021011397420061', '202021011311736375', '7020181217000001', '112021011372240192', '390007', '772020120961460084', 'ADD');
INSERT INTO `business_pay_fee_attrs` VALUES ('902021011397420061', '202021011362996376', '7020181217000001', '112021011339660193', '390009', '15970413199', 'ADD');
INSERT INTO `business_pay_fee_attrs` VALUES ('902021011397420061', '202021011381146377', '7020181217000001', '112021011367080194', '390008', '王小姐的茶', 'ADD');
INSERT INTO `business_pay_fee_attrs` VALUES ('902021011348650062', '202021011333826379', '7020181217000001', '112021011396930195', '390007', '772020101122260550', 'ADD');
INSERT INTO `business_pay_fee_attrs` VALUES ('902021011348650062', '202021011343336380', '7020181217000001', '112021011325470196', '390009', '13860446671', 'ADD');
INSERT INTO `business_pay_fee_attrs` VALUES ('902021011348650062', '202021011301226381', '7020181217000001', '112021011317050197', '390008', '冯导', 'ADD');
INSERT INTO `business_pay_fee_attrs` VALUES ('902021011383460063', '202021011369526383', '7020181217000001', '112021011322330198', '390007', '772020120906180085', 'ADD');
INSERT INTO `business_pay_fee_attrs` VALUES ('902021011383460063', '202021011358826384', '7020181217000001', '112021011303830199', '390009', '15979016065', 'ADD');
INSERT INTO `business_pay_fee_attrs` VALUES ('902021011383460063', '202021011326096385', '7020181217000001', '112021011370910200', '390008', '世纪欧眼镜店', 'ADD');
INSERT INTO `business_pay_fee_attrs` VALUES ('902021011321350064', '202021011340836387', '7020181217000001', '112021011340520201', '390007', '772020120995450086', 'ADD');
INSERT INTO `business_pay_fee_attrs` VALUES ('902021011321350064', '202021011336636388', '7020181217000001', '112021011334070202', '390009', '13870803161', 'ADD');
INSERT INTO `business_pay_fee_attrs` VALUES ('902021011321350064', '202021011399986389', '7020181217000001', '112021011382050203', '390008', '北京烤鸭', 'ADD');
INSERT INTO `business_pay_fee_attrs` VALUES ('902021011315640065', '202021011352036391', '7020181217000001', '112021011341870204', '390007', '772020120986870087', 'ADD');
INSERT INTO `business_pay_fee_attrs` VALUES ('902021011315640065', '202021011398616392', '7020181217000001', '112021011326320205', '390009', '13387007988', 'ADD');
INSERT INTO `business_pay_fee_attrs` VALUES ('902021011315640065', '202021011367146393', '7020181217000001', '112021011353740206', '390008', '煌上煌', 'ADD');
INSERT INTO `business_pay_fee_attrs` VALUES ('902021011363970066', '202021011382876395', '7020181217000001', '112021011353280207', '390007', '772020120919450088', 'ADD');
INSERT INTO `business_pay_fee_attrs` VALUES ('902021011363970066', '202021011389876396', '7020181217000001', '112021011389370208', '390009', '19179136579', 'ADD');
INSERT INTO `business_pay_fee_attrs` VALUES ('902021011363970066', '202021011322746397', '7020181217000001', '112021011312570209', '390008', '雅迪电动车', 'ADD');
INSERT INTO `business_pay_fee_attrs` VALUES ('902021011319700067', '202021011387596399', '7020181217000001', '112021011302730210', '390007', '772020120937920089', 'ADD');
INSERT INTO `business_pay_fee_attrs` VALUES ('902021011319700067', '202021011355456400', '7020181217000001', '112021011345540211', '390009', '13979117633', 'ADD');
INSERT INTO `business_pay_fee_attrs` VALUES ('902021011319700067', '202021011313836401', '7020181217000001', '112021011322050212', '390008', '罐子兄弟', 'ADD');
INSERT INTO `business_pay_fee_attrs` VALUES ('902021011308270068', '202021011336716403', '7020181217000001', '112021011314710213', '390007', '772020120932780090', 'ADD');
INSERT INTO `business_pay_fee_attrs` VALUES ('902021011308270068', '202021011374466404', '7020181217000001', '112021011376210214', '390009', '15916416499', 'ADD');
INSERT INTO `business_pay_fee_attrs` VALUES ('902021011308270068', '202021011355066405', '7020181217000001', '112021011313910215', '390008', '我爱我家中介', 'ADD');
INSERT INTO `business_pay_fee_attrs` VALUES ('902021011384690069', '202021011305186407', '7020181217000001', '112021011326020216', '390007', '772020120903070091', 'ADD');
INSERT INTO `business_pay_fee_attrs` VALUES ('902021011384690069', '202021011310586408', '7020181217000001', '112021011369610217', '390009', '13879117788', 'ADD');
INSERT INTO `business_pay_fee_attrs` VALUES ('902021011384690069', '202021011324116409', '7020181217000001', '112021011353310218', '390008', '恰种龙虾馆', 'ADD');
INSERT INTO `business_pay_fee_attrs` VALUES ('902021011375990070', '202021011346806411', '7020181217000001', '112021011358330219', '390007', '772020120883830433', 'ADD');
INSERT INTO `business_pay_fee_attrs` VALUES ('902021011375990070', '202021011327716412', '7020181217000001', '112021011338320220', '390009', '18905071111', 'ADD');
INSERT INTO `business_pay_fee_attrs` VALUES ('902021011375990070', '202021011359036413', '7020181217000001', '112021011392180221', '390008', '2寇敬', 'ADD');
INSERT INTO `business_pay_fee_attrs` VALUES ('902021011390620071', '202021011370146415', '7020181217000001', '112021011346490222', '390007', '772020120804330434', 'ADD');
INSERT INTO `business_pay_fee_attrs` VALUES ('902021011390620071', '202021011385736416', '7020181217000001', '112021011336760223', '390009', '13960031111', 'ADD');
INSERT INTO `business_pay_fee_attrs` VALUES ('902021011390620071', '202021011337376417', '7020181217000001', '112021011352550224', '390008', '2龚舒女', 'ADD');
INSERT INTO `business_pay_fee_attrs` VALUES ('902021011314380072', '202021011395766419', '7020181217000001', '112021011339640225', '390007', '772020120817680435', 'ADD');
INSERT INTO `business_pay_fee_attrs` VALUES ('902021011314380072', '202021011386486420', '7020181217000001', '112021011395260226', '390009', '18046211111', 'ADD');
INSERT INTO `business_pay_fee_attrs` VALUES ('902021011314380072', '202021011355126421', '7020181217000001', '112021011327460227', '390008', '2黄国啊\n', 'ADD');
INSERT INTO `business_pay_fee_attrs` VALUES ('902021011309710073', '202021011360626423', '7020181217000001', '112021011372790228', '390007', '772020120905180099', 'ADD');
INSERT INTO `business_pay_fee_attrs` VALUES ('902021011309710073', '202021011357506424', '7020181217000001', '112021011300590229', '390009', '13307007691', 'ADD');
INSERT INTO `business_pay_fee_attrs` VALUES ('902021011309710073', '202021011372496425', '7020181217000001', '112021011321190230', '390008', '回家恰饭', 'ADD');
INSERT INTO `business_pay_fee_attrs` VALUES ('902021011337540074', '202021011366476427', '7020181217000001', '112021011384940231', '390007', '772020120984590103', 'ADD');
INSERT INTO `business_pay_fee_attrs` VALUES ('902021011337540074', '202021011340576428', '7020181217000001', '112021011336820232', '390009', '15797644438', 'ADD');
INSERT INTO `business_pay_fee_attrs` VALUES ('902021011337540074', '202021011385656429', '7020181217000001', '112021011345130233', '390008', '夜龙门', 'ADD');
INSERT INTO `business_pay_fee_attrs` VALUES ('902021011317820075', '202021011397026431', '7020181217000001', '112021011336920234', '390007', '772020120911500100', 'ADD');
INSERT INTO `business_pay_fee_attrs` VALUES ('902021011317820075', '202021011316666432', '7020181217000001', '112021011384130235', '390009', '13576268380', 'ADD');
INSERT INTO `business_pay_fee_attrs` VALUES ('902021011317820075', '202021011367596433', '7020181217000001', '112021011380360236', '390008', '美丽小铺', 'ADD');
INSERT INTO `business_pay_fee_attrs` VALUES ('902021011369020076', '202021011341546435', '7020181217000001', '112021011352470237', '390007', '772020120903570101', 'ADD');
INSERT INTO `business_pay_fee_attrs` VALUES ('902021011369020076', '202021011321716436', '7020181217000001', '112021011309630238', '390009', '18170087719', 'ADD');
INSERT INTO `business_pay_fee_attrs` VALUES ('902021011369020076', '202021011382216437', '7020181217000001', '112021011360320239', '390008', '鸿海水岸之城', 'ADD');
INSERT INTO `business_pay_fee_attrs` VALUES ('902021011309390077', '202021011383856439', '7020181217000001', '112021011368770240', '390007', '772020120994610102', 'ADD');
INSERT INTO `business_pay_fee_attrs` VALUES ('902021011309390077', '202021011368486440', '7020181217000001', '112021011313240241', '390009', '13807915059', 'ADD');
INSERT INTO `business_pay_fee_attrs` VALUES ('902021011309390077', '202021011385496441', '7020181217000001', '112021011361510242', '390008', '锅圈食汇', 'ADD');
INSERT INTO `business_pay_fee_attrs` VALUES ('902021011347600078', '202021011384526443', '7020181217000001', '112021011336430243', '390007', '772020112813160013', 'ADD');
INSERT INTO `business_pay_fee_attrs` VALUES ('902021011347600078', '202021011343056444', '7020181217000001', '112021011336490244', '390009', '13676787878', 'ADD');
INSERT INTO `business_pay_fee_attrs` VALUES ('902021011347600078', '202021011369056445', '7020181217000001', '112021011338140245', '390008', 'ss', 'ADD');
INSERT INTO `business_pay_fee_attrs` VALUES ('902021011366370079', '202021011330556447', '7020181217000001', '112021011327040246', '390007', '772020120952810104', 'ADD');
INSERT INTO `business_pay_fee_attrs` VALUES ('902021011366370079', '202021011377816448', '7020181217000001', '112021011372270247', '390009', '15281750715', 'ADD');
INSERT INTO `business_pay_fee_attrs` VALUES ('902021011366370079', '202021011309586449', '7020181217000001', '112021011311780248', '390008', '谊品生鲜', 'ADD');
INSERT INTO `business_pay_fee_attrs` VALUES ('902021011346990080', '202021011384716451', '7020181217000001', '112021011373620249', '390007', '772020120977750105', 'ADD');
INSERT INTO `business_pay_fee_attrs` VALUES ('902021011346990080', '202021011390176452', '7020181217000001', '112021011393830250', '390009', '13870082030', 'ADD');
INSERT INTO `business_pay_fee_attrs` VALUES ('902021011346990080', '202021011320026453', '7020181217000001', '112021011387070251', '390008', '足浴店', 'ADD');
INSERT INTO `business_pay_fee_attrs` VALUES ('902021011310570081', '202021011303806455', '7020181217000001', '112021011308520252', '390007', '772020120971370116', 'ADD');
INSERT INTO `business_pay_fee_attrs` VALUES ('902021011310570081', '202021011303336456', '7020181217000001', '112021011379440253', '390009', '18999999999', 'ADD');
INSERT INTO `business_pay_fee_attrs` VALUES ('902021011310570081', '202021011390216457', '7020181217000001', '112021011330160254', '390008', '家宜超市', 'ADD');
INSERT INTO `business_pay_fee_attrs` VALUES ('902021011329640082', '202021011315116459', '7020181217000001', '112021011390570255', '390007', '772020120914560123', 'ADD');
INSERT INTO `business_pay_fee_attrs` VALUES ('902021011329640082', '202021011326266460', '7020181217000001', '112021011301540256', '390009', '18999999999', 'ADD');
INSERT INTO `business_pay_fee_attrs` VALUES ('902021011329640082', '202021011313646461', '7020181217000001', '112021011341830257', '390008', '湖南牛肉', 'ADD');
INSERT INTO `business_pay_fee_attrs` VALUES ('902021011349380083', '202021011312656463', '7020181217000001', '112021011326580258', '390007', '772020120963160117', 'ADD');
INSERT INTO `business_pay_fee_attrs` VALUES ('902021011349380083', '202021011353036464', '7020181217000001', '112021011352760259', '390009', '15907089332', 'ADD');
INSERT INTO `business_pay_fee_attrs` VALUES ('902021011349380083', '202021011336516465', '7020181217000001', '112021011381800260', '390008', '紫燕百味鸡', 'ADD');
INSERT INTO `business_pay_fee_attrs` VALUES ('902021011352280084', '202021011319256467', '7020181217000001', '112021011384000261', '390007', '772020120912080118', 'ADD');
INSERT INTO `business_pay_fee_attrs` VALUES ('902021011352280084', '202021011384866468', '7020181217000001', '112021011366920262', '390009', '17370034400', 'ADD');
INSERT INTO `business_pay_fee_attrs` VALUES ('902021011352280084', '202021011348666469', '7020181217000001', '112021011375260263', '390008', '绝煞水煮', 'ADD');
INSERT INTO `business_pay_fee_attrs` VALUES ('902021011394550085', '202021011385216471', '7020181217000001', '112021011321770264', '390007', '772020120985420119', 'ADD');
INSERT INTO `business_pay_fee_attrs` VALUES ('902021011394550085', '202021011389796472', '7020181217000001', '112021011332110265', '390009', '13732907690', 'ADD');
INSERT INTO `business_pay_fee_attrs` VALUES ('902021011394550085', '202021011399196473', '7020181217000001', '112021011344600266', '390008', '黄闷鸡米饭', 'ADD');
INSERT INTO `business_pay_fee_attrs` VALUES ('902021011366120086', '202021011370766475', '7020181217000001', '112021011321260267', '390007', '772020120937960120', 'ADD');
INSERT INTO `business_pay_fee_attrs` VALUES ('902021011366120086', '202021011338686476', '7020181217000001', '112021011339280268', '390009', '13970040340', 'ADD');
INSERT INTO `business_pay_fee_attrs` VALUES ('902021011366120086', '202021011376256477', '7020181217000001', '112021011330840269', '390008', '罗大余诊所', 'ADD');
INSERT INTO `business_pay_fee_attrs` VALUES ('902021011345230087', '202021011331776479', '7020181217000001', '112021011375540270', '390007', '772020120966190121', 'ADD');
INSERT INTO `business_pay_fee_attrs` VALUES ('902021011345230087', '202021011379506480', '7020181217000001', '112021011375070271', '390009', '17770040342', 'ADD');
INSERT INTO `business_pay_fee_attrs` VALUES ('902021011345230087', '202021011376506481', '7020181217000001', '112021011317610272', '390008', '英皇舞蹈', 'ADD');
INSERT INTO `business_pay_fee_attrs` VALUES ('902021011334000088', '202021011352736483', '7020181217000001', '112021011343800273', '390007', '772020120994310122', 'ADD');
INSERT INTO `business_pay_fee_attrs` VALUES ('902021011334000088', '202021011349506484', '7020181217000001', '112021011333880274', '390009', '18999999999', 'ADD');
INSERT INTO `business_pay_fee_attrs` VALUES ('902021011334000088', '202021011390256485', '7020181217000001', '112021011350500275', '390008', '买买提', 'ADD');
INSERT INTO `business_pay_fee_attrs` VALUES ('902021011341170089', '202021011375556487', '7020181217000001', '112021011370230276', '390007', '772020120962370124', 'ADD');
INSERT INTO `business_pay_fee_attrs` VALUES ('902021011341170089', '202021011340926488', '7020181217000001', '112021011336350277', '390009', '18999999999', 'ADD');
INSERT INTO `business_pay_fee_attrs` VALUES ('902021011341170089', '202021011335276489', '7020181217000001', '112021011330740278', '390008', '谭叶平租', 'ADD');
INSERT INTO `business_pay_fee_attrs` VALUES ('902021011393410090', '202021011368556491', '7020181217000001', '112021011377240279', '390007', '772020120961020125', 'ADD');
INSERT INTO `business_pay_fee_attrs` VALUES ('902021011393410090', '202021011308546492', '7020181217000001', '112021011391010280', '390009', '18999999999', 'ADD');
INSERT INTO `business_pay_fee_attrs` VALUES ('902021011393410090', '202021011305796493', '7020181217000001', '112021011394920281', '390008', '仁慈诊所', 'ADD');
INSERT INTO `business_pay_fee_attrs` VALUES ('902021011348100091', '202021011397816495', '7020181217000001', '112021011388150282', '390007', '772020120942180126', 'ADD');
INSERT INTO `business_pay_fee_attrs` VALUES ('902021011348100091', '202021011375116496', '7020181217000001', '112021011361710283', '390009', '18999999999', 'ADD');
INSERT INTO `business_pay_fee_attrs` VALUES ('902021011348100091', '202021011329506497', '7020181217000001', '112021011397080284', '390008', '品源包子', 'ADD');
INSERT INTO `business_pay_fee_attrs` VALUES ('902021011390200092', '202021011316566499', '7020181217000001', '112021011390080285', '390007', '772020120939570127', 'ADD');
INSERT INTO `business_pay_fee_attrs` VALUES ('902021011390200092', '202021011389326500', '7020181217000001', '112021011372660286', '390009', '17707004186', 'ADD');
INSERT INTO `business_pay_fee_attrs` VALUES ('902021011390200092', '202021011346886501', '7020181217000001', '112021011355690287', '390008', '100丽造型', 'ADD');
INSERT INTO `business_pay_fee_attrs` VALUES ('902021011392280093', '202021011395656503', '7020181217000001', '112021011317660288', '390007', '772020120930510128', 'ADD');
INSERT INTO `business_pay_fee_attrs` VALUES ('902021011392280093', '202021011370886504', '7020181217000001', '112021011369610289', '390009', '13657085133', 'ADD');
INSERT INTO `business_pay_fee_attrs` VALUES ('902021011392280093', '202021011378776505', '7020181217000001', '112021011363050290', '390008', '生鲜超市', 'ADD');
INSERT INTO `business_pay_fee_attrs` VALUES ('902021011362150094', '202021011362116507', '7020181217000001', '112021011309460291', '390007', '772020120924420109', 'ADD');
INSERT INTO `business_pay_fee_attrs` VALUES ('902021011362150094', '202021011344436508', '7020181217000001', '112021011338240292', '390009', '18170097867', 'ADD');
INSERT INTO `business_pay_fee_attrs` VALUES ('902021011362150094', '202021011300296509', '7020181217000001', '112021011366130293', '390008', '十字街', 'ADD');
INSERT INTO `business_pay_fee_attrs` VALUES ('902021011336670095', '202021011329466511', '7020181217000001', '112021011371180294', '390007', '772020120975560108', 'ADD');
INSERT INTO `business_pay_fee_attrs` VALUES ('902021011336670095', '202021011373996512', '7020181217000001', '112021011362910295', '390009', '13576048826', 'ADD');
INSERT INTO `business_pay_fee_attrs` VALUES ('902021011336670095', '202021011301676513', '7020181217000001', '112021011300750296', '390008', '豪情', 'ADD');
INSERT INTO `business_pay_fee_attrs` VALUES ('902021011355320096', '202021011328396515', '7020181217000001', '112021011355490297', '390007', '772020120945180107', 'ADD');
INSERT INTO `business_pay_fee_attrs` VALUES ('902021011355320096', '202021011308076516', '7020181217000001', '112021011321730298', '390009', '17697386963', 'ADD');
INSERT INTO `business_pay_fee_attrs` VALUES ('902021011355320096', '202021011339956517', '7020181217000001', '112021011366310299', '390008', '拉面', 'ADD');
INSERT INTO `business_pay_fee_attrs` VALUES ('902021011301290097', '202021011344806519', '7020181217000001', '112021011324850300', '390007', '772020120964940106', 'ADD');
INSERT INTO `business_pay_fee_attrs` VALUES ('902021011301290097', '202021011329536520', '7020181217000001', '112021011336550301', '390009', '18607088848', 'ADD');
INSERT INTO `business_pay_fee_attrs` VALUES ('902021011301290097', '202021011379206521', '7020181217000001', '112021011335850302', '390008', '大参林', 'ADD');
INSERT INTO `business_pay_fee_attrs` VALUES ('902021011369140098', '202021011319956523', '7020181217000001', '112021011369750303', '390007', '772020120916460137', 'ADD');
INSERT INTO `business_pay_fee_attrs` VALUES ('902021011369140098', '202021011374156524', '7020181217000001', '112021011388650304', '390009', '13517087016', 'ADD');
INSERT INTO `business_pay_fee_attrs` VALUES ('902021011369140098', '202021011375296525', '7020181217000001', '112021011398110305', '390008', '我爱我家中介', 'ADD');
INSERT INTO `business_pay_fee_attrs` VALUES ('902021011355430099', '202021011363546527', '7020181217000001', '112021011352140306', '390007', '772020120936020129', 'ADD');
INSERT INTO `business_pay_fee_attrs` VALUES ('902021011355430099', '202021011343056528', '7020181217000001', '112021011379790307', '390009', '18379535588', 'ADD');
INSERT INTO `business_pay_fee_attrs` VALUES ('902021011355430099', '202021011354996529', '7020181217000001', '112021011372970308', '390008', '味湘语', 'ADD');
INSERT INTO `business_pay_fee_attrs` VALUES ('902021011344790100', '202021011307096531', '7020181217000001', '112021011357130309', '390007', '772020120956690130', 'ADD');
INSERT INTO `business_pay_fee_attrs` VALUES ('902021011344790100', '202021011339546532', '7020181217000001', '112021011309300310', '390009', '18970860208', 'ADD');
INSERT INTO `business_pay_fee_attrs` VALUES ('902021011344790100', '202021011342426533', '7020181217000001', '112021011341790311', '390008', '三江牛肉汤', 'ADD');
INSERT INTO `business_pay_fee_attrs` VALUES ('902021011368040101', '202021011331076535', '7020181217000001', '112021011309120312', '390007', '772020120952340131', 'ADD');
INSERT INTO `business_pay_fee_attrs` VALUES ('902021011368040101', '202021011362026536', '7020181217000001', '112021011380510313', '390009', '18999999999', 'ADD');
INSERT INTO `business_pay_fee_attrs` VALUES ('902021011368040101', '202021011388236537', '7020181217000001', '112021011390910314', '390008', '合佑置家', 'ADD');
INSERT INTO `business_pay_fee_attrs` VALUES ('902021011344430102', '202021011339966539', '7020181217000001', '112021011320490315', '390007', '772020120910500132', 'ADD');
INSERT INTO `business_pay_fee_attrs` VALUES ('902021011344430102', '202021011372896540', '7020181217000001', '112021011302190316', '390009', '18705920643', 'ADD');
INSERT INTO `business_pay_fee_attrs` VALUES ('902021011344430102', '202021011369766541', '7020181217000001', '112021011399040317', '390008', '修脚', 'ADD');
INSERT INTO `business_pay_fee_attrs` VALUES ('902021011364860103', '202021011372276543', '7020181217000001', '112021011387090318', '390007', '772020120956270133', 'ADD');
INSERT INTO `business_pay_fee_attrs` VALUES ('902021011364860103', '202021011362266544', '7020181217000001', '112021011313540319', '390009', '13480987725', 'ADD');
INSERT INTO `business_pay_fee_attrs` VALUES ('902021011364860103', '202021011300166545', '7020181217000001', '112021011350040320', '390008', '废品', 'ADD');
INSERT INTO `business_pay_fee_attrs` VALUES ('902021011397730104', '202021011384966547', '7020181217000001', '112021011334510321', '390007', '772020120941100134', 'ADD');
INSERT INTO `business_pay_fee_attrs` VALUES ('902021011397730104', '202021011333286548', '7020181217000001', '112021011341740322', '390009', '15907003612', 'ADD');
INSERT INTO `business_pay_fee_attrs` VALUES ('902021011397730104', '202021011320746549', '7020181217000001', '112021011334500323', '390008', '广福佬牛骨汤', 'ADD');
INSERT INTO `business_pay_fee_attrs` VALUES ('902021011333620105', '202021011379406551', '7020181217000001', '112021011380330324', '390007', '772020120995020135', 'ADD');
INSERT INTO `business_pay_fee_attrs` VALUES ('902021011333620105', '202021011381616552', '7020181217000001', '112021011392660325', '390009', '13797705115', 'ADD');
INSERT INTO `business_pay_fee_attrs` VALUES ('902021011333620105', '202021011385146553', '7020181217000001', '112021011363020326', '390008', '鸿盛物流', 'ADD');
INSERT INTO `business_pay_fee_attrs` VALUES ('902021011336350106', '202021011317836555', '7020181217000001', '112021011361590327', '390007', '772020120968920136', 'ADD');
INSERT INTO `business_pay_fee_attrs` VALUES ('902021011336350106', '202021011333906556', '7020181217000001', '112021011321730328', '390009', '13576101976', 'ADD');
INSERT INTO `business_pay_fee_attrs` VALUES ('902021011336350106', '202021011353886557', '7020181217000001', '112021011374910329', '390008', '坚美铝材', 'ADD');
INSERT INTO `business_pay_fee_attrs` VALUES ('902021011347250107', '202021011383956559', '7020181217000001', '112021011387110330', '390007', '772020120983520138', 'ADD');
INSERT INTO `business_pay_fee_attrs` VALUES ('902021011347250107', '202021011321486560', '7020181217000001', '112021011353120331', '390009', '18970923515', 'ADD');
INSERT INTO `business_pay_fee_attrs` VALUES ('902021011347250107', '202021011363576561', '7020181217000001', '112021011356110332', '390008', '环境评估', 'ADD');
INSERT INTO `business_pay_fee_attrs` VALUES ('902021011311860108', '202021011311786563', '7020181217000001', '112021011337170333', '390007', '772020120945060144', 'ADD');
INSERT INTO `business_pay_fee_attrs` VALUES ('902021011311860108', '202021011380596564', '7020181217000001', '112021011345850334', '390009', '13870812206', 'ADD');
INSERT INTO `business_pay_fee_attrs` VALUES ('902021011311860108', '202021011349176565', '7020181217000001', '112021011385000335', '390008', '鑫源鑫超市', 'ADD');
INSERT INTO `business_pay_fee_attrs` VALUES ('902021011310680109', '202021011394266567', '7020181217000001', '112021011374170336', '390007', '772020120990590145', 'ADD');
INSERT INTO `business_pay_fee_attrs` VALUES ('902021011310680109', '202021011386076568', '7020181217000001', '112021011315470337', '390009', '15717917435', 'ADD');
INSERT INTO `business_pay_fee_attrs` VALUES ('902021011310680109', '202021011322516569', '7020181217000001', '112021011352310338', '390008', '皮尔萨', 'ADD');
INSERT INTO `business_pay_fee_attrs` VALUES ('902021011322830110', '202021011321876571', '7020181217000001', '112021011303120339', '390007', '772020120904310146', 'ADD');
INSERT INTO `business_pay_fee_attrs` VALUES ('902021011322830110', '202021011334736572', '7020181217000001', '112021011315120340', '390009', '15879107213', 'ADD');
INSERT INTO `business_pay_fee_attrs` VALUES ('902021011322830110', '202021011376016573', '7020181217000001', '112021011327850341', '390008', '忠旺铝材', 'ADD');
INSERT INTO `business_pay_fee_attrs` VALUES ('902021011348830111', '202021011378366575', '7020181217000001', '112021011328670342', '390007', '772020120986930139', 'ADD');
INSERT INTO `business_pay_fee_attrs` VALUES ('902021011348830111', '202021011387886576', '7020181217000001', '112021011386550343', '390009', '18079165287', 'ADD');
INSERT INTO `business_pay_fee_attrs` VALUES ('902021011348830111', '202021011398946577', '7020181217000001', '112021011370970344', '390008', '益丰药房', 'ADD');
INSERT INTO `business_pay_fee_attrs` VALUES ('902021011398060112', '202021011324146579', '7020181217000001', '112021011388350345', '390007', '772020120998270140', 'ADD');
INSERT INTO `business_pay_fee_attrs` VALUES ('902021011398060112', '202021011330836580', '7020181217000001', '112021011378780346', '390009', '18079165287', 'ADD');
INSERT INTO `business_pay_fee_attrs` VALUES ('902021011398060112', '202021011344806581', '7020181217000001', '112021011322380347', '390008', '冰棒批发', 'ADD');
INSERT INTO `business_pay_fee_attrs` VALUES ('902021011329140113', '202021011344266583', '7020181217000001', '112021011374560348', '390007', '772020120945400141', 'ADD');
INSERT INTO `business_pay_fee_attrs` VALUES ('902021011329140113', '202021011358436584', '7020181217000001', '112021011391590349', '390009', '15079175104', 'ADD');
INSERT INTO `business_pay_fee_attrs` VALUES ('902021011329140113', '202021011347616585', '7020181217000001', '112021011397550350', '390008', '普利司通', 'ADD');
INSERT INTO `business_pay_fee_attrs` VALUES ('902021011320550114', '202021011368276587', '7020181217000001', '112021011328760351', '390007', '772020120970060142', 'ADD');
INSERT INTO `business_pay_fee_attrs` VALUES ('902021011320550114', '202021011351716588', '7020181217000001', '112021011307810352', '390009', '15279151577', 'ADD');
INSERT INTO `business_pay_fee_attrs` VALUES ('902021011320550114', '202021011347076589', '7020181217000001', '112021011332850353', '390008', '博爵汽车维修', 'ADD');
INSERT INTO `business_pay_fee_attrs` VALUES ('902021011373950115', '202021011301476591', '7020181217000001', '112021011383330354', '390007', '772020120924840143', 'ADD');
INSERT INTO `business_pay_fee_attrs` VALUES ('902021011373950115', '202021011388916592', '7020181217000001', '112021011324030355', '390009', '15879129340', 'ADD');
INSERT INTO `business_pay_fee_attrs` VALUES ('902021011373950115', '202021011328576593', '7020181217000001', '112021011306180356', '390008', '凹凸教育', 'ADD');
INSERT INTO `business_pay_fee_attrs` VALUES ('902021011376650116', '202021011355866595', '7020181217000001', '112021011390170357', '390007', '772020120965240147', 'ADD');
INSERT INTO `business_pay_fee_attrs` VALUES ('902021011376650116', '202021011372166596', '7020181217000001', '112021011319970358', '390009', '13879139551', 'ADD');
INSERT INTO `business_pay_fee_attrs` VALUES ('902021011376650116', '202021011397506597', '7020181217000001', '112021011392050359', '390008', '小星星培训', 'ADD');
INSERT INTO `business_pay_fee_attrs` VALUES ('902021011342280117', '202021011369106599', '7020181217000001', '112021011343860360', '390007', '772020120939930148', 'ADD');
INSERT INTO `business_pay_fee_attrs` VALUES ('902021011342280117', '202021011376166600', '7020181217000001', '112021011310320361', '390009', '13515658421', 'ADD');
INSERT INTO `business_pay_fee_attrs` VALUES ('902021011342280117', '202021011354346601', '7020181217000001', '112021011302050362', '390008', '谌红兵', 'ADD');
INSERT INTO `business_pay_fee_attrs` VALUES ('902021011320510118', '202021011344276603', '7020181217000001', '112021011302640363', '390007', '772020120939930148', 'ADD');
INSERT INTO `business_pay_fee_attrs` VALUES ('902021011320510118', '202021011367986604', '7020181217000001', '112021011320150364', '390009', '13515658421', 'ADD');
INSERT INTO `business_pay_fee_attrs` VALUES ('902021011320510118', '202021011358356605', '7020181217000001', '112021011357890365', '390008', '谌红兵', 'ADD');
INSERT INTO `business_pay_fee_attrs` VALUES ('902021011363490119', '202021011353486607', '7020181217000001', '112021011364120366', '390007', '772020120971680149', 'ADD');
INSERT INTO `business_pay_fee_attrs` VALUES ('902021011363490119', '202021011363136608', '7020181217000001', '112021011372500367', '390009', '13065175585', 'ADD');
INSERT INTO `business_pay_fee_attrs` VALUES ('902021011363490119', '202021011357636609', '7020181217000001', '112021011324450368', '390008', '陶佳欣', 'ADD');
INSERT INTO `business_pay_fee_attrs` VALUES ('902021011344840120', '202021011326256611', '7020181217000001', '112021011353940369', '390007', '772020111826830756', 'ADD');
INSERT INTO `business_pay_fee_attrs` VALUES ('902021011344840120', '202021011391516612', '7020181217000001', '112021011392870370', '390009', '13623451234', 'ADD');
INSERT INTO `business_pay_fee_attrs` VALUES ('902021011344840120', '202021011367756613', '7020181217000001', '112021011342980371', '390008', '李小四', 'ADD');
INSERT INTO `business_pay_fee_attrs` VALUES ('902021011376480121', '202021011345506615', '7020181217000001', '112021011359600372', '390007', '772020111433810017', 'ADD');
INSERT INTO `business_pay_fee_attrs` VALUES ('902021011376480121', '202021011354296616', '7020181217000001', '112021011326830373', '390009', '13844447777', 'ADD');
INSERT INTO `business_pay_fee_attrs` VALUES ('902021011376480121', '202021011314846617', '7020181217000001', '112021011353450374', '390008', '李雷', 'ADD');
INSERT INTO `business_pay_fee_attrs` VALUES ('902021011371120122', '202021011348716619', '7020181217000001', '112021011369040375', '390007', '772020120467570140', 'ADD');
INSERT INTO `business_pay_fee_attrs` VALUES ('902021011371120122', '202021011307206620', '7020181217000001', '112021011322520376', '390009', '13322221111', 'ADD');
INSERT INTO `business_pay_fee_attrs` VALUES ('902021011371120122', '202021011314086621', '7020181217000001', '112021011315340377', '390008', 'zyx', 'ADD');
INSERT INTO `business_pay_fee_attrs` VALUES ('902021011354360123', '202021011376676623', '7020181217000001', '112021011304940378', '390007', '772020042007020023', 'ADD');
INSERT INTO `business_pay_fee_attrs` VALUES ('902021011354360123', '202021011398466624', '7020181217000001', '112021011316560379', '390009', '18999999991', 'ADD');
INSERT INTO `business_pay_fee_attrs` VALUES ('902021011354360123', '202021011352986625', '7020181217000001', '112021011311410380', '390008', '张三1', 'ADD');
INSERT INTO `business_pay_fee_attrs` VALUES ('902021011341650124', '202021011337666627', '7020181217000001', '112021011352360381', '390007', '772020061743120002', 'ADD');
INSERT INTO `business_pay_fee_attrs` VALUES ('902021011341650124', '202021011314396628', '7020181217000001', '112021011309100382', '390009', '18999999992', 'ADD');
INSERT INTO `business_pay_fee_attrs` VALUES ('902021011341650124', '202021011335936629', '7020181217000001', '112021011321550383', '390008', '张三2', 'ADD');
INSERT INTO `business_pay_fee_attrs` VALUES ('902021011321050125', '202021011397426631', '7020181217000001', '112021011389930384', '390007', '772020042034260025', 'ADD');
INSERT INTO `business_pay_fee_attrs` VALUES ('902021011321050125', '202021011373836632', '7020181217000001', '112021011339910385', '390009', '18999999993', 'ADD');
INSERT INTO `business_pay_fee_attrs` VALUES ('902021011321050125', '202021011388556633', '7020181217000001', '112021011338680386', '390008', '张三3', 'ADD');
INSERT INTO `business_pay_fee_attrs` VALUES ('902021011313200126', '202021011332936635', '7020181217000001', '112021011314970387', '390007', '772020042058700026', 'ADD');
INSERT INTO `business_pay_fee_attrs` VALUES ('902021011313200126', '202021011311196636', '7020181217000001', '112021011331530388', '390009', '18999999994', 'ADD');
INSERT INTO `business_pay_fee_attrs` VALUES ('902021011313200126', '202021011391086637', '7020181217000001', '112021011387310389', '390008', '张三4', 'ADD');
INSERT INTO `business_pay_fee_attrs` VALUES ('902021011343940127', '202021011301886639', '7020181217000001', '112021011371100390', '390007', '772020120476610056', 'ADD');
INSERT INTO `business_pay_fee_attrs` VALUES ('902021011343940127', '202021011331786640', '7020181217000001', '112021011372530391', '390009', '17099097666', 'ADD');
INSERT INTO `business_pay_fee_attrs` VALUES ('902021011343940127', '202021011308236641', '7020181217000001', '112021011386660392', '390008', '我是一个业主', 'ADD');
INSERT INTO `business_pay_fee_attrs` VALUES ('902021011349510128', '202021011382736643', '7020181217000001', '112021011350400393', '390007', '772020120817680435', 'ADD');
INSERT INTO `business_pay_fee_attrs` VALUES ('902021011349510128', '202021011343536644', '7020181217000001', '112021011324670394', '390009', '18046211111', 'ADD');
INSERT INTO `business_pay_fee_attrs` VALUES ('902021011349510128', '202021011333876645', '7020181217000001', '112021011357220395', '390008', '2黄国啊\n', 'ADD');
INSERT INTO `business_pay_fee_attrs` VALUES ('902021011367350129', '202021011344256647', '7020181217000001', '112021011370770396', '390007', '772020120971350150', 'ADD');
INSERT INTO `business_pay_fee_attrs` VALUES ('902021011367350129', '202021011341836648', '7020181217000001', '112021011370980397', '390009', '15979170236', 'ADD');
INSERT INTO `business_pay_fee_attrs` VALUES ('902021011367350129', '202021011322846649', '7020181217000001', '112021011331280398', '390008', '芙蓉兴盛', 'ADD');
INSERT INTO `business_pay_fee_attrs` VALUES ('902021011371500130', '202021011379166651', '7020181217000001', '112021011362170399', '390007', '772020120985140159', 'ADD');
INSERT INTO `business_pay_fee_attrs` VALUES ('902021011371500130', '202021011357716652', '7020181217000001', '112021011326570400', '390009', '15870010296', 'ADD');
INSERT INTO `business_pay_fee_attrs` VALUES ('902021011371500130', '202021011387316653', '7020181217000001', '112021011381930401', '390008', '沙县美食', 'ADD');
INSERT INTO `business_pay_fee_attrs` VALUES ('902021011323140131', '202021011312646655', '7020181217000001', '112021011382290402', '390007', '772020120916820151', 'ADD');
INSERT INTO `business_pay_fee_attrs` VALUES ('902021011323140131', '202021011344806656', '7020181217000001', '112021011380700403', '390009', '13026218119', 'ADD');
INSERT INTO `business_pay_fee_attrs` VALUES ('902021011323140131', '202021011333846657', '7020181217000001', '112021011349500404', '390008', '品鲜生活超市', 'ADD');
INSERT INTO `business_pay_fee_attrs` VALUES ('902021011360630132', '202021011355936659', '7020181217000001', '112021011376620405', '390007', '772020120971400152', 'ADD');
INSERT INTO `business_pay_fee_attrs` VALUES ('902021011360630132', '202021011347686660', '7020181217000001', '112021011327140406', '390009', '18070129722', 'ADD');
INSERT INTO `business_pay_fee_attrs` VALUES ('902021011360630132', '202021011322206661', '7020181217000001', '112021011367850407', '390008', '隆升烟酒商行', 'ADD');
INSERT INTO `business_pay_fee_attrs` VALUES ('902021011338510133', '202021011314606663', '7020181217000001', '112021011328330408', '390007', '772020120982420153', 'ADD');
INSERT INTO `business_pay_fee_attrs` VALUES ('902021011338510133', '202021011344056664', '7020181217000001', '112021011337770409', '390009', '13173517323', 'ADD');
INSERT INTO `business_pay_fee_attrs` VALUES ('902021011338510133', '202021011318636665', '7020181217000001', '112021011305930410', '390008', '晨掌柜早点', 'ADD');
INSERT INTO `business_pay_fee_attrs` VALUES ('902021011320200134', '202021011330056667', '7020181217000001', '112021011367770411', '390007', '772020120991080154', 'ADD');
INSERT INTO `business_pay_fee_attrs` VALUES ('902021011320200134', '202021011300086668', '7020181217000001', '112021011371140412', '390009', '13627912564', 'ADD');
INSERT INTO `business_pay_fee_attrs` VALUES ('902021011320200134', '202021011323756669', '7020181217000001', '112021011394430413', '390008', '川粤百味鸡', 'ADD');
INSERT INTO `business_pay_fee_attrs` VALUES ('902021011351330135', '202021011384956671', '7020181217000001', '112021011357760414', '390007', '772020120911320155', 'ADD');
INSERT INTO `business_pay_fee_attrs` VALUES ('902021011351330135', '202021011331986672', '7020181217000001', '112021011352760415', '390009', '17370060953', 'ADD');
INSERT INTO `business_pay_fee_attrs` VALUES ('902021011351330135', '202021011369126673', '7020181217000001', '112021011354400416', '390008', '五金百货', 'ADD');
INSERT INTO `business_pay_fee_attrs` VALUES ('902021011358420136', '202021011385936675', '7020181217000001', '112021011347080417', '390007', '772020120944180156', 'ADD');
INSERT INTO `business_pay_fee_attrs` VALUES ('902021011358420136', '202021011332526676', '7020181217000001', '112021011333090418', '390009', '13870891893', 'ADD');
INSERT INTO `business_pay_fee_attrs` VALUES ('902021011358420136', '202021011315906677', '7020181217000001', '112021011343760419', '390008', '菜香阁', 'ADD');
INSERT INTO `business_pay_fee_attrs` VALUES ('902021011365980137', '202021011344156679', '7020181217000001', '112021011373660420', '390007', '772020120954240157', 'ADD');
INSERT INTO `business_pay_fee_attrs` VALUES ('902021011365980137', '202021011349996680', '7020181217000001', '112021011302490421', '390009', '15727657072', 'ADD');
INSERT INTO `business_pay_fee_attrs` VALUES ('902021011365980137', '202021011397206681', '7020181217000001', '112021011345960422', '390008', '绿风电动车', 'ADD');
INSERT INTO `business_pay_fee_attrs` VALUES ('902021011325580138', '202021011351196683', '7020181217000001', '112021011369450423', '390007', '772020120970610158', 'ADD');
INSERT INTO `business_pay_fee_attrs` VALUES ('902021011325580138', '202021011386486684', '7020181217000001', '112021011372420424', '390009', '15070944416', 'ADD');
INSERT INTO `business_pay_fee_attrs` VALUES ('902021011325580138', '202021011322296685', '7020181217000001', '112021011376530425', '390008', '聚贤烧菜馆', 'ADD');
INSERT INTO `business_pay_fee_attrs` VALUES ('902021011344330139', '202021011344246687', '7020181217000001', '112021011341030426', '390007', '772020120910340111', 'ADD');
INSERT INTO `business_pay_fee_attrs` VALUES ('902021011344330139', '202021011353086688', '7020181217000001', '112021011304280427', '390009', '15382537313', 'ADD');
INSERT INTO `business_pay_fee_attrs` VALUES ('902021011344330139', '202021011365246689', '7020181217000001', '112021011362110428', '390008', '京学', 'ADD');
INSERT INTO `business_pay_fee_attrs` VALUES ('902021011383110140', '202021011367106691', '7020181217000001', '112021011313850429', '390007', '772020120964020110', 'ADD');
INSERT INTO `business_pay_fee_attrs` VALUES ('902021011383110140', '202021011313996692', '7020181217000001', '112021011322610430', '390009', '13027280304', 'ADD');
INSERT INTO `business_pay_fee_attrs` VALUES ('902021011383110140', '202021011338806693', '7020181217000001', '112021011381180431', '390008', '创艺', 'ADD');
INSERT INTO `business_pay_fee_attrs` VALUES ('902021011306040141', '202021011331496695', '7020181217000001', '112021011349250432', '390007', '772020120967950112', 'ADD');
INSERT INTO `business_pay_fee_attrs` VALUES ('902021011306040141', '202021011351496696', '7020181217000001', '112021011327750433', '390009', '15079034019', 'ADD');
INSERT INTO `business_pay_fee_attrs` VALUES ('902021011306040141', '202021011344266697', '7020181217000001', '112021011336310434', '390008', '恒达汽车服务', 'ADD');
INSERT INTO `business_pay_fee_attrs` VALUES ('902021011382810142', '202021011313136699', '7020181217000001', '112021011332370435', '390007', '772020092793160971', 'ADD');
INSERT INTO `business_pay_fee_attrs` VALUES ('902021011382810142', '202021011352996700', '7020181217000001', '112021011312550436', '390009', '18909711234', 'ADD');
INSERT INTO `business_pay_fee_attrs` VALUES ('902021011382810142', '202021011395436701', '7020181217000001', '112021011312130437', '390008', '张灿', 'ADD');
INSERT INTO `business_pay_fee_attrs` VALUES ('902021011366240143', '202021011317696703', '7020181217000001', '112021011343120438', '390007', '772020120922600113', 'ADD');
INSERT INTO `business_pay_fee_attrs` VALUES ('902021011366240143', '202021011310786704', '7020181217000001', '112021011327530439', '390009', '18902407158', 'ADD');
INSERT INTO `business_pay_fee_attrs` VALUES ('902021011366240143', '202021011375466705', '7020181217000001', '112021011398590440', '390008', '图文', 'ADD');
INSERT INTO `business_pay_fee_attrs` VALUES ('902021011357180144', '202021011366076707', '7020181217000001', '112021011334600441', '390007', '772020120992890114', 'ADD');
INSERT INTO `business_pay_fee_attrs` VALUES ('902021011357180144', '202021011323146708', '7020181217000001', '112021011381660442', '390009', '13870644346', 'ADD');
INSERT INTO `business_pay_fee_attrs` VALUES ('902021011357180144', '202021011317686709', '7020181217000001', '112021011318920443', '390008', '李强华', 'ADD');
INSERT INTO `business_pay_fee_attrs` VALUES ('902021011371530145', '202021011341996711', '7020181217000001', '112021011364080444', '390007', '772020120939030115', 'ADD');
INSERT INTO `business_pay_fee_attrs` VALUES ('902021011371530145', '202021011319566712', '7020181217000001', '112021011382140445', '390009', '17379130089', 'ADD');
INSERT INTO `business_pay_fee_attrs` VALUES ('902021011371530145', '202021011308906713', '7020181217000001', '112021011320900446', '390008', '御美颜美容', 'ADD');
INSERT INTO `business_pay_fee_attrs` VALUES ('902021011378990146', '202021011391756715', '7020181217000001', '112021011340630447', '390007', '772020111826830756', 'ADD');
INSERT INTO `business_pay_fee_attrs` VALUES ('902021011378990146', '202021011308266716', '7020181217000001', '112021011379770448', '390009', '13623451234', 'ADD');
INSERT INTO `business_pay_fee_attrs` VALUES ('902021011378990146', '202021011330596717', '7020181217000001', '112021011331740449', '390008', '李小四', 'ADD');
INSERT INTO `business_pay_fee_attrs` VALUES ('902021011354630147', '202021011335136719', '7020181217000001', '112021011318050450', '390007', '772020111787090317', 'ADD');
INSERT INTO `business_pay_fee_attrs` VALUES ('902021011354630147', '202021011361566720', '7020181217000001', '112021011330130451', '390009', '13666666666', 'ADD');
INSERT INTO `business_pay_fee_attrs` VALUES ('902021011354630147', '202021011364926721', '7020181217000001', '112021011393680452', '390008', '张小三', 'ADD');
INSERT INTO `business_pay_fee_attrs` VALUES ('902021011334470148', '202021011361826723', '7020181217000001', '112021011398670453', '390007', '772020111787090317', 'ADD');
INSERT INTO `business_pay_fee_attrs` VALUES ('902021011334470148', '202021011378016724', '7020181217000001', '112021011379730454', '390009', '13666666666', 'ADD');
INSERT INTO `business_pay_fee_attrs` VALUES ('902021011334470148', '202021011363826725', '7020181217000001', '112021011347580455', '390008', '张小三', 'ADD');
INSERT INTO `business_pay_fee_attrs` VALUES ('902021011365700149', '202021011358066727', '7020181217000001', '112021011369960456', '390007', '772020111987621088', 'ADD');
INSERT INTO `business_pay_fee_attrs` VALUES ('902021011365700149', '202021011382986728', '7020181217000001', '112021011313230457', '390009', '19238192012', 'ADD');
INSERT INTO `business_pay_fee_attrs` VALUES ('902021011365700149', '202021011388736729', '7020181217000001', '112021011314540458', '390008', '王哈哈', 'ADD');
INSERT INTO `business_pay_fee_attrs` VALUES ('902021011354680150', '202021011321886731', '7020181217000001', '112021011364680459', '390007', '772020120900810160', 'ADD');
INSERT INTO `business_pay_fee_attrs` VALUES ('902021011354680150', '202021011395456732', '7020181217000001', '112021011309840460', '390009', '13607098797', 'ADD');
INSERT INTO `business_pay_fee_attrs` VALUES ('902021011354680150', '202021011362486733', '7020181217000001', '112021011339740461', '390008', '好时光超市', 'ADD');
INSERT INTO `business_pay_fee_attrs` VALUES ('902021011382810151', '202021011344736735', '7020181217000001', '112021011389060462', '390007', '772020120968520168', 'ADD');
INSERT INTO `business_pay_fee_attrs` VALUES ('902021011382810151', '202021011306106736', '7020181217000001', '112021011338360463', '390009', '13576029299', 'ADD');
INSERT INTO `business_pay_fee_attrs` VALUES ('902021011382810151', '202021011334536737', '7020181217000001', '112021011372580464', '390008', '形美造型', 'ADD');
INSERT INTO `business_pay_fee_attrs` VALUES ('902021011335640152', '202021011330266739', '7020181217000001', '112021011337570465', '390007', '772020120949880169', 'ADD');
INSERT INTO `business_pay_fee_attrs` VALUES ('902021011335640152', '202021011320196740', '7020181217000001', '112021011361330466', '390009', '15879137533', 'ADD');
INSERT INTO `business_pay_fee_attrs` VALUES ('902021011335640152', '202021011331926741', '7020181217000001', '112021011341030467', '390008', '龙悦图文', 'ADD');
INSERT INTO `business_pay_fee_attrs` VALUES ('902021011310410153', '202021011343246743', '7020181217000001', '112021011332350468', '390007', '772020120957140161', 'ADD');
INSERT INTO `business_pay_fee_attrs` VALUES ('902021011310410153', '202021011367066744', '7020181217000001', '112021011342560469', '390009', '13694837251', 'ADD');
INSERT INTO `business_pay_fee_attrs` VALUES ('902021011310410153', '202021011337626745', '7020181217000001', '112021011381610470', '390008', '晨恒超市', 'ADD');
INSERT INTO `business_pay_fee_attrs` VALUES ('902021011333540154', '202021011387956747', '7020181217000001', '112021011390730471', '390007', '772020120961800162', 'ADD');
INSERT INTO `business_pay_fee_attrs` VALUES ('902021011333540154', '202021011397916748', '7020181217000001', '112021011388260472', '390009', '19168226966', 'ADD');
INSERT INTO `business_pay_fee_attrs` VALUES ('902021011333540154', '202021011339986749', '7020181217000001', '112021011369150473', '390008', '鑫旺客餐饮', 'ADD');
INSERT INTO `business_pay_fee_attrs` VALUES ('902021011300510155', '202021011335386751', '7020181217000001', '112021011339400474', '390007', '772020120903980163', 'ADD');
INSERT INTO `business_pay_fee_attrs` VALUES ('902021011300510155', '202021011369096752', '7020181217000001', '112021011370480475', '390009', '13576105546', 'ADD');
INSERT INTO `business_pay_fee_attrs` VALUES ('902021011300510155', '202021011310586753', '7020181217000001', '112021011312350476', '390008', '日来早餐', 'ADD');
INSERT INTO `business_pay_fee_attrs` VALUES ('902021011381980156', '202021011310706755', '7020181217000001', '112021011350840477', '390007', '772020120997370164', 'ADD');
INSERT INTO `business_pay_fee_attrs` VALUES ('902021011381980156', '202021011323986756', '7020181217000001', '112021011330180478', '390009', '13807049533', 'ADD');
INSERT INTO `business_pay_fee_attrs` VALUES ('902021011381980156', '202021011368406757', '7020181217000001', '112021011394560479', '390008', '万湖卫生所', 'ADD');
INSERT INTO `business_pay_fee_attrs` VALUES ('902021011363440157', '202021011391496759', '7020181217000001', '112021011348530480', '390007', '772020120949630165', 'ADD');
INSERT INTO `business_pay_fee_attrs` VALUES ('902021011363440157', '202021011345046760', '7020181217000001', '112021011351100481', '390009', '13870689586', 'ADD');
INSERT INTO `business_pay_fee_attrs` VALUES ('902021011363440157', '202021011312686761', '7020181217000001', '112021011334620482', '390008', '牙科', 'ADD');
INSERT INTO `business_pay_fee_attrs` VALUES ('902021011359940158', '202021011368356763', '7020181217000001', '112021011325240483', '390007', '772020120962940166', 'ADD');
INSERT INTO `business_pay_fee_attrs` VALUES ('902021011359940158', '202021011314296764', '7020181217000001', '112021011377160484', '390009', '18170569461', 'ADD');
INSERT INTO `business_pay_fee_attrs` VALUES ('902021011359940158', '202021011376566765', '7020181217000001', '112021011334350485', '390008', '废品店', 'ADD');
INSERT INTO `business_pay_fee_attrs` VALUES ('902021011318340159', '202021011363066767', '7020181217000001', '112021011329510486', '390007', '772020120920500167', 'ADD');
INSERT INTO `business_pay_fee_attrs` VALUES ('902021011318340159', '202021011302386768', '7020181217000001', '112021011311430487', '390009', '17746677108', 'ADD');
INSERT INTO `business_pay_fee_attrs` VALUES ('902021011318340159', '202021011370256769', '7020181217000001', '112021011385740488', '390008', '肉饼汤', 'ADD');
INSERT INTO `business_pay_fee_attrs` VALUES ('902021011313270160', '202021011395696771', '7020181217000001', '112021011309020489', '390007', '772020120995140170', 'ADD');
INSERT INTO `business_pay_fee_attrs` VALUES ('902021011313270160', '202021011374516772', '7020181217000001', '112021011312090490', '390009', '13767167956', 'ADD');
INSERT INTO `business_pay_fee_attrs` VALUES ('902021011313270160', '202021011352256773', '7020181217000001', '112021011371240491', '390008', '依肯国际户外钓具', 'ADD');
INSERT INTO `business_pay_fee_attrs` VALUES ('902021011356030161', '202021011338676775', '7020181217000001', '112021011341370492', '390007', '772020120988550224', 'ADD');
INSERT INTO `business_pay_fee_attrs` VALUES ('902021011356030161', '202021011348356776', '7020181217000001', '112021011355300493', '390009', '13879170101', 'ADD');
INSERT INTO `business_pay_fee_attrs` VALUES ('902021011356030161', '202021011353176777', '7020181217000001', '112021011384720494', '390008', '王锦赢', 'ADD');
INSERT INTO `business_pay_fee_attrs` VALUES ('902021011351290162', '202021011317646779', '7020181217000001', '112021011300040495', '390007', '772020120996360225', 'ADD');
INSERT INTO `business_pay_fee_attrs` VALUES ('902021011351290162', '202021011366236780', '7020181217000001', '112021011312960496', '390009', '13870855138', 'ADD');
INSERT INTO `business_pay_fee_attrs` VALUES ('902021011351290162', '202021011338146781', '7020181217000001', '112021011355550497', '390008', '邹旺奕', 'ADD');
INSERT INTO `business_pay_fee_attrs` VALUES ('902021011362370163', '202021011361286783', '7020181217000001', '112021011337050498', '390007', '772020120946970214', 'ADD');
INSERT INTO `business_pay_fee_attrs` VALUES ('902021011362370163', '202021011353756784', '7020181217000001', '112021011359200499', '390009', '18607083886', 'ADD');
INSERT INTO `business_pay_fee_attrs` VALUES ('902021011362370163', '202021011388756785', '7020181217000001', '112021011356360500', '390008', '银三角管委会退役军人服务站', 'ADD');
INSERT INTO `business_pay_fee_attrs` VALUES ('902021011341100164', '202021011315956787', '7020181217000001', '112021011354580501', '390007', '772020120961220215', 'ADD');
INSERT INTO `business_pay_fee_attrs` VALUES ('902021011341100164', '202021011362976788', '7020181217000001', '112021011319990502', '390009', '18070038145', 'ADD');
INSERT INTO `business_pay_fee_attrs` VALUES ('902021011341100164', '202021011338426789', '7020181217000001', '112021011383190503', '390008', '植物养发馆', 'ADD');
INSERT INTO `business_pay_fee_attrs` VALUES ('902021011386380165', '202021011363556791', '7020181217000001', '112021011324120504', '390007', '772020120939320216', 'ADD');
INSERT INTO `business_pay_fee_attrs` VALUES ('902021011386380165', '202021011370076792', '7020181217000001', '112021011305410505', '390009', '15007008002', 'ADD');
INSERT INTO `business_pay_fee_attrs` VALUES ('902021011386380165', '202021011333906793', '7020181217000001', '112021011307920506', '390008', '阿峰造型', 'ADD');
INSERT INTO `business_pay_fee_attrs` VALUES ('902021011322700166', '202021011387746795', '7020181217000001', '112021011389690507', '390007', '772020120934950218', 'ADD');
INSERT INTO `business_pay_fee_attrs` VALUES ('902021011322700166', '202021011309126796', '7020181217000001', '112021011312550508', '390009', '13970836657', 'ADD');
INSERT INTO `business_pay_fee_attrs` VALUES ('902021011322700166', '202021011350816797', '7020181217000001', '112021011300070509', '390008', '爱乐琴行', 'ADD');
INSERT INTO `business_pay_fee_attrs` VALUES ('902021011358810167', '202021011356816799', '7020181217000001', '112021011323810510', '390007', '772020120918960219', 'ADD');
INSERT INTO `business_pay_fee_attrs` VALUES ('902021011358810167', '202021011380176800', '7020181217000001', '112021011371080511', '390009', '13755785773', 'ADD');
INSERT INTO `business_pay_fee_attrs` VALUES ('902021011358810167', '202021011343046801', '7020181217000001', '112021011383800512', '390008', '爱乐烤吧', 'ADD');
INSERT INTO `business_pay_fee_attrs` VALUES ('902021011383500168', '202021011304026803', '7020181217000001', '112021011396760513', '390007', '772020120900550220', 'ADD');
INSERT INTO `business_pay_fee_attrs` VALUES ('902021011383500168', '202021011380886804', '7020181217000001', '112021011313470514', '390009', '13732939386', 'ADD');
INSERT INTO `business_pay_fee_attrs` VALUES ('902021011383500168', '202021011396236805', '7020181217000001', '112021011331990515', '390008', '菜鸟驿站', 'ADD');
INSERT INTO `business_pay_fee_attrs` VALUES ('902021011308280169', '202021011334786807', '7020181217000001', '112021011369750516', '390007', '772020120911290221', 'ADD');
INSERT INTO `business_pay_fee_attrs` VALUES ('902021011308280169', '202021011354556808', '7020181217000001', '112021011372710517', '390009', '18720088055', 'ADD');
INSERT INTO `business_pay_fee_attrs` VALUES ('902021011308280169', '202021011378896809', '7020181217000001', '112021011326240518', '390008', '我爱我家', 'ADD');
INSERT INTO `business_pay_fee_attrs` VALUES ('902021011344530170', '202021011312566811', '7020181217000001', '112021011380980519', '390007', '772020120927680222', 'ADD');
INSERT INTO `business_pay_fee_attrs` VALUES ('902021011344530170', '202021011333706812', '7020181217000001', '112021011336840520', '390009', '13970820798', 'ADD');
INSERT INTO `business_pay_fee_attrs` VALUES ('902021011344530170', '202021011371886813', '7020181217000001', '112021011358640521', '390008', '彭鼎乾', 'ADD');
INSERT INTO `business_pay_fee_attrs` VALUES ('902021011379910171', '202021011301476815', '7020181217000001', '112021011356170522', '390007', '772020120904390226', 'ADD');
INSERT INTO `business_pay_fee_attrs` VALUES ('902021011379910171', '202021011337836816', '7020181217000001', '112021011346990523', '390009', '13755781236', 'ADD');
INSERT INTO `business_pay_fee_attrs` VALUES ('902021011379910171', '202021011322616817', '7020181217000001', '112021011359930524', '390008', '冰棒批发', 'ADD');
INSERT INTO `business_pay_fee_attrs` VALUES ('902021011399210172', '202021011385506819', '7020181217000001', '112021011392610525', '390007', '772020120999930227', 'ADD');
INSERT INTO `business_pay_fee_attrs` VALUES ('902021011399210172', '202021011365096820', '7020181217000001', '112021011303920526', '390009', '15070086364', 'ADD');
INSERT INTO `business_pay_fee_attrs` VALUES ('902021011399210172', '202021011335566821', '7020181217000001', '112021011325190527', '390008', '薇薇足道', 'ADD');
INSERT INTO `business_pay_fee_attrs` VALUES ('902021011337320173', '202021011312856823', '7020181217000001', '112021011347070528', '390007', '772020120946040228', 'ADD');
INSERT INTO `business_pay_fee_attrs` VALUES ('902021011337320173', '202021011312326824', '7020181217000001', '112021011395100529', '390009', '18307009287', 'ADD');
INSERT INTO `business_pay_fee_attrs` VALUES ('902021011337320173', '202021011379226825', '7020181217000001', '112021011399470530', '390008', '合佑置家', 'ADD');
INSERT INTO `business_pay_fee_attrs` VALUES ('902021011306060174', '202021011319246827', '7020181217000001', '112021011389010531', '390007', '772020112473160100', 'ADD');
INSERT INTO `business_pay_fee_attrs` VALUES ('902021011306060174', '202021011355696828', '7020181217000001', '112021011310140532', '390009', '15846254961', 'ADD');
INSERT INTO `business_pay_fee_attrs` VALUES ('902021011306060174', '202021011374836829', '7020181217000001', '112021011366660533', '390008', '11', 'ADD');
INSERT INTO `business_pay_fee_attrs` VALUES ('902021011318340175', '202021011323546831', '7020181217000001', '112021011338710534', '390007', '772020111032590812', 'ADD');
INSERT INTO `business_pay_fee_attrs` VALUES ('902021011318340175', '202021011322756832', '7020181217000001', '112021011389990535', '390009', '17764080621', 'ADD');
INSERT INTO `business_pay_fee_attrs` VALUES ('902021011318340175', '202021011307596833', '7020181217000001', '112021011377360536', '390008', '石头', 'ADD');
INSERT INTO `business_pay_fee_attrs` VALUES ('902021011378960176', '202021011327866835', '7020181217000001', '112021011332070537', '390007', '772020122752160735', 'ADD');
INSERT INTO `business_pay_fee_attrs` VALUES ('902021011378960176', '202021011344176836', '7020181217000001', '112021011381840538', '390009', '13987654321', 'ADD');
INSERT INTO `business_pay_fee_attrs` VALUES ('902021011378960176', '202021011337716837', '7020181217000001', '112021011338680539', '390008', '孙开心', 'ADD');
INSERT INTO `business_pay_fee_attrs` VALUES ('902021011300740177', '202021011355566839', '7020181217000001', '112021011331560540', '390007', '772020113085750274', 'ADD');
INSERT INTO `business_pay_fee_attrs` VALUES ('902021011300740177', '202021011381686840', '7020181217000001', '112021011364050541', '390009', '18580865040', 'ADD');
INSERT INTO `business_pay_fee_attrs` VALUES ('902021011300740177', '202021011387326841', '7020181217000001', '112021011372940542', '390008', '11', 'ADD');
INSERT INTO `business_pay_fee_attrs` VALUES ('902021011399550178', '202021011310156843', '7020181217000001', '112021011396260543', '390007', '772020120735690205', 'ADD');
INSERT INTO `business_pay_fee_attrs` VALUES ('902021011399550178', '202021011374626844', '7020181217000001', '112021011345300544', '390009', '18911544225', 'ADD');
INSERT INTO `business_pay_fee_attrs` VALUES ('902021011399550178', '202021011309066845', '7020181217000001', '112021011302360545', '390008', '蔡万成', 'ADD');
INSERT INTO `business_pay_fee_attrs` VALUES ('902021011335510179', '202021011362826847', '7020181217000001', '112021011333750546', '390007', '772020120399630533', 'ADD');
INSERT INTO `business_pay_fee_attrs` VALUES ('902021011335510179', '202021011352716848', '7020181217000001', '112021011390710547', '390009', '13211111111', 'ADD');
INSERT INTO `business_pay_fee_attrs` VALUES ('902021011335510179', '202021011386836849', '7020181217000001', '112021011339800548', '390008', '测试姓名', 'ADD');
INSERT INTO `business_pay_fee_attrs` VALUES ('902021011382240180', '202021011397276851', '7020181217000001', '112021011338520549', '390007', '772020082669588137', 'ADD');
INSERT INTO `business_pay_fee_attrs` VALUES ('902021011382240180', '202021011315026852', '7020181217000001', '112021011315870550', '390009', '15332877834', 'ADD');
INSERT INTO `business_pay_fee_attrs` VALUES ('902021011382240180', '202021011344086853', '7020181217000001', '112021011370950551', '390008', 'lbwnb', 'ADD');
INSERT INTO `business_pay_fee_attrs` VALUES ('902021011328580181', '202021011377846855', '7020181217000001', '112021011350240552', '390007', '772020122987090002', 'ADD');
INSERT INTO `business_pay_fee_attrs` VALUES ('902021011328580181', '202021011351906856', '7020181217000001', '112021011314620553', '390009', '18327215264', 'ADD');
INSERT INTO `business_pay_fee_attrs` VALUES ('902021011328580181', '202021011352256857', '7020181217000001', '112021011346680554', '390008', 'lkds', 'ADD');
INSERT INTO `business_pay_fee_attrs` VALUES ('902021011300980184', '202021011346976872', '2020121527920100', '112021011327370555', '390006', '3.64', 'ADD');
INSERT INTO `business_pay_fee_attrs` VALUES ('902021011430850051', '202021011481177030', '702020120130200147', '112021011468040009', '390007', '772020120259600185', 'ADD');
INSERT INTO `business_pay_fee_attrs` VALUES ('902021011430850051', '202021011441317031', '702020120130200147', '112021011438050010', '390009', '18689421386', 'ADD');
INSERT INTO `business_pay_fee_attrs` VALUES ('902021011430850051', '202021011441217032', '702020120130200147', '112021011464140011', '390008', 'cc', 'ADD');
INSERT INTO `business_pay_fee_attrs` VALUES ('902021011486260111', '202021011489627101', '2020121792640104', '112021011486250013', '390007', '772020122764670637', 'ADD');
INSERT INTO `business_pay_fee_attrs` VALUES ('902021011486260111', '202021011434957102', '2020121792640104', '112021011429150014', '390009', '13454543434', 'ADD');
INSERT INTO `business_pay_fee_attrs` VALUES ('902021011486260111', '202021011427387103', '2020121792640104', '112021011483280015', '390008', 'wxw', 'ADD');
INSERT INTO `business_pay_fee_attrs` VALUES ('902021011496930112', '202021011491667108', '2020121792640104', '112021011405090016', '390007', '772020122764670637', 'ADD');
INSERT INTO `business_pay_fee_attrs` VALUES ('902021011496930112', '202021011444577109', '2020121792640104', '112021011427050017', '390009', '13454543434', 'ADD');
INSERT INTO `business_pay_fee_attrs` VALUES ('902021011496930112', '202021011406887110', '2020121792640104', '112021011450640018', '390008', 'wxw', 'ADD');
INSERT INTO `business_pay_fee_attrs` VALUES ('902021011444780169', '202021011440437193', '2020121527920100', '112021011473590024', '390007', '772021010862520199', 'ADD');
INSERT INTO `business_pay_fee_attrs` VALUES ('902021011444780169', '202021011430087194', '2020121527920100', '112021011459780025', '390009', '13300003333', 'ADD');
INSERT INTO `business_pay_fee_attrs` VALUES ('902021011444780169', '202021011446897195', '2020121527920100', '112021011420250026', '390008', '张三', 'ADD');
INSERT INTO `business_pay_fee_attrs` VALUES ('902021011572840004', '202021011595230040', '2020121792640104', '112021011566530002', '390007', '772020122764670637', 'ADD');
INSERT INTO `business_pay_fee_attrs` VALUES ('902021011572840004', '202021011565600041', '2020121792640104', '112021011532560003', '390009', '13454543434', 'ADD');
INSERT INTO `business_pay_fee_attrs` VALUES ('902021011572840004', '202021011551060042', '2020121792640104', '112021011554180004', '390008', 'wxw', 'ADD');
INSERT INTO `business_pay_fee_attrs` VALUES ('902021011571640189', '202021011533960096', '2020121792640104', '112021011585540008', '390007', '772020122764670637', 'ADD');
INSERT INTO `business_pay_fee_attrs` VALUES ('902021011571640189', '202021011510120097', '2020121792640104', '112021011541640009', '390009', '13454543434', 'ADD');
INSERT INTO `business_pay_fee_attrs` VALUES ('902021011571640189', '202021011557460098', '2020121792640104', '112021011522070010', '390008', 'wxw', 'ADD');
INSERT INTO `business_pay_fee_attrs` VALUES ('902021011509050190', '202021011526660100', '2020121792640104', '112021011554930011', '390007', '772020122764670637', 'ADD');
INSERT INTO `business_pay_fee_attrs` VALUES ('902021011509050190', '202021011545250101', '2020121792640104', '112021011561520012', '390009', '13454543434', 'ADD');
INSERT INTO `business_pay_fee_attrs` VALUES ('902021011509050190', '202021011525420102', '2020121792640104', '112021011519140013', '390008', 'wxw', 'ADD');
INSERT INTO `business_pay_fee_attrs` VALUES ('902021011586840214', '202021011557580139', '2020122577160366', '112021011565110015', '390007', '772020123031890726', 'ADD');
INSERT INTO `business_pay_fee_attrs` VALUES ('902021011586840214', '202021011593770140', '2020122577160366', '112021011525250016', '390009', '13888888888', 'ADD');
INSERT INTO `business_pay_fee_attrs` VALUES ('902021011586840214', '202021011595050141', '2020122577160366', '112021011567110017', '390008', '叁尚1', 'ADD');
INSERT INTO `business_pay_fee_attrs` VALUES ('902021011508810215', '202021011509960143', '2020122577160366', '112021011589350018', '390007', '772020123031890726', 'ADD');
INSERT INTO `business_pay_fee_attrs` VALUES ('902021011508810215', '202021011537730144', '2020122577160366', '112021011564640019', '390009', '13888888888', 'ADD');
INSERT INTO `business_pay_fee_attrs` VALUES ('902021011508810215', '202021011596080145', '2020122577160366', '112021011555710020', '390008', '叁尚1', 'ADD');
INSERT INTO `business_pay_fee_attrs` VALUES ('902021011584920217', '202021011588450148', '2020122577160366', '112021011571150021', '390007', '772020123031890726', 'ADD');
INSERT INTO `business_pay_fee_attrs` VALUES ('902021011584920217', '202021011556150149', '2020122577160366', '112021011579360022', '390009', '13888888888', 'ADD');
INSERT INTO `business_pay_fee_attrs` VALUES ('902021011584920217', '202021011568790150', '2020122577160366', '112021011501970023', '390008', '叁尚1', 'ADD');
INSERT INTO `business_pay_fee_attrs` VALUES ('902021011761040274', '202021011716160537', '2020121792640104', '112021011743230006', '390007', '772020122764670637', 'ADD');
INSERT INTO `business_pay_fee_attrs` VALUES ('902021011761040274', '202021011724040538', '2020121792640104', '112021011723340007', '390009', '13454543434', 'ADD');
INSERT INTO `business_pay_fee_attrs` VALUES ('902021011761040274', '202021011773040539', '2020121792640104', '112021011732510008', '390008', 'wxw', 'ADD');
INSERT INTO `business_pay_fee_attrs` VALUES ('902021011729830003', '202021011787050577', '2020121792640104', '112021011754130002', '390007', '772020122764670637', 'ADD');
INSERT INTO `business_pay_fee_attrs` VALUES ('902021011729830003', '202021011797690578', '2020121792640104', '112021011701260003', '390009', '13454543434', 'ADD');
INSERT INTO `business_pay_fee_attrs` VALUES ('902021011729830003', '202021011761610579', '2020121792640104', '112021011714460004', '390008', 'wxw', 'ADD');
INSERT INTO `business_pay_fee_attrs` VALUES ('902021011782360005', '202021011740850584', '2020121792640104', '112021011713770006', '390007', '772020122764670637', 'ADD');
INSERT INTO `business_pay_fee_attrs` VALUES ('902021011782360005', '202021011759480585', '2020121792640104', '112021011738240007', '390009', '13454543434', 'ADD');
INSERT INTO `business_pay_fee_attrs` VALUES ('902021011782360005', '202021011789150586', '2020121792640104', '112021011734110008', '390008', 'wxw', 'ADD');
INSERT INTO `business_pay_fee_attrs` VALUES ('902021011796730007', '202021011723120597', '2020121792640104', '112021011700320014', '390007', '772020122764670637', 'ADD');
INSERT INTO `business_pay_fee_attrs` VALUES ('902021011796730007', '202021011793020598', '2020121792640104', '112021011714420015', '390009', '13454543434', 'ADD');
INSERT INTO `business_pay_fee_attrs` VALUES ('902021011796730007', '202021011750090599', '2020121792640104', '112021011765390016', '390008', 'wxw', 'ADD');
INSERT INTO `business_pay_fee_attrs` VALUES ('902021011768230028', '202021011721810707', '2020121792640104', '112021011714160038', '390007', '772020122764670637', 'ADD');
INSERT INTO `business_pay_fee_attrs` VALUES ('902021011768230028', '202021011727270708', '2020121792640104', '112021011746350039', '390009', '13454543434', 'ADD');
INSERT INTO `business_pay_fee_attrs` VALUES ('902021011768230028', '202021011718750709', '2020121792640104', '112021011706760040', '390008', 'wxw', 'ADD');
INSERT INTO `business_pay_fee_attrs` VALUES ('902021011771650029', '202021011734570711', '2020121792640104', '112021011765510041', '390007', '772020122764670637', 'ADD');
INSERT INTO `business_pay_fee_attrs` VALUES ('902021011771650029', '202021011776290712', '2020121792640104', '112021011790980042', '390009', '13454543434', 'ADD');
INSERT INTO `business_pay_fee_attrs` VALUES ('902021011771650029', '202021011712220713', '2020121792640104', '112021011745800043', '390008', 'wxw', 'ADD');
INSERT INTO `business_pay_fee_attrs` VALUES ('902021011741000042', '202021011794710735', '2020121792640104', '112021011735010045', '390006', '100', 'ADD');
INSERT INTO `business_pay_fee_attrs` VALUES ('902021011746140052', '202021011786290779', '2020121792640104', '112021011711660053', '390007', '772020122764670637', 'ADD');
INSERT INTO `business_pay_fee_attrs` VALUES ('902021011746140052', '202021011730490780', '2020121792640104', '112021011761550054', '390009', '13454543434', 'ADD');
INSERT INTO `business_pay_fee_attrs` VALUES ('902021011746140052', '202021011728290781', '2020121792640104', '112021011711380055', '390008', 'wxw', 'ADD');
INSERT INTO `business_pay_fee_attrs` VALUES ('902021011790500053', '202021011719920783', '2020121792640104', '112021011709960056', '390007', '772020122764670637', 'ADD');
INSERT INTO `business_pay_fee_attrs` VALUES ('902021011790500053', '202021011728890784', '2020121792640104', '112021011760560057', '390009', '13454543434', 'ADD');
INSERT INTO `business_pay_fee_attrs` VALUES ('902021011790500053', '202021011788820785', '2020121792640104', '112021011740780058', '390008', 'wxw', 'ADD');
INSERT INTO `business_pay_fee_attrs` VALUES ('902021011884980745', '202021011830941068', '2020121527920100', '112021011812680098', '390007', '772020122251590078', 'ADD');
INSERT INTO `business_pay_fee_attrs` VALUES ('902021011884980745', '202021011872311069', '2020121527920100', '112021011819680099', '390009', '15500000000', 'ADD');
INSERT INTO `business_pay_fee_attrs` VALUES ('902021011884980745', '202021011868751070', '2020121527920100', '112021011863820100', '390008', 'asdf', 'ADD');
INSERT INTO `business_pay_fee_attrs` VALUES ('902021011839340746', '202021011874751072', '2020121527920100', '112021011899830101', '390007', '772021010862520199', 'ADD');
INSERT INTO `business_pay_fee_attrs` VALUES ('902021011839340746', '202021011882991073', '2020121527920100', '112021011899030102', '390009', '13300003333', 'ADD');
INSERT INTO `business_pay_fee_attrs` VALUES ('902021011839340746', '202021011856611074', '2020121527920100', '112021011829180103', '390008', '张三', 'ADD');
INSERT INTO `business_pay_fee_attrs` VALUES ('902021011812460748', '202021011885911077', '2020121527920100', '112021011891080104', '390007', '772020122287550154', 'ADD');
INSERT INTO `business_pay_fee_attrs` VALUES ('902021011812460748', '202021011892691078', '2020121527920100', '112021011813360105', '390009', '14795465555', 'ADD');
INSERT INTO `business_pay_fee_attrs` VALUES ('902021011812460748', '202021011874401079', '2020121527920100', '112021011816340106', '390008', '666', 'ADD');
INSERT INTO `business_pay_fee_attrs` VALUES ('902021011832300749', '202021011893941081', '2020121527920100', '112021011842180107', '390007', '772020122287550154', 'ADD');
INSERT INTO `business_pay_fee_attrs` VALUES ('902021011832300749', '202021011825441082', '2020121527920100', '112021011800330108', '390009', '14795465555', 'ADD');
INSERT INTO `business_pay_fee_attrs` VALUES ('902021011832300749', '202021011897031083', '2020121527920100', '112021011839060109', '390008', '666', 'ADD');
INSERT INTO `business_pay_fee_attrs` VALUES ('902021011865560750', '202021011883671085', '2020121527920100', '112021011851090110', '390007', '772020122223000151', 'ADD');
INSERT INTO `business_pay_fee_attrs` VALUES ('902021011865560750', '202021011858281086', '2020121527920100', '112021011882670111', '390009', '14578987445', 'ADD');
INSERT INTO `business_pay_fee_attrs` VALUES ('902021011865560750', '202021011827391087', '2020121527920100', '112021011820760112', '390008', '11', 'ADD');
INSERT INTO `business_pay_fee_attrs` VALUES ('902021011894830751', '202021011841161089', '2020121527920100', '112021011808890113', '390007', '772020122327340246', 'ADD');
INSERT INTO `business_pay_fee_attrs` VALUES ('902021011894830751', '202021011892141090', '2020121527920100', '112021011838160114', '390009', '18888888888', 'ADD');
INSERT INTO `business_pay_fee_attrs` VALUES ('902021011894830751', '202021011807191091', '2020121527920100', '112021011884380115', '390008', '王王', 'ADD');
INSERT INTO `business_pay_fee_attrs` VALUES ('902021011841880752', '202021011820561093', '2020121527920100', '112021011848890116', '390007', '772021011280310007', 'ADD');
INSERT INTO `business_pay_fee_attrs` VALUES ('902021011841880752', '202021011865711094', '2020121527920100', '112021011805740117', '390009', '18999999999', 'ADD');
INSERT INTO `business_pay_fee_attrs` VALUES ('902021011841880752', '202021011885061095', '2020121527920100', '112021011882860118', '390008', '周一', 'ADD');
INSERT INTO `business_pay_fee_attrs` VALUES ('902021011824070753', '202021011834861097', '2020121527920100', '112021011842810119', '390007', '772021011254170008', 'ADD');
INSERT INTO `business_pay_fee_attrs` VALUES ('902021011824070753', '202021011819261098', '2020121527920100', '112021011841880120', '390009', '18999999991', 'ADD');
INSERT INTO `business_pay_fee_attrs` VALUES ('902021011824070753', '202021011886771099', '2020121527920100', '112021011875750121', '390008', '周二', 'ADD');
INSERT INTO `business_pay_fee_attrs` VALUES ('902021011839560754', '202021011897111101', '2020121527920100', '112021011877310122', '390007', '772021011240410009', 'ADD');
INSERT INTO `business_pay_fee_attrs` VALUES ('902021011839560754', '202021011868411102', '2020121527920100', '112021011848280123', '390009', '18999999992', 'ADD');
INSERT INTO `business_pay_fee_attrs` VALUES ('902021011839560754', '202021011829721103', '2020121527920100', '112021011885850124', '390008', '周三', 'ADD');
INSERT INTO `business_pay_fee_attrs` VALUES ('902021011850510755', '202021011806141105', '2020121527920100', '112021011885650125', '390007', '772021011240300010', 'ADD');
INSERT INTO `business_pay_fee_attrs` VALUES ('902021011850510755', '202021011808371106', '2020121527920100', '112021011830150126', '390009', '18999999993', 'ADD');
INSERT INTO `business_pay_fee_attrs` VALUES ('902021011850510755', '202021011821851107', '2020121527920100', '112021011893890127', '390008', '周四', 'ADD');
INSERT INTO `business_pay_fee_attrs` VALUES ('902021011809730756', '202021011816791109', '2020121527920100', '112021011839110128', '390007', '772021011296110011', 'ADD');
INSERT INTO `business_pay_fee_attrs` VALUES ('902021011809730756', '202021011892381110', '2020121527920100', '112021011836090129', '390009', '18999999994', 'ADD');
INSERT INTO `business_pay_fee_attrs` VALUES ('902021011809730756', '202021011820691111', '2020121527920100', '112021011854850130', '390008', '周五', 'ADD');
INSERT INTO `business_pay_fee_attrs` VALUES ('902021011817750757', '202021011842031113', '2020121527920100', '112021011886440131', '390007', '772021011274680061', 'ADD');
INSERT INTO `business_pay_fee_attrs` VALUES ('902021011817750757', '202021011884621114', '2020121527920100', '112021011898640132', '390009', '13876013000', 'ADD');
INSERT INTO `business_pay_fee_attrs` VALUES ('902021011817750757', '202021011869911115', '2020121527920100', '112021011835540133', '390008', '肯德基', 'ADD');
INSERT INTO `business_pay_fee_attrs` VALUES ('902021011974540108', '202021011984321341', '2021011971030081', '112021011951320141', '390007', '772021011981940098', 'ADD');
INSERT INTO `business_pay_fee_attrs` VALUES ('902021011974540108', '202021011913741342', '2021011971030081', '112021011980690142', '390009', '15833910098', 'ADD');
INSERT INTO `business_pay_fee_attrs` VALUES ('902021011974540108', '202021011927071343', '2021011971030081', '112021011975500143', '390008', '李四二', 'ADD');
INSERT INTO `business_pay_fee_attrs` VALUES ('902021011930630115', '202021011940201354', '2021011971030081', '112021011968160144', '390007', '772021011981940098', 'ADD');
INSERT INTO `business_pay_fee_attrs` VALUES ('902021011930630115', '202021011921941355', '2021011971030081', '112021011940080145', '390009', '15833910098', 'ADD');
INSERT INTO `business_pay_fee_attrs` VALUES ('902021011930630115', '202021011959721356', '2021011971030081', '112021011990470146', '390008', '李四二', 'ADD');
INSERT INTO `business_pay_fee_attrs` VALUES ('902021011977721054', '202021011944001396', '2021011971030081', '112021011985130148', '390007', '772021011981940098', 'ADD');
INSERT INTO `business_pay_fee_attrs` VALUES ('902021011977721054', '202021011925921397', '2021011971030081', '112021011944640149', '390009', '15833910098', 'ADD');
INSERT INTO `business_pay_fee_attrs` VALUES ('902021011977721054', '202021011932301398', '2021011971030081', '112021011983050150', '390008', '李四二', 'ADD');
INSERT INTO `business_pay_fee_attrs` VALUES ('902021012087241263', '202021012020042104', '2020121527920100', '112021012043580155', '390007', '772021011274680061', 'ADD');
INSERT INTO `business_pay_fee_attrs` VALUES ('902021012087241263', '202021012093752105', '2020121527920100', '112021012011670156', '390009', '13876013000', 'ADD');
INSERT INTO `business_pay_fee_attrs` VALUES ('902021012087241263', '202021012039982106', '2020121527920100', '112021012046450157', '390008', '肯德基', 'ADD');
INSERT INTO `business_pay_fee_attrs` VALUES ('902021012098951341', '202021012061842218', '2020121527920100', '112021012063150169', '390007', '772020122251590078', 'ADD');
INSERT INTO `business_pay_fee_attrs` VALUES ('902021012098951341', '202021012028842219', '2020121527920100', '112021012004700170', '390009', '15500000000', 'ADD');
INSERT INTO `business_pay_fee_attrs` VALUES ('902021012098951341', '202021012025612220', '2020121527920100', '112021012024060171', '390008', 'asdf', 'ADD');
INSERT INTO `business_pay_fee_attrs` VALUES ('902021012034561342', '202021012030562222', '2020121527920100', '112021012044310172', '390007', '772021010862520199', 'ADD');
INSERT INTO `business_pay_fee_attrs` VALUES ('902021012034561342', '202021012080042223', '2020121527920100', '112021012049190173', '390009', '13300003333', 'ADD');
INSERT INTO `business_pay_fee_attrs` VALUES ('902021012034561342', '202021012041382224', '2020121527920100', '112021012048330174', '390008', '张三', 'ADD');
INSERT INTO `business_pay_fee_attrs` VALUES ('902021012011641344', '202021012030852227', '2020121527920100', '112021012098150175', '390007', '772020122287550154', 'ADD');
INSERT INTO `business_pay_fee_attrs` VALUES ('902021012011641344', '202021012069152228', '2020121527920100', '112021012047950176', '390009', '14795465555', 'ADD');
INSERT INTO `business_pay_fee_attrs` VALUES ('902021012011641344', '202021012059832229', '2020121527920100', '112021012084730177', '390008', '666', 'ADD');
INSERT INTO `business_pay_fee_attrs` VALUES ('902021012098001345', '202021012041442231', '2020121527920100', '112021012008720178', '390007', '772020122287550154', 'ADD');
INSERT INTO `business_pay_fee_attrs` VALUES ('902021012098001345', '202021012059672232', '2020121527920100', '112021012018470179', '390009', '14795465555', 'ADD');
INSERT INTO `business_pay_fee_attrs` VALUES ('902021012098001345', '202021012081982233', '2020121527920100', '112021012001720180', '390008', '666', 'ADD');
INSERT INTO `business_pay_fee_attrs` VALUES ('902021012099751346', '202021012068322235', '2020121527920100', '112021012045500181', '390007', '772020122223000151', 'ADD');
INSERT INTO `business_pay_fee_attrs` VALUES ('902021012099751346', '202021012085202236', '2020121527920100', '112021012038890182', '390009', '14578987445', 'ADD');
INSERT INTO `business_pay_fee_attrs` VALUES ('902021012099751346', '202021012082412237', '2020121527920100', '112021012038570183', '390008', '11', 'ADD');
INSERT INTO `business_pay_fee_attrs` VALUES ('902021012032791347', '202021012058312239', '2020121527920100', '112021012034600184', '390007', '772020122327340246', 'ADD');
INSERT INTO `business_pay_fee_attrs` VALUES ('902021012032791347', '202021012004502240', '2020121527920100', '112021012056400185', '390009', '18888888888', 'ADD');
INSERT INTO `business_pay_fee_attrs` VALUES ('902021012032791347', '202021012080372241', '2020121527920100', '112021012000140186', '390008', '王王', 'ADD');
INSERT INTO `business_pay_fee_attrs` VALUES ('902021012064121348', '202021012089002243', '2020121527920100', '112021012027570187', '390007', '772021011280310007', 'ADD');
INSERT INTO `business_pay_fee_attrs` VALUES ('902021012064121348', '202021012081222244', '2020121527920100', '112021012043260188', '390009', '17788527952', 'ADD');
INSERT INTO `business_pay_fee_attrs` VALUES ('902021012064121348', '202021012018722245', '2020121527920100', '112021012031610189', '390008', '周一', 'ADD');
INSERT INTO `business_pay_fee_attrs` VALUES ('902021012028331349', '202021012069562247', '2020121527920100', '112021012009220190', '390007', '772021011254170008', 'ADD');
INSERT INTO `business_pay_fee_attrs` VALUES ('902021012028331349', '202021012013132248', '2020121527920100', '112021012062760191', '390009', '18999999991', 'ADD');
INSERT INTO `business_pay_fee_attrs` VALUES ('902021012028331349', '202021012061872249', '2020121527920100', '112021012053380192', '390008', '周二', 'ADD');
INSERT INTO `business_pay_fee_attrs` VALUES ('902021012028861350', '202021012064202251', '2020121527920100', '112021012093030193', '390007', '772021011240410009', 'ADD');
INSERT INTO `business_pay_fee_attrs` VALUES ('902021012028861350', '202021012004962252', '2020121527920100', '112021012049520194', '390009', '18999999992', 'ADD');
INSERT INTO `business_pay_fee_attrs` VALUES ('902021012028861350', '202021012005142253', '2020121527920100', '112021012057840195', '390008', '周三', 'ADD');
INSERT INTO `business_pay_fee_attrs` VALUES ('902021012064451351', '202021012048582255', '2020121527920100', '112021012090770196', '390007', '772021011240300010', 'ADD');
INSERT INTO `business_pay_fee_attrs` VALUES ('902021012064451351', '202021012064052256', '2020121527920100', '112021012072030197', '390009', '18999999993', 'ADD');
INSERT INTO `business_pay_fee_attrs` VALUES ('902021012064451351', '202021012075442257', '2020121527920100', '112021012043290198', '390008', '周四', 'ADD');
INSERT INTO `business_pay_fee_attrs` VALUES ('902021012035301352', '202021012065302259', '2020121527920100', '112021012097300199', '390007', '772021011296110011', 'ADD');
INSERT INTO `business_pay_fee_attrs` VALUES ('902021012035301352', '202021012065712260', '2020121527920100', '112021012084940200', '390009', '18999999994', 'ADD');
INSERT INTO `business_pay_fee_attrs` VALUES ('902021012035301352', '202021012041772261', '2020121527920100', '112021012037780201', '390008', '周五', 'ADD');
INSERT INTO `business_pay_fee_attrs` VALUES ('902021012062771353', '202021012035162263', '2020121527920100', '112021012015460202', '390007', '772021011274680061', 'ADD');
INSERT INTO `business_pay_fee_attrs` VALUES ('902021012062771353', '202021012044632264', '2020121527920100', '112021012015920203', '390009', '13876013000', 'ADD');
INSERT INTO `business_pay_fee_attrs` VALUES ('902021012062771353', '202021012069312265', '2020121527920100', '112021012068900204', '390008', '肯德基', 'ADD');
INSERT INTO `business_pay_fee_attrs` VALUES ('902021012025351356', '202021012012202268', '2020121527920100', '112021012082140205', '390007', '772021011315690241', 'ADD');
INSERT INTO `business_pay_fee_attrs` VALUES ('902021012025351356', '202021012096692269', '2020121527920100', '112021012053670206', '390009', '18909711443', 'ADD');
INSERT INTO `business_pay_fee_attrs` VALUES ('902021012025351356', '202021012061052270', '2020121527920100', '112021012081060207', '390008', 'test001', 'ADD');
INSERT INTO `business_pay_fee_attrs` VALUES ('902021012029681357', '202021012023922273', '2020121527920100', '112021012078430208', '390007', '772021011315690241', 'ADD');
INSERT INTO `business_pay_fee_attrs` VALUES ('902021012029681357', '202021012068142274', '2020121527920100', '112021012028310209', '390009', '18909711443', 'ADD');
INSERT INTO `business_pay_fee_attrs` VALUES ('902021012029681357', '202021012079912275', '2020121527920100', '112021012025310210', '390008', 'test001', 'ADD');
INSERT INTO `business_pay_fee_attrs` VALUES ('902021012095481380', '202021012045482295', '2020121527920100', '112021012081670211', '390007', '772021011315690241', 'ADD');
INSERT INTO `business_pay_fee_attrs` VALUES ('902021012095481380', '202021012081172296', '2020121527920100', '112021012099880212', '390009', '18909711443', 'ADD');
INSERT INTO `business_pay_fee_attrs` VALUES ('902021012095481380', '202021012064632297', '2020121527920100', '112021012054350213', '390008', 'test001', 'ADD');
INSERT INTO `business_pay_fee_attrs` VALUES ('902021012048961387', '202021012004902309', '2020121527920100', '112021012031870214', '390007', '772020122251590078', 'ADD');
INSERT INTO `business_pay_fee_attrs` VALUES ('902021012048961387', '202021012081452310', '2020121527920100', '112021012026510215', '390009', '15500000000', 'ADD');
INSERT INTO `business_pay_fee_attrs` VALUES ('902021012048961387', '202021012057762311', '2020121527920100', '112021012021080216', '390008', 'asdf', 'ADD');
INSERT INTO `business_pay_fee_attrs` VALUES ('902021012080251388', '202021012015392313', '2020121527920100', '112021012035850217', '390007', '772021010862520199', 'ADD');
INSERT INTO `business_pay_fee_attrs` VALUES ('902021012080251388', '202021012051802314', '2020121527920100', '112021012049260218', '390009', '13300003333', 'ADD');
INSERT INTO `business_pay_fee_attrs` VALUES ('902021012080251388', '202021012050892315', '2020121527920100', '112021012077830219', '390008', '张三', 'ADD');
INSERT INTO `business_pay_fee_attrs` VALUES ('902021012028021390', '202021012030122318', '2020121527920100', '112021012098140220', '390007', '772020122287550154', 'ADD');
INSERT INTO `business_pay_fee_attrs` VALUES ('902021012028021390', '202021012023652319', '2020121527920100', '112021012027700221', '390009', '14795465555', 'ADD');
INSERT INTO `business_pay_fee_attrs` VALUES ('902021012028021390', '202021012014292320', '2020121527920100', '112021012002300222', '390008', '666', 'ADD');
INSERT INTO `business_pay_fee_attrs` VALUES ('902021012005771391', '202021012001452322', '2020121527920100', '112021012061210223', '390007', '772020122287550154', 'ADD');
INSERT INTO `business_pay_fee_attrs` VALUES ('902021012005771391', '202021012028902323', '2020121527920100', '112021012084680224', '390009', '14795465555', 'ADD');
INSERT INTO `business_pay_fee_attrs` VALUES ('902021012005771391', '202021012007132324', '2020121527920100', '112021012091750225', '390008', '666', 'ADD');
INSERT INTO `business_pay_fee_attrs` VALUES ('902021012055801392', '202021012049482326', '2020121527920100', '112021012076520226', '390007', '772020122223000151', 'ADD');
INSERT INTO `business_pay_fee_attrs` VALUES ('902021012055801392', '202021012013932327', '2020121527920100', '112021012012660227', '390009', '14578987445', 'ADD');
INSERT INTO `business_pay_fee_attrs` VALUES ('902021012055801392', '202021012027452328', '2020121527920100', '112021012019550228', '390008', '11', 'ADD');
INSERT INTO `business_pay_fee_attrs` VALUES ('902021012066211393', '202021012028432330', '2020121527920100', '112021012061230229', '390007', '772020122327340246', 'ADD');
INSERT INTO `business_pay_fee_attrs` VALUES ('902021012066211393', '202021012073512331', '2020121527920100', '112021012013660230', '390009', '18888888888', 'ADD');
INSERT INTO `business_pay_fee_attrs` VALUES ('902021012066211393', '202021012056762332', '2020121527920100', '112021012046080231', '390008', '王王', 'ADD');
INSERT INTO `business_pay_fee_attrs` VALUES ('902021012098451394', '202021012066762334', '2020121527920100', '112021012018420232', '390007', '772021011280310007', 'ADD');
INSERT INTO `business_pay_fee_attrs` VALUES ('902021012098451394', '202021012064372335', '2020121527920100', '112021012061860233', '390009', '17788527952', 'ADD');
INSERT INTO `business_pay_fee_attrs` VALUES ('902021012098451394', '202021012090412336', '2020121527920100', '112021012008370234', '390008', '周一', 'ADD');
INSERT INTO `business_pay_fee_attrs` VALUES ('902021012052541395', '202021012021192338', '2020121527920100', '112021012031720235', '390007', '772021011254170008', 'ADD');
INSERT INTO `business_pay_fee_attrs` VALUES ('902021012052541395', '202021012041222339', '2020121527920100', '112021012001520236', '390009', '18999999991', 'ADD');
INSERT INTO `business_pay_fee_attrs` VALUES ('902021012052541395', '202021012035212340', '2020121527920100', '112021012031420237', '390008', '周二', 'ADD');
INSERT INTO `business_pay_fee_attrs` VALUES ('902021012038961396', '202021012006682342', '2020121527920100', '112021012070210238', '390007', '772021011240410009', 'ADD');
INSERT INTO `business_pay_fee_attrs` VALUES ('902021012038961396', '202021012079492343', '2020121527920100', '112021012046720239', '390009', '18999999992', 'ADD');
INSERT INTO `business_pay_fee_attrs` VALUES ('902021012038961396', '202021012000242344', '2020121527920100', '112021012012040240', '390008', '周三', 'ADD');
INSERT INTO `business_pay_fee_attrs` VALUES ('902021012028081397', '202021012003632346', '2020121527920100', '112021012094740241', '390007', '772021011240300010', 'ADD');
INSERT INTO `business_pay_fee_attrs` VALUES ('902021012028081397', '202021012018982347', '2020121527920100', '112021012066450242', '390009', '18999999993', 'ADD');
INSERT INTO `business_pay_fee_attrs` VALUES ('902021012028081397', '202021012025792348', '2020121527920100', '112021012073460243', '390008', '周四', 'ADD');
INSERT INTO `business_pay_fee_attrs` VALUES ('902021012074821398', '202021012008362350', '2020121527920100', '112021012076220244', '390007', '772021011296110011', 'ADD');
INSERT INTO `business_pay_fee_attrs` VALUES ('902021012074821398', '202021012013312351', '2020121527920100', '112021012048710245', '390009', '18999999994', 'ADD');
INSERT INTO `business_pay_fee_attrs` VALUES ('902021012074821398', '202021012076582352', '2020121527920100', '112021012075230246', '390008', '周五', 'ADD');
INSERT INTO `business_pay_fee_attrs` VALUES ('902021012073241399', '202021012090022354', '2020121527920100', '112021012067650247', '390007', '772021011274680061', 'ADD');
INSERT INTO `business_pay_fee_attrs` VALUES ('902021012073241399', '202021012087302355', '2020121527920100', '112021012034300248', '390009', '13876013000', 'ADD');
INSERT INTO `business_pay_fee_attrs` VALUES ('902021012073241399', '202021012091732356', '2020121527920100', '112021012028090249', '390008', '肯德基', 'ADD');
INSERT INTO `business_pay_fee_attrs` VALUES ('902021012006101416', '202021012021082382', '2020121527920100', '112021012008030250', '390007', '772020122251590078', 'ADD');
INSERT INTO `business_pay_fee_attrs` VALUES ('902021012006101416', '202021012076672383', '2020121527920100', '112021012031390251', '390009', '15500000000', 'ADD');
INSERT INTO `business_pay_fee_attrs` VALUES ('902021012006101416', '202021012030172384', '2020121527920100', '112021012071660252', '390008', 'asdf', 'ADD');
INSERT INTO `business_pay_fee_attrs` VALUES ('902021012062281417', '202021012036572386', '2020121527920100', '112021012094830253', '390007', '772021010862520199', 'ADD');
INSERT INTO `business_pay_fee_attrs` VALUES ('902021012062281417', '202021012068402387', '2020121527920100', '112021012000470254', '390009', '13300003333', 'ADD');
INSERT INTO `business_pay_fee_attrs` VALUES ('902021012062281417', '202021012007332388', '2020121527920100', '112021012052230255', '390008', '张三', 'ADD');
INSERT INTO `business_pay_fee_attrs` VALUES ('902021012077901419', '202021012012612391', '2020121527920100', '112021012024680256', '390007', '772020122287550154', 'ADD');
INSERT INTO `business_pay_fee_attrs` VALUES ('902021012077901419', '202021012022412392', '2020121527920100', '112021012049150257', '390009', '14795465555', 'ADD');
INSERT INTO `business_pay_fee_attrs` VALUES ('902021012077901419', '202021012079512393', '2020121527920100', '112021012056560258', '390008', '666', 'ADD');
INSERT INTO `business_pay_fee_attrs` VALUES ('902021012062381420', '202021012085432395', '2020121527920100', '112021012014360259', '390007', '772020122287550154', 'ADD');
INSERT INTO `business_pay_fee_attrs` VALUES ('902021012062381420', '202021012049422396', '2020121527920100', '112021012080060260', '390009', '14795465555', 'ADD');
INSERT INTO `business_pay_fee_attrs` VALUES ('902021012062381420', '202021012011772397', '2020121527920100', '112021012005550261', '390008', '666', 'ADD');
INSERT INTO `business_pay_fee_attrs` VALUES ('902021012094961421', '202021012053532399', '2020121527920100', '112021012006470262', '390007', '772020122223000151', 'ADD');
INSERT INTO `business_pay_fee_attrs` VALUES ('902021012094961421', '202021012081082400', '2020121527920100', '112021012002640263', '390009', '14578987445', 'ADD');
INSERT INTO `business_pay_fee_attrs` VALUES ('902021012094961421', '202021012073662401', '2020121527920100', '112021012070340264', '390008', '11', 'ADD');
INSERT INTO `business_pay_fee_attrs` VALUES ('902021012063141422', '202021012039132403', '2020121527920100', '112021012078460265', '390007', '772020122327340246', 'ADD');
INSERT INTO `business_pay_fee_attrs` VALUES ('902021012063141422', '202021012063412404', '2020121527920100', '112021012014010266', '390009', '18888888888', 'ADD');
INSERT INTO `business_pay_fee_attrs` VALUES ('902021012063141422', '202021012036832405', '2020121527920100', '112021012075780267', '390008', '王王', 'ADD');
INSERT INTO `business_pay_fee_attrs` VALUES ('902021012038831423', '202021012074372407', '2020121527920100', '112021012056230268', '390007', '772021011280310007', 'ADD');
INSERT INTO `business_pay_fee_attrs` VALUES ('902021012038831423', '202021012021762408', '2020121527920100', '112021012009440269', '390009', '17788527952', 'ADD');
INSERT INTO `business_pay_fee_attrs` VALUES ('902021012038831423', '202021012071722409', '2020121527920100', '112021012050560270', '390008', '周一', 'ADD');
INSERT INTO `business_pay_fee_attrs` VALUES ('902021012063421424', '202021012014182411', '2020121527920100', '112021012036550271', '390007', '772021011254170008', 'ADD');
INSERT INTO `business_pay_fee_attrs` VALUES ('902021012063421424', '202021012034082412', '2020121527920100', '112021012060410272', '390009', '18999999991', 'ADD');
INSERT INTO `business_pay_fee_attrs` VALUES ('902021012063421424', '202021012095052413', '2020121527920100', '112021012008470273', '390008', '周二', 'ADD');
INSERT INTO `business_pay_fee_attrs` VALUES ('902021012044971425', '202021012057372415', '2020121527920100', '112021012036330274', '390007', '772021011240410009', 'ADD');
INSERT INTO `business_pay_fee_attrs` VALUES ('902021012044971425', '202021012035932416', '2020121527920100', '112021012088300275', '390009', '18999999992', 'ADD');
INSERT INTO `business_pay_fee_attrs` VALUES ('902021012044971425', '202021012083382417', '2020121527920100', '112021012028760276', '390008', '周三', 'ADD');
INSERT INTO `business_pay_fee_attrs` VALUES ('902021012005181426', '202021012040742419', '2020121527920100', '112021012078430277', '390007', '772021011240300010', 'ADD');
INSERT INTO `business_pay_fee_attrs` VALUES ('902021012005181426', '202021012053332420', '2020121527920100', '112021012051250278', '390009', '18999999993', 'ADD');
INSERT INTO `business_pay_fee_attrs` VALUES ('902021012005181426', '202021012035192421', '2020121527920100', '112021012015240279', '390008', '周四', 'ADD');
INSERT INTO `business_pay_fee_attrs` VALUES ('902021012060041427', '202021012079512423', '2020121527920100', '112021012097630280', '390007', '772021011296110011', 'ADD');
INSERT INTO `business_pay_fee_attrs` VALUES ('902021012060041427', '202021012014412424', '2020121527920100', '112021012092450281', '390009', '18999999994', 'ADD');
INSERT INTO `business_pay_fee_attrs` VALUES ('902021012060041427', '202021012068622425', '2020121527920100', '112021012011540282', '390008', '周五', 'ADD');
INSERT INTO `business_pay_fee_attrs` VALUES ('902021012089231428', '202021012052362427', '2020121527920100', '112021012084060283', '390007', '772021011274680061', 'ADD');
INSERT INTO `business_pay_fee_attrs` VALUES ('902021012089231428', '202021012030572428', '2020121527920100', '112021012051010284', '390009', '13876013000', 'ADD');
INSERT INTO `business_pay_fee_attrs` VALUES ('902021012089231428', '202021012070242429', '2020121527920100', '112021012018140285', '390008', '肯德基', 'ADD');
INSERT INTO `business_pay_fee_attrs` VALUES ('902021012056321443', '202021012084622458', '2020121527920100', '112021012086260288', '390007', '772020122251590078', 'ADD');
INSERT INTO `business_pay_fee_attrs` VALUES ('902021012056321443', '202021012099732459', '2020121527920100', '112021012010840289', '390009', '15500000000', 'ADD');
INSERT INTO `business_pay_fee_attrs` VALUES ('902021012056321443', '202021012067092460', '2020121527920100', '112021012057030290', '390008', 'asdf', 'ADD');
INSERT INTO `business_pay_fee_attrs` VALUES ('902021012020451444', '202021012079772462', '2020121527920100', '112021012087030291', '390007', '772021010862520199', 'ADD');
INSERT INTO `business_pay_fee_attrs` VALUES ('902021012020451444', '202021012039852463', '2020121527920100', '112021012013090292', '390009', '13300003333', 'ADD');
INSERT INTO `business_pay_fee_attrs` VALUES ('902021012020451444', '202021012088042464', '2020121527920100', '112021012069240293', '390008', '张三', 'ADD');
INSERT INTO `business_pay_fee_attrs` VALUES ('902021012059381446', '202021012098172467', '2020121527920100', '112021012033610294', '390007', '772020122287550154', 'ADD');
INSERT INTO `business_pay_fee_attrs` VALUES ('902021012059381446', '202021012014722468', '2020121527920100', '112021012072100295', '390009', '14795465555', 'ADD');
INSERT INTO `business_pay_fee_attrs` VALUES ('902021012059381446', '202021012090212469', '2020121527920100', '112021012006780296', '390008', '666', 'ADD');
INSERT INTO `business_pay_fee_attrs` VALUES ('902021012022311447', '202021012062102471', '2020121527920100', '112021012043170297', '390007', '772020122287550154', 'ADD');
INSERT INTO `business_pay_fee_attrs` VALUES ('902021012022311447', '202021012061852472', '2020121527920100', '112021012094830298', '390009', '14795465555', 'ADD');
INSERT INTO `business_pay_fee_attrs` VALUES ('902021012022311447', '202021012060822473', '2020121527920100', '112021012046400299', '390008', '666', 'ADD');
INSERT INTO `business_pay_fee_attrs` VALUES ('902021012080561448', '202021012068402475', '2020121527920100', '112021012095860300', '390007', '772020122223000151', 'ADD');
INSERT INTO `business_pay_fee_attrs` VALUES ('902021012080561448', '202021012000502476', '2020121527920100', '112021012055950301', '390009', '14578987445', 'ADD');
INSERT INTO `business_pay_fee_attrs` VALUES ('902021012080561448', '202021012095192477', '2020121527920100', '112021012003770302', '390008', '11', 'ADD');
INSERT INTO `business_pay_fee_attrs` VALUES ('902021012044111449', '202021012019782479', '2020121527920100', '112021012094300303', '390007', '772020122327340246', 'ADD');
INSERT INTO `business_pay_fee_attrs` VALUES ('902021012044111449', '202021012045622480', '2020121527920100', '112021012049400304', '390009', '18888888888', 'ADD');
INSERT INTO `business_pay_fee_attrs` VALUES ('902021012044111449', '202021012063432481', '2020121527920100', '112021012000160305', '390008', '王王', 'ADD');
INSERT INTO `business_pay_fee_attrs` VALUES ('902021012032661450', '202021012040712483', '2020121527920100', '112021012000310306', '390007', '772021011280310007', 'ADD');
INSERT INTO `business_pay_fee_attrs` VALUES ('902021012032661450', '202021012013002484', '2020121527920100', '112021012015310307', '390009', '17788527952', 'ADD');
INSERT INTO `business_pay_fee_attrs` VALUES ('902021012032661450', '202021012094202485', '2020121527920100', '112021012051430308', '390008', '周一', 'ADD');
INSERT INTO `business_pay_fee_attrs` VALUES ('902021012052731451', '202021012052612487', '2020121527920100', '112021012041140309', '390007', '772021011254170008', 'ADD');
INSERT INTO `business_pay_fee_attrs` VALUES ('902021012052731451', '202021012091042488', '2020121527920100', '112021012010050310', '390009', '18999999991', 'ADD');
