-- Table structure for c_service_business
-- ----------------------------
CREATE TABLE `c_service_business` (
  `service_business_id` int(11) NOT NULL AUTO_INCREMENT COMMENT 'id',
  `business_type_cd` varchar(12) DEFAULT NULL,
  `invoke_type` varchar(4) NOT NULL COMMENT '调用类型，1 http-post(微服务内应用) 2 webservice 3 http-post(微服务之外应用)',
  `url` varchar(200) DEFAULT NULL COMMENT '目标地址',
  `message_topic` varchar(50) DEFAULT NULL COMMENT '异步时的消息topic名称',
  `timeout` int(11) NOT NULL DEFAULT '60' COMMENT '超时时间',
  `retry_count` int(11) NOT NULL DEFAULT '3' COMMENT '重试次数',
  `create_time` timestamp NOT NULL DEFAULT CURRENT_TIMESTAMP COMMENT '创建时间',
  `status_cd` varchar(2) NOT NULL DEFAULT '0' COMMENT '数据状态，详细参考c_status表，0在用，1失效',
  PRIMARY KEY (`service_business_id`),
  UNIQUE KEY `business_type_cd` (`business_type_cd`) USING BTREE
) ENGINE=InnoDB AUTO_INCREMENT=291 DEFAULT CHARSET=utf8;

-- ----------------------------
-- Records of c_service_business
-- ----------------------------
INSERT INTO `c_service_business` VALUES ('1', '100100030001', '1', 'ORDER_USER_SERVICE_URL', 'userServiceTopic', '60', '3', '2019-02-07 17:29:21', '0');
INSERT INTO `c_service_business` VALUES ('2', '100100030002', '3', 'ORDER_USER_SERVICE_URL', 'userServiceTopic', '60', '3', '2019-02-07 17:29:21', '0');
INSERT INTO `c_service_business` VALUES ('3', '100100030003', '1', 'ORDER_USER_SERVICE_URL', 'userServiceTopic', '60', '3', '2019-02-07 17:29:21', '0');
INSERT INTO `c_service_business` VALUES ('4', '100100030004', '1', 'ORDER_USER_SERVICE_URL', 'userServiceTopic', '60', '3', '2019-02-07 17:29:21', '0');
INSERT INTO `c_service_business` VALUES ('5', '100100040001', '1', 'ORDER_USER_SERVICE_URL', 'userServiceTopic', '60', '3', '2019-02-07 17:29:21', '0');
INSERT INTO `c_service_business` VALUES ('6', '100100040002', '1', 'ORDER_USER_SERVICE_URL', 'userServiceTopic', '60', '3', '2019-02-07 17:29:21', '0');
INSERT INTO `c_service_business` VALUES ('7', '100100040003', '1', 'ORDER_USER_SERVICE_URL', 'userServiceTopic', '60', '3', '2019-02-07 17:29:21', '0');
INSERT INTO `c_service_business` VALUES ('8', '200100030001', '1', 'ORDER_STORE_SERVICE_URL', 'storeServiceTopic', '60', '3', '2019-02-07 17:29:21', '0');
INSERT INTO `c_service_business` VALUES ('9', '200100030002', '1', 'ORDER_STORE_SERVICE_URL', 'storeServiceTopic', '60', '3', '2019-02-07 17:29:22', '0');
INSERT INTO `c_service_business` VALUES ('11', '200100040002', '1', 'ORDER_STORE_SERVICE_URL', 'storeServiceTopic', '60', '3', '2019-02-07 17:29:22', '0');
INSERT INTO `c_service_business` VALUES ('12', '200100050001', '1', 'ORDER_STORE_SERVICE_URL', 'storeServiceTopic', '60', '3', '2019-02-07 17:29:22', '0');
INSERT INTO `c_service_business` VALUES ('13', '300100030001', '1', 'ORDER_SHOP_SERVICE_URL', 'shopServiceTopic', '60', '3', '2019-02-07 17:29:22', '0');
INSERT INTO `c_service_business` VALUES ('14', '300100030002', '1', 'ORDER_SHOP_SERVICE_URL', 'shopServiceTopic', '60', '3', '2019-02-07 17:29:22', '0');
INSERT INTO `c_service_business` VALUES ('15', '300100030003', '1', 'ORDER_SHOP_SERVICE_URL', 'shopServiceTopic', '60', '3', '2019-02-07 17:29:22', '0');
INSERT INTO `c_service_business` VALUES ('16', '300100040001', '1', 'ORDER_SHOP_SERVICE_URL', 'shopServiceTopic', '60', '3', '2019-02-07 17:29:22', '0');
INSERT INTO `c_service_business` VALUES ('17', '300100040002', '1', 'ORDER_SHOP_SERVICE_URL', 'shopServiceTopic', '60', '3', '2019-02-07 17:29:22', '0');
INSERT INTO `c_service_business` VALUES ('18', '300100050001', '1', 'ORDER_SHOP_SERVICE_URL', 'shopServiceTopic', '60', '3', '2019-02-07 17:29:22', '0');
INSERT INTO `c_service_business` VALUES ('19', '300100050002', '1', 'ORDER_SHOP_SERVICE_URL', 'shopServiceTopic', '60', '3', '2019-02-07 17:29:22', '0');
INSERT INTO `c_service_business` VALUES ('20', '400100030001', '1', 'ORDER_COMMENT_SERVICE_URL', 'commentServiceTopic', '60', '3', '2019-02-07 17:29:22', '0');
INSERT INTO `c_service_business` VALUES ('21', '400100050001', '1', 'ORDER_COMMENT_SERVICE_URL', 'commentServiceTopic', '60', '3', '2019-02-07 17:29:22', '0');
INSERT INTO `c_service_business` VALUES ('22', '500100030001', '1', 'ORDER_COMMUNITY_SERVICE_URL', 'communityServiceTopic', '60', '3', '2019-02-07 17:29:22', '0');
INSERT INTO `c_service_business` VALUES ('23', '500100030002', '1', 'ORDER_COMMUNITY_SERVICE_URL', 'communityServiceTopic', '60', '3', '2019-02-07 17:29:22', '0');
INSERT INTO `c_service_business` VALUES ('24', '500100040001', '1', 'ORDER_COMMUNITY_SERVICE_URL', 'communityServiceTopic', '60', '3', '2019-02-07 17:29:22', '0');
INSERT INTO `c_service_business` VALUES ('25', '500100040002', '1', 'ORDER_COMMUNITY_SERVICE_URL', 'communityServiceTopic', '60', '3', '2019-02-07 17:29:23', '0');
INSERT INTO `c_service_business` VALUES ('26', '500100050001', '1', 'ORDER_COMMUNITY_SERVICE_URL', 'communityServiceTopic', '60', '3', '2019-02-07 17:29:23', '0');
INSERT INTO `c_service_business` VALUES ('27', '610100030001', '1', 'ORDER_FEE_SERVICE_URL', 'feeServiceTopic', '60', '3', '2019-02-07 17:29:23', '0');
INSERT INTO `c_service_business` VALUES ('28', '610100040001', '1', 'ORDER_FEE_SERVICE_URL', 'feeServiceTopic', '60', '3', '2019-02-07 17:29:23', '0');
INSERT INTO `c_service_business` VALUES ('29', '610100050001', '1', 'ORDER_FEE_SERVICE_URL', 'feeServiceTopic', '60', '3', '2019-02-07 17:29:23', '0');
INSERT INTO `c_service_business` VALUES ('30', '620100030001', '1', 'ORDER_FEE_SERVICE_URL', 'feeServiceTopic', '60', '3', '2019-02-07 17:29:23', '0');
INSERT INTO `c_service_business` VALUES ('31', '620100040001', '1', 'ORDER_FEE_SERVICE_URL', 'feeServiceTopic', '60', '3', '2019-02-07 17:29:23', '0');
INSERT INTO `c_service_business` VALUES ('32', '620100050001', '1', 'ORDER_FEE_SERVICE_URL', 'feeServiceTopic', '60', '3', '2019-02-07 17:29:23', '0');
INSERT INTO `c_service_business` VALUES ('33', '600100030001', '1', 'ORDER_FEE_SERVICE_URL', 'feeServiceTopic', '60', '3', '2019-02-07 17:29:23', '0');
INSERT INTO `c_service_business` VALUES ('34', '600100040001', '1', 'ORDER_FEE_SERVICE_URL', 'feeServiceTopic', '60', '3', '2019-02-07 17:29:23', '0');
INSERT INTO `c_service_business` VALUES ('35', '600100050001', '1', 'ORDER_FEE_SERVICE_URL', 'feeServiceTopic', '60', '3', '2019-02-07 17:29:23', '0');
INSERT INTO `c_service_business` VALUES ('42', '700100030001', '1', 'ORDER_AGENT_SERVICE_URL', 'agentServiceTopic', '60', '3', '2019-02-07 17:29:24', '0');
INSERT INTO `c_service_business` VALUES ('43', '700100030002', '1', 'ORDER_AGENT_SERVICE_URL', 'agentServiceTopic', '60', '3', '2019-02-07 17:29:24', '0');
INSERT INTO `c_service_business` VALUES ('44', '700100030003', '1', 'ORDER_AGENT_SERVICE_URL', 'agentServiceTopic', '60', '3', '2019-02-07 17:29:24', '0');
INSERT INTO `c_service_business` VALUES ('45', '700100030004', '1', 'ORDER_AGENT_SERVICE_URL', 'agentServiceTopic', '60', '3', '2019-02-07 17:29:24', '0');
INSERT INTO `c_service_business` VALUES ('46', '700100040001', '1', 'ORDER_AGENT_SERVICE_URL', 'agentServiceTopic', '60', '3', '2019-02-07 17:29:24', '0');
INSERT INTO `c_service_business` VALUES ('47', '700100040002', '1', 'ORDER_AGENT_SERVICE_URL', 'agentServiceTopic', '60', '3', '2019-02-07 17:29:24', '0');
INSERT INTO `c_service_business` VALUES ('48', '700100040003', '1', 'ORDER_AGENT_SERVICE_URL', 'agentServiceTopic', '60', '3', '2019-02-07 17:29:24', '0');
INSERT INTO `c_service_business` VALUES ('49', '700100050001', '1', 'ORDER_AGENT_SERVICE_URL', 'agentServiceTopic', '60', '3', '2019-02-07 17:29:24', '0');
INSERT INTO `c_service_business` VALUES ('50', '700100050002', '1', 'ORDER_AGENT_SERVICE_URL', 'agentServiceTopic', '60', '3', '2019-02-07 17:29:24', '0');
INSERT INTO `c_service_business` VALUES ('51', '700100050003', '1', 'ORDER_AGENT_SERVICE_URL', 'agentServiceTopic', '60', '3', '2019-02-07 17:29:24', '0');
INSERT INTO `c_service_business` VALUES ('52', '700100050004', '1', 'ORDER_AGENT_SERVICE_URL', 'agentServiceTopic', '60', '3', '2019-02-07 17:29:24', '0');
INSERT INTO `c_service_business` VALUES ('53', '200100060001', '1', 'ORDER_STORE_SERVICE_URL', 'storeServiceTopic', '60', '3', '2019-03-30 03:18:21', '0');
INSERT INTO `c_service_business` VALUES ('54', '200100070001', '1', 'ORDER_STORE_SERVICE_URL', 'storeServiceTopic', '60', '3', '2019-03-30 03:20:08', '0');
INSERT INTO `c_service_business` VALUES ('55', '510100030001', '1', 'ORDER_COMMUNITY_SERVICE_URL', 'communityServiceTopic', '60', '3', '2019-04-21 09:08:35', '0');
INSERT INTO `c_service_business` VALUES ('56', '510100040001', '1', 'ORDER_COMMUNITY_SERVICE_URL', 'communityServiceTopic', '60', '3', '2019-04-21 09:10:44', '0');
INSERT INTO `c_service_business` VALUES ('57', '510100050001', '1', 'ORDER_COMMUNITY_SERVICE_URL', 'communityServiceTopic', '60', '3', '2019-04-21 09:10:52', '0');
INSERT INTO `c_service_business` VALUES ('58', '520100030001', '1', 'ORDER_COMMUNITY_SERVICE_URL', 'communityServiceTopic', '60', '3', '2019-05-03 09:39:49', '0');
INSERT INTO `c_service_business` VALUES ('59', '520100040001', '1', 'ORDER_COMMUNITY_SERVICE_URL', 'communityServiceTopic', '60', '3', '2019-05-03 09:40:10', '0');
INSERT INTO `c_service_business` VALUES ('60', '520100050001', '1', 'ORDER_COMMUNITY_SERVICE_URL', 'communityServiceTopic', '60', '3', '2019-05-03 09:40:24', '0');
INSERT INTO `c_service_business` VALUES ('61', '530100030001', '1', 'ORDER_COMMUNITY_SERVICE_URL', 'communityServiceTopic', '60', '3', '2019-05-05 01:34:14', '0');
INSERT INTO `c_service_business` VALUES ('62', '530100040001', '1', 'ORDER_COMMUNITY_SERVICE_URL', 'communityServiceTopic', '60', '3', '2019-05-05 01:34:25', '0');
INSERT INTO `c_service_business` VALUES ('63', '530100050001', '1', 'ORDER_COMMUNITY_SERVICE_URL', 'communityServiceTopic', '60', '3', '2019-05-05 01:34:35', '0');
INSERT INTO `c_service_business` VALUES ('66', '110100050001', '1', 'ORDER_USER_SERVICE_URL', 'userServiceTopic', '60', '3', '2019-05-17 13:31:48', '0');
INSERT INTO `c_service_business` VALUES ('67', '111100030001', '1', 'ORDER_USER_SERVICE_URL', 'userServiceTopic', '60', '3', '2019-05-17 13:31:23', '0');
INSERT INTO `c_service_business` VALUES ('68', '111100040001', '1', 'ORDER_USER_SERVICE_URL', 'userServiceTopic', '60', '3', '2019-05-17 13:31:23', '0');
INSERT INTO `c_service_business` VALUES ('69', '111100050001', '1', 'ORDER_USER_SERVICE_URL', 'userServiceTopic', '60', '3', '2019-05-17 13:31:23', '0');
INSERT INTO `c_service_business` VALUES ('70', '540100030001', '1', 'ORDER_COMMUNITY_SERVICE_URL', 'communityServiceTopic', '60', '3', '2019-05-05 01:34:14', '0');
INSERT INTO `c_service_business` VALUES ('71', '540100040001', '1', 'ORDER_COMMUNITY_SERVICE_URL', 'communityServiceTopic', '60', '3', '2019-05-05 01:34:25', '0');
INSERT INTO `c_service_business` VALUES ('72', '540100050001', '1', 'ORDER_COMMUNITY_SERVICE_URL', 'communityServiceTopic', '60', '3', '2019-05-05 01:34:35', '0');
INSERT INTO `c_service_business` VALUES ('73', '111200030001', '1', 'ORDER_USER_SERVICE_URL', 'userServiceTopic', '60', '3', '2019-05-17 13:31:23', '0');
INSERT INTO `c_service_business` VALUES ('74', '111200040001', '1', 'ORDER_USER_SERVICE_URL', 'userServiceTopic', '60', '3', '2019-05-17 13:31:23', '0');
INSERT INTO `c_service_business` VALUES ('75', '111200050001', '1', 'ORDER_USER_SERVICE_URL', 'userServiceTopic', '60', '3', '2019-05-17 13:31:23', '0');
INSERT INTO `c_service_business` VALUES ('76', '900100030001', '1', 'ORDER_STORE_SERVICE_URL', 'storeServiceTopic', '60', '3', '2019-03-30 03:20:08', '0');
INSERT INTO `c_service_business` VALUES ('77', '550100030001', '1', 'ORDER_COMMUNITY_SERVICE_URL', 'communityServiceTopic', '60', '3', '2019-05-05 01:34:14', '0');
INSERT INTO `c_service_business` VALUES ('78', '550100040001', '1', 'ORDER_COMMUNITY_SERVICE_URL', 'communityServiceTopic', '60', '3', '2019-05-05 01:34:25', '0');
INSERT INTO `c_service_business` VALUES ('79', '550100050001', '1', 'ORDER_COMMUNITY_SERVICE_URL', 'communityServiceTopic', '60', '3', '2019-05-05 01:34:35', '0');
INSERT INTO `c_service_business` VALUES ('83', '123456', '1', 'http://order-service/service', '', '60', '3', '2019-08-18 14:58:20', '1');
INSERT INTO `c_service_business` VALUES ('85', '1234567', '1', 'http://order-service/service3', '', '60', '3', '2019-08-18 14:58:55', '0');
INSERT INTO `c_service_business` VALUES ('88', '110100030001', '1', 'ORDER_USER_SERVICE_URL', 'userServiceTopic', '60', '3', '2019-09-11 02:08:52', '0');
INSERT INTO `c_service_business` VALUES ('90', '110100040001', '1', 'ORDER_USER_SERVICE_URL', 'userServiceTopic', '60', '3', '2019-09-13 08:22:53', '0');
INSERT INTO `c_service_business` VALUES ('91', '120100030001', '1', 'ORDER_COMMUNITY_SERVICE_URL', 'communityServiceTopic', '60', '3', '2019-09-13 08:25:53', '0');
INSERT INTO `c_service_business` VALUES ('92', '120100040001', '1', 'ORDER_COMMUNITY_SERVICE_URL', '', '60', '3', '2019-09-20 08:24:54', '0');
INSERT INTO `c_service_business` VALUES ('93', '500100040003', '1', 'ORDER_COMMUNITY_SERVICE_URL', 'communityServiceTopic', '60', '3', '2019-09-20 15:14:32', '0');
INSERT INTO `c_service_business` VALUES ('94', '130100030001', '1', 'ORDER_COMMUNITY_SERVICE_URL', 'communityServiceTopic', '60', '3', '2019-10-05 02:00:31', '0');
INSERT INTO `c_service_business` VALUES ('95', '130100040001', '1', 'ORDER_COMMUNITY_SERVICE_URL', 'communityServiceTopic', '60', '3', '2019-10-05 02:07:14', '0');
INSERT INTO `c_service_business` VALUES ('96', '130100050001', '1', 'ORDER_COMMUNITY_SERVICE_URL', 'communityServiceTopic', '60', '3', '2019-10-05 02:07:49', '0');
INSERT INTO `c_service_business` VALUES ('97', '130200030001', '1', 'ORDER_COMMUNITY_SERVICE_URL', 'communityServiceTopic', '60', '3', '2019-10-05 02:08:58', '0');
INSERT INTO `c_service_business` VALUES ('98', '130200040001', '1', 'ORDER_COMMUNITY_SERVICE_URL', 'communityServiceTopic', '60', '3', '2019-10-05 02:09:28', '0');
INSERT INTO `c_service_business` VALUES ('99', '130200050001', '1', 'ORDER_COMMUNITY_SERVICE_URL', 'communityServiceTopic', '60', '3', '2019-10-05 02:10:03', '0');
INSERT INTO `c_service_business` VALUES ('100', '140100030001', '1', 'ORDER_USER_SERVICE_URL', 'userServiceTopic', '60', '3', '2019-10-07 02:11:35', '0');
INSERT INTO `c_service_business` VALUES ('101', '140100040001', '1', 'ORDER_USER_SERVICE_URL', 'userServiceTopic', '60', '3', '2019-10-07 02:12:16', '0');
INSERT INTO `c_service_business` VALUES ('102', '140100050001', '1', 'ORDER_USER_SERVICE_URL', 'userServiceTopic', '60', '3', '2019-10-07 02:12:51', '0');
INSERT INTO `c_service_business` VALUES ('103', '140200030001', '1', 'ORDER_USER_SERVICE_URL', 'userServiceTopic', '60', '3', '2019-10-16 23:31:55', '0');
INSERT INTO `c_service_business` VALUES ('104', '140200050001', '1', 'ORDER_USER_SERVICE_URL', 'userServiceTopic', '60', '3', '2019-10-16 23:32:24', '0');
INSERT INTO `c_service_business` VALUES ('105', '150200030001', '1', 'ORDER_STORE_SERVICE_URL', 'storeServiceTopic', '60', '3', '2019-10-21 20:04:50', '0');
INSERT INTO `c_service_business` VALUES ('106', '150200040001', '1', 'ORDER_STORE_SERVICE_URL', 'storeServiceTopic', '60', '3', '2019-10-21 20:05:19', '0');
INSERT INTO `c_service_business` VALUES ('107', '150200050001', '1', 'ORDER_STORE_SERVICE_URL', 'storeServiceTopic', '60', '3', '2019-10-21 20:05:50', '0');
INSERT INTO `c_service_business` VALUES ('108', '160200030001', '1', 'ORDER_COMMON_SERVICE_URL', 'commonServiceTopic', '60', '3', '2019-10-26 10:12:46', '0');
INSERT INTO `c_service_business` VALUES ('109', '160200050001', '1', 'ORDER_COMMON_SERVICE_URL', 'commonServiceTopic', '60', '3', '2019-10-26 10:13:55', '0');
INSERT INTO `c_service_business` VALUES ('110', '190200030001', '1', 'ORDER_STORE_SERVICE_URL', 'storeServiceTopic', '60', '3', '2019-10-31 23:19:52', '0');
INSERT INTO `c_service_business` VALUES ('111', '190200040001', '1', 'ORDER_STORE_SERVICE_URL', 'storeServiceTopic', '60', '3', '2019-10-31 23:20:25', '0');
INSERT INTO `c_service_business` VALUES ('112', '190200050001', '1', 'ORDER_STORE_SERVICE_URL', 'storeServiceTopic', '60', '3', '2019-10-31 23:20:59', '0');
INSERT INTO `c_service_business` VALUES ('113', '200200030001', '1', 'ORDER_COMMON_SERVICE_URL', 'commonServiceTopic', '60', '3', '2019-11-08 23:39:28', '0');
INSERT INTO `c_service_business` VALUES ('114', '200200040001', '1', 'ORDER_COMMON_SERVICE_URL', 'commonServiceTopic', '60', '3', '2019-11-08 23:40:24', '0');
INSERT INTO `c_service_business` VALUES ('115', '200200050001', '1', 'ORDER_COMMON_SERVICE_URL', 'commonServiceTopic', '60', '3', '2019-11-08 23:41:08', '0');
INSERT INTO `c_service_business` VALUES ('116', '210200030001', '1', 'ORDER_COMMON_SERVICE_URL', 'commonServiceTopic', '60', '3', '2019-11-10 18:52:00', '0');
INSERT INTO `c_service_business` VALUES ('117', '210200040001', '1', 'ORDER_COMMON_SERVICE_URL', 'commonServiceTopic', '60', '3', '2019-11-10 18:52:36', '0');
INSERT INTO `c_service_business` VALUES ('118', '210200050001', '1', 'ORDER_COMMON_SERVICE_URL', 'commonServiceTopic', '60', '3', '2019-11-10 18:53:11', '0');
INSERT INTO `c_service_business` VALUES ('119', '220200030001', '1', 'ORDER_COMMON_SERVICE_URL', 'commonServiceTopic', '60', '3', '2019-11-11 22:02:47', '0');
INSERT INTO `c_service_business` VALUES ('120', '220200040001', '1', 'ORDER_COMMON_SERVICE_URL', 'commonServiceTopic', '60', '3', '2019-11-11 22:03:08', '0');
INSERT INTO `c_service_business` VALUES ('121', '220200050001', '1', 'ORDER_COMMON_SERVICE_URL', 'commonServiceTopic', '60', '3', '2019-11-11 22:03:30', '0');
INSERT INTO `c_service_business` VALUES ('122', '230200030001', '1', 'ORDER_COMMON_SERVICE_URL', 'commonServiceTopic', '60', '3', '2019-11-26 23:02:26', '0');
INSERT INTO `c_service_business` VALUES ('123', '230200050001', '1', 'ORDER_COMMON_SERVICE_URL', 'commonServiceTopic', '60', '3', '2019-11-26 23:02:57', '0');
INSERT INTO `c_service_business` VALUES ('124', '240200030001', '1', 'ORDER_COMMON_SERVICE_URL', 'commonServiceTopic', '60', '3', '2019-12-01 23:28:08', '0');
INSERT INTO `c_service_business` VALUES ('125', '240200040001', '1', 'ORDER_COMMON_SERVICE_URL', 'commonServiceTopic', '60', '3', '2019-12-01 23:28:45', '0');
INSERT INTO `c_service_business` VALUES ('126', '240200050001', '1', 'ORDER_COMMON_SERVICE_URL', 'commonServiceTopic', '60', '3', '2019-12-01 23:29:12', '0');
INSERT INTO `c_service_business` VALUES ('127', '250200030001', '1', 'ORDER_COMMON_SERVICE_URL', 'commonServiceTopic', '60', '3', '2019-12-04 21:01:12', '0');
INSERT INTO `c_service_business` VALUES ('128', '250200040001', '1', 'ORDER_COMMON_SERVICE_URL', 'commonServiceTopic', '60', '3', '2019-12-04 21:01:41', '0');
INSERT INTO `c_service_business` VALUES ('129', '250200050001', '1', 'ORDER_COMMON_SERVICE_URL', 'commonServiceTopic', '60', '3', '2019-12-04 21:02:02', '0');
INSERT INTO `c_service_business` VALUES ('130', '260200030001', '1', 'ORDER_COMMON_SERVICE_URL', 'commonServiceTopic', '60', '3', '2019-12-05 21:32:58', '0');
INSERT INTO `c_service_business` VALUES ('131', '270200030001', '1', 'ORDER_COMMON_SERVICE_URL', 'commonServiceTopic', '60', '3', '2019-12-07 15:15:22', '0');
INSERT INTO `c_service_business` VALUES ('132', '270200040001', '1', 'ORDER_COMMON_SERVICE_URL', 'commonServiceTopic', '60', '3', '2019-12-07 15:15:55', '0');
INSERT INTO `c_service_business` VALUES ('133', '270200050001', '1', 'ORDER_COMMON_SERVICE_URL', 'commonServiceTopic', '60', '3', '2019-12-07 15:16:23', '0');
INSERT INTO `c_service_business` VALUES ('134', '271200030001', '1', 'ORDER_COMMON_SERVICE_URL', 'commonServiceTopic', '60', '3', '2019-12-07 15:17:01', '0');
INSERT INTO `c_service_business` VALUES ('135', '271200040001', '1', 'ORDER_COMMON_SERVICE_URL', 'commonServiceTopic', '60', '3', '2019-12-07 15:17:23', '0');
INSERT INTO `c_service_business` VALUES ('136', '271200050001', '1', 'ORDER_COMMON_SERVICE_URL', 'commonServiceTopic', '60', '3', '2019-12-07 15:17:45', '0');
INSERT INTO `c_service_business` VALUES ('137', '280200030001', '1', 'ORDER_USER_SERVICE_URL', 'userServiceTopic', '60', '3', '2019-12-29 13:40:13', '0');
INSERT INTO `c_service_business` VALUES ('138', '280200040001', '1', 'ORDER_USER_SERVICE_URL', 'userServiceTopic', '60', '3', '2019-12-29 13:40:49', '0');
INSERT INTO `c_service_business` VALUES ('139', '280200050001', '1', 'ORDER_USER_SERVICE_URL', 'userServiceTopic', '60', '3', '2019-12-29 13:41:15', '0');
INSERT INTO `c_service_business` VALUES ('140', '290200030001', '1', 'ORDER_COMMUNITY_SERVICE_URL', 'communityServiceTopic', '60', '3', '2020-01-13 19:34:54', '0');
INSERT INTO `c_service_business` VALUES ('141', '290200040001', '1', 'ORDER_COMMUNITY_SERVICE_URL', 'communityServiceTopic', '60', '3', '2020-01-13 19:35:18', '0');
INSERT INTO `c_service_business` VALUES ('142', '290200050001', '1', 'ORDER_COMMUNITY_SERVICE_URL', 'communityServiceTopic', '60', '3', '2020-01-13 19:35:43', '0');
INSERT INTO `c_service_business` VALUES ('143', '541100030001', '1', 'ORDER_COMMUNITY_SERVICE_URL', 'communityServiceTopic', '60', '3', '2020-01-23 00:43:03', '0');
INSERT INTO `c_service_business` VALUES ('144', '541100040001', '1', 'ORDER_COMMUNITY_SERVICE_URL', 'communityServiceTopic', '60', '3', '2020-01-23 00:43:31', '0');
INSERT INTO `c_service_business` VALUES ('145', '541100050001', '1', 'ORDER_COMMUNITY_SERVICE_URL', 'communityServiceTopic', '60', '3', '2020-01-23 00:44:09', '0');
INSERT INTO `c_service_business` VALUES ('146', '112200030001', '1', 'ORDER_COMMON_SERVICE_URL', 'commonServiceTopic', '60', '3', '2020-01-23 12:36:33', '0');
INSERT INTO `c_service_business` VALUES ('147', '112200040001', '1', 'ORDER_COMMON_SERVICE_URL', 'commonServiceTopic', '60', '3', '2020-01-23 12:36:58', '0');
INSERT INTO `c_service_business` VALUES ('148', '112200050001', '1', 'ORDER_COMMON_SERVICE_URL', 'commonServiceTopic', '60', '3', '2020-01-23 12:37:23', '0');
INSERT INTO `c_service_business` VALUES ('149', '541110030001', '1', 'ORDER_COMMON_SERVICE_URL', 'commonServiceTopic', '60', '3', '2020-01-23 22:15:12', '0');
INSERT INTO `c_service_business` VALUES ('150', '541110040001', '1', 'ORDER_COMMON_SERVICE_URL', 'commonServiceTopic', '60', '3', '2020-01-23 22:15:46', '0');
INSERT INTO `c_service_business` VALUES ('151', '541120030001', '1', 'ORDER_COMMON_SERVICE_URL', 'commonServiceTopic', '60', '3', '2020-01-25 23:47:04', '0');
INSERT INTO `c_service_business` VALUES ('152', '541120040001', '1', 'ORDER_COMMON_SERVICE_URL', 'commonServiceTopic', '60', '3', '2020-01-25 23:47:46', '0');
INSERT INTO `c_service_business` VALUES ('153', '541120050001', '1', 'ORDER_COMMON_SERVICE_URL', 'commonServiceTopic', '60', '3', '2020-01-25 23:48:24', '0');
INSERT INTO `c_service_business` VALUES ('154', '300200030001', '1', 'ORDER_COMMUNITY_SERVICE_URL', 'communityServiceTopic', '60', '3', '2020-02-06 12:16:31', '1');
INSERT INTO `c_service_business` VALUES ('155', '300200040001', '1', 'ORDER_COMMUNITY_SERVICE_URL', 'communityServiceTopic', '60', '3', '2020-02-06 12:17:50', '1');
INSERT INTO `c_service_business` VALUES ('156', '300200050001', '1', 'ORDER_COMMUNITY_SERVICE_URL', 'communityServiceTopic', '60', '3', '2020-02-06 12:18:22', '1');
INSERT INTO `c_service_business` VALUES ('161', '510200030001', '1', 'ORDER_COMMUNITY_SERVICE_URL', 'communityServiceTopic', '60', '3', '2020-02-10 16:35:03', '0');
INSERT INTO `c_service_business` VALUES ('162', '510200040001', '1', 'ORDER_COMMUNITY_SERVICE_URL', 'communityServiceTopic', '60', '3', '2020-02-10 16:35:30', '0');
INSERT INTO `c_service_business` VALUES ('163', '510200050001', '1', 'ORDER_COMMUNITY_SERVICE_URL', 'communityServiceTopic', '60', '3', '2020-02-10 16:35:50', '0');
INSERT INTO `c_service_business` VALUES ('167', '500200030001', '1', 'ORDER_COMMUNITY_SERVICE_URL', 'communityServiceTopic', '60', '3', '2020-02-11 23:32:03', '0');
INSERT INTO `c_service_business` VALUES ('168', '500200040001', '1', 'ORDER_COMMUNITY_SERVICE_URL', 'communityServiceTopic', '60', '3', '2020-02-11 23:32:35', '0');
INSERT INTO `c_service_business` VALUES ('169', '500200050001', '1', 'ORDER_COMMUNITY_SERVICE_URL', 'communityServiceTopic', '60', '3', '2020-02-11 23:33:01', '0');
INSERT INTO `c_service_business` VALUES ('170', '140300030001', '1', 'ORDER_USER_SERVICE_URL', 'userServiceTopic', '60', '3', '2020-02-14 18:02:02', '0');
INSERT INTO `c_service_business` VALUES ('171', '140300050001', '1', 'ORDER_USER_SERVICE_URL', 'userServiceTopic', '60', '3', '2020-02-14 18:02:38', '0');
INSERT INTO `c_service_business` VALUES ('172', '520200030001', '1', 'ORDER_COMMUNITY_SERVICE_URL', 'communityServiceTopic', '60', '3', '2020-02-17 19:14:23', '0');
INSERT INTO `c_service_business` VALUES ('173', '520200040001', '1', 'ORDER_COMMUNITY_SERVICE_URL', 'communityServiceTopic', '60', '3', '2020-02-17 19:14:59', '0');
INSERT INTO `c_service_business` VALUES ('174', '520200050001', '1', 'ORDER_COMMUNITY_SERVICE_URL', 'communityServiceTopic', '60', '3', '2020-02-17 19:15:25', '0');
INSERT INTO `c_service_business` VALUES ('179', '530200030001', '1', 'ORDER_COMMUNITY_SERVICE_URL', 'communityServiceTopic', '60', '3', '2020-02-19 21:39:00', '0');
INSERT INTO `c_service_business` VALUES ('180', '530200040001', '1', 'ORDER_COMMUNITY_SERVICE_URL', 'communityServiceTopic', '60', '3', '2020-02-19 21:39:42', '0');
INSERT INTO `c_service_business` VALUES ('181', '530200050001', '1', 'ORDER_COMMUNITY_SERVICE_URL', 'communityServiceTopic', '60', '3', '2020-02-19 21:40:20', '0');
INSERT INTO `c_service_business` VALUES ('182', '210100040001', '1', 'ORDER_STORE_SERVICE_URL', 'storeServiceTopic', '60', '3', '2020-02-26 16:09:42', '0');
INSERT INTO `c_service_business` VALUES ('183', '210100050001', '1', 'ORDER_STORE_SERVICE_URL', 'storeServiceTopic', '60', '3', '2020-02-26 16:10:03', '0');
INSERT INTO `c_service_business` VALUES ('184', '210100030001', '1', 'ORDER_STORE_SERVICE_URL', 'storeServiceTopic', '60', '3', '2020-03-05 10:13:51', '0');
INSERT INTO `c_service_business` VALUES ('185', '500200030002', '1', 'ORDER_COMMUNITY_SERVICE_URL', 'communityServiceTopic', '60', '3', '2020-03-28 23:09:56', '0');
INSERT INTO `c_service_business` VALUES ('186', '500200050002', '1', 'ORDER_COMMUNITY_SERVICE_URL', 'communityServiceTopic', '60', '3', '2020-03-28 23:10:31', '0');
INSERT INTO `c_service_business` VALUES ('187', '540200030001', '1', 'ORDER_COMMUNITY_SERVICE_URL', 'communityServiceTopic', '60', '3', '2020-04-05 15:07:41', '0');
INSERT INTO `c_service_business` VALUES ('188', '540200040001', '1', 'ORDER_COMMUNITY_SERVICE_URL', 'communityServiceTopic', '60', '3', '2020-04-05 15:08:16', '0');
INSERT INTO `c_service_business` VALUES ('189', '210100080001', '1', 'ORDER_STORE_SERVICE_URL', 'storeServiceTopic', '60', '3', '2020-04-11 18:25:01', '0');
INSERT INTO `c_service_business` VALUES ('190', '550200030001', '1', 'ORDER_USER_SERVICE_URL', 'userServiceTopic', '60', '3', '2020-04-18 17:11:58', '0');
INSERT INTO `c_service_business` VALUES ('191', '550200040001', '1', 'ORDER_USER_SERVICE_URL', 'userServiceTopic', '60', '3', '2020-04-18 17:12:25', '0');
INSERT INTO `c_service_business` VALUES ('192', '550200050001', '1', 'ORDER_USER_SERVICE_URL', 'userServiceTopic', '60', '3', '2020-04-18 17:12:50', '0');
INSERT INTO `c_service_business` VALUES ('193', '保存商品规格', '1', 'ORDER_SHOP_SERVICE_URL', 'shopServiceTopic', '60', '3', '2020-04-19 20:27:04', '1');
INSERT INTO `c_service_business` VALUES ('197', '200100040001', '1', 'ORDER_STORE_SERVICE_URL', 'storeServiceTopic', '60', '3', '2020-04-25 23:26:15', '0');
INSERT INTO `c_service_business` VALUES ('198', '200100040003', '1', 'ORDER_STORE_SERVICE_URL', 'storeServiceTopic', '60', '3', '2020-04-26 21:32:51', '0');
INSERT INTO `c_service_business` VALUES ('199', '520300030001', '1', 'ORDER_COMMUNITY_SERVICE_URL', 'communityServiceTopic', '60', '3', '2020-05-05 22:30:08', '0');
INSERT INTO `c_service_business` VALUES ('200', '520300050001', '1', 'ORDER_COMMUNITY_SERVICE_URL', 'communityServiceTopic', '60', '3', '2020-05-05 22:30:41', '0');
INSERT INTO `c_service_business` VALUES ('201', '621100030001', '1', 'ORDER_FEE_SERVICE_URL', 'feeServiceTopic', '60', '3', '2020-05-11 16:56:28', '0');
INSERT INTO `c_service_business` VALUES ('202', '621100040001', '1', 'ORDER_FEE_SERVICE_URL', 'feeServiceTopic', '60', '3', '2020-05-11 16:56:53', '0');
INSERT INTO `c_service_business` VALUES ('203', '621100050001', '1', 'ORDER_FEE_SERVICE_URL', 'feeServiceTopic', '60', '3', '2020-05-11 16:57:20', '0');
INSERT INTO `c_service_business` VALUES ('204', '210200060001', '1', 'ORDER_STORE_SERVICE_URL', 'storeServiceTopic', '60', '3', '2020-05-16 17:11:02', '0');
INSERT INTO `c_service_business` VALUES ('205', '210200070001', '1', 'ORDER_STORE_SERVICE_URL', 'storeServiceTopic', '60', '3', '2020-05-16 17:11:22', '0');
INSERT INTO `c_service_business` VALUES ('206', '210200080001', '1', 'ORDER_STORE_SERVICE_URL', 'storeServiceTopic', '60', '3', '2020-05-16 17:11:42', '0');
INSERT INTO `c_service_business` VALUES ('207', '560200030001', '1', 'ORDER_JOB_SERVICE_URL', 'jobServiceTopic', '60', '3', '2020-06-02 13:05:15', '0');
INSERT INTO `c_service_business` VALUES ('208', '560200040001', '1', 'ORDER_JOB_SERVICE_URL', 'jobServiceTopic', '60', '3', '2020-06-02 13:07:06', '0');
INSERT INTO `c_service_business` VALUES ('209', '560200050001', '1', 'ORDER_JOB_SERVICE_URL', 'jobServiceTopic', '60', '3', '2020-06-02 13:07:31', '0');
INSERT INTO `c_service_business` VALUES ('210', '560300030001', '1', 'ORDER_JOB_SERVICE_URL', 'jobServiceTopic', '60', '3', '2020-06-02 13:07:58', '0');
INSERT INTO `c_service_business` VALUES ('211', '560300040001', '1', 'ORDER_JOB_SERVICE_URL', 'jobServiceTopic', '60', '3', '2020-06-02 13:08:36', '0');
INSERT INTO `c_service_business` VALUES ('212', '560300050001', '1', 'ORDER_JOB_SERVICE_URL', 'jobServiceTopic', '60', '3', '2020-06-02 13:08:59', '0');
INSERT INTO `c_service_business` VALUES ('213', '570100030001', '1', 'ORDER_COMMUNITY_SERVICE_URL', 'communityServiceTopic', '60', '3', '2020-06-04 18:36:15', '0');
INSERT INTO `c_service_business` VALUES ('214', '570100040001', '1', 'ORDER_COMMUNITY_SERVICE_URL', 'communityServiceTopic', '60', '3', '2020-06-04 18:36:40', '0');
INSERT INTO `c_service_business` VALUES ('215', '570100050001', '1', 'ORDER_COMMUNITY_SERVICE_URL', 'communityServiceTopic', '60', '3', '2020-06-04 18:37:02', '0');
INSERT INTO `c_service_business` VALUES ('216', '100200030001', '1', 'ORDER_USER_SERVICE_URL', 'userServiceTopic', '60', '3', '2020-06-11 22:18:04', '0');
INSERT INTO `c_service_business` VALUES ('217', '100200040001', '1', 'ORDER_USER_SERVICE_URL', 'userServiceTopic', '60', '3', '2020-06-11 22:18:42', '0');
INSERT INTO `c_service_business` VALUES ('218', '100200050001', '1', 'ORDER_USER_SERVICE_URL', 'userServiceTopic', '60', '3', '2020-06-11 22:19:12', '0');
INSERT INTO `c_service_business` VALUES ('219', '580100030001', '1', 'ORDER_COMMON_SERVICE_URL', 'commonServiceTopic', '60', '3', '2020-06-17 22:29:41', '0');
INSERT INTO `c_service_business` VALUES ('220', '580100040001', '1', 'ORDER_COMMON_SERVICE_URL', 'commonServiceTopic', '60', '3', '2020-06-17 22:30:12', '0');
INSERT INTO `c_service_business` VALUES ('221', '580100050001', '1', 'ORDER_COMMON_SERVICE_URL', 'commonServiceTopic', '60', '3', '2020-06-17 22:30:39', '0');
INSERT INTO `c_service_business` VALUES ('222', '580200030001', '1', 'ORDER_COMMON_SERVICE_URL', 'commonServiceTopic', '60', '3', '2020-06-17 22:31:23', '0');
INSERT INTO `c_service_business` VALUES ('223', '580200040001', '1', 'ORDER_COMMON_SERVICE_URL', 'commonServiceTopic', '60', '3', '2020-06-17 22:31:53', '0');
INSERT INTO `c_service_business` VALUES ('224', '580200050001', '1', 'ORDER_COMMON_SERVICE_URL', 'commonServiceTopic', '60', '3', '2020-06-17 22:32:25', '0');
INSERT INTO `c_service_business` VALUES ('225', '580300030001', '1', 'ORDER_COMMON_SERVICE_URL', 'commonServiceTopic', '60', '3', '2020-06-17 22:33:48', '0');
INSERT INTO `c_service_business` VALUES ('226', '580300040001', '1', 'ORDER_COMMON_SERVICE_URL', 'commonServiceTopic', '60', '3', '2020-06-17 22:34:34', '0');
INSERT INTO `c_service_business` VALUES ('227', '580300050001', '1', 'ORDER_COMMON_SERVICE_URL', 'commonServiceTopic', '60', '3', '2020-06-17 22:35:29', '0');
INSERT INTO `c_service_business` VALUES ('228', '221200030001', '1', 'ORDER_STORE_SERVICE_URL', 'storeServiceTopic', '60', '3', '2020-06-22 12:02:02', '0');
INSERT INTO `c_service_business` VALUES ('229', '221200040001', '1', 'ORDER_STORE_SERVICE_URL', 'storeServiceTopic', '60', '3', '2020-06-22 12:02:25', '0');
INSERT INTO `c_service_business` VALUES ('230', '221200050001', '1', 'ORDER_STORE_SERVICE_URL', 'storeServiceTopic', '60', '3', '2020-06-22 12:02:47', '0');
INSERT INTO `c_service_business` VALUES ('231', '221300030001', '1', 'ORDER_STORE_SERVICE_URL', 'storeServiceTopic', '60', '3', '2020-06-22 21:03:51', '0');
INSERT INTO `c_service_business` VALUES ('232', '221300040001', '1', 'ORDER_STORE_SERVICE_URL', 'storeServiceTopic', '60', '3', '2020-06-22 21:04:21', '0');
INSERT INTO `c_service_business` VALUES ('233', '221300050001', '1', 'ORDER_STORE_SERVICE_URL', 'storeServiceTopic', '60', '3', '2020-06-22 21:04:55', '0');
INSERT INTO `c_service_business` VALUES ('234', '131100030001', '1', 'ORDER_COMMUNITY_SERVICE_URL', 'communityServiceTopic', '60', '3', '2020-06-28 16:15:58', '0');
INSERT INTO `c_service_business` VALUES ('235', '131100040001', '1', 'ORDER_COMMUNITY_SERVICE_URL', 'communityServiceTopic', '60', '3', '2020-06-28 16:16:28', '0');
INSERT INTO `c_service_business` VALUES ('236', '131100050001', '1', 'ORDER_COMMUNITY_SERVICE_URL', 'communityServiceTopic', '60', '3', '2020-06-28 16:16:50', '0');
INSERT INTO `c_service_business` VALUES ('237', '132100030001', '1', 'ORDER_COMMUNITY_SERVICE_URL', 'communityServiceTopic', '60', '3', '2020-06-28 16:17:31', '0');
INSERT INTO `c_service_business` VALUES ('238', '132100040001', '1', 'ORDER_COMMUNITY_SERVICE_URL', 'communityServiceTopic', '60', '3', '2020-06-28 16:17:56', '0');
INSERT INTO `c_service_business` VALUES ('239', '132100050001', '1', 'ORDER_COMMUNITY_SERVICE_URL', 'communityServiceTopic', '60', '3', '2020-06-28 16:18:26', '0');
INSERT INTO `c_service_business` VALUES ('240', '631100030001', '1', 'ORDER_FEE_SERVICE_URL', 'feeServiceTopic', '60', '3', '2020-06-29 11:21:51', '0');
INSERT INTO `c_service_business` VALUES ('241', '631100040001', '1', 'ORDER_FEE_SERVICE_URL', 'feeServiceTopic', '60', '3', '2020-06-29 11:23:46', '0');
INSERT INTO `c_service_business` VALUES ('242', '631100050001', '1', 'ORDER_FEE_SERVICE_URL', 'feeServiceTopic', '60', '3', '2020-06-29 11:24:11', '0');
INSERT INTO `c_service_business` VALUES ('243', '110200030001', '1', 'ORDER_USER_SERVICE_URL', 'userServiceTopic', '60', '3', '2020-08-15 18:28:21', '0');
INSERT INTO `c_service_business` VALUES ('244', '110200040001', '1', 'ORDER_USER_SERVICE_URL', 'userServiceTopic', '60', '3', '2020-08-15 18:28:49', '0');
INSERT INTO `c_service_business` VALUES ('245', '110200050001', '1', 'ORDER_USER_SERVICE_URL', 'userServiceTopic', '60', '3', '2020-08-15 18:29:26', '0');
INSERT INTO `c_service_business` VALUES ('246', '600100040002', '1', 'ORDER_FEE_SERVICE_URL', 'feeServiceTopic', '60', '3', '2020-09-04 16:57:54', '0');
INSERT INTO `c_service_business` VALUES ('247', '641100030001', '1', 'ORDER_FEE_SERVICE_URL', 'feeServiceTopic', '60', '3', '2020-11-29 19:11:26', '0');
INSERT INTO `c_service_business` VALUES ('248', '添加临时车标准', '1', 'ORDER_FEE_SERVICE_URL', 'feeServiceTopic', '60', '3', '2021-01-16 17:49:44', '1');
INSERT INTO `c_service_business` VALUES ('249', '651100030001', '1', 'ORDER_FEE_SERVICE_URL', 'feeServiceTopic', '60', '3', '2021-01-16 17:50:42', '0');
INSERT INTO `c_service_business` VALUES ('250', '651100040001', '1', 'ORDER_FEE_SERVICE_URL', 'feeServiceTopic', '60', '3', '2021-01-16 17:51:08', '0');
INSERT INTO `c_service_business` VALUES ('251', '651100050001', '1', 'ORDER_FEE_SERVICE_URL', 'feeServiceTopic', '60', '3', '2021-01-16 17:51:36', '0');
INSERT INTO `c_service_business` VALUES ('252', '651100030002', '1', 'ORDER_FEE_SERVICE_URL', 'feeServiceTopic', '60', '3', '2021-01-16 17:52:26', '0');
INSERT INTO `c_service_business` VALUES ('253', '651100040002', '1', 'ORDER_FEE_SERVICE_URL', 'feeServiceTopic', '60', '3', '2021-01-16 17:52:50', '0');
INSERT INTO `c_service_business` VALUES ('254', '651100050002', '1', 'ORDER_FEE_SERVICE_URL', 'feeServiceTopic', '60', '3', '2021-01-16 17:53:25', '0');
INSERT INTO `c_service_business` VALUES ('255', '651100030003', '1', 'ORDER_COMMON_SERVICE_URL', 'commonServiceTopic', '60', '3', '2021-01-22 15:29:43', '0');
INSERT INTO `c_service_business` VALUES ('256', '651100040003', '1', 'ORDER_COMMON_SERVICE_URL', 'commonServiceTopic', '60', '3', '2021-01-22 15:30:12', '0');
INSERT INTO `c_service_business` VALUES ('257', '651100050003', '1', 'ORDER_COMMON_SERVICE_URL', 'commonServiceTopic', '60', '3', '2021-01-22 15:30:38', '0');
INSERT INTO `c_service_business` VALUES ('258', '651100030004', '1', 'ORDER_COMMON_SERVICE_URL', 'commonServiceTopic', '60', '3', '2021-01-23 15:10:13', '0');
INSERT INTO `c_service_business` VALUES ('259', '651100040004', '1', 'ORDER_COMMON_SERVICE_URL', 'commonServiceTopic', '60', '3', '2021-01-23 15:10:37', '0');
INSERT INTO `c_service_business` VALUES ('260', '651100050004', '1', 'ORDER_COMMON_SERVICE_URL', 'commonServiceTopic', '60', '3', '2021-01-23 15:11:16', '0');
INSERT INTO `c_service_business` VALUES ('261', '541100030002', '1', 'ORDER_COMMUNITY_SERVICE_URL', 'communityServiceTopic', '60', '3', '2021-03-18 12:36:18', '0');
INSERT INTO `c_service_business` VALUES ('262', '541100040002', '1', 'ORDER_COMMUNITY_SERVICE_URL', 'communityServiceTopic', '60', '3', '2021-03-18 12:36:42', '0');
INSERT INTO `c_service_business` VALUES ('263', '541100050002', '1', 'ORDER_COMMUNITY_SERVICE_URL', 'communityServiceTopic', '60', '3', '2021-03-18 12:43:49', '0');
INSERT INTO `c_service_business` VALUES ('264', '671100030004', '1', 'ORDER_STORE_SERVICE_URL', 'storeServiceTopic', '60', '3', '2021-04-07 21:26:23', '0');
INSERT INTO `c_service_business` VALUES ('265', '671100040004', '1', 'ORDER_STORE_SERVICE_URL', 'storeServiceTopic', '60', '3', '2021-04-07 21:26:52', '0');
INSERT INTO `c_service_business` VALUES ('266', '671100050004', '1', 'ORDER_STORE_SERVICE_URL', 'storeServiceTopic', '60', '3', '2021-04-07 21:27:15', '0');
INSERT INTO `c_service_business` VALUES ('267', '671100030005', '1', 'ORDER_STORE_SERVICE_URL', 'storeServiceTopic', '60', '3', '2021-04-08 01:32:01', '0');
INSERT INTO `c_service_business` VALUES ('268', '671100040005', '1', 'ORDER_STORE_SERVICE_URL', 'storeServiceTopic', '60', '3', '2021-04-08 15:28:00', '0');
INSERT INTO `c_service_business` VALUES ('269', '671100050005', '1', 'ORDER_STORE_SERVICE_URL', 'storeServiceTopic', '60', '3', '2021-04-19 10:11:21', '0');
INSERT INTO `c_service_business` VALUES ('270', '671100040006', '1', 'ORDER_STORE_SERVICE_URL', 'storeServiceTopic', '60', '3', '2021-04-19 10:12:03', '0');
INSERT INTO `c_service_business` VALUES ('271', '140200040001', '1', 'ORDER_USER_SERVICE_URL', 'userServiceTopic', '60', '3', '2021-04-19 10:12:36', '0');
INSERT INTO `c_service_business` VALUES ('272', '671100050007', '1', 'ORDER_STORE_SERVICE_URL', 'storeServiceTopic', '60', '3', '2021-04-20 11:32:10', '0');
INSERT INTO `c_service_business` VALUES ('273', '671100040007', '1', 'ORDER_STORE_SERVICE_URL', 'storeServiceTopic', '60', '3', '2021-04-20 11:31:18', '0');
INSERT INTO `c_service_business` VALUES ('274', '671100030007', '1', 'ORDER_STORE_SERVICE_URL', 'storeServiceTopic', '60', '3', '2021-04-20 11:30:07', '0');
INSERT INTO `c_service_business` VALUES ('275', '671100030010', '1', 'ORDER_STORE_SERVICE_URL', 'storeServiceTopic', '60', '3', '2021-04-28 17:41:56', '0');
INSERT INTO `c_service_business` VALUES ('276', '671100050006', '1', 'ORDER_STORE_SERVICE_URL', 'storeServiceTopic', '60', '3', '2021-04-25 10:52:53', '0');
INSERT INTO `c_service_business` VALUES ('277', '671100030006', '1', 'ORDER_STORE_SERVICE_URL', 'storeServiceTopic', '60', '3', '2021-04-25 10:49:54', '0');
INSERT INTO `c_service_business` VALUES ('278', '671100030009', '1', 'ORDER_STORE_SERVICE_URL', 'storeServiceTopic', '60', '3', '2021-04-23 15:49:35', '0');
INSERT INTO `c_service_business` VALUES ('279', '671100050008', '1', 'ORDER_STORE_SERVICE_URL', 'storeServiceTopic', '60', '3', '2021-04-23 10:52:53', '0');
INSERT INTO `c_service_business` VALUES ('280', '671100040008', '1', 'ORDER_STORE_SERVICE_URL', 'storeServiceTopic', '60', '3', '2021-04-23 10:51:55', '0');
INSERT INTO `c_service_business` VALUES ('281', '671100030008', '1', 'ORDER_STORE_SERVICE_URL', 'storeServiceTopic', '60', '3', '2021-04-23 10:50:48', '0');
INSERT INTO `c_service_business` VALUES ('282', '681100030006', '1', 'ORDER_STORE_SERVICE_URL', 'storeServiceTopic', '60', '3', '2021-04-29 19:38:15', '0');
INSERT INTO `c_service_business` VALUES ('283', '681100040006', '1', 'ORDER_STORE_SERVICE_URL', 'storeServiceTopic', '60', '3', '2021-04-29 19:38:41', '0');
INSERT INTO `c_service_business` VALUES ('284', '681100050006', '1', 'ORDER_STORE_SERVICE_URL', 'storeServiceTopic', '60', '3', '2021-04-29 19:39:04', '0');
INSERT INTO `c_service_business` VALUES ('285', '121100030001', '1', 'ORDER_ACCT_SERVICE_URL', 'acctServiceTopic', '60', '3', '2021-05-05 15:56:23', '0');
INSERT INTO `c_service_business` VALUES ('286', '121100040001', '1', 'ORDER_ACCT_SERVICE_URL', 'acctServiceTopic', '60', '3', '2021-05-05 15:57:07', '0');
INSERT INTO `c_service_business` VALUES ('287', '121100030002', '1', 'ORDER_ACCT_SERVICE_URL', 'acctServiceTopic', '60', '3', '2021-05-05 15:57:41', '0');
INSERT INTO `c_service_business` VALUES ('288', '671100050011', '1', 'ORDER_STORE_SERVICE_URL', 'storeServiceTopic', '60', '3', '2021-05-12 11:08:48', '0');
INSERT INTO `c_service_business` VALUES ('289', '671100040011', '1', 'ORDER_STORE_SERVICE_URL', 'storeServiceTopic', '60', '3', '2021-05-12 11:07:53', '0');
INSERT INTO `c_service_business` VALUES ('290', '671100030011', '1', 'ORDER_STORE_SERVICE_URL', 'storeServiceTopic', '60', '3', '2021-05-12 10:49:12', '0');

-- ----------------------------
-- Table structure for c_service_business_31
-- ----------------------------
CREATE TABLE `c_service_business_31` (
  `service_business_id` int(11) NOT NULL DEFAULT '0' COMMENT 'id',
  `business_type_cd` varchar(12) DEFAULT NULL,
  `invoke_type` varchar(4) NOT NULL COMMENT '调用类型，1 http-post(微服务内应用) 2 webservice 3 http-post(微服务之外应用)',
  `url` varchar(200) DEFAULT NULL COMMENT '目标地址',
  `message_topic` varchar(50) DEFAULT NULL COMMENT '异步时的消息topic名称',
  `timeout` int(11) NOT NULL DEFAULT '60' COMMENT '超时时间',
  `retry_count` int(11) NOT NULL DEFAULT '3' COMMENT '重试次数',
  `create_time` timestamp NOT NULL DEFAULT CURRENT_TIMESTAMP COMMENT '创建时间',
  `status_cd` varchar(2) NOT NULL DEFAULT '0' COMMENT '数据状态，详细参考c_status表，0在用，1失效'
) ENGINE=InnoDB DEFAULT CHARSET=utf8;

-- ----------------------------
-- Records of c_service_business_31
-- ----------------------------

-- ----------------------------
-- Table structure for c_service_sql
-- ----------------------------
CREATE TABLE `c_service_sql` (
  `id` int(11) NOT NULL AUTO_INCREMENT COMMENT 'id',
  `service_code` varchar(50) NOT NULL COMMENT '对应c_service表',
  `name` varchar(50) NOT NULL COMMENT '名称',
  `params` varchar(500) NOT NULL COMMENT '参数',
  `query_model` varchar(1) NOT NULL COMMENT '查询方式 1、sql,2、存储过程',
  `sql` longtext COMMENT '执行sql',
  `proc` varchar(200) DEFAULT NULL COMMENT '存储过程名称',
  `java_script` longtext COMMENT '执行java脚本代码',
  `template` longtext COMMENT '输出模板',
  `remark` varchar(200) DEFAULT NULL COMMENT '描述',
  `create_time` timestamp NOT NULL DEFAULT CURRENT_TIMESTAMP COMMENT '创建时间',
  `status_cd` varchar(2) NOT NULL DEFAULT '0' COMMENT '数据状态，详细参考c_status表，0在用，1失效',
  PRIMARY KEY (`id`),
  UNIQUE KEY `service_code` (`service_code`) USING BTREE
) ENGINE=InnoDB AUTO_INCREMENT=48 DEFAULT CHARSET=utf8;

-- ----------------------------
-- Records of c_service_sql
-- ----------------------------
INSERT INTO `c_service_sql` VALUES ('1', 'query.order.orderInfo', '订单信息', 'oId', '1', '{\n                                                 	\"param1\":\"SELECT co.app_id appId,co.create_time createTime,co.ext_transaction_id extTransactionId,co.finish_time finishTime\n                                                 ,co.order_type_cd orderTypeCd,co.o_id oId ,co.remark remark ,co.request_time requestTime ,co.user_id userId,co.status_cd statusCd\n                                                  FROM c_orders co WHERE co.o_id = #oId#\",\n                                                  \"param2\":\"SELECT cb.b_id bId, cb.business_type_cd businessTypeCd,cb.create_time createTime,cb.finish_time finishTime ,cb.o_id oId,\n                                                 cb.remark remark,cb.status_cd statusCd FROM c_business cb WHERE cb.o_id = #oId#\"\n                                                 }', '', null, '{\"PARAM:\"{\n                                                            \"param1\": \"$.#order#Object\",\n                                                            \"param2\": \"$.#business#Array\"\n                                                            },\"TEMPLATE\":\"{\n                                                         \"response\": {\n                                                           \"code\": \"0000\",\n                                                           \"message\": \"成功\"\n                                                         }\n                                                       }\"}', '', '2018-11-14 13:28:45', '0');
INSERT INTO `c_service_sql` VALUES ('2', 'query.menu.info', '查询菜单1', 'userId,domain', '1', '{\"param1\":\"SELECT mm.`m_id` `mId`,mm.name menuName,mm.`g_id` gId,mm.`url`,mm.seq menuSeq,mm.`p_id` pId,\r\n	mm.`description` menuDescription, mmg.name menuGroupName,mmg.`icon`,mmg.`label`,mmg.`seq` menuGroupSeq,\r\n	mmg.`description` menuGroupDescription,mm.is_show isShow,mm.description FROM m_menu mm,m_menu_group mmg\r\n	WHERE mm.`g_id` = mmg.`g_id`\r\n	and mmg.group_type = #groupType#\r\n	and mmg.store_type= #domain#\r\n	AND mm.`m_id` IN (\r\n		SELECT pp.`m_id` FROM p_privilege_user ppu,p_privilege pp\r\n		WHERE ppu.`p_id` = pp.`p_id`\r\n		and pp.domain in (#domain#,\'9999\')\r\n		AND ppu.`privilege_flag` = \'0\'\r\n		AND ppu.`user_id` = #userId#\r\n		AND ppu.`status_cd` = \'0\'\r\n		AND pp.`status_cd` = \'0\'\r\n		UNION\r\n		SELECT pp.`m_id` FROM p_privilege_user ppu,p_privilege_group ppg,p_privilege pp,p_privilege_rel ppr\r\n		WHERE ppu.`p_id` = ppr.pg_id\r\n		AND ppr.pg_id = ppg.pg_id\r\n		AND ppr.p_id = pp.`p_id`\r\n		and pp.domain in (#domain#,\'9999\')\r\n		AND ppu.`privilege_flag` = \'1\'\r\n		AND ppu.`user_id` = #userId#\r\n		AND ppu.`status_cd` = \'0\'\r\n		AND pp.`status_cd` = \'0\'\r\n		AND ppg.status_cd = \'0\'\r\n		AND ppr.status_cd = \'0\'\r\n	)\r\n	AND mm.`status_cd` = \'0\'\r\n	AND mmg.`status_cd` = \'0\'\"}', '', null, '{\"PARAM\":{\n                                                            \"param1\": \"$.#menus#Array\"\n                                                            },\"TEMPLATE\":{\n                                                        \n                                                       }}', '', '2018-11-14 13:28:45', '0');
INSERT INTO `c_service_sql` VALUES ('3', 'query.user.loginInfo', '查询用户登录信息', 'userCode', '1', '{\"param1\":\"select a.user_id userId,a.name userName,a.password userPwd \nfrom u_user a where (a.name = #userCode# \nor a.tel = #userCode#)\n<if test=\\\"pwd != null and pwd != \'\'\\\">\nand a.password = #pwd#\n</if>\nand a.status_cd = \'0\'\nlimit 1\"}', '', null, '{\"PARAM\":{                                                            \"param1\": \"$.#user#Object\"                                                            },\"TEMPLATE\":{                                                         \"response\": {                                                           \"code\": \"0000\",                                                           \"message\": \"成功\"                                                         }                                                       }}', '', '2018-11-14 13:28:45', '0');
INSERT INTO `c_service_sql` VALUES ('4', 'query.console.template', '查询模板信息', 'templateCode', '1', '{\n                                                 	\"param1\":\"SELECT t.template_code templateCode,t.name templateName,t.`html_name` htmlName,t.`url` templateUrl\n                                                              FROM c_template t WHERE t.status_cd = \'0\' AND t.template_code = #templateCode#\"\n                                                 }', '', null, '{\"PARAM\":{\n                                                            \"param1\": \"$.#template#Object\"\n                                                            },\"TEMPLATE\":{\n                                                         \"response\": {\n                                                           \"code\": \"0000\",\n                                                           \"message\": \"成功\"\n                                                         }\n                                                       }}', '', '2018-11-14 13:28:45', '0');
INSERT INTO `c_service_sql` VALUES ('5', 'query.console.templateCol', '查询模板列信息', 'templateCode', '1', '{\n                                                 	\"param1\":\"SELECT t.template_code templateCode,t.name templateName,tc.col_name colName,tc.col_model colModel FROM c_template t,c_template_col tc WHERE t.status_cd = \'0\' AND t.template_code = tc.template_code\n                                                              AND tc.status_cd = \'0\'\n                                                              AND t.template_code = #templateCode#\"\n                                                 }', '', null, '{\"PARAM\":{\n                                                            \"param1\": \"$.#template#Array\"\n                                                            },\"TEMPLATE\":{\n                                                         \"response\": {\n                                                           \"code\": \"0000\",\n                                                           \"message\": \"成功\"\n                                                         }\n                                                       }}', '', '2018-11-14 13:28:45', '0');
INSERT INTO `c_service_sql` VALUES ('6', 'query.center.mapping', '查询映射数据', 'page,rows,sord', '1', '{\"param1\":\"select count(1) records,ceil(#page#/#rows#)+1 page,ceil(count(1)/#rows#) total from c_mapping m where m.status_cd = \'0\'\",\n                                                             \"param2\":\"SELECT m.`id` id,m.`domain` domain,m.name name,m.`key`  `key` ,m.`value` `value`,m.`remark` remark FROM c_mapping m WHERE m.`status_cd` = \'0\' LIMIT #page#, #rows#\"\n                                                             }', '', null, '{\n                                                        	\"PARAM\": {\n                                                        		\"param1\": \"$.##Object\",\n                                                        		\"param2\": \"$.#rows#Array\"\n                                                        	},\n                                                        	\"TEMPLATE\": {\n                                                        		\"response\": {\n                                                        			\"code\": \"0000\",\n                                                        			\"message\": \"成功\"\n                                                        		}\n                                                        	}\n                                                        }', '', '2018-11-14 13:28:45', '0');
INSERT INTO `c_service_sql` VALUES ('7', 'query.center.apps', '查询外部应用', 'page,rows,sord', '1', '{\"param1\":\"select count(1) records,ceil(#page#/#rows#)+1 page,ceil(count(1)/#rows#) total from c_app a where a.status_cd = \'0\'\",\n                                                             \"param2\":\"SELECT m.`id` id,m.`app_id` appId,m.name `name`,m.`security_code`  securityCode ,m.`while_list_ip` whileListIp,m.`black_list_ip` blackListIp,m.`remark` remark FROM c_app m WHERE m.`status_cd` = \'0\' LIMIT #page#, #rows#\"\n                                                             }', '', null, '{\n                                                        	\"PARAM\": {\n                                                        		\"param1\": \"$.##Object\",\n                                                        		\"param2\": \"$.#rows#Array\"\n                                                        	},\n                                                        	\"TEMPLATE\": {\n                                                        		\"response\": {\n                                                        			\"code\": \"0000\",\n                                                        			\"message\": \"成功\"\n                                                        		}\n                                                        	}\n                                                        }', '', '2018-11-14 13:28:45', '0');
INSERT INTO `c_service_sql` VALUES ('8', 'query.center.services', '查询服务数据', 'page,rows,sord', '1', '{\"param1\":\"select count(1) records,ceil(#page#/#rows#)+1 page,ceil(count(1)/#rows#) total from c_service a where a.status_cd = \'0\'\",\n                                                             \"param2\":\"SELECT s.`service_id` serviceId,s.`service_code` serviceCode,s.`business_type_cd`  businessTypeCd,s.name `name`,s.is_instance isInstance,\n                                                                       s.`messageQueueName` messageQueueName,s.url url,s.`provide_app_id` provideAppId FROM c_service s WHERE s.`status_cd` = \'0\' LIMIT #page#, #rows#\"\n                                                             }', '', null, '{\n                                                        	\"PARAM\": {\n                                                        		\"param1\": \"$.##Object\",\n                                                        		\"param2\": \"$.#rows#Array\"\n                                                        	},\n                                                        	\"TEMPLATE\": {\n                                                        		\"response\": {\n                                                        			\"code\": \"0000\",\n                                                        			\"message\": \"成功\"\n                                                        		}\n                                                        	}\n                                                        }', '', '2018-11-14 13:28:45', '0');
INSERT INTO `c_service_sql` VALUES ('9', 'query.center.route', '查询路由数据', 'page,rows,sord', '1', '{\"param1\":\"select count(1) records,ceil(#page#/#rows#)+1 page,ceil(count(1)/#rows#) total from c_route a,c_service cs WHERE a.`service_id` = cs.`service_id` AND cs.`status_cd` = \'0\' and a.status_cd = \'0\'\",\n                                                             \"param2\":\"SELECT s.id id,s.`app_id` appId,s.`service_id` serviceId,s.`invoke_model` invokeModel,cs.`name` serviceName,cs.`service_code` serviceCode,s.`order_type_cd` orderTypeCd,s.`invoke_limit_times` invokelimitTimes FROM c_route s,c_service cs WHERE s.`service_id` = cs.`service_id` AND cs.`status_cd` = \'0\' AND s.`status_cd` = \'0\' LIMIT #page#, #rows#\"\n                                                             }', '', null, '{\n                                                        	\"PARAM\": {\n                                                        		\"param1\": \"$.##Object\",\n                                                        		\"param2\": \"$.#rows#Array\"\n                                                        	},\n                                                        	\"TEMPLATE\": {\n                                                        		\"response\": {\n                                                        			\"code\": \"0000\",\n                                                        			\"message\": \"成功\"\n                                                        		}\n                                                        	}\n                                                        }', '', '2018-11-14 13:28:45', '0');
INSERT INTO `c_service_sql` VALUES ('10', 'query.console.caches', '查询缓存数据', 'row,page', '1', '{\r\n	\"param1\": \"SELECT count(1) total,ceil(#page#/#row#)+1 page,ceil(count(1)/#row#) records FROM c_cache c WHERE c.`status_cd` = \'0\' AND c.`group` = \'COMMON\'\",\r\n	\"param2\": \"SELECT c.id id,c.`cache_code` cacheCode, c.`name` cacheName FROM c_cache c WHERE c.`status_cd` = \'0\' AND c.`group` = \'COMMON\' ORDER BY c.`seq` ASC LIMIT #page#,#row# \"\r\n}', '', null, '{\r\n                                                        	\"PARAM\": {\r\n                                                        		\"param1\": \"$.##Object\",\r\n                                                        		\"param2\": \"$.#caches#Array\"\r\n                                                        	},\r\n                                                        	\"TEMPLATE\": {}\r\n                                                        }', '', '2018-11-14 13:28:45', '0');
INSERT INTO `c_service_sql` VALUES ('11', 'query.console.cache', '查询单条缓存信息', 'id', '1', '{\r\n	\"param1\": \"SELECT c.id id,c.`cache_code` cacheCode, c.`name` cacheName,c.url FROM c_cache c WHERE  c.`status_cd` = \'0\' AND c.id = #id#\"\r\n}', '', null, '{\n                                                        	\"PARAM\": {\n                                                        		\"param1\": \"$.#cache#Object\"\n                                                        	},\n                                                        	\"TEMPLATE\": {\n                                                        		\n                                                        	}\n                                                        }', '', '2018-11-14 13:28:45', '0');
INSERT INTO `c_service_sql` VALUES ('12', 'save.center.mapping', '保存映射信息', 'domain,name,key,value,remark', '1', '{\n                                                             \"param1\":\"INSERT c_mapping(domain,`name`,`key`,`value`,remark) VALUES(#domain#,#name#,#key#,#value#,#remark#)\"\n                                                             }', '', null, '{\n                                                        	\"TEMPLATE\": {\n                                                        		\"response\": {\n                                                        			\"code\": \"0000\",\n                                                        			\"message\": \"成功\"\n                                                        		}\n                                                        	}\n                                                        }', '', '2018-11-14 13:28:45', '0');
INSERT INTO `c_service_sql` VALUES ('13', 'delete.center.mapping', '删除映射信息', 'id', '1', '{\n                                                             \"param1\":\"UPDATE c_mapping m SET m.status_cd = \'1\' WHERE m.status_cd = \'0\' AND m.id = #id#\"\n                                                             }', '', null, '{\n                                                        	\"TEMPLATE\": {\n                                                        		\"response\": {\n                                                        			\"code\": \"0000\",\n                                                        			\"message\": \"成功\"\n                                                        		}\n                                                        	}\n                                                        }', '', '2018-11-14 13:28:45', '0');
INSERT INTO `c_service_sql` VALUES ('14', 'update.center.mapping', '修改映射信息', 'id,domain,name,key,value,remark', '1', '{\n                                                             \"param1\":\"UPDATE c_mapping m SET m.domain=#domain#,m.name = #name#,m.key=#key#,m.value=#value#,m.remark=#remark# WHERE m.status_cd = \'0\' AND m.id = #id#\"\n                                                             }', '', null, '{\n                                                        	\"TEMPLATE\": {\n                                                        		\"response\": {\n                                                        			\"code\": \"0000\",\n                                                        			\"message\": \"成功\"\n                                                        		}\n                                                        	}\n                                                        }', '', '2018-11-14 13:28:45', '0');
INSERT INTO `c_service_sql` VALUES ('15', 'query.staff.infos', '查询员工信息', '1', '1', '{\"param1\":\"select count(1) total,ceil(#page#/#rows#)+1 page,ceil(count(1)/#rows#) records  from u_user a \n	<if test=\\\"parentOrgId !=null and parentOrgId != \'\'\\\">\n		,u_org uo\n		,u_org_staff_rel uosr\n	</if>\n where a.level_cd = \'01\' \n <if test=\\\"parentOrgId !=null and parentOrgId != \'\'\\\">\n		and a.user_id = uosr.staff_id\n		and uosr.store_id = #storeId#\n		and uosr.org_id = uo.org_id\n		and uo.parent_org_id = #parentOrgId#\n		and uo.status_cd = \'0\'\n		and uosr.status_cd = \'0\'\n	</if>\n \",\n\"param2\":\"select a.user_id userId,a.name,a.email,a.address,a.sex,a.status_cd statusCd,a.tel,a.create_time createTime from u_user a\n<if test=\\\"parentOrgId !=null and parentOrgId != \'\'\\\">\n		,u_org uo\n		,u_org_staff_rel uosr\n	</if>\n	 where a.level_cd = \'01\'\n<if test=\\\"parentOrgId !=null and parentOrgId != \'\'\\\">\n		and a.user_id = uosr.staff_id\n		and uosr.store_id = #storeId#\n		and uosr.org_id = uo.org_id\n		and uo.parent_org_id = #parentOrgId#\n		and uo.status_cd = \'0\'\n		and uosr.status_cd = \'0\'\n	</if>\n LIMIT #page#, #rows#\"}', null, null, '{\n                                                        	\"PARAM\": {\n                                                        		\"param1\": \"$.##Object\",\n                                                        		\"param2\": \"$.#rows#Array\"\n                                                        	},\n                                                        	\"TEMPLATE\": {}\n                                                        }', null, '2018-12-09 07:50:18', '0');
INSERT INTO `c_service_sql` VALUES ('16', 'search.staff.infos', '搜索员工信息', 'page,rows,search', '1', '{\"param1\":\"select count(1) total,ceil(#page#/#rows#)+1 page,ceil(count(1)/#rows#) records  from u_user a where a.level_cd = \'01\' and a.name = #search#\",\n\"param2\":\"select a.user_id userId,a.name,a.email,a.address,a.sex,a.status_cd statusCd,a.tel,a.create_time createTime from u_user a where a.level_cd = \'01\' and a.name = #search# LIMIT #page#, #rows#\"}', null, null, '{\n                                                        	\"PARAM\": {\n                                                        		\"param1\": \"$.##Object\",\n                                                        		\"param2\": \"$.#rows#Array\"\n                                                        	},\n                                                        	\"TEMPLATE\": {}\n                                                        }', null, '2018-12-12 10:21:55', '0');
INSERT INTO `c_service_sql` VALUES ('17', 'query.community.infos', '查询小区信息', 'page,rows', '1', '{\"param1\":\"select count(1) total,ceil(#page#/#rows#)+1 page,ceil(count(1)/#rows#) records \nfrom s_store a,s_member_store b,s_store c where a.store_type_cd = \'800900000000\' \nand a.store_id = b.store_id and b.member_id = c.store_id and c.store_type_cd = \'800900000002\'\nand a.status_cd = \'0\' and b.status_cd = \'0\' and c.status_cd = \'0\'\",\n\"param2\":\"select a.store_id storeId,a.name storeName,a.nearby_landmarks nearByLandmarks,a.address address,c.name agentName,c.tel agentTel,a.create_time createTime\nfrom s_store a,s_member_store b,s_store c where a.store_type_cd = \'800900000000\' \nand a.store_id = b.store_id and b.member_id = c.store_id and c.store_type_cd = \'800900000002\'\nand a.status_cd = \'0\' and b.status_cd = \'0\' and c.status_cd = \'0\' LIMIT #page#, #rows#\"}', null, null, '{\n                                                        	\"PARAM\": {\n                                                        		\"param1\": \"$.##Object\",\n                                                        		\"param2\": \"$.#rows#Array\"\n                                                        	},\n                                                        	\"TEMPLATE\": {}\n                                                        }', null, '2018-12-12 14:22:05', '0');
INSERT INTO `c_service_sql` VALUES ('18', 'search.community.infos', '搜索小区', 'page,rows,search', '1', '{\"param1\":\"select count(1) total,ceil(#page#/#rows#)+1 page,ceil(count(1)/#rows#) records \nfrom s_store a,s_member_store b,s_store c where a.store_type_cd = \'800900000000\' \nand a.store_id = b.store_id and b.member_id = c.store_id and c.store_type_cd = \'800900000002\'\nand a.status_cd = \'0\' and b.status_cd = \'0\' and c.status_cd = \'0\' and a.name = #search#\",\n\"param2\":\"select a.store_id storeId,a.name storeName,a.nearby_landmarks nearByLandmarks,a.address address,c.name agentName,c.tel agentTel,a.create_time createTime\nfrom s_store a,s_member_store b,s_store c where a.store_type_cd = \'800900000000\' \nand a.store_id = b.store_id and b.member_id = c.store_id and c.store_type_cd = \'800900000002\'\nand a.status_cd = \'0\' and b.status_cd = \'0\' and c.status_cd = \'0\' and a.name = #search# LIMIT #page#, #rows#\"}', null, null, '{\n                                                        	\"PARAM\": {\n                                                        		\"param1\": \"$.##Object\",\n                                                        		\"param2\": \"$.#rows#Array\"\n                                                        	},\n                                                        	\"TEMPLATE\": {}\n                                                        }', null, '2018-12-12 14:56:10', '0');
INSERT INTO `c_service_sql` VALUES ('19', 'check.property.staffHasProperty', '判断是否有查询物业信息', 'userId', '1', '{\"param1\":\"select count(1) count from p_property p,p_property_user pu\nwhere p.property_id = pu.property_id\nand pu.rel_cd = \'600311000002\'\nand p.status_cd = \'0\'\nand pu.status_cd = \'0\'\n and pu.user_id = #userId#\"}', null, null, '{\"PARAM\": {\"param1\": \"$.##Object\"},\"TEMPLATE\": {}}', null, '2019-02-13 12:18:27', '0');
INSERT INTO `c_service_sql` VALUES ('20', 'query.property.info', '查询物业信息', 'userId', '1', '{\"param1\":\"SELECT p.property_id propertyId,p.map_x mapX,p.map_y mapY,p.b_id bId,p.name name,p.nearby_landmarks nearbyLandmarks,p.tel tel\nFROM p_property p,p_property_user pu\nWHERE p.property_id = pu.property_id AND pu.rel_cd = \'600311000002\' AND p.status_cd = \'0\' AND pu.status_cd = \'0\' and pu.user_id = #userId#\",\n\"param2\":\"select a.attr_id attrId,a.spec_cd specCd,s.name propertyAttrName,a.value propertyAttrValue from p_property_attr a,spec s where a.property_id = #PARENT_propertyId# and a.spec_cd = s.spec_cd\n and s.domain = \'PROPERTY\'\"}', null, null, '{\n                                                        	\"PARAM\": {\n                                                        		\"param1\": \"$.##Object\",\n                                                        		\"param2\": \"$.#attrs#Array\"\n                                                        	},\n                                                        	\"TEMPLATE\": {}\n                                                        }', null, '2019-02-17 14:22:54', '0');
INSERT INTO `c_service_sql` VALUES ('21', 'query.store.byuser', '通过用户ID查询参与组织信息', 'userId', '1', '{\"param1\":\"select ss.store_id storeId,ss.name,ss.address,ss.tel,ss.store_type_cd storeTypeCd,ss.nearby_landmarks nearbyLandmarks,ss.map_x mapX,ss.map_y mapY,ssu.user_id userId,ssu.rel_cd relCd from s_store ss,s_store_user ssu where ss.store_id = ssu.store_id and ssu.user_id = #userId# and ss.status_cd = \'0\' and ssu.status_cd = \'0\'\",\"param2\":\"select ssa.attr_id attrId,ssa.spec_cd specCd,ssa.value from s_store_attr ssa where ssa.store_id = #PARENT_storeId# and ssa.status_cd = \'0\'\"}', null, null, '{\n                                                        	\"PARAM\": {\n                                                        		\"param1\": \"$.##Object\",\n                                                        		\"param2\": \"$.#attrs#Array\"\n                                                        	},\n                                                        	\"TEMPLATE\": {}\n                                                        }', null, '2019-03-26 15:50:34', '0');
INSERT INTO `c_service_sql` VALUES ('22', 'check.hasUser.byNameOrTel', '判断是否存在用户名或手机号的用户', 'name,tel', '1', '{\"param1\":\"select count(1) userCount from u_user a where 1=1\n<if test=\\\"name !=null and name !=\'\'\\\">\nand a.name = #name# \n</if>\n<if test=\\\"tel !=null and tel !=\'\'\\\">\nand a.tel = #tel# \n</if>\nand a.status_cd = \'0\'\"}', null, null, '{\n                                                        	\"PARAM\": {\n                                                        		\"param1\": \"$.##Object\"\n                                                        	},\n                                                        	\"TEMPLATE\": {}\n                                                        }', null, '2019-03-27 13:40:18', '0');
INSERT INTO `c_service_sql` VALUES ('23', 'query.store.type', '查询商户类型', 'type', '1', '{\"param1\":\"SELECT a.`store_type_cd` storeTypeCd,a.name,a.`id` FROM store_type a where a.is_show=0\"}', null, null, '{\"PARAM\": {\"param1\": \"$.#storeType#Array\"\r\n                                                        	},\r\n                                                        	\"TEMPLATE\": {}\r\n                                                        }', null, '2019-03-28 03:20:30', '0');
INSERT INTO `c_service_sql` VALUES ('24', 'query.user.privilege', '查询用户权限', 'userId,domain', '1', '{\"param1\":\"SELECT  DISTINCT  tt.gName,tt.gId,tt.mName,tt.mId,tt.pName,tt.pId, tt.pgId,tt.pgName FROM (\nselect mmg.`name` gName,mmg.g_id gId,m.`name` mName,m.m_id mId,p.`name` pName,p.p_id pId, ppg.pg_id pgId,ppg.name pgName,mmg.seq\nfrom m_menu_group mmg\nINNER JOIN m_menu m on mmg.g_id = m.g_id and m.status_cd = \'0\'\ninner join p_privilege p on m.m_id = p.m_id and p.status_cd = \'0\' and p.domain in (#domain#,\'9999\')\ninner join p_privilege_rel ppr on ppr.p_id = p.p_id and ppr.status_cd = \'0\' \ninner join p_privilege_group ppg on ppr.pg_id = ppg.pg_id and ppg.status_cd = \'0\'\ninner join p_privilege_user ppu on ppu.p_id  = ppg.pg_id and ppu.privilege_flag = \'1\' and ppu.status_cd = \'0\' and ppu.user_id = #userId#\nwhere mmg.status_cd = \'0\'\nunion\nselect mmg.`name` gName,mmg.g_id gId,m.`name` mName,m.m_id mId,p.`name` pName,p.p_id pId, \'-1\' pgId,\'\' pgName,mmg.seq\nfrom m_menu_group mmg\nINNER JOIN m_menu m on mmg.g_id = m.g_id and m.status_cd = \'0\'\ninner join p_privilege p on m.m_id = p.m_id and p.status_cd = \'0\' and p.domain in (#domain#,\'9999\')\ninner join p_privilege_user ppu on ppu.p_id  = p.p_id and ppu.privilege_flag = \'0\' and ppu.status_cd = \'0\' and ppu.user_id = #userId#\nwhere mmg.status_cd = \'0\'\n) tt\norder by tt.seq asc \"}', null, null, '{\"PARAM\": {\"param1\": \"$.#privileges#Array\"\r\n                                                        	},\r\n                                                        	\"TEMPLATE\": {}\r\n                                                        }', null, '2019-04-01 03:08:08', '0');
INSERT INTO `c_service_sql` VALUES ('25', 'query.user.userInfo', '查询用户信息', 'userId', '1', '{\"param1\":\"SELECT \r\n  a.`user_id` userId,\r\n  a.name,\r\n  a.email,\r\n  a.`address`,\r\n  a.`location_cd` localtionCd,\r\n  a.sex,\r\n  a.tel,\r\n  a.`level_cd` levelCd,\r\n  a.status_cd statusCd,\r\n  a.create_time createTime \r\nFROM\r\n  u_user a \r\nWHERE a.`user_id` = #userId# \r\n\"}', null, null, '{\"PARAM\": {\"param1\": \"$.##Object\"\r\n                                                        	},\r\n                                                        	\"TEMPLATE\": {}\r\n                                                        }', null, '2019-04-01 11:43:00', '0');
INSERT INTO `c_service_sql` VALUES ('26', 'query.store.users', '查询商户用户', 'page,rows,storeId', '1', '{\"param1\":\"SELECT COUNT(1) total,CEIL(#page#/#rows#)+1 page,ceil(count(1)/#rows#) records  \r\nFROM s_store ss,s_store_user ssu WHERE ss.`store_id` = ssu.`store_id`\r\nAND ss.`store_id` = #storeId#\r\nAND ss.`status_cd` = \'0\'\r\nAND ssu.`status_cd` = \'0\'\",\r\n\"param2\":\"SELECT \r\n  ss.`store_id` storeId,\r\n  ssu.`rel_cd` relCd,\r\n  ssu.`user_id` userId \r\nFROM\r\n  s_store ss,\r\n  s_store_user ssu \r\nWHERE ss.`store_id` = ssu.`store_id` \r\n  AND ss.`store_id` = #storeId#\r\n  AND ss.`status_cd` = \'0\' \r\n  AND ssu.`status_cd` = \'0\'\r\nLIMIT #page#, #rows#  \"}', null, null, '{\r\n                                                        	\"PARAM\": {\r\n                                                        		\"param1\": \"$.##Object\",\r\n                                                        		\"param2\": \"$.#datas#Array\"\r\n                                                        	},\r\n                                                        	\"TEMPLATE\": {}\r\n                                                        }', null, '2019-04-02 12:08:45', '0');
INSERT INTO `c_service_sql` VALUES ('27', 'query.store.privilegeGroup', '根据商户查询权限组', 'storeId,storeTypeCd', '1', '{\"param1\":\"select a.pg_id pgId,a.name,a.description,a.create_time createTime,a.store_id storeId,a.domain storeTypeCd from p_privilege_group a where a.status_cd = \'0\' and a.store_id in (#storeId#) and a.domain = #storeTypeCd#\"}', null, null, '{\"PARAM\": {\"param1\": \"$.#privilegeGroups#Array\"\n                                                        	},\n                                                        	\"TEMPLATE\": {}\n                                                        }', null, '2019-04-05 15:36:19', '0');
INSERT INTO `c_service_sql` VALUES ('28', 'query.privilege.byPgId', '根据权限组ID查询权限', '1', '1', '{\"param1\":\"select pp.p_id pId,pp.name,pp.description,pp.create_time createTime from p_privilege pp,p_privilege_rel ppr\r\nwhere pp.p_id = ppr.p_id\r\nand ppr.pg_id = #pgId#\r\n<if test=\\\"name !=null and name !=\'\'\\\">\r\nand pp.name like concat(\'%\',#name#,\'%\')\r\n</if>\r\nand pp.status_cd = \'0\'\r\nand ppr.status_cd = \'0\'\"}', null, null, '{\"PARAM\": {\"param1\": \"$.#privileges#Array\"\n                                                        	},\n                                                        	\"TEMPLATE\": {}\n                                                        }', null, '2019-04-07 10:27:19', '0');
INSERT INTO `c_service_sql` VALUES ('29', 'query.privilegeGroup.noAddPrivilege', '查询权限组中未添加的权限', 'storeId,pgId,storeTypeCd', '1', '{\"param1\":\"\n	select DISTINCT mmg.`name` gName,mmg.g_id gId,m.`name` mName,m.m_id mId,p.`name` pName,p.p_id pId, ppg.pg_id pgId \nfrom m_menu_group mmg\nINNER JOIN m_menu m on mmg.g_id = m.g_id and m.status_cd = \'0\'\ninner join p_privilege p on m.m_id = p.m_id and p.status_cd = \'0\' and p.domain in (#storeTypeCd#,\'9999\')\nleft join p_privilege_rel ppr on ppr.p_id = p.p_id and ppr.status_cd = \'0\' \nleft join p_privilege_group ppg on ppg.pg_id = #pgId# and ppg.store_id = #storeId# and ppr.pg_id = ppg.pg_id and ppg.status_cd = \'0\'\nwhere mmg.status_cd = \'0\'\norder by mmg.seq asc\n\"} ', null, null, '{\"PARAM\": {\"param1\": \"$.#privileges#Array\"\n                                                        	},\n                                                        	\"TEMPLATE\": {}\n                                                        }', null, '2019-04-08 14:44:15', '0');
INSERT INTO `c_service_sql` VALUES ('30', 'query.user.byName', '根据用户名称查询用户', 'name', '1', '{\"param1\":\"\r\nSELECT \r\n  a.`user_id` userId,\r\n  a.name,\r\n  a.email,\r\n  a.`address`,\r\n  a.`location_cd` localtionCd,\r\n  a.sex,\r\n  a.tel,\r\n  a.`level_cd` levelCd,\r\n  a.status_cd statusCd,\r\n  a.create_time createTime \r\nFROM\r\n  u_user a \r\nWHERE a.`name` = #name# \r\n\"}', null, null, '{\"PARAM\": {\"param1\": \"$.#users#Array\"\r\n                                                        	},\r\n                                                        	\"TEMPLATE\": {}\r\n                                                        }', null, '2019-04-10 06:03:50', '0');
INSERT INTO `c_service_sql` VALUES ('31', 'query.storeUser.byUserIds', '根据用户ID查询是不是商户ID', 'userIds,storeId', '1', '{\"param1\":\"\r\nSELECT a.`user_id` userId,a.`rel_cd` relCd,a.`store_user_id` storeUserId,a.`store_id` storeId,a.`user_id` userId FROM s_store_user a WHERE a.`user_id` IN (#userIds#) and a.`store_id` = #storeId# and a.status_cd = \'0\'\r\n\"}', null, null, '{\"PARAM\": {\"param1\": \"$.#storeUsers#Array\"\r\n                                                        	},\r\n                                                        	\"TEMPLATE\": {}\r\n                                                        }', null, '2019-04-11 01:12:30', '0');
INSERT INTO `c_service_sql` VALUES ('32', 'query.privilegeGroup.noAddPrivilegeGroup', '查询没有给员工赋权限组', 'userId,storeId,storeTypeCd', '1', '{\"param1\":\"\r\nSELECT \r\n  ppg.`pg_id` pgId,\r\n  ppg.`name`,\r\n  ppg.`description`,\r\n  ppg.`create_time` createTime,\r\n  ppg.`store_id` storeId,\r\n  ppg.`domain` \r\nFROM\r\n  p_privilege_group ppg \r\nWHERE ppg.`domain` = #storeTypeCd#\r\n  AND ppg.`store_id` = #storeId#\r\n  AND ppg.`status_cd` = \'0\' \r\n  AND NOT EXISTS \r\n  (SELECT \r\n    1 \r\n  FROM\r\n    p_privilege_user ppu \r\n  WHERE ppu.`status_cd` = \'0\' \r\n    AND ppu.`user_id` = #userId#\r\n    AND ppu.`p_id` = ppg.`pg_id` \r\n    AND ppu.`privilege_flag` = \'1\')\r\n\"\r\n}', null, null, '{\"PARAM\": {\"param1\": \"$.#privilgeGroups#Array\"\r\n                                                        	},\r\n                                                        	\"TEMPLATE\": {}\r\n                                                        }', null, '2019-04-13 03:39:47', '0');
INSERT INTO `c_service_sql` VALUES ('33', 'query.privilege.noAddPrivilege', '查询没有给员工赋权限', 'userId,storeId,storeTypeCd', '1', '{\"param1\":\"\r\nSELECT \r\n  pp.`p_id` pId,\r\n  pp.`name`,\r\n  pp.`description`,\r\n  pp.`create_time` createTime,\r\n  pp.`domain` \r\nFROM\r\n  p_privilege pp \r\nWHERE pp.`domain` = #storeTypeCd#\r\n  AND pp.`status_cd` = \'0\' \r\n  AND NOT EXISTS \r\n  (SELECT \r\n    1 \r\n  FROM\r\n    p_privilege_user ppu \r\n  WHERE ppu.p_id = pp.`p_id` \r\n    AND ppu.privilege_flag = \'0\' \r\n    AND ppu.user_id = #userId#\r\n    AND ppu.status_cd = \'0\')\r\n\"\r\n}', null, null, '{\"PARAM\": {\"param1\": \"$.#privilges#Array\"\r\n                                                        	},\r\n                                                        	\"TEMPLATE\": {}\r\n                                                        }', null, '2019-04-13 05:17:12', '0');
INSERT INTO `c_service_sql` VALUES ('34', 'query.myCommunity.byMember', '查询商户入驻小区信息', 'memberId,memberTypeCd', '1', '{\n	\"param1\": \"SELECT\n	sc.`community_id` communityId,\n	sc.`name`,\n	sc.`address`,\n	sc.`nearby_landmarks` nearbyLandmarks,\n	sc.`city_code` cityCode,\n	sc.`map_x` mapX,\n	sc.`map_y` mapY,\n	scm.`community_member_id` communityMemberId,\n	scm.`member_id` memberId,\n	scm.`member_type_cd` memberTypeCd,\n	scm.audit_status_cd auditStatusCd,\n	scm.`status_cd` statusCd,\n	ca.area_name areaName,\n	ca.parent_area_name cityName,\n	ca1.parent_area_name provName,\n	sc.community_area communityArea\nFROM\n	s_community sc,\n	s_community_member scm,\n	city_area ca,\n	city_area ca1\nWHERE\n	sc.`community_id` = scm.`community_id`\nAND sc.`status_cd` = \'0\'\nand sc.city_code = ca.area_code\nand ca.parent_area_code = ca1.area_code\nAND scm.`member_id` = #memberId#   AND scm.`member_type_cd` = #memberTypeCd#   AND scm.`status_cd` = \'0\' \n<if test=\\\"auditStatusCd ==null or auditStatusCd ==\'\'\\\">\nand scm.audit_status_cd in (\'1000\', \'1100\',\'1200\')\n</if>\n<if test=\\\"auditStatusCd !=null and auditStatusCd !=\'\'\\\">\nand scm.audit_status_cd = #auditStatusCd#\n</if>\ngroup by sc.community_id\n\",\n	\"param2\": \"select sca.attr_id attrId,sca.spec_cd specCd,sca.value,s.name from s_community_attr sca,spec s where sca.status_cd = \'0\' and sca.community_id = #PARENT_communityId# and s.domain=\'COMMUNITY_ATTR\' and s.spec_cd=sca.spec_cd\"\n}', null, null, '{\"PARAM\": {\"param1\": \"$.#communitys#Array\",\"param2\":\"$.communitys.#attrs#Array\"},\"TEMPLATE\": {}}', null, '2019-04-15 03:36:02', '0');
INSERT INTO `c_service_sql` VALUES ('35', 'query.noEnterCommunity.byMember', '查询商户未入驻小区信息', '1', '1', '{\"param1\":\"SELECT sc.community_id communityId, sc.name, sc.address, sc.nearby_landmarks nearbyLandmarks, sc.city_code cityCode, sc.map_x mapX, sc.map_y mapY\nFROM\n	s_community sc\nLEFT JOIN s_community_member scm ON sc.community_id = scm.community_id\nAND scm.member_type_cd = \'390001200002\'\nand scm.status_cd <> \'1\'\nand scm.audit_status_cd <> \'1200\'\n<if test=\\\"memberId !=null and memberId !=\'\'\\\">\nand scm.member_id = #memberId#\n</if>\nWHERE\n	sc.status_cd = \'0\'\nand sc.state=\'1100\'\nAND scm.community_id IS NULL\",\"param2\":\"select sca.attr_id attrId,sca.spec_cd specCd,sca.value,s.name from s_community_attr sca,spec s where sca.status_cd = \'0\' and sca.community_id = #PARENT_communityId# and s.domain=\'COMMUNITY_ATTR\' and s.spec_cd=sca.spec_cd\"}', null, null, '{\"PARAM\": {\"param1\": \"$.#communitys#Array\",\"param2\":\"$.communitys.#attrs#Array\"},\"TEMPLATE\": {}}', null, '2019-04-15 14:38:38', '0');
INSERT INTO `c_service_sql` VALUES ('36', 'check.user.hasPrivilege', '检查用户是否有权限', 'pId,userId', '1', '{\"param1\":\"SELECT  DISTINCT  tt.p_id `pId`,tt.name,tt.pg_id pgId,tt.pg_name pgName,tt.description,tt.create_time createTime FROM (\n	SELECT pp.*,\'-1\' AS pg_id,\'\' AS pg_name FROM p_privilege_user ppu,p_privilege pp\n	WHERE ppu.`p_id` = pp.`p_id`\n	AND pp.p_id = #pId#\n	AND ppu.`privilege_flag` = \'0\'\n	AND ppu.`user_id` = #userId#\n	AND ppu.`status_cd` = \'0\'\n	AND pp.`status_cd` = \'0\'\n	UNION\n	SELECT pp.*,ppg.pg_id,ppg.name pg_name FROM p_privilege_user ppu,p_privilege_group ppg,p_privilege pp,p_privilege_rel ppr\n	WHERE ppu.`p_id` = ppr.pg_id\n	AND ppr.pg_id = ppg.pg_id\n	AND ppr.p_id = pp.`p_id`\n	AND pp.p_id = #pId#\n	AND ppu.`privilege_flag` = \'1\'\n	AND ppu.`user_id` = #userId#\n	AND ppu.`status_cd` = \'0\'\n	AND pp.`status_cd` = \'0\'\n	AND ppg.status_cd = \'0\'\n	AND ppr.status_cd = \'0\'\n) tt  \"}', null, null, '{\"PARAM\": {\"param1\": \"$.#privileges#Array\"},\"TEMPLATE\": {}}', null, '2019-04-16 01:14:43', '0');
INSERT INTO `c_service_sql` VALUES ('37', 'query.noEnterCommunity.byMemberAndName', '根据商户名称查询未入住小区信息', '1', '1', '{\"param1\":\"SELECT sc.community_id communityId, sc.name, sc.address, sc.nearby_landmarks nearbyLandmarks, sc.city_code cityCode, sc.map_x mapX, sc.map_y mapY\r\nFROM\r\n	s_community sc\r\nLEFT JOIN s_community_member scm ON sc.community_id = scm.community_id\r\nAND scm.member_type_cd = \'390001200002\'\r\nand scm.status_cd <> \'1\'\r\nand scm.audit_status_cd <> \'1200\'\r\n<if test=\\\"memberId !=null and memberId !=\'\'\\\">\r\nand scm.member_id = #memberId#\r\n</if>\r\nWHERE\r\n	sc.status_cd = \'0\'\r\nand sc.state=\'1100\'\r\n<if test=\\\"name !=null and name !=\'\'\\\">\r\nand sc.name like concat(\'%\',#name#,\'%\')\r\n</if>\r\nAND scm.community_id IS NULL\",\"param2\":\"select sca.attr_id attrId,sca.spec_cd specCd,sca.value,s.name from s_community_attr sca,spec s where sca.status_cd = \'0\' and sca.community_id = #PARENT_communityId# and s.domain=\'COMMUNITY_ATTR\' and s.spec_cd=sca.spec_cd\"}\r\n', null, null, '{\"PARAM\": {\"param1\": \"$.#communitys#Array\",\"param2\":\"$.communitys.#attrs#Array\"},\"TEMPLATE\": {}}', null, '2019-04-18 01:22:36', '0');
INSERT INTO `c_service_sql` VALUES ('38', '123', '111', '1', '', '', '', '', '', '', '2019-09-03 11:22:05', '1');
INSERT INTO `c_service_sql` VALUES ('39', 'serviceProvide.listServiceProvides1', '查询服务提供1', 'memberId,memberTypeCd,name1', '1', '{\"param1\":\"SELECT sc.community_id communityId, sc.name, sc.address, sc.nearby_landmarks nearbyLandmarks, sc.city_code cityCode, sc.map_x mapX, sc.map_y mapY\nFROM s_community sc\nWHERE sc.status_cd = \'0\'\nand sc.name = #name#\nand not exists(\n	select 1 from s_community_member scm \n    where scm.status_cd <> \'1\'\n    and scm.community_id = sc.community_id\n    and scm.member_id = #memberId#\n    and scm.member_type_cd = #memberTypeCd#\n)\",\"param2\":\"select sca.attr_id attrId,sca.spec_cd specCd,sca.value,s.name from s_community_attr sca,spec s where sca.status_cd = \'0\' and sca.community_id = #PARENT_communityId# and s.domain=\'COMMUNITY_ATTR\' and s.spec_cd=sca.spec_cd\"}1', '', '', '{\"PARAM\": {\"param1\": \"$.#communitys#Array\",\"param2\":\"$.communitys.#attrs#Array\"},\"TEMPLATE\": {}}1', '', '2019-09-03 12:58:17', '1');
INSERT INTO `c_service_sql` VALUES ('40', 'api.queryNotices', '查询通知列表', '1', '1', '{\"param1\":\"SELECT nn.`notice_id` noticeId,nn.`title`,nn.`notice_type_cd` noticeTypeCd,nn.`context`,nn.`community_id` communityId,nn.`user_id` userId,nn.`start_time` startTime FROM n_notice nn\nWHERE nn.status_cd = \'0\'\n<if test=\\\"noticeId !=null and noticeId !=\'\'\\\">\nand nn.`notice_id` = #noticeId#\n</if>\n<if test=\\\"communityId !=null and communityId !=\'\'\\\">\nand nn.`community_id` = #communityId#\n</if>\n<if test=\\\"userId !=null and userId !=\'\'\\\">\nand nn.`user_id` = #userId#\n</if>\n<if test=\\\"title !=null and title !=\'\'\\\">\nand nn.`title` LIKE CONCAT(\'%\',#title#,\'%\')\n</if>\"}', '', '', '{\"PARAM\": {\"param1\": \"$.#notices#Array\"},\"TEMPLATE\": {}}', '', '2019-09-08 03:24:33', '0');
INSERT INTO `c_service_sql` VALUES ('41', 'api.getNoticesByJava', '查询通知（java）', '1', '3', '', '', 'import com.alibaba.fastjson.JSONObject;\nimport com.java110.service.context.DataQuery;\nimport com.java110.service.develop.IDevelop;\nimport org.apache.commons.lang.StringUtils;\n\nimport java.util.ArrayList;\nimport java.util.List;\n\npublic JSONObject execute(DataQuery dataQuery) {\n        JSONObject params = dataQuery.getRequestParams();\n        List sqlParams = new ArrayList();\n\n        String sql = \"SELECT nn.`notice_id` noticeId,\" +\n                \"nn.`title`,\" +\n                \"nn.`notice_type_cd` noticeTypeCd,\" +\n                \"nn.`context`,\" +\n                \"nn.`community_id` communityId,\" +\n                \"nn.`user_id` userId,\" +\n                \"nn.`start_time` startTime \" +\n                \"FROM n_notice nn\\n\" +\n                \"WHERE nn.status_cd = \'0\'\" ;\n        if(params.containsKey(\"noticeId\") && !StringUtils.isEmpty(params.getString(\"noticeId\"))){\n            sql += \"and nn.`notice_id` = ? \";\n            sqlParams.add(params.get(\"noticeId\"));\n        }\n        if(params.containsKey(\"communityId\") && !StringUtils.isEmpty(params.getString(\"communityId\"))){\n            sql += \"and nn.`community_id` = ? \";\n            sqlParams.add(params.get(\"communityId\"));\n        }\n        if(params.containsKey(\"userId\") && !StringUtils.isEmpty(params.getString(\"userId\"))){\n            sql += \"and nn.`user_id` = ? \";\n            sqlParams.add(params.get(\"userId\"));\n        }\n        if(params.containsKey(\"title\") && !StringUtils.isEmpty(params.getString(\"title\"))){\n            sql += \"and nn.`title` LIKE CONCAT(\'%\',?,\'%\') \";\n            sqlParams.add(params.get(\"title\"));\n        }\n\n        List outParam = dataQuery.queryDataBySql(sql,sqlParams);\n\n        JSONObject outObj = new JSONObject();\n        outObj.put(\"notices\", outParam);\n\n        return outObj;\n    }', '', '', '2019-09-08 06:48:55', '0');
INSERT INTO `c_service_sql` VALUES ('42', 'api.getPropertyPayFee', '缴费清单', '1', '1', '\n{\"param1\":\"SELECT td.`name` feeTypeCdName,pfc.fee_name feeName,oo.`name` payObjName, pfd.`detail_id` detailId,pfd.`cycles`,\n pfd.`receivable_amount` receivableAmount,pfd.`received_amount` receivedAmount,uu.`name` userName,pf.fee_id feeId,DATE_FORMAT(pfd.create_time,\'%Y-%m-%d %H:%i:%s\') createTime,td2.`name` primeRate  \nFROM pay_fee pf,pay_fee_detail pfd,t_dict td,s_store ss,pay_fee_config pfc,t_dict td2,\n  c_business cb,c_orders co,u_user uu,\n  building_owner oo,building_owner_room_rel borr\nWHERE pf.`fee_id` = pfd.`fee_id`\nAND pf.`status_cd` = \'0\'\nand pf.payer_obj_type = \'3333\'\nand pf.config_id = pfc.config_id\nand pfc.status_cd = \'0\'\nAND pfc.`fee_type_cd` = td.`status_cd`\nAND td.`table_name` = \'pay_fee_config\'\nAND td.`table_columns` = \'fee_type_cd\'\nAND pfd.`prime_rate` = td2.`status_cd`\nAND td2.`table_name` = \'pay_fee_detail\'\nAND td2.`table_columns` = \'prime_rate\'\nAND pfd.`status_cd` = \'0\'\nAND pfd.`b_id` = cb.`b_id`\nAND cb.`o_id` = co.`o_id`\nAND co.`user_id` = uu.`user_id`\nAND pf.`income_obj_id` = ss.`store_id`\nAND ss.`status_cd` = \'0\'\nAND oo.`owner_id` = borr.`owner_id`\nand oo.owner_type_cd = \'1001\'\nAND oo.`status_cd` = \'0\'\nAND borr.`room_id` = pf.`payer_obj_id`\nAND borr.`status_cd` = \'0\'\n<if test=\\\"storeId !=null and storeId !=\'\'\\\">\nand ss.`store_id` = #storeId#\n</if>\n<if test=\\\"startTime!=null \\\">\nAND pfd.`create_time` &gt;= #startTime#\n</if>\n<if test=\\\"endTime !=null \\\">\nAND pfd.`create_time` &lt;= #endTime#\n</if>\n<if test=\\\"communityId !=null and communityId != \'\' \\\">\nAND pfd.`community_id` = #communityId#\n</if>\n<if test=\\\"configId !=null and configId !=\'\'\\\">\nAND pf.config_id = #configId#\n</if>\n<if test=\\\"primeRate!=null and primeRate!=\'\'\\\">\nAND pfd.prime_rate= #primeRate#\n</if>\norder by pfd.create_time desc \nlimit #page#,#row#\",\n\"param2\":\"SELECT count(1) total\n FROM pay_fee pf,pay_fee_detail pfd,t_dict td,s_store ss,pay_fee_config pfc,\n  c_business cb,c_orders co,u_user uu,\n  building_owner oo,building_owner_room_rel borr\nWHERE pf.`fee_id` = pfd.`fee_id`\nAND pf.`status_cd` = \'0\'\nand pf.payer_obj_type = \'3333\'\nand pf.config_id = pfc.config_id\nand pfc.status_cd = \'0\'\nAND pfc.`fee_type_cd` = td.`status_cd`\nAND td.`table_name` = \'pay_fee_config\'\nAND td.`table_columns` = \'fee_type_cd\'\nAND pfd.`status_cd` = \'0\'\nAND pfd.`b_id` = cb.`b_id`\nAND cb.`o_id` = co.`o_id`\nAND co.`user_id` = uu.`user_id`\nAND pf.`income_obj_id` = ss.`store_id`\nAND ss.`status_cd` = \'0\'\nAND oo.`owner_id` = borr.`owner_id`\nand oo.owner_type_cd = \'1001\'\nAND oo.`status_cd` = \'0\'\nAND borr.`room_id` = pf.`payer_obj_id`\nAND borr.`status_cd` = \'0\'\n<if test=\\\"storeId !=null and storeId !=\'\'\\\">\nand ss.`store_id` = #storeId#\n</if>\n<if test=\\\"startTime!=null \\\">\nAND pfd.`create_time` &gt;= #startTime#\n</if>\n<if test=\\\"endTime !=null \\\">\nAND pfd.`create_time` &lt;= #endTime#\n</if>\n<if test=\\\"communityId !=null and communityId != \'\' \\\">\nAND pfd.`community_id` = #communityId#\n</if>\n<if test=\\\"primeRate!=null and primeRate!= \'\' \\\">\nAND pfd.`prime_rate` = #primeRate#\n</if>\n<if test=\\\"configId !=null and configId !=\'\'\\\">\nAND pf.config_id = #configId#\n</if>\",\n\"param3\":\"SELECT \nSUM(pfd.`receivable_amount`) allReceivableAmount,SUM(pfd.`received_amount`) allReceivedAmount\nFROM pay_fee pf,pay_fee_detail pfd,t_dict td,s_store ss,pay_fee_config pfc,t_dict td2,\n  c_business cb,c_orders co,u_user uu,\n  building_owner oo,building_owner_room_rel borr\nWHERE pf.`fee_id` = pfd.`fee_id`\nAND pf.`status_cd` = \'0\'\nand pf.payer_obj_type = \'3333\'\nand pf.config_id = pfc.config_id\nand pfc.status_cd = \'0\'\nAND pfc.`fee_type_cd` = td.`status_cd`\nAND td.`table_name` = \'pay_fee_config\'\nAND td.`table_columns` = \'fee_type_cd\'\nAND pfd.`prime_rate` = td2.`status_cd`\nAND td2.`table_name` = \'pay_fee_detail\'\nAND td2.`table_columns` = \'prime_rate\'\nAND pfd.`status_cd` = \'0\'\nAND pfd.`b_id` = cb.`b_id`\nAND cb.`o_id` = co.`o_id`\nAND co.`user_id` = uu.`user_id`\nAND pf.`income_obj_id` = ss.`store_id`\nAND ss.`status_cd` = \'0\'\nAND oo.`owner_id` = borr.`owner_id`\nand oo.owner_type_cd = \'1001\'\nAND oo.`status_cd` = \'0\'\nAND borr.`room_id` = pf.`payer_obj_id`\nAND borr.`status_cd` = \'0\' \n<if test=\\\"storeId !=null and storeId !=\'\'\\\">\nand ss.`store_id` = #storeId#\n</if>\n<if test=\\\"startTime!=null \\\">\nAND pfd.`create_time` &gt;= #startTime#\n</if>\n<if test=\\\"endTime !=null \\\">\nAND pfd.`create_time` &lt;= #endTime#\n</if>\n<if test=\\\"communityId !=null and communityId != \'\' \\\">\nAND pfd.`community_id` = #communityId#\n</if>\n<if test=\\\"configId !=null and configId !=\'\'\\\">\nAND pf.config_id = #configId#\n</if>\n<if test=\\\"primeRate!=null and primeRate!=\'\'\\\">\nAND pfd.prime_rate= #primeRate#\n</if>\"\n}', '', '', '{\"PARAM\": {\"param1\": \"$.#payFees#Array\",\"param2\":\"$.##Object\",\"param3\":\n\"$.#payFeeSum#Array\"},\"TEMPLATE\": {}}', '', '2019-10-30 22:18:13', '0');
INSERT INTO `c_service_sql` VALUES ('43', 'api.getParkingSpacePayFee', '停车费缴费清单', '1', '1', '{\"param1\":\"SELECT td.`name` feeTypeCdName,pfc.fee_name feeName,oo.`name` payObjName, pfd.`detail_id` detailId,pfd.`cycles`,\n pfd.`receivable_amount` receivableAmount,pfd.`received_amount` receivedAmount,uu.`name` userName,pf.fee_id feeId,DATE_FORMAT(pfd.create_time,\'%Y-%m-%d %H:%i:%s\') createTime,td2.`name` primeRate \n FROM pay_fee pf,pay_fee_detail pfd,t_dict td,s_store ss,pay_fee_config pfc,t_dict td2,\n  c_business cb,c_orders co,u_user uu,\n  building_owner oo,owner_car oc\nWHERE pf.`fee_id` = pfd.`fee_id`\nAND pf.`status_cd` = \'0\'\nand pf.payer_obj_type = \'6666\'\nand pf.config_id = pfc.config_id\nand pfc.status_cd = \'0\'\nAND pfc.`fee_type_cd` = td.`status_cd`\nAND td.`table_name` = \'pay_fee_config\'\nAND td.`table_columns` = \'fee_type_cd\'\nAND pfd.`prime_rate` = td2.`status_cd`\nAND td2.`table_name` = \'pay_fee_detail\'\nAND td2.`table_columns` = \'prime_rate\'\nAND pfd.`status_cd` = \'0\'\nAND pfd.`b_id` = cb.`b_id`\nAND cb.`o_id` = co.`o_id`\nAND co.`user_id` = uu.`user_id`\nAND pf.`income_obj_id` = ss.`store_id`\nAND ss.`status_cd` = \'0\'\nAND oo.`owner_id` = oc.`owner_id`\nand oo.owner_type_cd = \'1001\'\nAND oo.`status_cd` = \'0\'\nAND oc.car_id = pf.`payer_obj_id`\nAND oc.`status_cd` = \'0\'\n<if test=\\\"storeId !=null and storeId !=\'\'\\\">\nand ss.`store_id` = #storeId#\n</if>\n<if test=\\\"startTime!=null \\\">\nAND pfd.`create_time` &gt;= #startTime#\n</if>\n<if test=\\\"endTime !=null \\\">\nAND pfd.`create_time` &lt;= #endTime#\n</if>\n<if test=\\\"communityId !=null and communityId !=\'\' \\\">\nAND pfd.`community_id` = #communityId#\n</if>\n<if test=\\\"configId !=null and configId !=\'\'\\\">\nAND pf.`config_id` = #configId#\n</if>\n<if test=\\\"primeRate!=null and primeRate!=\'\'\\\">\nAND pfd.`prime_rate` = #primeRate#\n</if>\norder by pfd.create_time desc\nlimit #page#,#row#\",\n\"param2\":\"SELECT count(1) total\n  FROM pay_fee pf,pay_fee_detail pfd,t_dict td,s_store ss,pay_fee_config pfc,\n  c_business cb,c_orders co,u_user uu,\n  building_owner oo,owner_car oc\nWHERE pf.`fee_id` = pfd.`fee_id`\nAND pf.`status_cd` = \'0\'\nand pf.payer_obj_type = \'6666\'\nand pf.config_id = pfc.config_id\nand pfc.status_cd = \'0\'\nAND pfc.`fee_type_cd` = td.`status_cd`\nAND td.`table_name` = \'pay_fee_config\'\nAND td.`table_columns` = \'fee_type_cd\'\nAND pfd.`status_cd` = \'0\'\nAND pfd.`b_id` = cb.`b_id`\nAND cb.`o_id` = co.`o_id`\nAND co.`user_id` = uu.`user_id`\nAND pf.`income_obj_id` = ss.`store_id`\nAND ss.`status_cd` = \'0\'\nAND oo.`owner_id` = oc.`owner_id`\nand oo.owner_type_cd = \'1001\'\nAND oo.`status_cd` = \'0\'\nAND oc.car_id = pf.`payer_obj_id`\nAND oc.`status_cd` = \'0\'\n<if test=\\\"storeId !=null and storeId !=\'\'\\\">\nand ss.`store_id` = #storeId#\n</if>\n<if test=\\\"startTime!=null \\\">\nAND pfd.`create_time` &gt;= #startTime#\n</if>\n<if test=\\\"endTime !=null \\\">\nAND pfd.`create_time` &lt;= #endTime#\n</if>\n<if test=\\\"communityId !=null and communityId !=\'\' \\\">\nAND pfd.`community_id` = #communityId#\n</if>\n<if test=\\\"primeRate!=null and primeRate!=\'\'\\\">\nAND pfd.`prime_rate` = #primeRate#\n</if>\n<if test=\\\"configId !=null and configId !=\'\'\\\">\nAND pf.`config_id` = #configId#\n</if>\",\n\"param3\":\"SELECT \nSUM(pfd.`receivable_amount`) allReceivableAmount,SUM(pfd.`received_amount`) allReceivedAmount\nFROM pay_fee pf,pay_fee_detail pfd,t_dict td,s_store ss,pay_fee_config pfc,t_dict td2,\n  c_business cb,c_orders co,u_user uu,\n  building_owner oo,owner_car oc\nWHERE pf.`fee_id` = pfd.`fee_id`\nAND pf.`status_cd` = \'0\'\nand pf.payer_obj_type = \'6666\'\nand pf.config_id = pfc.config_id\nand pfc.status_cd = \'0\'\nAND pfc.`fee_type_cd` = td.`status_cd`\nAND td.`table_name` = \'pay_fee_config\'\nAND td.`table_columns` = \'fee_type_cd\'\nAND pfd.`prime_rate` = td2.`status_cd`\nAND td2.`table_name` = \'pay_fee_detail\'\nAND td2.`table_columns` = \'prime_rate\'\nAND pfd.`status_cd` = \'0\'\nAND pfd.`b_id` = cb.`b_id`\nAND cb.`o_id` = co.`o_id`\nAND co.`user_id` = uu.`user_id`\nAND pf.`income_obj_id` = ss.`store_id`\nAND ss.`status_cd` = \'0\'\nAND oo.`owner_id` = oc.`owner_id`\nand oo.owner_type_cd = \'1001\'\nAND oo.`status_cd` = \'0\'\nAND oc.car_id = pf.`payer_obj_id`\nAND oc.`status_cd` = \'0\' \n<if test=\\\"storeId !=null and storeId !=\'\'\\\">\nand ss.`store_id` = #storeId#\n</if>\n<if test=\\\"startTime!=null \\\">\nAND pfd.`create_time` &gt;= #startTime#\n</if>\n<if test=\\\"endTime !=null \\\">\nAND pfd.`create_time` &lt;= #endTime#\n</if>\n<if test=\\\"communityId !=null and communityId !=\'\' \\\">\nAND pfd.`community_id` = #communityId#\n</if>\n<if test=\\\"configId !=null and configId !=\'\'\\\">\nAND pf.`config_id` = #configId#\n</if>\n<if test=\\\"primeRate!=null and primeRate!=\'\'\\\">\nAND pfd.`prime_rate` = #primeRate#\n</if>\"\n}', '', '', '{\"PARAM\": {\"param1\": \"$.#payFees#Array\",\"param2\":\"$.##Object\",\"param3\":\n\"$.#payFeeSum#Array\"},\"TEMPLATE\": {}}', '', '2019-10-31 14:10:39', '0');
INSERT INTO `c_service_sql` VALUES ('44', 'api.getStaffFee', '员工收取的费用', '1', '1', '{\"param1\":\"SELECT uu.`name` userName,uu.`user_id` userId,SUM(bpfd.`receivable_amount`) receivableAmount,SUM(bpfd.`received_amount`) receivedAmount\n FROM c_orders co,c_business cb,pay_fee_detail bpfd,u_user uu,s_store_user su,pay_fee pf\nWHERE co.`o_id` = cb.`o_id`\nAND cb.`b_id` = bpfd.`b_id`\nand bpfd.fee_id = pf.fee_id\nand pf.status_cd = \'0\'\nAND co.`user_id` = uu.`user_id`\nAND uu.`user_id` = su.`user_id`\n<if test=\\\"storeId !=null and storeId !=\'\'\\\">\nand su.`store_id` = #storeId#\n</if>\n<if test=\\\"userCode !=null and userCode !=\'\'\\\">\nand uu.`user_id` = #userCode#\n</if>\n<if test=\\\"startTime!=null \\\">\nAND co.`create_time` &gt;= #startTime#\n</if>\n<if test=\\\"endTime !=null \\\">\nAND co.`create_time` &lt;= #endTime#\n</if>\n<if test=\\\"communityId !=null and communityId !=\'\'\\\">\nand bpfd.`community_id` = #communityId#\n</if>\ngroup by uu.`name`,uu.`user_id`\nlimit #page#,#row#\",\n\"param2\":\"select count(1) total from (SELECT uu.`name`,uu.`user_id`\n FROM c_orders co,c_business cb,pay_fee_detail bpfd,u_user uu,s_store_user su,pay_fee pf\nWHERE co.`o_id` = cb.`o_id`\nAND cb.`b_id` = bpfd.`b_id`\nand bpfd.fee_id = pf.fee_id\nand pf.status_cd = \'0\'\nAND co.`user_id` = uu.`user_id`\nAND uu.`user_id` = su.`user_id`\n<if test=\\\"storeId !=null and storeId !=\'\'\\\">\nand su.`store_id` = #storeId#\n</if>\n<if test=\\\"userCode !=null and userCode !=\'\'\\\">\nand uu.`user_id` = #userCode#\n</if>\n<if test=\\\"startTime!=null \\\">\nAND co.`create_time` &gt;= #startTime#\n</if>\n<if test=\\\"endTime !=null \\\">\nAND co.`create_time` &lt;= #endTime#\n</if>\n<if test=\\\"communityId !=null and communityId !=\'\'\\\">\nand bpfd.`community_id` = #communityId#\n</if>\ngroup by uu.`name`,uu.`user_id`) t\"\n}', '', '', '{\"PARAM\": {\"param1\": \"$.#staffFees#Array\",\"param2\":\"$.##Object\"},\"TEMPLATE\": {}}', '', '2019-11-01 14:01:06', '0');
INSERT INTO `c_service_sql` VALUES ('45', 'api.getTempCarInoutFee', '临时车缴费清单', '1', '1', '{\"param1\":\"select py.fee_id feeId, \r\nci.inout_id inoutId,\r\nci.car_num carNum,\r\ncb.o_id oId,\r\npfd.receivable_amount receivableAmount,\r\npfd.received_amount receivedAmount,\r\nDATE_FORMAT(py.start_time,\'%Y-%m-%d %H:%i:%s\')  startTime,\r\nDATE_FORMAT(py.end_time,\'%Y-%m-%d %H:%i:%s\') endTime,\r\n\'微信支付\' userName,\r\nDATE_FORMAT(cb.create_time,\'%Y-%m-%d %H:%i:%s\') payTime\r\nfrom pay_fee py,pay_fee_detail pfd,car_inout ci,c_business cb\r\nwhere py.payer_obj_id = ci.inout_id\r\nand py.fee_id = pfd.fee_id\r\nand py.fee_flag = \'2006012\'\r\nand py.state = \'2009001\'\r\nand py.b_id = cb.b_id\r\n<if test=\\\"startTime!=null \\\">\r\nAND pfd.`create_time` &gt;= #startTime#\r\n</if>\r\n<if test=\\\"endTime !=null \\\">\r\nAND pfd.`create_time` &lt;= #endTime#\r\n</if>\r\n<if test=\\\"carNum !=null and carNum != \'\' \\\">\r\nAND ci.car_num = #carNum#\r\n</if>\r\n<if test=\\\"communityId !=null and communityId !=\'\'\\\">\r\nand pfd.`community_id` = #communityId#\r\n</if>\r\norder by pfd.create_time desc\r\nlimit #page#,#row#\",\r\n\"param2\":\"SELECT count(1) total\r\n  from pay_fee py,pay_fee_detail pfd,car_inout ci,c_business cb\r\nwhere py.payer_obj_id = ci.inout_id\r\nand py.fee_id = pfd.fee_id\r\nand py.fee_flag = \'2006012\'\r\nand py.state = \'2009001\'\r\nand py.b_id = cb.b_id\r\n<if test=\\\"startTime!=null \\\">\r\nAND pfd.`create_time` &gt;= #startTime#\r\n</if>\r\n<if test=\\\"endTime !=null \\\">\r\nAND pfd.`create_time` &lt;= #endTime#\r\n</if>\r\n<if test=\\\"carNum !=null and carNum != \'\' \\\">\r\nAND ci.car_num = #carNum#\r\n</if>\r\n<if test=\\\"communityId !=null and communityId !=\'\'\\\">\r\nand pfd.`community_id` = #communityId#\r\n</if>\"\r\n}', '', '', '{\"PARAM\": {\"param1\": \"$.#tempCarInoutFees#Array\",\"param2\":\"$.##Object\"},\"TEMPLATE\": {}}', '', '2020-01-27 22:08:43', '0');
INSERT INTO `c_service_sql` VALUES ('46', 'api.queryFeeSummary', '缴费汇总查询', '1', '1', '{\"param1\":\"SELECT\n	DATE_FORMAT(pfd.create_time,#formatStr#) createTime,\n	pfc.config_id configId,\n	pfc.fee_name feeName,\n	SUM(pfd.receivable_amount) receivableAmounts,\n	SUM(pfd.received_amount) receivedAmounts\nFROM\n	pay_fee pf,\n	pay_fee_detail pfd,\n	pay_fee_config pfc\nWHERE\n	pf.config_id = pfc.config_id\nAND pf.fee_id = pfd.fee_id\nand pf.community_id = #communityId#\nAND pf.status_cd = \'0\'\nAND pfc.status_cd = \'0\'\nAND pfd.status_cd = \'0\'\nGROUP BY\n	DATE_FORMAT(pfd.create_time,#formatStr#),\n	pfc.config_id,\n	pfc.fee_name\nORDER BY\n	DATE_FORMAT(pfd.create_time,#formatStr#) DESC\nlimit #page#,#row#\",\n\"param2\":\"SELECT count(1) total from\n  (SELECT\n	DATE_FORMAT(pfd.create_time,#formatStr#) createTime,\n	pfc.config_id configId,\n	pfc.fee_name feeName,\n	SUM(pfd.receivable_amount) receivableAmounts,\n	SUM(pfd.received_amount) receivedAmounts\nFROM\n	pay_fee pf,\n	pay_fee_detail pfd,\n	pay_fee_config pfc\nWHERE\n	pf.config_id = pfc.config_id\nAND pf.fee_id = pfd.fee_id\nAND pf.status_cd = \'0\'\nAND pfc.status_cd = \'0\'\nAND pfd.status_cd = \'0\'\nand pf.community_id = #communityId#\nGROUP BY\n	DATE_FORMAT(pfd.create_time,#formatStr#),\n	pfc.config_id,\n	pfc.fee_name) t\"\n}', '', '', '{\"PARAM\": {\"param1\": \"$.#fees#Array\",\"param2\":\"$.##Object\"},\"TEMPLATE\": {}}', '', '2020-02-03 16:25:30', '0');
INSERT INTO `c_service_sql` VALUES ('47', 'api.getListPayFee', '房屋车辆缴费清单', '1', '1', '\n{\"param1\":\"select * from (select * from (SELECT td.`name` feeTypeCdName,pfc.fee_name feeName,oo.`name` payObjName, pfd.`detail_id` detailId,pfd.`cycles`,\n pfd.`receivable_amount` receivableAmount,pfd.`received_amount` receivedAmount,uu.`name` userName,pf.fee_id feeId,DATE_FORMAT(pfd.create_time,\'%Y-%m-%d %H:%i:%s\') createTime,td2.`name` primeRate  \nFROM pay_fee pf,pay_fee_detail pfd,t_dict td,s_store ss,pay_fee_config pfc,t_dict td2,\n  c_business cb,c_orders co,u_user uu,\n  building_owner oo,building_owner_room_rel borr\nWHERE pf.`fee_id` = pfd.`fee_id`\nAND pf.`status_cd` = \'0\'\nand pf.payer_obj_type = \'3333\'\nand pf.config_id = pfc.config_id\nand pfc.status_cd = \'0\'\nAND pfc.`fee_type_cd` = td.`status_cd`\nAND td.`table_name` = \'pay_fee_config\'\nAND td.`table_columns` = \'fee_type_cd\'\nAND pfd.`prime_rate` = td2.`status_cd`\nAND td2.`table_name` = \'pay_fee_detail\'\nAND td2.`table_columns` = \'prime_rate\'\nAND pfd.`status_cd` = \'0\'\nAND pfd.`b_id` = cb.`b_id`\nAND cb.`o_id` = co.`o_id`\nAND co.`user_id` = uu.`user_id`\nAND pf.`income_obj_id` = ss.`store_id`\nAND ss.`status_cd` = \'0\'\nAND oo.`owner_id` = borr.`owner_id`\nand oo.owner_type_cd = \'1001\'\nAND oo.`status_cd` = \'0\'\nAND borr.`room_id` = pf.`payer_obj_id`\nAND borr.`status_cd` = \'0\'\n<if test=\\\"storeId !=null and storeId !=\'\'\\\">\nand ss.`store_id` = #storeId#\n</if>\n<if test=\\\"startTime!=null \\\">\nAND pfd.`create_time` &gt;= #startTime#\n</if>\n<if test=\\\"endTime !=null \\\">\nAND pfd.`create_time` &lt;= #endTime#\n</if>\n<if test=\\\"communityId !=null and communityId != \'\' \\\">\nAND pfd.`community_id` = #communityId#\n</if>\n<if test=\\\"configId !=null and configId !=\'\'\\\">\nAND pf.config_id = #configId#\n</if>\n<if test=\\\"primeRate!=null and primeRate!=\'\'\\\">\nAND pfd.prime_rate= #primeRate#\n</if>) tc\nunion\nselect * from (\nSELECT td.`name` feeTypeCdName,pfc.fee_name feeName,oo.`name` payObjName, pfd.`detail_id` detailId,pfd.`cycles`,\n pfd.`receivable_amount` receivableAmount,pfd.`received_amount` receivedAmount,uu.`name` userName,pf.fee_id feeId,DATE_FORMAT(pfd.create_time,\'%Y-%m-%d %H:%i:%s\') createTime,td2.`name` primeRate \n FROM pay_fee pf,pay_fee_detail pfd,t_dict td,s_store ss,pay_fee_config pfc,t_dict td2,\n  c_business cb,c_orders co,u_user uu,\n  building_owner oo,owner_car oc\nWHERE pf.`fee_id` = pfd.`fee_id`\nAND pf.`status_cd` = \'0\'\nand pf.payer_obj_type = \'6666\'\nand pf.config_id = pfc.config_id\nand pfc.status_cd = \'0\'\nAND pfc.`fee_type_cd` = td.`status_cd`\nAND td.`table_name` = \'pay_fee_config\'\nAND td.`table_columns` = \'fee_type_cd\'\nAND pfd.`prime_rate` = td2.`status_cd`\nAND td2.`table_name` = \'pay_fee_detail\'\nAND td2.`table_columns` = \'prime_rate\'\nAND pfd.`status_cd` = \'0\'\nAND pfd.`b_id` = cb.`b_id`\nAND cb.`o_id` = co.`o_id`\nAND co.`user_id` = uu.`user_id`\nAND pf.`income_obj_id` = ss.`store_id`\nAND ss.`status_cd` = \'0\'\nAND oo.`owner_id` = oc.`owner_id`\nand oo.owner_type_cd = \'1001\'\nAND oo.`status_cd` = \'0\'\nAND oc.car_id = pf.`payer_obj_id`\nAND oc.`status_cd` = \'0\'\n<if test=\\\"storeId !=null and storeId !=\'\'\\\">\nand ss.`store_id` = #storeId#\n</if>\n<if test=\\\"startTime!=null \\\">\nAND pfd.`create_time` &gt;= #startTime#\n</if>\n<if test=\\\"endTime !=null \\\">\nAND pfd.`create_time` &lt;= #endTime#\n</if>\n<if test=\\\"communityId !=null and communityId !=\'\' \\\">\nAND pfd.`community_id` = #communityId#\n</if>\n<if test=\\\"configId !=null and configId !=\'\'\\\">\nAND pf.`config_id` = #configId#\n</if>\n<if test=\\\"primeRate!=null and primeRate!=\'\'\\\">\nAND pfd.`prime_rate` = #primeRate#\n</if>) rc)s \norder by createTime desc \nlimit #page#,#row#\",\n\"param2\":\"select sum(total) total from \n((SELECT count(1) total\n FROM pay_fee pf,pay_fee_detail pfd,t_dict td,s_store ss,pay_fee_config pfc,\n  c_business cb,c_orders co,u_user uu,\n  building_owner oo,building_owner_room_rel borr\nWHERE pf.`fee_id` = pfd.`fee_id`\nAND pf.`status_cd` = \'0\'\nand pf.payer_obj_type = \'3333\'\nand pf.config_id = pfc.config_id\nand pfc.status_cd = \'0\'\nAND pfc.`fee_type_cd` = td.`status_cd`\nAND td.`table_name` = \'pay_fee_config\'\nAND td.`table_columns` = \'fee_type_cd\'\nAND pfd.`status_cd` = \'0\'\nAND pfd.`b_id` = cb.`b_id`\nAND cb.`o_id` = co.`o_id`\nAND co.`user_id` = uu.`user_id`\nAND pf.`income_obj_id` = ss.`store_id`\nAND ss.`status_cd` = \'0\'\nAND oo.`owner_id` = borr.`owner_id`\nand oo.owner_type_cd = \'1001\'\nAND oo.`status_cd` = \'0\'\nAND borr.`room_id` = pf.`payer_obj_id`\nAND borr.`status_cd` = \'0\'\n<if test=\\\"storeId !=null and storeId !=\'\'\\\">\nand ss.`store_id` = #storeId#\n</if>\n<if test=\\\"startTime!=null \\\">\nAND pfd.`create_time` &gt;= #startTime#\n</if>\n<if test=\\\"endTime !=null \\\">\nAND pfd.`create_time` &lt;= #endTime#\n</if>\n<if test=\\\"communityId !=null and communityId != \'\' \\\">\nAND pfd.`community_id` = #communityId#\n</if>\n<if test=\\\"primeRate!=null and primeRate!= \'\' \\\">\nAND pfd.`prime_rate` = #primeRate#\n</if>\n<if test=\\\"configId !=null and configId !=\'\'\\\">\nAND pf.config_id = #configId#\n</if>\n)\nunion\n(SELECT count(1) total\n  FROM pay_fee pf,pay_fee_detail pfd,t_dict td,s_store ss,pay_fee_config pfc,\n  c_business cb,c_orders co,u_user uu,\n  building_owner oo,owner_car oc\nWHERE pf.`fee_id` = pfd.`fee_id`\nAND pf.`status_cd` = \'0\'\nand pf.payer_obj_type = \'6666\'\nand pf.config_id = pfc.config_id\nand pfc.status_cd = \'0\'\nAND pfc.`fee_type_cd` = td.`status_cd`\nAND td.`table_name` = \'pay_fee_config\'\nAND td.`table_columns` = \'fee_type_cd\'\nAND pfd.`status_cd` = \'0\'\nAND pfd.`b_id` = cb.`b_id`\nAND cb.`o_id` = co.`o_id`\nAND co.`user_id` = uu.`user_id`\nAND pf.`income_obj_id` = ss.`store_id`\nAND ss.`status_cd` = \'0\'\nAND oo.`owner_id` = oc.`owner_id`\nand oo.owner_type_cd = \'1001\'\nAND oo.`status_cd` = \'0\'\nAND oc.car_id = pf.`payer_obj_id`\nAND oc.`status_cd` = \'0\'\n<if test=\\\"storeId !=null and storeId !=\'\'\\\">\nand ss.`store_id` = #storeId#\n</if>\n<if test=\\\"startTime!=null \\\">\nAND pfd.`create_time` &gt;= #startTime#\n</if>\n<if test=\\\"endTime !=null \\\">\nAND pfd.`create_time` &lt;= #endTime#\n</if>\n<if test=\\\"communityId !=null and communityId !=\'\' \\\">\nAND pfd.`community_id` = #communityId#\n</if>\n<if test=\\\"primeRate!=null and primeRate!=\'\'\\\">\nAND pfd.`prime_rate` = #primeRate#\n</if>\n<if test=\\\"configId !=null and configId !=\'\'\\\">\nAND pf.`config_id` = #configId#\n</if>\n)) as t\",\n\"param3\":\"select SUM(allReceivableAmount) allReceivableAmount,SUM(allReceivedAmount) allReceivedAmount from\n((SELECT\nSUM(pfd.`receivable_amount`) allReceivableAmount,SUM(pfd.`received_amount`) allReceivedAmount\nFROM pay_fee pf,pay_fee_detail pfd,t_dict td,s_store ss,pay_fee_config pfc,t_dict td2,\n  c_business cb,c_orders co,u_user uu,\n  building_owner oo,building_owner_room_rel borr\nWHERE pf.`fee_id` = pfd.`fee_id`\nAND pf.`status_cd` = \'0\'\nand pf.payer_obj_type = \'3333\'\nand pf.config_id = pfc.config_id\nand pfc.status_cd = \'0\'\nAND pfc.`fee_type_cd` = td.`status_cd`\nAND td.`table_name` = \'pay_fee_config\'\nAND td.`table_columns` = \'fee_type_cd\'\nAND pfd.`prime_rate` = td2.`status_cd`\nAND td2.`table_name` = \'pay_fee_detail\'\nAND td2.`table_columns` = \'prime_rate\'\nAND pfd.`status_cd` = \'0\'\nAND pfd.`b_id` = cb.`b_id`\nAND cb.`o_id` = co.`o_id`\nAND co.`user_id` = uu.`user_id`\nAND pf.`income_obj_id` = ss.`store_id`\nAND ss.`status_cd` = \'0\'\nAND oo.`owner_id` = borr.`owner_id`\nand oo.owner_type_cd = \'1001\'\nAND oo.`status_cd` = \'0\'\nAND borr.`room_id` = pf.`payer_obj_id`\nAND borr.`status_cd` = \'0\' \n<if test=\\\"storeId !=null and storeId !=\'\'\\\">\nand ss.`store_id` = #storeId#\n</if>\n<if test=\\\"startTime!=null \\\">\nAND pfd.`create_time` &gt;= #startTime#\n</if>\n<if test=\\\"endTime !=null \\\">\nAND pfd.`create_time` &lt;= #endTime#\n</if>\n<if test=\\\"communityId !=null and communityId != \'\' \\\">\nAND pfd.`community_id` = #communityId#\n</if>\n<if test=\\\"configId !=null and configId !=\'\'\\\">\nAND pf.config_id = #configId#\n</if>\n<if test=\\\"primeRate!=null and primeRate!=\'\'\\\">\nAND pfd.prime_rate= #primeRate#\n</if>)\nunion\n(SELECT \nSUM(pfd.`receivable_amount`) allReceivableAmount,SUM(pfd.`received_amount`) allReceivedAmount\nFROM pay_fee pf,pay_fee_detail pfd,t_dict td,s_store ss,pay_fee_config pfc,t_dict td2,\n  c_business cb,c_orders co,u_user uu,\n  building_owner oo,owner_car oc\nWHERE pf.`fee_id` = pfd.`fee_id`\nAND pf.`status_cd` = \'0\'\nand pf.payer_obj_type = \'6666\'\nand pf.config_id = pfc.config_id\nand pfc.status_cd = \'0\'\nAND pfc.`fee_type_cd` = td.`status_cd`\nAND td.`table_name` = \'pay_fee_config\'\nAND td.`table_columns` = \'fee_type_cd\'\nAND pfd.`prime_rate` = td2.`status_cd`\nAND td2.`table_name` = \'pay_fee_detail\'\nAND td2.`table_columns` = \'prime_rate\'\nAND pfd.`status_cd` = \'0\'\nAND pfd.`b_id` = cb.`b_id`\nAND cb.`o_id` = co.`o_id`\nAND co.`user_id` = uu.`user_id`\nAND pf.`income_obj_id` = ss.`store_id`\nAND ss.`status_cd` = \'0\'\nAND oo.`owner_id` = oc.`owner_id`\nand oo.owner_type_cd = \'1001\'\nAND oo.`status_cd` = \'0\'\nAND oc.car_id = pf.`payer_obj_id`\nAND oc.`status_cd` = \'0\'\n<if test=\\\"storeId !=null and storeId !=\'\'\\\">\nand ss.`store_id` = #storeId#\n</if>\n<if test=\\\"startTime!=null \\\">\nAND pfd.`create_time` &gt;= #startTime#\n</if>\n<if test=\\\"endTime !=null \\\">\nAND pfd.`create_time` &lt;= #endTime#\n</if>\n<if test=\\\"communityId !=null and communityId !=\'\' \\\">\nAND pfd.`community_id` = #communityId#\n</if>\n<if test=\\\"configId !=null and configId !=\'\'\\\">\nAND pf.`config_id` = #configId#\n</if>\n<if test=\\\"primeRate!=null and primeRate!=\'\'\\\">\nAND pfd.`prime_rate` = #primeRate#\n</if>)) rt\"\n}', '', '', '{\"PARAM\": {\"param1\": \"$.#payFees#Array\",\"param2\":\"$.##Object\",\"param3\":\n\"$.#payFeeSum#Array\"},\"TEMPLATE\": {}}', '', '2020-12-24 14:02:40', '0');

-- ----------------------------
-- Table structure for c_status
-- ----------------------------
CREATE TABLE `c_status` (
  `id` int(11) NOT NULL AUTO_INCREMENT COMMENT 'id',
  `status_cd` varchar(12) NOT NULL COMMENT '类型',
  `name` varchar(50) NOT NULL COMMENT '名称',
  `description` varchar(200) DEFAULT NULL COMMENT '描述',
  `create_time` timestamp NOT NULL DEFAULT CURRENT_TIMESTAMP COMMENT '创建时间',
  `table_name` varchar(50) DEFAULT NULL,
  `table_columns` varchar(10) DEFAULT NULL,
  PRIMARY KEY (`id`)
) ENGINE=InnoDB AUTO_INCREMENT=25 DEFAULT CHARSET=utf8;

-- ----------------------------
-- Records of c_status
-- ----------------------------
INSERT INTO `c_status` VALUES ('1', '1', '无效的，不在用的', '无效的，不在用的', '2018-11-14 13:28:44', null, null);
INSERT INTO `c_status` VALUES ('2', '0', '有效的，在用的', '有效的，在用的', '2018-11-14 13:28:44', null, null);
INSERT INTO `c_status` VALUES ('3', 'S', '保存成功', '保存成功', '2018-11-14 13:28:44', null, null);
INSERT INTO `c_status` VALUES ('4', 'D', '作废订单', '作废订单', '2018-11-14 13:28:44', null, null);
INSERT INTO `c_status` VALUES ('5', 'E', '错误订单', '错误订单', '2018-11-14 13:28:44', null, null);
INSERT INTO `c_status` VALUES ('6', 'NE', '通知错误订单', '通知错误订单', '2018-11-14 13:28:44', null, null);
INSERT INTO `c_status` VALUES ('7', 'C', '订单完成', '订单完成', '2018-11-14 13:28:44', null, null);
INSERT INTO `c_status` VALUES ('8', 'B', 'Business过程', 'Business过程', '2018-11-14 13:28:44', null, null);
INSERT INTO `c_status` VALUES ('9', 'I', 'Instance过程', 'Instance过程', '2018-11-14 13:28:44', null, null);
INSERT INTO `c_status` VALUES ('10', '1000', '入驻小区审核', '入驻小区审核', '2019-04-15 03:26:51', null, null);
INSERT INTO `c_status` VALUES ('11', '2001', '房屋已售', '房屋已售', '2019-04-17 03:10:48', null, null);
INSERT INTO `c_status` VALUES ('12', '2002', '房屋未售', '房屋未售', '2019-04-17 03:11:10', null, null);
INSERT INTO `c_status` VALUES ('13', '1001', '申请退出小区审核', '申请退出小区审核', '2019-04-18 07:46:14', null, null);
INSERT INTO `c_status` VALUES ('14', '0000', '审核完成', '审核完成', '2019-04-26 16:12:42', null, null);
INSERT INTO `c_status` VALUES ('15', '2003', '房屋出售已交定金', '房屋出售已交定金', '2019-05-09 05:45:00', null, null);
INSERT INTO `c_status` VALUES ('16', '2004', '房屋已出租', '房屋已出租', '2019-05-09 05:46:30', null, null);
INSERT INTO `c_status` VALUES ('17', '0', '有效', '数据状态', '2019-09-19 11:37:49', 'all', 'status_cd');
INSERT INTO `c_status` VALUES ('18', '1', '无效', '数据状态', '2019-09-19 11:37:49', 'all', 'status_cd');
INSERT INTO `c_status` VALUES ('19', '1000', '待审核', '审核状态', '2019-09-19 11:37:50', 's_community', 'state');
INSERT INTO `c_status` VALUES ('20', '1100', '审核通过', '审核状态', '2019-09-19 11:37:50', 's_community', 'state');
INSERT INTO `c_status` VALUES ('21', '1200', '拒绝审核', '审核状态', '2019-09-19 11:37:50', 's_community', 'state');
INSERT INTO `c_status` VALUES ('22', '10001', '卧室报修', '卧室报修', '2019-10-05 16:17:32', 'r_repair_pool', 'repair_typ');
INSERT INTO `c_status` VALUES ('23', '10002', '管道报修', '管道报修', '2019-10-05 16:18:25', 'r_repair_pool', 'repair_typ');
INSERT INTO `c_status` VALUES ('24', '10003', '客厅报修', '客厅报修', '2019-10-05 16:20:30', 'r_repair_pool', 'repair_typ');

-- ----------------------------
-- Table structure for c_template
-- ----------------------------
CREATE TABLE `c_template` (
  `id` int(11) NOT NULL AUTO_INCREMENT COMMENT '模板ID',
  `template_code` varchar(20) NOT NULL COMMENT '模板编码 模板英文名',
  `name` varchar(50) NOT NULL COMMENT '模板名称',
  `html_name` varchar(20) NOT NULL COMMENT '对应HTML文件名称',
  `url` varchar(200) NOT NULL COMMENT '查询数据，修改数据url 其真实地址对应于mapping表中 LIST->key 对应 查询多条数据 QUERY->key 对应单条数据 UPDATE-> 对应修改数据 DELETE->key 对应删除数据 多条之间用 ; 分隔',
  `create_time` timestamp NOT NULL DEFAULT CURRENT_TIMESTAMP COMMENT '创建时间',
  `status_cd` varchar(2) NOT NULL DEFAULT '0' COMMENT '数据状态，详细参考c_status表，0在用，1失效',
  PRIMARY KEY (`id`),
  UNIQUE KEY `template_code` (`template_code`) USING BTREE
) ENGINE=InnoDB AUTO_INCREMENT=6 DEFAULT CHARSET=utf8;

-- ----------------------------
-- Records of c_template
-- ----------------------------
INSERT INTO `c_template` VALUES ('1', 'mapping', '映射管理', 'list_template', 'LIST->query.center.mapping;QUERY->mapping_query_url;INSERT->save.center.mapping;UPDATE->update.center.mapping;DELETE->delete.center.mapping', '2018-11-14 13:28:51', '0');
INSERT INTO `c_template` VALUES ('2', 'app', '外部应用', 'list_template', 'LIST->query.center.apps;QUERY->query.center.app', '2018-11-14 13:28:51', '0');
INSERT INTO `c_template` VALUES ('3', 'service', '服务管理', 'list_template', 'LIST->query.center.services;QUERY->query.center.service', '2018-11-14 13:28:51', '0');
INSERT INTO `c_template` VALUES ('4', 'route', '路由管理', 'list_template', 'LIST->query.center.routes;QUERY->query.center.route', '2018-11-14 13:28:51', '0');
INSERT INTO `c_template` VALUES ('5', 'cache', '刷新缓存', 'list_template_cache', 'LIST->query.center.caches;QUERY->query.center.cacheOne', '2018-11-14 13:28:51', '0');

-- ----------------------------
-- Table structure for c_template_col
-- ----------------------------
CREATE TABLE `c_template_col` (
  `id` int(11) NOT NULL AUTO_INCREMENT COMMENT '模板ID',
  `template_code` varchar(20) NOT NULL COMMENT '模板编码 模板英文名',
  `col_name` varchar(50) NOT NULL COMMENT '前台显示名称',
  `col_code` varchar(20) NOT NULL COMMENT '字段的编码',
  `col_model` longtext NOT NULL COMMENT 'jqgrid的colmodel',
  `seq` int(11) NOT NULL COMMENT '列顺序',
  `create_time` timestamp NOT NULL DEFAULT CURRENT_TIMESTAMP COMMENT '创建时间',
  `status_cd` varchar(2) NOT NULL DEFAULT '0' COMMENT '数据状态，详细参考c_status表，0在用，1失效',
  PRIMARY KEY (`id`)
) ENGINE=InnoDB DEFAULT CHARSET=utf8;

-- ----------------------------
-- Records of c_template_col
-- ----------------------------

-- ----------------------------
-- Table structure for demo
-- ----------------------------
CREATE TABLE `demo` (
  `demo_id` varchar(30) NOT NULL COMMENT '费用ID',
  `b_id` varchar(30) NOT NULL COMMENT '业务Id',
  `demo_name` varchar(20) NOT NULL COMMENT '用例名称',
  `demo_value` varchar(20) NOT NULL COMMENT '用例值',
  `demo_remark` varchar(20) NOT NULL COMMENT '用例描述',
  `user_id` varchar(30) NOT NULL COMMENT '创建用户ID',
  `create_time` timestamp NOT NULL DEFAULT CURRENT_TIMESTAMP COMMENT '创建时间',
  `status_cd` varchar(2) NOT NULL DEFAULT '0' COMMENT '数据状态，详细参考c_status表，S 保存，0, 在用 1失效'
) ENGINE=InnoDB DEFAULT CHARSET=utf8;

-- ----------------------------
-- Records of demo
-- ----------------------------

-- ----------------------------
-- Table structure for fee_discount
-- ----------------------------
CREATE TABLE `fee_discount` (
  `discount_id` varchar(30) NOT NULL COMMENT '打折ID',
  `community_id` varchar(30) NOT NULL COMMENT '小区ID',
  `discount_type` varchar(12) NOT NULL COMMENT '类型 1001 优惠  2002 违约',
  `discount_name` varchar(256) NOT NULL COMMENT '打折名称',
  `rule_id` varchar(30) NOT NULL COMMENT '规则ID',
  `discount_desc` varchar(512) DEFAULT NULL COMMENT '打折说明',
  `create_time` timestamp NOT NULL DEFAULT CURRENT_TIMESTAMP COMMENT '创建时间',
  `status_cd` varchar(2) NOT NULL DEFAULT '0' COMMENT '数据状态',
  PRIMARY KEY (`discount_id`)
) ENGINE=InnoDB DEFAULT CHARSET=utf8;

-- ----------------------------
-- Records of fee_discount
-- ----------------------------
INSERT INTO `fee_discount` VALUES ('132020112568960001', '7020181217000001', '1001', '物业费减免', '102020002', '', '2020-11-25 00:48:10', '1');
INSERT INTO `fee_discount` VALUES ('132020112598710001', '7020181217000001', '1001', '物业费打折', '102020001', '', '2020-11-25 01:28:48', '0');
INSERT INTO `fee_discount` VALUES ('132020112805650316', '7020181217000001', '1001', '停车费打折', '102020002', '', '2020-11-28 13:51:14', '0');
INSERT INTO `fee_discount` VALUES ('132020113049630003', '702020112429560014', '1001', '物业费打折', '102020001', '', '2020-11-30 00:15:31', '0');
INSERT INTO `fee_discount` VALUES ('132020120656390606', '7020181217000001', '2002', '按天滞纳金', '102020003', '', '2020-12-06 18:31:08', '0');
INSERT INTO `fee_discount` VALUES ('132020120811670065', '7020181217000001', '1001', '微软', '102020001', '', '2020-12-08 17:23:45', '0');
INSERT INTO `fee_discount` VALUES ('132020120907880623', '7020181217000001', '1001', '后厂村最靓的仔', '102020005', '', '2020-12-09 10:13:15', '0');
INSERT INTO `fee_discount` VALUES ('132020121069941199', '7020181217000001', '1001', '按月0.5滞纳金', '102020004', '', '2020-12-10 09:23:04', '1');
INSERT INTO `fee_discount` VALUES ('132020121196270010', '2020121177440140', '1001', '折扣', '102020001', '', '2020-12-11 16:57:37', '0');
INSERT INTO `fee_discount` VALUES ('132020121698750054', '2020120964250485', '1001', '阿萨德飞', '102020002', '', '2020-12-16 09:12:11', '0');
INSERT INTO `fee_discount` VALUES ('132020121806300054', '2020120964250485', '1001', '121', '102020001', '1212', '2020-12-18 21:07:18', '0');
INSERT INTO `fee_discount` VALUES ('132020122117140142', '702020072127850001', '1001', '1111', '102020002', '111', '2020-12-21 11:17:47', '0');
INSERT INTO `fee_discount` VALUES ('132020122217480592', '2020121177440140', '1001', '张三', '102020001', 'sad', '2020-12-22 14:23:34', '0');
INSERT INTO `fee_discount` VALUES ('132020122260800587', '2020121177440140', '1001', '44', '102020001', '', '2020-12-22 14:04:01', '0');
INSERT INTO `fee_discount` VALUES ('132020122280420582', '2020121402950276', '1001', 'test1', '102020001', '', '2020-12-22 11:03:59', '0');
INSERT INTO `fee_discount` VALUES ('132020122517590298', '2020121556140043', '1001', '商品', '102020001', '缴费满2个月打75折', '2020-12-25 13:16:11', '1');
INSERT INTO `fee_discount` VALUES ('132020122838720391', '2020122877240881', '1001', '11', '102020001', '', '2020-12-28 12:08:37', '0');
INSERT INTO `fee_discount` VALUES ('132020122865970380', '2020122877240881', '2002', '55', '102020003', '', '2020-12-28 10:57:36', '0');
INSERT INTO `fee_discount` VALUES ('132020122908020487', '2020122877240881', '1001', '折扣1', '102020005', '', '2020-12-29 11:58:52', '0');
INSERT INTO `fee_discount` VALUES ('132020122955320483', '2020122877240881', '1001', '折扣1', '102020005', '22', '2020-12-29 11:58:16', '0');
INSERT INTO `fee_discount` VALUES ('132020122980980481', '2020122877240881', '2002', '1111', '102020003', '1111', '2020-12-29 11:57:44', '0');
INSERT INTO `fee_discount` VALUES ('132020123047100032', '2020122471920846', '1001', 'wefawef', '102020005', '', '2020-12-30 10:28:56', '0');
INSERT INTO `fee_discount` VALUES ('132020123080060042', '2020122471920846', '1001', '8折', '102020001', '1', '2020-12-30 11:43:34', '0');
INSERT INTO `fee_discount` VALUES ('132020123104220014', '2020122903910166', '1001', '折扣1', '102020005', '折扣1', '2020-12-31 10:36:53', '0');
INSERT INTO `fee_discount` VALUES ('132020123143810027', '2020122577160366', '1001', '叁尚折扣', '102020001', '一次缴纳一年打8折', '2020-12-31 14:33:19', '0');
INSERT INTO `fee_discount` VALUES ('132021010588910365', '2020122519100142', '3003', '123', '102020002', '213', '2021-01-05 15:51:57', '1');
INSERT INTO `fee_discount` VALUES ('132021010602831172', '2020123089350299', '1001', '优惠', '102020001', '一次缴费12月费用打8折', '2021-01-06 16:20:27', '0');
INSERT INTO `fee_discount` VALUES ('132021010656551190', '2020121792640104', '1001', '1', '102020002', '1', '2021-01-06 18:51:55', '0');
INSERT INTO `fee_discount` VALUES ('132021010691931146', '2020122519100142', '1001', '优惠', '102020001', '一次缴满12月打0.8折', '2021-01-06 11:11:54', '1');
INSERT INTO `fee_discount` VALUES ('132021010844740010', '2020121527920100', '1001', '123', '102020002', '1', '2021-01-08 14:43:09', '0');
INSERT INTO `fee_discount` VALUES ('132021010862240014', '2020121527920100', '1001', '122', '102020002', '1', '2021-01-08 14:45:02', '0');
INSERT INTO `fee_discount` VALUES ('132021011137540011', '2020121527920100', '1001', '老业主打折', '102020001', '1', '2021-01-11 11:35:05', '0');
INSERT INTO `fee_discount` VALUES ('132021011468550002', '2020122926881501', '2002', '测试折扣', '102020003', '', '2021-01-14 10:20:36', '0');
INSERT INTO `fee_discount` VALUES ('132021011499020006', '702020120130200147', '2002', '滞纳金', '102020004', '', '2021-01-14 10:26:23', '0');
INSERT INTO `fee_discount` VALUES ('132021011705190010', '2020121792640104', '1001', '预交一年享受97折优惠', '102020005', '', '2021-01-17 12:17:30', '0');
INSERT INTO `fee_discount` VALUES ('132021011756890030', '2020121792640104', '2002', '违约金', '102020003', '', '2021-01-17 16:46:50', '0');
INSERT INTO `fee_discount` VALUES ('132021011786650001', '2020121792640104', '1001', '疫情物业费5这', '102020001', '', '2021-01-17 11:25:34', '0');
INSERT INTO `fee_discount` VALUES ('132021011822740075', '2020121792640104', '1001', '缴费12个月以上物业费减50', '102020002', '', '2021-01-18 10:02:24', '0');
INSERT INTO `fee_discount` VALUES ('132021011878920070', '2020121792640104', '3003', '空置房优惠申请', '102020006', '', '2021-01-18 09:59:01', '0');
INSERT INTO `fee_discount` VALUES ('132021011923210136', '2021011971030081', '1001', '折扣12', '102020005', '', '2021-01-19 11:31:59', '0');
INSERT INTO `fee_discount` VALUES ('132021012039520324', '2020121527920100', '2002', '违约', '102020003', '', '2021-01-20 16:47:22', '0');
INSERT INTO `fee_discount` VALUES ('132021012239450810', '2021012115732778', '1001', '停车打折', '102020001', '', '2021-01-22 20:13:30', '0');
INSERT INTO `fee_discount` VALUES ('132021012239530671', '2021012222523156', '1001', '物业费减免政策', '102020002', '物业费减免', '2021-01-22 17:23:14', '0');
INSERT INTO `fee_discount` VALUES ('132021012271070631', '2020121527920100', '1001', '5折', '102020001', '', '2021-01-22 13:13:53', '0');
INSERT INTO `fee_discount` VALUES ('132021012295100668', '2021012222523156', '1001', '服务费优惠政策', '102020001', '服务费优惠政策', '2021-01-22 17:22:27', '0');
INSERT INTO `fee_discount` VALUES ('132021012648410888', '2020121530990123', '2002', '123', '102020003', '1111', '2021-01-26 10:24:09', '0');
INSERT INTO `fee_discount` VALUES ('132021012699780896', '2021012222523156', '3003', '折扣返利', '102020006', '', '2021-01-26 11:35:20', '0');
INSERT INTO `fee_discount` VALUES ('132021012844000943', '2021012115732778', '3003', '物业费折扣', '102020007', 'aaaa', '2021-01-28 17:01:48', '0');
INSERT INTO `fee_discount` VALUES ('132021020400500053', '2020121530990123', '1001', '暖气费减免', '102020002', '', '2021-02-04 10:56:04', '0');
INSERT INTO `fee_discount` VALUES ('132021020443270046', '2020121530990123', '1001', '供暖费管道费', '102020001', '', '2021-02-04 10:48:37', '0');
INSERT INTO `fee_discount` VALUES ('132021020927210570', '2021012122242316', '3003', '123', '102020007', '', '2021-02-09 14:23:50', '0');
INSERT INTO `fee_discount` VALUES ('132021020969820574', '7020181217000001', '3003', '测试申请', '102020007', '', '2021-02-09 15:24:18', '0');
INSERT INTO `fee_discount` VALUES ('132021020974380577', '7020181217000001', '3003', 'xiaorui折扣', '102020007', '', '2021-02-09 15:24:27', '0');
INSERT INTO `fee_discount` VALUES ('132021030175080011', '2021012180202622', '3003', '123', '102020007', '1', '2021-03-01 17:16:03', '0');
INSERT INTO `fee_discount` VALUES ('132021030428840113', '2021030221420610', '1001', '八八折', '102020001', '', '2021-03-04 16:31:23', '0');
INSERT INTO `fee_discount` VALUES ('132021030441290109', '2021030221420610', '1001', '七五折', '102020005', '', '2021-03-04 16:30:56', '0');
INSERT INTO `fee_discount` VALUES ('132021030449100118', '2021030221420610', '3003', '优惠申请88折', '102020007', '', '2021-03-04 16:36:53', '0');
INSERT INTO `fee_discount` VALUES ('132021030456990006', '2021012653560025', '3003', '优惠类申请', '102020006', '', '2021-03-04 14:34:01', '0');
INSERT INTO `fee_discount` VALUES ('132021030499380001', '7020181217000001', '3003', '鳕鱼优惠', '102020006', '', '2021-03-04 14:39:05', '0');
INSERT INTO `fee_discount` VALUES ('132021030523950015', '2021012653560025', '3003', '111', '102020007', '', '2021-03-05 17:09:30', '0');
INSERT INTO `fee_discount` VALUES ('132021030533500001', '2021030162070337', '1001', '物业费折扣', '102020005', '', '2021-03-05 11:52:16', '0');
INSERT INTO `fee_discount` VALUES ('132021030545170046', '2021030162070337', '3003', '空置房优惠', '102020007', '', '2021-03-05 18:14:20', '1');
INSERT INTO `fee_discount` VALUES ('132021030597430050', '2021030162070337', '3003', '空置房折扣', '102020007', '', '2021-03-05 18:35:21', '0');
INSERT INTO `fee_discount` VALUES ('132021030884240012', '2021012714410004', '3003', '验房折扣', '102020007', '', '2021-03-08 10:57:58', '0');
INSERT INTO `fee_discount` VALUES ('132021030968780049', '7020181217000001', '3003', '111', '102020007', '1', '2021-03-09 16:53:09', '1');
INSERT INTO `fee_discount` VALUES ('132021031001730059', '7020181217000001', '2002', '卡尔优惠', '102020006', '', '2021-03-10 11:07:23', '0');
INSERT INTO `fee_discount` VALUES ('132021031049450065', '7020181217000001', '3003', '11', '102020007', '1', '2021-03-10 16:05:05', '0');
INSERT INTO `fee_discount` VALUES ('132021031079210077', '2021012739890133', '3003', '打折', '102020007', '', '2021-03-10 19:06:29', '0');
INSERT INTO `fee_discount` VALUES ('132021031611360074', '2021031132160233', '1001', '空置房折扣', '102020007', '', '2021-03-16 14:03:47', '0');
INSERT INTO `fee_discount` VALUES ('132021031614210064', '2021031132160233', '1001', '物业费折扣', '102020001', '', '2021-03-16 11:49:56', '0');
INSERT INTO `fee_discount` VALUES ('132021031729080410', '2021031730860239', '1001', '春节优惠', '102020002', '', '2021-03-17 16:17:01', '0');
INSERT INTO `fee_discount` VALUES ('132021031730690302', '2020121527920100', '1001', '优惠日', '102020005', '', '2021-03-17 11:06:20', '0');
INSERT INTO `fee_discount` VALUES ('132021032593590449', '2021031063190136', '1001', '测试折扣', '102020001', '1', '2021-03-25 10:02:30', '0');
INSERT INTO `fee_discount` VALUES ('132021032949130012', '2021031851920041', '2002', '滞纳金', '102020003', '', '2021-03-29 17:43:23', '0');
INSERT INTO `fee_discount` VALUES ('132021033014130081', '2021031851920041', '2002', 't1滞纳金', '102020003', '测试滞纳金', '2021-03-30 16:56:55', '0');
INSERT INTO `fee_discount` VALUES ('132021033029810074', '2021031948370039', '2002', '滞纳金', '102020003', '', '2021-03-30 13:35:49', '0');
INSERT INTO `fee_discount` VALUES ('132021033194390121', '2021031851920041', '1001', '测试折扣名还曾', '102020001', '', '2021-03-31 14:23:01', '0');
INSERT INTO `fee_discount` VALUES ('132021033198350117', '2021031851920041', '1001', '折扣名称测试', '102020001', '', '2021-03-31 14:10:09', '0');
INSERT INTO `fee_discount` VALUES ('132021040723520041', '2021031851920041', '2002', 'znj', '102020003', '', '2021-04-07 14:07:50', '0');
INSERT INTO `fee_discount` VALUES ('132021041533740600', '2021012075061381', '1001', '一年缴费优惠七折', '102020001', '', '2021-04-15 10:55:13', '0');
INSERT INTO `fee_discount` VALUES ('132021041545360613', '2021031851920041', '3003', '测试一次性费用优惠', '102020007', '', '2021-04-15 14:24:06', '0');
INSERT INTO `fee_discount` VALUES ('132021041596360617', '2021031851920041', '1001', '房屋', '102020001', '', '2021-04-15 16:36:16', '0');
INSERT INTO `fee_discount` VALUES ('132021042554920215', '7020181217000001', '1001', '4月半价促销', '102020001', '', '2021-04-25 15:37:48', '0');
INSERT INTO `fee_discount` VALUES ('132021042729201842', '7020181217000001', '1001', '5折', '102020001', '', '2021-04-27 22:11:45', '0');
INSERT INTO `fee_discount` VALUES ('132021042834290488', '7020181217000001', '1001', '公共物业管理费减免', '102020002', '', '2021-04-28 22:37:57', '0');
INSERT INTO `fee_discount` VALUES ('132021043010770084', '2021042996780878', '1001', '合租打折', '102020001', '', '2021-04-30 17:02:39', '0');
INSERT INTO `fee_discount` VALUES ('132021051004255036', '2021051033790693', '1001', '折扣1', '102020001', '', '2021-05-10 18:53:15', '0');
INSERT INTO `fee_discount` VALUES ('132021051986240012', '2021031688280334', '1001', 'aaa', '102020002', '', '2021-05-19 11:48:41', '0');
INSERT INTO `fee_discount` VALUES ('132021052468181182', '7020181217000001', '3003', '需要申请的优惠', '102020006', '', '2021-05-24 16:42:57', '0');
INSERT INTO `fee_discount` VALUES ('132021052591441208', '7020181217000001', '1001', '1', '102020001', '1', '2021-05-25 11:12:36', '0');

-- ----------------------------
-- Table structure for fee_discount_rule
-- ----------------------------
CREATE TABLE `fee_discount_rule` (
  `rule_id` varchar(30) NOT NULL COMMENT '规则ID',
  `rule_name` varchar(64) NOT NULL COMMENT '规则名称',
  `bean_impl` varchar(512) NOT NULL COMMENT '实现方式',
  `discount_type` varchar(12) NOT NULL COMMENT '类型 1001 优惠  2002 违约',
  `remark` varchar(512) DEFAULT NULL COMMENT '备注',
  `create_time` timestamp NOT NULL DEFAULT CURRENT_TIMESTAMP COMMENT '创建时间',
  `status_cd` varchar(2) NOT NULL DEFAULT '0' COMMENT '数据状态',
  `discount_small_type` varchar(12) NOT NULL COMMENT '1: 打折  2:减免  3:滞纳金  4:空置房打折  5:空置房减免',
  PRIMARY KEY (`rule_id`)
) ENGINE=InnoDB DEFAULT CHARSET=utf8;

-- ----------------------------
-- Records of fee_discount_rule
-- ----------------------------
INSERT INTO `fee_discount_rule` VALUES ('102020001', '打折规则', 'discountFeeRule', '1001', '打折规则', '2020-11-24 23:45:19', '0', '1');
INSERT INTO `fee_discount_rule` VALUES ('102020002', '减免规则', 'reductionFeeRule', '1001', '减免规则', '2020-11-24 23:45:19', '0', '2');
INSERT INTO `fee_discount_rule` VALUES ('102020003', '滞纳金（按天）', 'lateFeeByDayRule', '2002', '减免规则', '2020-11-24 23:45:19', '0', '3');
INSERT INTO `fee_discount_rule` VALUES ('102020004', '滞纳金（按月）', 'lateFeeByMonthRule', '2002', '滞纳金（按月）', '2020-11-24 23:45:19', '0', '3');
INSERT INTO `fee_discount_rule` VALUES ('102020005', '打折无欠费规则', 'discountWithoutArrearsRule', '1001', '打折无欠费规则', '2020-12-11 09:23:38', '0', '1');
INSERT INTO `fee_discount_rule` VALUES ('102020006', '空置房减免规则', 'roomReductionManageRule', '3003', '空置房减免规则', '2020-12-31 15:44:07', '0', '5');
INSERT INTO `fee_discount_rule` VALUES ('102020007', '空置房打折规则', 'roomDiscountManageRule', '3003', '空置房打折规则', '2020-12-31 15:44:52', '0', '4');

-- ----------------------------
-- Table structure for fee_discount_rule_spec
-- ----------------------------
CREATE TABLE `fee_discount_rule_spec` (
  `spec_id` varchar(30) NOT NULL COMMENT '规格ID',
  `rule_id` varchar(64) NOT NULL COMMENT '规则ID',
  `spec_name` varchar(64) NOT NULL COMMENT '规格名称',
  `create_time` timestamp NOT NULL DEFAULT CURRENT_TIMESTAMP COMMENT '创建时间',
  `status_cd` varchar(2) NOT NULL DEFAULT '0' COMMENT '数据状态',
  `remark` varchar(256) DEFAULT NULL COMMENT '描述',
  PRIMARY KEY (`spec_id`)
) ENGINE=InnoDB DEFAULT CHARSET=utf8;

-- ----------------------------
-- Records of fee_discount_rule_spec
-- ----------------------------
INSERT INTO `fee_discount_rule_spec` VALUES ('89002020980001', '102020001', '月份', '2020-11-24 23:47:40', '0', '必填，请填写至少缴费月份,如果是一次性费用时请填写1');
INSERT INTO `fee_discount_rule_spec` VALUES ('89002020980002', '102020001', '打折率', '2020-11-24 23:47:59', '0', '必填，请填写打折率0至1之间');
INSERT INTO `fee_discount_rule_spec` VALUES ('89002020980003', '102020002', '月份', '2020-11-24 23:47:40', '0', '必填，请填写至少缴费月份,如果是一次性费用时请填写1');
INSERT INTO `fee_discount_rule_spec` VALUES ('89002020980004', '102020002', '减免金额', '2020-11-24 23:47:59', '0', '必填，请填写减免金额（元）');
INSERT INTO `fee_discount_rule_spec` VALUES ('89002020980005', '102020003', '滞纳金', '2020-11-24 23:47:40', '0', '必填，请填写滞纳金0至1间');
INSERT INTO `fee_discount_rule_spec` VALUES ('89002020980006', '102020004', '滞纳金', '2020-11-24 23:47:59', '0', '必填，请填写滞纳金0至1间');
INSERT INTO `fee_discount_rule_spec` VALUES ('89002020980007', '102020005', '月份', '2020-12-11 09:33:42', '0', '必填，请添加至少缴费月份');
INSERT INTO `fee_discount_rule_spec` VALUES ('89002020980008', '102020005', '打折率', '2020-12-11 09:35:54', '0', '必填，请添加打折率0至1之间');
INSERT INTO `fee_discount_rule_spec` VALUES ('89002020980009', '102020005', '欠费时长', '2020-12-11 09:38:13', '0', '必填，请添加欠费时长，超过欠费时长，则无打折优惠');
INSERT INTO `fee_discount_rule_spec` VALUES ('89002020980010', '102020006', '月份', '2020-12-31 15:51:54', '0', '必填，请填写至少缴费月份,如果是一次性费用时请填写1');
INSERT INTO `fee_discount_rule_spec` VALUES ('89002020980011', '102020006', '减免金额', '2020-12-31 15:53:09', '0', '必填，请填写减免金额（元）');
INSERT INTO `fee_discount_rule_spec` VALUES ('89002020980012', '102020007', '月份', '2020-12-31 15:55:26', '0', '必填，请填写至少缴费月份,如果是一次性费用时请填写1');
INSERT INTO `fee_discount_rule_spec` VALUES ('89002020980013', '102020007', '打折率', '2020-12-31 15:55:59', '0', '必填，请添加打折率0至1之间');

-- ----------------------------
-- Table structure for fee_discount_spec
-- ----------------------------
CREATE TABLE `fee_discount_spec` (
  `discount_spec_id` varchar(30) NOT NULL COMMENT '主键ID',
  `discount_id` varchar(30) NOT NULL COMMENT '打折ID',
  `community_id` varchar(30) NOT NULL COMMENT '小区ID',
  `spec_id` varchar(30) NOT NULL COMMENT '规格ID',
  `spec_name` varchar(64) NOT NULL COMMENT '规格名称',
  `spec_value` varchar(30) NOT NULL COMMENT '规格值',
  `create_time` timestamp NOT NULL DEFAULT CURRENT_TIMESTAMP COMMENT '创建时间',
  `status_cd` varchar(2) NOT NULL DEFAULT '0' COMMENT '数据状态',
  PRIMARY KEY (`discount_spec_id`)
) ENGINE=InnoDB DEFAULT CHARSET=utf8;

-- ----------------------------
-- Records of fee_discount_spec
-- ----------------------------
INSERT INTO `fee_discount_spec` VALUES ('882020112508580002', '132020112598710001', '7020181217000001', '89002020980004', '减免金额', '100', '2020-11-25 01:28:48', '1');
INSERT INTO `fee_discount_spec` VALUES ('882020112529340003', '132020112598710001', '7020181217000001', '89002020980002', '打折率', '0.8', '2020-11-25 01:58:20', '1');
INSERT INTO `fee_discount_spec` VALUES ('882020112531140001', '132020112598710001', '7020181217000001', '89002020980004', '减免金额', '100', '2020-11-25 01:57:57', '1');
INSERT INTO `fee_discount_spec` VALUES ('882020112541040001', '132020112598710001', '7020181217000001', '89002020980002', '打折率', '0.8', '2020-11-25 08:59:27', '1');
INSERT INTO `fee_discount_spec` VALUES ('882020112546490003', '132020112598710001', '7020181217000001', '89002020980003', '月份', '12', '2020-11-25 01:28:48', '1');
INSERT INTO `fee_discount_spec` VALUES ('882020112547020002', '132020112598710001', '7020181217000001', '89002020980001', '月份', '24', '2020-11-25 08:59:27', '1');
INSERT INTO `fee_discount_spec` VALUES ('882020112589610002', '132020112598710001', '7020181217000001', '89002020980003', '月份', '13', '2020-11-25 01:57:57', '1');
INSERT INTO `fee_discount_spec` VALUES ('882020112596850004', '132020112598710001', '7020181217000001', '89002020980001', '月份', '24', '2020-11-25 01:58:20', '1');
INSERT INTO `fee_discount_spec` VALUES ('882020112806170317', '132020112805650316', '7020181217000001', '89002020980004', '减免金额', '100', '2020-11-28 13:51:14', '1');
INSERT INTO `fee_discount_spec` VALUES ('882020112812450319', '132020112805650316', '7020181217000001', '89002020980004', '减免金额', '66.66', '2020-11-28 13:51:31', '0');
INSERT INTO `fee_discount_spec` VALUES ('882020112858030320', '132020112805650316', '7020181217000001', '89002020980003', '月份', '24', '2020-11-28 13:51:31', '0');
INSERT INTO `fee_discount_spec` VALUES ('882020112899940318', '132020112805650316', '7020181217000001', '89002020980003', '月份', '5', '2020-11-28 13:51:14', '1');
INSERT INTO `fee_discount_spec` VALUES ('882020112933990036', '132020112598710001', '7020181217000001', '89002020980002', '打折率', '0.8', '2020-11-29 23:44:37', '1');
INSERT INTO `fee_discount_spec` VALUES ('882020112989720037', '132020112598710001', '7020181217000001', '89002020980001', '月份', '12', '2020-11-29 23:44:37', '1');
INSERT INTO `fee_discount_spec` VALUES ('882020113014440005', '132020113049630003', '702020112429560014', '89002020980001', '月份', '12', '2020-11-30 00:15:31', '0');
INSERT INTO `fee_discount_spec` VALUES ('882020113039300004', '132020113049630003', '702020112429560014', '89002020980002', '打折率', '0.8', '2020-11-30 00:15:31', '0');
INSERT INTO `fee_discount_spec` VALUES ('882020120649660607', '132020120656390606', '7020181217000001', '89002020980005', '滞纳金', '0.01', '2020-12-06 18:31:08', '0');
INSERT INTO `fee_discount_spec` VALUES ('882020120829240067', '132020120811670065', '7020181217000001', '89002020980001', '月份', '1', '2020-12-08 17:23:45', '0');
INSERT INTO `fee_discount_spec` VALUES ('882020120841900066', '132020120811670065', '7020181217000001', '89002020980002', '打折率', '0.8', '2020-12-08 17:23:45', '0');
INSERT INTO `fee_discount_spec` VALUES ('882020120938840624', '132020120907880623', '7020181217000001', '89002020980002', '打折率', '0.95', '2020-12-09 10:13:15', '1');
INSERT INTO `fee_discount_spec` VALUES ('882020120965750625', '132020120907880623', '7020181217000001', '89002020980001', '月份', '12', '2020-12-09 10:13:15', '1');
INSERT INTO `fee_discount_spec` VALUES ('882020121079401200', '132020121069941199', '7020181217000001', '89002020980006', '滞纳金', '0.5', '2020-12-10 09:23:04', '1');
INSERT INTO `fee_discount_spec` VALUES ('882020121129840012', '132020121196270010', '2020121177440140', '89002020980001', '月份', '6', '2020-12-11 16:57:37', '0');
INSERT INTO `fee_discount_spec` VALUES ('882020121189700011', '132020121196270010', '2020121177440140', '89002020980002', '打折率', '0.8', '2020-12-11 16:57:37', '0');
INSERT INTO `fee_discount_spec` VALUES ('882020121253510001', '132020121069941199', '7020181217000001', '89002020980006', '滞纳金', '0.5', '2020-12-12 15:37:45', '1');
INSERT INTO `fee_discount_spec` VALUES ('882020121637490056', '132020121698750054', '2020120964250485', '89002020980003', '月份', '1', '2020-12-16 09:12:11', '0');
INSERT INTO `fee_discount_spec` VALUES ('882020121664830055', '132020121698750054', '2020120964250485', '89002020980004', '减免金额', '1', '2020-12-16 09:12:11', '0');
INSERT INTO `fee_discount_spec` VALUES ('882020121802110055', '132020121806300054', '2020120964250485', '89002020980002', '打折率', '1', '2020-12-18 21:07:18', '0');
INSERT INTO `fee_discount_spec` VALUES ('882020121842670056', '132020121806300054', '2020120964250485', '89002020980001', '月份', '12', '2020-12-18 21:07:18', '0');
INSERT INTO `fee_discount_spec` VALUES ('882020122111520144', '132020122117140142', '702020072127850001', '89002020980003', '月份', '11', '2020-12-21 11:17:47', '0');
INSERT INTO `fee_discount_spec` VALUES ('882020122168090143', '132020122117140142', '702020072127850001', '89002020980004', '减免金额', '111', '2020-12-21 11:17:47', '0');
INSERT INTO `fee_discount_spec` VALUES ('882020122202240595', '132020122217480592', '2020121177440140', '89002020980001', '月份', '1', '2020-12-22 14:23:56', '1');
INSERT INTO `fee_discount_spec` VALUES ('882020122205250589', '132020122260800587', '2020121177440140', '89002020980001', '月份', '1,2,4,5,6,7', '2020-12-22 14:04:01', '0');
INSERT INTO `fee_discount_spec` VALUES ('882020122217290583', '132020122280420582', '2020121402950276', '89002020980002', '打折率', '0.8', '2020-12-22 11:03:59', '0');
INSERT INTO `fee_discount_spec` VALUES ('882020122237110600', '132020122217480592', '2020121177440140', '89002020980001', '月份', '1,2,3,4,5,6,7,8,9,10,11,12', '2020-12-22 14:24:38', '0');
INSERT INTO `fee_discount_spec` VALUES ('882020122256420598', '132020122217480592', '2020121177440140', '89002020980002', '打折率', '0.8', '2020-12-22 14:24:15', '1');
INSERT INTO `fee_discount_spec` VALUES ('882020122270620596', '132020122217480592', '2020121177440140', '89002020980002', '打折率', '1', '2020-12-22 14:23:56', '1');
INSERT INTO `fee_discount_spec` VALUES ('882020122275720597', '132020122217480592', '2020121177440140', '89002020980001', '月份', '1', '2020-12-22 14:24:15', '1');
INSERT INTO `fee_discount_spec` VALUES ('882020122279990599', '132020122217480592', '2020121177440140', '89002020980002', '打折率', '0.8', '2020-12-22 14:24:38', '0');
INSERT INTO `fee_discount_spec` VALUES ('882020122280100594', '132020122217480592', '2020121177440140', '89002020980001', '月份', '1', '2020-12-22 14:23:34', '1');
INSERT INTO `fee_discount_spec` VALUES ('882020122287910584', '132020122280420582', '2020121402950276', '89002020980001', '月份', '12', '2020-12-22 11:03:59', '0');
INSERT INTO `fee_discount_spec` VALUES ('882020122294380593', '132020122217480592', '2020121177440140', '89002020980002', '打折率', '111', '2020-12-22 14:23:34', '1');
INSERT INTO `fee_discount_spec` VALUES ('882020122297920588', '132020122260800587', '2020121177440140', '89002020980002', '打折率', '0.8', '2020-12-22 14:04:01', '0');
INSERT INTO `fee_discount_spec` VALUES ('882020122524430300', '132020122517590298', '2020121556140043', '89002020980001', '月份', '2', '2020-12-25 13:16:11', '1');
INSERT INTO `fee_discount_spec` VALUES ('882020122548810299', '132020122517590298', '2020121556140043', '89002020980002', '打折率', '0.75', '2020-12-25 13:16:11', '1');
INSERT INTO `fee_discount_spec` VALUES ('882020122822320393', '132020122838720391', '2020122877240881', '89002020980001', '月份', '1', '2020-12-28 12:08:37', '0');
INSERT INTO `fee_discount_spec` VALUES ('882020122842500392', '132020122838720391', '2020122877240881', '89002020980002', '打折率', '0.001', '2020-12-28 12:08:37', '0');
INSERT INTO `fee_discount_spec` VALUES ('882020122885640381', '132020122865970380', '2020122877240881', '89002020980005', '滞纳金', '1000000', '2020-12-28 10:57:36', '0');
INSERT INTO `fee_discount_spec` VALUES ('882020122912800485', '132020122955320483', '2020122877240881', '89002020980008', '打折率', '22', '2020-12-29 11:58:16', '0');
INSERT INTO `fee_discount_spec` VALUES ('882020122924600489', '132020122908020487', '2020122877240881', '89002020980008', '打折率', '2', '2020-12-29 11:58:52', '0');
INSERT INTO `fee_discount_spec` VALUES ('882020122939080482', '132020122980980481', '2020122877240881', '89002020980005', '滞纳金', '', '2020-12-29 11:57:44', '0');
INSERT INTO `fee_discount_spec` VALUES ('882020122944640486', '132020122955320483', '2020122877240881', '89002020980007', '月份', '', '2020-12-29 11:58:16', '0');
INSERT INTO `fee_discount_spec` VALUES ('882020122955160490', '132020122908020487', '2020122877240881', '89002020980007', '月份', '2', '2020-12-29 11:58:52', '0');
INSERT INTO `fee_discount_spec` VALUES ('882020122979800484', '132020122955320483', '2020122877240881', '89002020980009', '欠费时长', '22', '2020-12-29 11:58:16', '0');
INSERT INTO `fee_discount_spec` VALUES ('882020122995410488', '132020122908020487', '2020122877240881', '89002020980009', '欠费时长', '11', '2020-12-29 11:58:52', '0');
INSERT INTO `fee_discount_spec` VALUES ('882020123002190043', '132020123080060042', '2020122471920846', '89002020980002', '打折率', '0.8', '2020-12-30 11:43:34', '0');
INSERT INTO `fee_discount_spec` VALUES ('882020123012960034', '132020123047100032', '2020122471920846', '89002020980008', '打折率', 'awef', '2020-12-30 10:28:56', '0');
INSERT INTO `fee_discount_spec` VALUES ('882020123019440044', '132020123080060042', '2020122471920846', '89002020980001', '月份', '1', '2020-12-30 11:43:34', '0');
INSERT INTO `fee_discount_spec` VALUES ('882020123020480033', '132020123047100032', '2020122471920846', '89002020980009', '欠费时长', 'wef', '2020-12-30 10:28:56', '0');
INSERT INTO `fee_discount_spec` VALUES ('882020123080540035', '132020123047100032', '2020122471920846', '89002020980007', '月份', 'awef', '2020-12-30 10:28:56', '0');
INSERT INTO `fee_discount_spec` VALUES ('882020123102330015', '132020123104220014', '2020122903910166', '89002020980009', '欠费时长', '12', '2020-12-31 10:36:53', '0');
INSERT INTO `fee_discount_spec` VALUES ('882020123105770016', '132020123104220014', '2020122903910166', '89002020980008', '打折率', '2', '2020-12-31 10:36:53', '0');
INSERT INTO `fee_discount_spec` VALUES ('882020123128010017', '132020123104220014', '2020122903910166', '89002020980007', '月份', '12', '2020-12-31 10:36:53', '0');
INSERT INTO `fee_discount_spec` VALUES ('882020123173370028', '132020123143810027', '2020122577160366', '89002020980002', '打折率', '0.8', '2020-12-31 14:33:19', '0');
INSERT INTO `fee_discount_spec` VALUES ('882020123188160029', '132020123143810027', '2020122577160366', '89002020980001', '月份', '12', '2020-12-31 14:33:19', '0');
INSERT INTO `fee_discount_spec` VALUES ('882021010544810367', '132021010588910365', '2020122519100142', '89002020980001', '月份', '11', '2021-01-05 15:51:57', '1');
INSERT INTO `fee_discount_spec` VALUES ('882021010575230366', '132021010588910365', '2020122519100142', '89002020980002', '打折率', '50', '2021-01-05 15:51:57', '1');
INSERT INTO `fee_discount_spec` VALUES ('882021010603371147', '132021010691931146', '2020122519100142', '89002020980002', '打折率', '0.81', '2021-01-06 11:11:54', '1');
INSERT INTO `fee_discount_spec` VALUES ('882021010610681191', '132021010656551190', '2020121792640104', '89002020980004', '减免金额', '1', '2021-01-06 18:51:55', '0');
INSERT INTO `fee_discount_spec` VALUES ('882021010629081192', '132021010656551190', '2020121792640104', '89002020980003', '月份', '1', '2021-01-06 18:51:55', '0');
INSERT INTO `fee_discount_spec` VALUES ('882021010645711148', '132021010691931146', '2020122519100142', '89002020980001', '月份', '12', '2021-01-06 11:11:54', '1');
INSERT INTO `fee_discount_spec` VALUES ('882021010648320997', '132021010588910365', '2020122519100142', '89002020980004', '减免金额', '10', '2021-01-06 09:54:08', '1');
INSERT INTO `fee_discount_spec` VALUES ('882021010655481173', '132021010602831172', '2020123089350299', '89002020980002', '打折率', '0.8', '2021-01-06 16:20:27', '0');
INSERT INTO `fee_discount_spec` VALUES ('882021010656570998', '132021010588910365', '2020122519100142', '89002020980003', '月份', '12', '2021-01-06 09:54:08', '1');
INSERT INTO `fee_discount_spec` VALUES ('882021010661191174', '132021010602831172', '2020123089350299', '89002020980001', '月份', '12', '2021-01-06 16:20:27', '0');
INSERT INTO `fee_discount_spec` VALUES ('882021010661981155', '132021010691931146', '2020122519100142', '89002020980001', '月份', '12', '2021-01-06 11:16:23', '1');
INSERT INTO `fee_discount_spec` VALUES ('882021010677981154', '132021010691931146', '2020122519100142', '89002020980002', '打折率', '0.8', '2021-01-06 11:16:23', '1');
INSERT INTO `fee_discount_spec` VALUES ('882021010822190015', '132021010862240014', '2020121527920100', '89002020980004', '减免金额', '100', '2021-01-08 14:45:02', '0');
INSERT INTO `fee_discount_spec` VALUES ('882021010860220011', '132021010844740010', '2020121527920100', '89002020980004', '减免金额', '10', '2021-01-08 14:43:10', '0');
INSERT INTO `fee_discount_spec` VALUES ('882021010877030016', '132021010862240014', '2020121527920100', '89002020980003', '月份', '1', '2021-01-08 14:45:02', '0');
INSERT INTO `fee_discount_spec` VALUES ('882021010885500012', '132021010844740010', '2020121527920100', '89002020980003', '月份', '1', '2021-01-08 14:43:10', '0');
INSERT INTO `fee_discount_spec` VALUES ('882021011183330012', '132021011137540011', '2020121527920100', '89002020980002', '打折率', '0.9', '2021-01-11 11:35:05', '1');
INSERT INTO `fee_discount_spec` VALUES ('882021011189940013', '132021011137540011', '2020121527920100', '89002020980001', '月份', '1', '2021-01-11 11:35:05', '1');
INSERT INTO `fee_discount_spec` VALUES ('882021011408890007', '132021011499020006', '702020120130200147', '89002020980006', '滞纳金', '1', '2021-01-14 10:26:23', '0');
INSERT INTO `fee_discount_spec` VALUES ('882021011441620003', '132021011468550002', '2020122926881501', '89002020980005', '滞纳金', '100', '2021-01-14 10:20:36', '0');
INSERT INTO `fee_discount_spec` VALUES ('882021011703020003', '132021011786650001', '2020121792640104', '89002020980001', '月份', '1', '2021-01-17 11:25:35', '0');
INSERT INTO `fee_discount_spec` VALUES ('882021011703590031', '132021011756890030', '2020121792640104', '89002020980005', '滞纳金', '0.003', '2021-01-17 16:46:50', '0');
INSERT INTO `fee_discount_spec` VALUES ('882021011713230069', '132021011705190010', '2020121792640104', '89002020980007', '月份', '6', '2021-01-17 23:53:58', '0');
INSERT INTO `fee_discount_spec` VALUES ('882021011721530065', '132021011705190010', '2020121792640104', '89002020980008', '打折率', '0.97', '2021-01-17 23:50:23', '1');
INSERT INTO `fee_discount_spec` VALUES ('882021011729960061', '132021011705190010', '2020121792640104', '89002020980003', '月份', '6', '2021-01-17 23:46:01', '1');
INSERT INTO `fee_discount_spec` VALUES ('882021011739200066', '132021011705190010', '2020121792640104', '89002020980007', '月份', '6', '2021-01-17 23:50:23', '1');
INSERT INTO `fee_discount_spec` VALUES ('882021011743850060', '132021011705190010', '2020121792640104', '89002020980004', '减免金额', '50', '2021-01-17 23:46:01', '1');
INSERT INTO `fee_discount_spec` VALUES ('882021011760700062', '132021011705190010', '2020121792640104', '89002020980003', '月份', '6', '2021-01-17 23:46:25', '1');
INSERT INTO `fee_discount_spec` VALUES ('882021011766490012', '132021011705190010', '2020121792640104', '89002020980003', '月份', '1', '2021-01-17 12:17:30', '1');
INSERT INTO `fee_discount_spec` VALUES ('882021011769870011', '132021011705190010', '2020121792640104', '89002020980004', '减免金额', '20', '2021-01-17 12:17:30', '1');
INSERT INTO `fee_discount_spec` VALUES ('882021011776310068', '132021011705190010', '2020121792640104', '89002020980008', '打折率', '0.97', '2021-01-17 23:53:58', '0');
INSERT INTO `fee_discount_spec` VALUES ('882021011778240067', '132021011705190010', '2020121792640104', '89002020980009', '欠费时长', '6', '2021-01-17 23:53:58', '0');
INSERT INTO `fee_discount_spec` VALUES ('882021011784090064', '132021011705190010', '2020121792640104', '89002020980009', '欠费时长', '6', '2021-01-17 23:50:23', '1');
INSERT INTO `fee_discount_spec` VALUES ('882021011784170063', '132021011705190010', '2020121792640104', '89002020980004', '减免金额', '50', '2021-01-17 23:46:25', '1');
INSERT INTO `fee_discount_spec` VALUES ('882021011795220002', '132021011786650001', '2020121792640104', '89002020980002', '打折率', '0.5', '2021-01-17 11:25:35', '0');
INSERT INTO `fee_discount_spec` VALUES ('882021011863540074', '132021011878920070', '2020121792640104', '89002020980010', '月份', '6', '2021-01-18 10:01:17', '0');
INSERT INTO `fee_discount_spec` VALUES ('882021011864440076', '132021011822740075', '2020121792640104', '89002020980004', '减免金额', '50', '2021-01-18 10:02:24', '0');
INSERT INTO `fee_discount_spec` VALUES ('882021011864590072', '132021011878920070', '2020121792640104', '89002020980010', '月份', '6', '2021-01-18 09:59:02', '1');
INSERT INTO `fee_discount_spec` VALUES ('882021011865510077', '132021011822740075', '2020121792640104', '89002020980003', '月份', '12', '2021-01-18 10:02:24', '0');
INSERT INTO `fee_discount_spec` VALUES ('882021011877600071', '132021011878920070', '2020121792640104', '89002020980011', '减免金额', '50', '2021-01-18 09:59:02', '1');
INSERT INTO `fee_discount_spec` VALUES ('882021011878370073', '132021011878920070', '2020121792640104', '89002020980011', '减免金额', '50', '2021-01-18 10:01:17', '0');
INSERT INTO `fee_discount_spec` VALUES ('882021011940090137', '132021011923210136', '2021011971030081', '89002020980009', '欠费时长', '半年', '2021-01-19 11:31:59', '0');
INSERT INTO `fee_discount_spec` VALUES ('882021011943880138', '132021011923210136', '2021011971030081', '89002020980008', '打折率', '10%', '2021-01-19 11:31:59', '0');
INSERT INTO `fee_discount_spec` VALUES ('882021011999750139', '132021011923210136', '2021011971030081', '89002020980007', '月份', '12', '2021-01-19 11:31:59', '0');
INSERT INTO `fee_discount_spec` VALUES ('882021012074580325', '132021012039520324', '2020121527920100', '89002020980005', '滞纳金', '1111', '2021-01-20 16:47:22', '0');
INSERT INTO `fee_discount_spec` VALUES ('882021012224330670', '132021012295100668', '2021012222523156', '89002020980001', '月份', '12', '2021-01-22 17:22:27', '0');
INSERT INTO `fee_discount_spec` VALUES ('882021012227630673', '132021012239530671', '2021012222523156', '89002020980003', '月份', '12', '2021-01-22 17:23:14', '0');
INSERT INTO `fee_discount_spec` VALUES ('882021012241780672', '132021012239530671', '2021012222523156', '89002020980004', '减免金额', '50', '2021-01-22 17:23:14', '0');
INSERT INTO `fee_discount_spec` VALUES ('882021012243270811', '132021012239450810', '2021012115732778', '89002020980002', '打折率', '10%', '2021-01-22 20:13:30', '0');
INSERT INTO `fee_discount_spec` VALUES ('882021012245110669', '132021012295100668', '2021012222523156', '89002020980002', '打折率', '0.2', '2021-01-22 17:22:27', '0');
INSERT INTO `fee_discount_spec` VALUES ('882021012257060633', '132021012271070631', '2020121527920100', '89002020980001', '月份', '1', '2021-01-22 13:13:53', '0');
INSERT INTO `fee_discount_spec` VALUES ('882021012273170632', '132021012271070631', '2020121527920100', '89002020980002', '打折率', '0.5', '2021-01-22 13:13:53', '0');
INSERT INTO `fee_discount_spec` VALUES ('882021012295110812', '132021012239450810', '2021012115732778', '89002020980001', '月份', '1', '2021-01-22 20:13:30', '0');
INSERT INTO `fee_discount_spec` VALUES ('882021012621210889', '132021012648410888', '2020121530990123', '89002020980005', '滞纳金', '0.01', '2021-01-26 10:24:09', '0');
INSERT INTO `fee_discount_spec` VALUES ('882021012668040898', '132021012699780896', '2021012222523156', '89002020980010', '月份', '5', '2021-01-26 11:35:20', '0');
INSERT INTO `fee_discount_spec` VALUES ('882021012676090897', '132021012699780896', '2021012222523156', '89002020980011', '减免金额', '500', '2021-01-26 11:35:20', '0');
INSERT INTO `fee_discount_spec` VALUES ('882021012832630945', '132021012844000943', '2021012115732778', '89002020980012', '月份', '12', '2021-01-28 17:01:48', '1');
INSERT INTO `fee_discount_spec` VALUES ('882021012841140951', '132021012844000943', '2021012115732778', '89002020980012', '月份', '1', '2021-01-28 17:49:46', '0');
INSERT INTO `fee_discount_spec` VALUES ('882021012856390948', '132021012844000943', '2021012115732778', '89002020980013', '打折率', '0.1', '2021-01-28 17:32:37', '1');
INSERT INTO `fee_discount_spec` VALUES ('882021012862700944', '132021012844000943', '2021012115732778', '89002020980013', '打折率', '0.1', '2021-01-28 17:01:48', '1');
INSERT INTO `fee_discount_spec` VALUES ('882021012867850950', '132021012844000943', '2021012115732778', '89002020980013', '打折率', '0.1', '2021-01-28 17:49:46', '0');
INSERT INTO `fee_discount_spec` VALUES ('882021012890330947', '132021012844000943', '2021012115732778', '89002020980012', '月份', '1', '2021-01-28 17:32:37', '1');
INSERT INTO `fee_discount_spec` VALUES ('882021020407260054', '132021020400500053', '2020121530990123', '89002020980004', '减免金额', '0', '2021-02-04 10:56:04', '0');
INSERT INTO `fee_discount_spec` VALUES ('882021020413680048', '132021020443270046', '2020121530990123', '89002020980001', '月份', '0', '2021-02-04 10:48:37', '0');
INSERT INTO `fee_discount_spec` VALUES ('882021020427360047', '132021020443270046', '2020121530990123', '89002020980002', '打折率', '0.3', '2021-02-04 10:48:37', '0');
INSERT INTO `fee_discount_spec` VALUES ('882021020448120055', '132021020400500053', '2020121530990123', '89002020980003', '月份', '0', '2021-02-04 10:56:04', '0');
INSERT INTO `fee_discount_spec` VALUES ('882021020900090575', '132021020969820574', '7020181217000001', '89002020980013', '打折率', '0.3', '2021-02-09 15:24:18', '0');
INSERT INTO `fee_discount_spec` VALUES ('882021020921150572', '132021020927210570', '2021012122242316', '89002020980012', '月份', '1', '2021-02-09 14:23:50', '0');
INSERT INTO `fee_discount_spec` VALUES ('882021020921810579', '132021020974380577', '7020181217000001', '89002020980012', '月份', '0.3', '2021-02-09 15:24:27', '0');
INSERT INTO `fee_discount_spec` VALUES ('882021020932440578', '132021020974380577', '7020181217000001', '89002020980013', '打折率', '0', '2021-02-09 15:24:27', '0');
INSERT INTO `fee_discount_spec` VALUES ('882021020947570576', '132021020969820574', '7020181217000001', '89002020980012', '月份', '1', '2021-02-09 15:24:18', '0');
INSERT INTO `fee_discount_spec` VALUES ('882021020999780571', '132021020927210570', '2021012122242316', '89002020980013', '打折率', '0.3', '2021-02-09 14:23:50', '0');
INSERT INTO `fee_discount_spec` VALUES ('882021030103550012', '132021030175080011', '2021012180202622', '89002020980013', '打折率', '1', '2021-03-01 17:16:03', '0');
INSERT INTO `fee_discount_spec` VALUES ('882021030147490013', '132021030175080011', '2021012180202622', '89002020980012', '月份', '1', '2021-03-01 17:16:03', '0');
INSERT INTO `fee_discount_spec` VALUES ('882021030243520060', '132020112598710001', '7020181217000001', '89002020980001', '月份', '6', '2021-03-02 16:14:35', '1');
INSERT INTO `fee_discount_spec` VALUES ('882021030263420062', '132020112598710001', '7020181217000001', '89002020980002', '打折率', '0.8', '2021-03-02 16:20:20', '0');
INSERT INTO `fee_discount_spec` VALUES ('882021030265860063', '132020112598710001', '7020181217000001', '89002020980001', '月份', '3', '2021-03-02 16:20:20', '0');
INSERT INTO `fee_discount_spec` VALUES ('882021030297220061', '132020112598710001', '7020181217000001', '89002020980002', '打折率', '0.8', '2021-03-02 16:14:35', '1');
INSERT INTO `fee_discount_spec` VALUES ('882021030408700002', '132021030499380001', '7020181217000001', '89002020980011', '减免金额', '500', '2021-03-04 14:39:06', '0');
INSERT INTO `fee_discount_spec` VALUES ('882021030418840003', '132021030499380001', '7020181217000001', '89002020980010', '月份', '3', '2021-03-04 14:39:06', '0');
INSERT INTO `fee_discount_spec` VALUES ('882021030430910120', '132021030449100118', '2021030221420610', '89002020980012', '月份', '12', '2021-03-04 16:36:53', '0');
INSERT INTO `fee_discount_spec` VALUES ('882021030449590007', '132021030456990006', '2021012653560025', '89002020980011', '减免金额', '500', '2021-03-04 14:34:01', '0');
INSERT INTO `fee_discount_spec` VALUES ('882021030460730112', '132021030441290109', '2021030221420610', '89002020980007', '月份', '3', '2021-03-04 16:30:56', '0');
INSERT INTO `fee_discount_spec` VALUES ('882021030462270110', '132021030441290109', '2021030221420610', '89002020980009', '欠费时长', '2', '2021-03-04 16:30:56', '0');
INSERT INTO `fee_discount_spec` VALUES ('882021030472510111', '132021030441290109', '2021030221420610', '89002020980008', '打折率', '0.75', '2021-03-04 16:30:56', '0');
INSERT INTO `fee_discount_spec` VALUES ('882021030476980008', '132021030456990006', '2021012653560025', '89002020980010', '月份', '2', '2021-03-04 14:34:01', '0');
INSERT INTO `fee_discount_spec` VALUES ('882021030481150119', '132021030449100118', '2021030221420610', '89002020980013', '打折率', '0.88', '2021-03-04 16:36:53', '0');
INSERT INTO `fee_discount_spec` VALUES ('882021030482230114', '132021030428840113', '2021030221420610', '89002020980002', '打折率', '0.88', '2021-03-04 16:31:23', '0');
INSERT INTO `fee_discount_spec` VALUES ('882021030499900115', '132021030428840113', '2021030221420610', '89002020980001', '月份', '12', '2021-03-04 16:31:23', '0');
INSERT INTO `fee_discount_spec` VALUES ('882021030501290004', '132021030533500001', '2021030162070337', '89002020980007', '月份', '12', '2021-03-05 11:52:16', '1');
INSERT INTO `fee_discount_spec` VALUES ('882021030522920017', '132021030523950015', '2021012653560025', '89002020980012', '月份', '1', '2021-03-05 17:09:30', '0');
INSERT INTO `fee_discount_spec` VALUES ('882021030523710006', '132021030533500001', '2021030162070337', '89002020980007', '月份', '12', '2021-03-05 12:07:30', '0');
INSERT INTO `fee_discount_spec` VALUES ('882021030526250002', '132021030533500001', '2021030162070337', '89002020980009', '欠费时长', '10', '2021-03-05 11:52:16', '1');
INSERT INTO `fee_discount_spec` VALUES ('882021030536670051', '132021030597430050', '2021030162070337', '89002020980013', '打折率', '0.7', '2021-03-05 18:35:21', '1');
INSERT INTO `fee_discount_spec` VALUES ('882021030542630048', '132021030545170046', '2021030162070337', '89002020980012', '月份', '12', '2021-03-05 18:14:20', '1');
INSERT INTO `fee_discount_spec` VALUES ('882021030546100056', '132021030597430050', '2021030162070337', '89002020980012', '月份', '12', '2021-03-05 18:48:33', '1');
INSERT INTO `fee_discount_spec` VALUES ('882021030560140047', '132021030545170046', '2021030162070337', '89002020980013', '打折率', '0.7', '2021-03-05 18:14:20', '1');
INSERT INTO `fee_discount_spec` VALUES ('882021030564800016', '132021030523950015', '2021012653560025', '89002020980013', '打折率', '0.3', '2021-03-05 17:09:30', '0');
INSERT INTO `fee_discount_spec` VALUES ('882021030567630001', '132021030597430050', '2021030162070337', '89002020980012', '月份', '6', '2021-03-05 18:59:44', '0');
INSERT INTO `fee_discount_spec` VALUES ('882021030576530007', '132021030533500001', '2021030162070337', '89002020980009', '欠费时长', '90', '2021-03-05 12:07:30', '0');
INSERT INTO `fee_discount_spec` VALUES ('882021030577660002', '132021030597430050', '2021030162070337', '89002020980013', '打折率', '0.7', '2021-03-05 18:59:44', '0');
INSERT INTO `fee_discount_spec` VALUES ('882021030578840008', '132021030533500001', '2021030162070337', '89002020980008', '打折率', '0.8', '2021-03-05 12:07:30', '0');
INSERT INTO `fee_discount_spec` VALUES ('882021030579490003', '132021030533500001', '2021030162070337', '89002020980008', '打折率', '0.8', '2021-03-05 11:52:16', '1');
INSERT INTO `fee_discount_spec` VALUES ('882021030594600055', '132021030597430050', '2021030162070337', '89002020980013', '打折率', '0.7', '2021-03-05 18:48:33', '1');
INSERT INTO `fee_discount_spec` VALUES ('882021030595170052', '132021030597430050', '2021030162070337', '89002020980012', '月份', '6', '2021-03-05 18:35:21', '1');
INSERT INTO `fee_discount_spec` VALUES ('882021030805700013', '132021030884240012', '2021012714410004', '89002020980013', '打折率', '0.5', '2021-03-08 10:57:58', '1');
INSERT INTO `fee_discount_spec` VALUES ('882021030855580029', '132021030884240012', '2021012714410004', '89002020980012', '月份', '2', '2021-03-08 16:18:01', '0');
INSERT INTO `fee_discount_spec` VALUES ('882021030879400028', '132021030884240012', '2021012714410004', '89002020980013', '打折率', '0.5', '2021-03-08 16:18:01', '0');
INSERT INTO `fee_discount_spec` VALUES ('882021030883770014', '132021030884240012', '2021012714410004', '89002020980012', '月份', '5', '2021-03-08 10:57:58', '1');
INSERT INTO `fee_discount_spec` VALUES ('882021030951120051', '132021030968780049', '7020181217000001', '89002020980012', '月份', '1', '2021-03-09 16:53:09', '1');
INSERT INTO `fee_discount_spec` VALUES ('882021030957980050', '132021030968780049', '7020181217000001', '89002020980013', '打折率', '0.2', '2021-03-09 16:53:09', '1');
INSERT INTO `fee_discount_spec` VALUES ('882021031014110078', '132021031079210077', '2021012739890133', '89002020980013', '打折率', '0.2', '2021-03-10 19:06:29', '0');
INSERT INTO `fee_discount_spec` VALUES ('882021031019960067', '132021031049450065', '7020181217000001', '89002020980012', '月份', '1', '2021-03-10 16:05:05', '0');
INSERT INTO `fee_discount_spec` VALUES ('882021031048750079', '132021031079210077', '2021012739890133', '89002020980012', '月份', '1', '2021-03-10 19:06:29', '0');
INSERT INTO `fee_discount_spec` VALUES ('882021031061010060', '132021031001730059', '7020181217000001', '89002020980011', '减免金额', '500', '2021-03-10 11:07:23', '1');
INSERT INTO `fee_discount_spec` VALUES ('882021031075510066', '132021031049450065', '7020181217000001', '89002020980013', '打折率', '0.2', '2021-03-10 16:05:05', '0');
INSERT INTO `fee_discount_spec` VALUES ('882021031093890061', '132021031001730059', '7020181217000001', '89002020980010', '月份', '2', '2021-03-10 11:07:23', '1');
INSERT INTO `fee_discount_spec` VALUES ('882021031610190149', '132021031611360074', '2021031132160233', '89002020980013', '打折率', '0.7', '2021-03-16 14:33:40', '1');
INSERT INTO `fee_discount_spec` VALUES ('882021031611680152', '132021031611360074', '2021031132160233', '89002020980012', '月份', '6', '2021-03-16 14:33:48', '1');
INSERT INTO `fee_discount_spec` VALUES ('882021031612580148', '132021031611360074', '2021031132160233', '89002020980012', '月份', '6', '2021-03-16 14:33:40', '1');
INSERT INTO `fee_discount_spec` VALUES ('882021031615210151', '132021031611360074', '2021031132160233', '89002020980013', '打折率', '0.7', '2021-03-16 14:33:48', '1');
INSERT INTO `fee_discount_spec` VALUES ('882021031615780068', '132021031614210064', '2021031132160233', '89002020980001', '月份', '12', '2021-03-16 13:18:48', '0');
INSERT INTO `fee_discount_spec` VALUES ('882021031628820086', '132021031611360074', '2021031132160233', '89002020980012', '月份', '6', '2021-03-16 14:23:42', '1');
INSERT INTO `fee_discount_spec` VALUES ('882021031628900066', '132021031614210064', '2021031132160233', '89002020980001', '月份', '12', '2021-03-16 11:49:56', '1');
INSERT INTO `fee_discount_spec` VALUES ('882021031652570076', '132021031611360074', '2021031132160233', '89002020980012', '月份', '6', '2021-03-16 14:03:47', '1');
INSERT INTO `fee_discount_spec` VALUES ('882021031652970087', '132021031611360074', '2021031132160233', '89002020980013', '打折率', '0.7', '2021-03-16 14:23:42', '1');
INSERT INTO `fee_discount_spec` VALUES ('882021031662200075', '132021031611360074', '2021031132160233', '89002020980013', '打折率', '0.7', '2021-03-16 14:03:47', '1');
INSERT INTO `fee_discount_spec` VALUES ('882021031681500065', '132021031614210064', '2021031132160233', '89002020980002', '打折率', '0.1', '2021-03-16 11:49:56', '1');
INSERT INTO `fee_discount_spec` VALUES ('882021031682560067', '132021031614210064', '2021031132160233', '89002020980002', '打折率', '0.8', '2021-03-16 13:18:48', '0');
INSERT INTO `fee_discount_spec` VALUES ('882021031722290304', '132021031730690302', '2020121527920100', '89002020980008', '打折率', '0.8', '2021-03-17 11:06:20', '0');
INSERT INTO `fee_discount_spec` VALUES ('882021031730040305', '132021031730690302', '2020121527920100', '89002020980007', '月份', '5', '2021-03-17 11:06:20', '0');
INSERT INTO `fee_discount_spec` VALUES ('882021031750670411', '132021031729080410', '2021031730860239', '89002020980004', '减免金额', '50', '2021-03-17 16:17:01', '0');
INSERT INTO `fee_discount_spec` VALUES ('882021031758210395', '132021011137540011', '2020121527920100', '89002020980001', '月份', '1', '2021-03-17 15:27:47', '0');
INSERT INTO `fee_discount_spec` VALUES ('882021031761620303', '132021031730690302', '2020121527920100', '89002020980009', '欠费时长', '2', '2021-03-17 11:06:20', '0');
INSERT INTO `fee_discount_spec` VALUES ('882021031768130418', '132021031611360074', '2021031132160233', '89002020980012', '月份', '6', '2021-03-17 17:28:39', '0');
INSERT INTO `fee_discount_spec` VALUES ('882021031774240412', '132021031729080410', '2021031730860239', '89002020980003', '月份', '3', '2021-03-17 16:17:01', '0');
INSERT INTO `fee_discount_spec` VALUES ('882021031793140419', '132021031611360074', '2021031132160233', '89002020980013', '打折率', '0.7', '2021-03-17 17:28:39', '0');
INSERT INTO `fee_discount_spec` VALUES ('882021031795090396', '132021011137540011', '2020121527920100', '89002020980002', '打折率', '0.5', '2021-03-17 15:27:47', '0');
INSERT INTO `fee_discount_spec` VALUES ('882021032529260451', '132021032593590449', '2021031063190136', '89002020980001', '月份', '1', '2021-03-25 10:02:30', '0');
INSERT INTO `fee_discount_spec` VALUES ('882021032551910450', '132021032593590449', '2021031063190136', '89002020980002', '打折率', '0.8', '2021-03-25 10:02:30', '0');
INSERT INTO `fee_discount_spec` VALUES ('882021032948780013', '132021032949130012', '2021031851920041', '89002020980005', '滞纳金', '0.1', '2021-03-29 17:43:23', '0');
INSERT INTO `fee_discount_spec` VALUES ('882021033041320082', '132021033014130081', '2021031851920041', '89002020980005', '滞纳金', '0.003', '2021-03-30 16:56:55', '0');
INSERT INTO `fee_discount_spec` VALUES ('882021033076940075', '132021033029810074', '2021031948370039', '89002020980005', '滞纳金', '0.1', '2021-03-30 13:35:49', '0');
INSERT INTO `fee_discount_spec` VALUES ('882021033109120123', '132021033194390121', '2021031851920041', '89002020980001', '月份', '4', '2021-03-31 14:23:01', '0');
INSERT INTO `fee_discount_spec` VALUES ('882021033164750118', '132021033198350117', '2021031851920041', '89002020980002', '打折率', '0.5', '2021-03-31 14:10:09', '0');
INSERT INTO `fee_discount_spec` VALUES ('882021033194080119', '132021033198350117', '2021031851920041', '89002020980001', '月份', '10', '2021-03-31 14:10:09', '0');
INSERT INTO `fee_discount_spec` VALUES ('882021033199760122', '132021033194390121', '2021031851920041', '89002020980002', '打折率', '0.5', '2021-03-31 14:23:01', '0');
INSERT INTO `fee_discount_spec` VALUES ('882021040721340042', '132021040723520041', '2021031851920041', '89002020980005', '滞纳金', '0.05', '2021-04-07 14:07:50', '0');
INSERT INTO `fee_discount_spec` VALUES ('882021041525310601', '132021041533740600', '2021012075061381', '89002020980002', '打折率', '0.7', '2021-04-15 10:55:13', '0');
INSERT INTO `fee_discount_spec` VALUES ('882021041554070615', '132021041545360613', '2021031851920041', '89002020980012', '月份', '1', '2021-04-15 14:24:06', '0');
INSERT INTO `fee_discount_spec` VALUES ('882021041564700602', '132021041533740600', '2021012075061381', '89002020980001', '月份', '12', '2021-04-15 10:55:13', '0');
INSERT INTO `fee_discount_spec` VALUES ('882021041567130614', '132021041545360613', '2021031851920041', '89002020980013', '打折率', '0.95', '2021-04-15 14:24:06', '0');
INSERT INTO `fee_discount_spec` VALUES ('882021041570520618', '132021041596360617', '2021031851920041', '89002020980002', '打折率', '0.8', '2021-04-15 16:36:16', '0');
INSERT INTO `fee_discount_spec` VALUES ('882021041575990619', '132021041596360617', '2021031851920041', '89002020980001', '月份', '1', '2021-04-15 16:36:16', '0');
INSERT INTO `fee_discount_spec` VALUES ('882021042516350212', '132021031001730059', '7020181217000001', '89002020980010', '月份', '2', '2021-04-25 09:02:03', '0');
INSERT INTO `fee_discount_spec` VALUES ('882021042545170217', '132021042554920215', '7020181217000001', '89002020980001', '月份', '1', '2021-04-25 15:37:48', '0');
INSERT INTO `fee_discount_spec` VALUES ('882021042571030216', '132021042554920215', '7020181217000001', '89002020980002', '打折率', '0.5', '2021-04-25 15:37:48', '0');
INSERT INTO `fee_discount_spec` VALUES ('882021042584230213', '132021031001730059', '7020181217000001', '89002020980011', '减免金额', '500', '2021-04-25 09:02:03', '0');
INSERT INTO `fee_discount_spec` VALUES ('882021042728351843', '132021042729201842', '7020181217000001', '89002020980002', '打折率', '0.5', '2021-04-27 22:11:45', '0');
INSERT INTO `fee_discount_spec` VALUES ('882021042783211844', '132021042729201842', '7020181217000001', '89002020980001', '月份', '1', '2021-04-27 22:11:45', '0');
INSERT INTO `fee_discount_spec` VALUES ('882021042804470489', '132021042834290488', '7020181217000001', '89002020980004', '减免金额', '1000', '2021-04-28 22:37:57', '1');
INSERT INTO `fee_discount_spec` VALUES ('882021042861590490', '132021042834290488', '7020181217000001', '89002020980003', '月份', '1', '2021-04-28 22:37:57', '1');
INSERT INTO `fee_discount_spec` VALUES ('882021043053270085', '132021043010770084', '2021042996780878', '89002020980002', '打折率', '0.9', '2021-04-30 17:02:39', '0');
INSERT INTO `fee_discount_spec` VALUES ('882021043097370086', '132021043010770084', '2021042996780878', '89002020980001', '月份', '1', '2021-04-30 17:02:39', '0');
INSERT INTO `fee_discount_spec` VALUES ('882021051018815038', '132021051004255036', '2021051033790693', '89002020980001', '月份', '1', '2021-05-10 18:53:15', '0');
INSERT INTO `fee_discount_spec` VALUES ('882021051095105037', '132021051004255036', '2021051033790693', '89002020980002', '打折率', '0.5', '2021-05-10 18:53:15', '0');
INSERT INTO `fee_discount_spec` VALUES ('882021051902900013', '132021051986240012', '2021031688280334', '89002020980004', '减免金额', '33', '2021-05-19 11:48:41', '0');
INSERT INTO `fee_discount_spec` VALUES ('882021051930290014', '132021051986240012', '2021031688280334', '89002020980003', '月份', '23', '2021-05-19 11:48:41', '0');
INSERT INTO `fee_discount_spec` VALUES ('882021052312130196', '132021042834290488', '7020181217000001', '89002020980004', '减免金额', '1000', '2021-05-23 16:35:56', '0');
INSERT INTO `fee_discount_spec` VALUES ('882021052378560195', '132021042834290488', '7020181217000001', '89002020980003', '月份', '1', '2021-05-23 16:35:56', '0');
INSERT INTO `fee_discount_spec` VALUES ('882021052431521183', '132021052468181182', '7020181217000001', '89002020980011', '减免金额', '1000', '2021-05-24 16:42:57', '0');
INSERT INTO `fee_discount_spec` VALUES ('882021052495061184', '132021052468181182', '7020181217000001', '89002020980010', '月份', '1', '2021-05-24 16:42:57', '0');
INSERT INTO `fee_discount_spec` VALUES ('882021052500411210', '132021052591441208', '7020181217000001', '89002020980001', '月份', '6', '2021-05-25 11:12:36', '1');
INSERT INTO `fee_discount_spec` VALUES ('882021052572971209', '132021052591441208', '7020181217000001', '89002020980002', '打折率', '0.6', '2021-05-25 11:12:36', '1');
INSERT INTO `fee_discount_spec` VALUES ('882021052636390525', '132021052591441208', '7020181217000001', '89002020980002', '打折率', '0.6', '2021-05-26 16:17:25', '0');
INSERT INTO `fee_discount_spec` VALUES ('882021052639150524', '132020120907880623', '7020181217000001', '89002020980007', '月份', '5', '2021-05-26 14:59:29', '0');
INSERT INTO `fee_discount_spec` VALUES ('882021052653040522', '132020120907880623', '7020181217000001', '89002020980009', '欠费时长', '10', '2021-05-26 14:59:29', '0');
INSERT INTO `fee_discount_spec` VALUES ('882021052658730523', '132020120907880623', '7020181217000001', '89002020980008', '打折率', '1', '2021-05-26 14:59:29', '0');
INSERT INTO `fee_discount_spec` VALUES ('882021052683230526', '132021052591441208', '7020181217000001', '89002020980001', '月份', '6', '2021-05-26 16:17:25', '0');

-- ----------------------------
-- Table structure for fee_formula
-- ----------------------------
CREATE TABLE `fee_formula` (
  `formula_id` varchar(30) NOT NULL COMMENT '费用公式ID',
  `formula_type` varchar(12) NOT NULL COMMENT '计算公式',
  `formula_value` varchar(200) NOT NULL COMMENT '公式',
  `formula_desc` varchar(200) DEFAULT NULL COMMENT '公式描述',
  `community_id` varchar(30) NOT NULL COMMENT '小区ID',
  `create_time` timestamp NOT NULL DEFAULT CURRENT_TIMESTAMP COMMENT '创建时间',
  `status_cd` varchar(2) NOT NULL DEFAULT '0' COMMENT '数据状态，详细参考c_status表，S 保存，0, 在用 1失效',
  `price` decimal(7,2) NOT NULL COMMENT '单价'
) ENGINE=InnoDB DEFAULT CHARSET=utf8;

-- ----------------------------
-- Records of fee_formula
-- ----------------------------
INSERT INTO `fee_formula` VALUES ('792020091015680003', '6006', 'T/F * R', '公共区域公摊电费', '7020181217000001', '2020-09-10 23:53:21', '0', '1.60');
INSERT INTO `fee_formula` VALUES ('792020091168690006', '6006', 'Tadsasdf', 'asdf', '702020090978120006', '2020-09-11 19:48:05', '1', '15.00');
INSERT INTO `fee_formula` VALUES ('792020101224500432', '6006', 'T/F * R', '公共照明', '702020101257710838', '2020-10-12 17:35:48', '0', '0.50');
INSERT INTO `fee_formula` VALUES ('792020101962470334', '6006', '12', '12', '7020181217000001', '2020-10-19 01:18:33', '1', '21.00');
INSERT INTO `fee_formula` VALUES ('792020102034110510', '6006', 'T/F * R', 'aaa', '702020082396500034', '2020-10-20 18:27:16', '0', '11.00');
INSERT INTO `fee_formula` VALUES ('792020102650760263', '6006', '0.15j;*F*120重新更新的', '取暖费', '7020181217000001', '2020-10-26 10:30:22', '0', '0.15');
INSERT INTO `fee_formula` VALUES ('792020111133290001', '6006', 'T/F * R', '公共区域电费公摊', '702020111186140170', '2020-11-11 15:20:50', '0', '0.50');
INSERT INTO `fee_formula` VALUES ('792020111195780011', '6006', 'T/F * R', '', '702020111147550178', '2020-11-11 16:16:45', '0', '0.50');
INSERT INTO `fee_formula` VALUES ('792020113077650141', '6006', '(T/(C/R))*X', '公共资源', '702020113090120351', '2020-11-30 16:31:39', '0', '2.00');
INSERT INTO `fee_formula` VALUES ('792020121515060001', '6006', 'T/F*R*0.3', '测试公式', '2020120964250485', '2020-12-15 09:56:22', '0', '20.00');
INSERT INTO `fee_formula` VALUES ('792020122278050571', '6006', 'T/F*R', '', '2020121402950276', '2020-12-22 08:05:45', '0', '5.00');
INSERT INTO `fee_formula` VALUES ('792020122376190015', '6006', 'T/F*D', '', '2020121177440140', '2020-12-23 11:05:31', '0', '1.60');
INSERT INTO `fee_formula` VALUES ('792020122340510019', '6006', '15616515646156', '', '2020121177440140', '2020-12-23 11:28:18', '0', '1561.00');
INSERT INTO `fee_formula` VALUES ('792020122845760394', '6006', '12', '', '2020122877240881', '2020-12-28 12:10:27', '0', '2.00');
INSERT INTO `fee_formula` VALUES ('792020122906970499', '6006', 'T/F*R', '公共区域公摊电费', '2020122471920846', '2020-12-29 16:02:28', '1', '1.60');
INSERT INTO `fee_formula` VALUES ('792020123056730080', '6006', '11', '1', '2020122471920846', '2020-12-30 15:47:22', '0', '2.00');
INSERT INTO `fee_formula` VALUES ('792020123043590081', '6006', 'T/F * R', '', '2020122471920846', '2020-12-30 15:47:55', '0', '222.00');
INSERT INTO `fee_formula` VALUES ('792021011193760026', '6006', 'T/F*R', '', '2020121527920100', '2021-01-11 13:12:39', '1', '0.65');
INSERT INTO `fee_formula` VALUES ('792021011289390111', '6006', 'T/F*R*X', '', '2020121527920100', '2021-01-12 16:52:25', '0', '0.60');
INSERT INTO `fee_formula` VALUES ('792021011555100024', '6006', '220', 'T', '2020121792640104', '2021-01-15 16:40:50', '0', '10.00');
INSERT INTO `fee_formula` VALUES ('792021011924430151', '6006', 'T/F*R', '', '2021011971030081', '2021-01-19 15:18:56', '0', '0.05');
INSERT INTO `fee_formula` VALUES ('792021012591860842', '6006', 'T/F*R', '公共部位电费分摊', '2021012222523156', '2021-01-25 11:00:51', '0', '1.60');
INSERT INTO `fee_formula` VALUES ('792021020136660028', '6006', 'T/F * R', '', '2021012180202622', '2021-02-01 18:09:46', '0', '5.00');
INSERT INTO `fee_formula` VALUES ('792021020375920037', '6006', 'T/F * R', '', '2020121530990123', '2021-02-03 17:38:07', '0', '10.00');
INSERT INTO `fee_formula` VALUES ('792021030153330050', '6006', 'T/C*R', '水电公摊算法', '2021012140762310', '2021-03-01 09:23:20', '0', '2.00');
INSERT INTO `fee_formula` VALUES ('792021030246290067', '6006', 'T/L', '', '2021012653560025', '2021-03-02 18:15:24', '0', '1.30');
INSERT INTO `fee_formula` VALUES ('792021030413290756', '6006', 'T/F*R', '公共区域公摊电费 电量/楼栋面积*房屋面积', '2021030162070337', '2021-03-04 08:42:46', '0', '0.50');
INSERT INTO `fee_formula` VALUES ('792021030462770001', '6006', 'T/D', '总量/单元数', '2021030162070337', '2021-03-04 13:56:28', '0', '1.20');
INSERT INTO `fee_formula` VALUES ('792021030430520004', '6006', 'T/F * R', '公共区域公摊电费 电量/楼栋面积*房屋面积', '2021030221420610', '2021-03-04 15:03:08', '0', '0.50');
INSERT INTO `fee_formula` VALUES ('792021030416690025', '6006', 'T/D*X', '电梯维修公摊费用', '2021030221420610', '2021-03-04 15:09:47', '0', '1.00');
INSERT INTO `fee_formula` VALUES ('792021031236100647', '6006', 'T/F * R', '公摊电费1444', '7020181217000001', '2021-03-12 14:39:26', '0', '2.00');
INSERT INTO `fee_formula` VALUES ('792021031656570003', '6006', 'T/F/L', '', '2021031132160233', '2021-03-16 10:59:33', '1', '1.00');
INSERT INTO `fee_formula` VALUES ('792021031640890004', '6006', 'T/F/L', '', '2021031132160233', '2021-03-16 11:02:55', '0', '1.00');
INSERT INTO `fee_formula` VALUES ('792021031717220409', '6006', 't/f*r', '暂无', '2021031730860239', '2021-03-17 16:15:33', '1', '2.30');
INSERT INTO `fee_formula` VALUES ('792021032020590494', '6006', 'T+C', 'FSFGFG', '2021032047273881', '2021-03-20 17:54:55', '0', '10.00');
INSERT INTO `fee_formula` VALUES ('792021032289890150', '6006', 'T/F*R', '123', '2021031658470010', '2021-03-22 11:52:19', '0', '1.00');
INSERT INTO `fee_formula` VALUES ('792021032267720384', '6006', 'safasdf', '豆腐干达杀手撒爱使股份', '2020121527920100', '2021-03-22 19:15:06', '0', '142.00');
INSERT INTO `fee_formula` VALUES ('792021033105310114', '6006', 'T/F*R', '', '2021031851920041', '2021-03-31 14:00:27', '0', '1.00');
INSERT INTO `fee_formula` VALUES ('792021041545510534', '6006', 'T/U*R', '', '2021031851920041', '2021-04-15 09:42:56', '0', '1.00');
INSERT INTO `fee_formula` VALUES ('792021042009230001', '6006', 'T/F * R', '', '2021042084880069', '2021-04-20 16:18:27', '0', '20.00');
INSERT INTO `fee_formula` VALUES ('792021042117070014', '6006', 'T/F * R', 'asdasd', '2021042084880069', '2021-04-21 10:17:28', '0', '10.10');
INSERT INTO `fee_formula` VALUES ('792021052707021090', '6006', '4/F*4', '随便写写', '7020181217000001', '2021-05-27 14:17:54', '0', '10.00');

-- ----------------------------
-- Table structure for fee_manual_collection
-- ----------------------------
CREATE TABLE `fee_manual_collection` (
  `collection_id` varchar(30) NOT NULL COMMENT '托收ID',
  `room_id` varchar(30) NOT NULL COMMENT '房屋ID',
  `room_name` varchar(100) NOT NULL COMMENT '房屋名称',
  `owner_id` varchar(30) NOT NULL COMMENT '业主ID',
  `owner_name` varchar(64) NOT NULL COMMENT '业主名称',
  `link` varchar(11) NOT NULL COMMENT '业主手机号',
  `room_area` varchar(12) NOT NULL COMMENT '房屋面积',
  `community_id` varchar(30) NOT NULL COMMENT '小区ID',
  `create_time` timestamp NOT NULL DEFAULT CURRENT_TIMESTAMP COMMENT '创建时间',
  `status_cd` varchar(12) NOT NULL DEFAULT '0' COMMENT '数据状态',
  `state` varchar(12) NOT NULL DEFAULT '1010' COMMENT '状态 1010 托收中 2020 托收结束，3030 托收失败',
  `remark` varchar(500) DEFAULT NULL COMMENT '备注',
  PRIMARY KEY (`collection_id`)
) ENGINE=InnoDB DEFAULT CHARSET=utf8;

-- ----------------------------
-- Records of fee_manual_collection
-- ----------------------------
INSERT INTO `fee_manual_collection` VALUES ('832020092463020001', '752020091278580065', '11-1-0903', '772020053194100009', 'test001', '18909711443', '108.00', '7020181217000001', '2020-09-24 16:17:17', '1', '1010', '测试');
INSERT INTO `fee_manual_collection` VALUES ('832020092467850003', '752020091281820073', '11-1-阿萨德', '772020091620450044', '王丽', '13333333331', '23.00', '7020181217000001', '2020-09-24 18:07:58', '0', '1010', null);
INSERT INTO `fee_manual_collection` VALUES ('832020092526560003', '752020091278580065', '11-1-0903', '772020053194100009', 'test001', '18909711443', '108.00', '7020181217000001', '2020-09-25 10:00:04', '0', '1010', null);
INSERT INTO `fee_manual_collection` VALUES ('832020092933050104', '752020092737420057', '2-9-1001', '772020092793160971', '张灿', '18909711234', '125.00', '7020181217000001', '2020-09-29 11:47:32', '0', '1010', null);
INSERT INTO `fee_manual_collection` VALUES ('832020092949010138', '752020092775830138', '2-9-101', '772020092793160971', '张灿', '18909711234', '89.00', '7020181217000001', '2020-09-29 16:53:59', '0', '1010', null);
INSERT INTO `fee_manual_collection` VALUES ('832020100438020044', '752020082615958134', '88-1-202', '772020082669588137', 'lbwnb', '15332877834', '108.00', '7020181217000001', '2020-10-04 09:26:57', '0', '1010', null);
INSERT INTO `fee_manual_collection` VALUES ('832020100923230070', '752020092857980070', '2-1-101', '772020092881930102', '小王', '15687900134', '134.89', '7020181217000001', '2020-10-09 17:57:01', '0', '1010', null);
INSERT INTO `fee_manual_collection` VALUES ('832020101039880152', '752020100836740393', '724-1-2404', '772020100835380396', 'rocky', '13691571710', '100.00', '7020181217000001', '2020-10-10 16:45:11', '1', '1010', null);
INSERT INTO `fee_manual_collection` VALUES ('832020101236750484', '752020101156860554', '2-1-202', '772020101122260550', '冯导', '13860446671', '120.00', '7020181217000001', '2020-10-12 20:17:13', '0', '1010', null);
INSERT INTO `fee_manual_collection` VALUES ('832020101816520214', '752020101628850018', '324-1-1', '772020101744190303', '张飞', '13864587556', '1.00', '7020181217000001', '2020-10-18 23:57:38', '0', '1010', null);
INSERT INTO `fee_manual_collection` VALUES ('832020101875080151', '752020091211910116', '1-1-1023', '772020100835380396', 'rocky', '13691571710', '94.56', '7020181217000001', '2020-10-18 08:42:00', '0', '1010', null);
INSERT INTO `fee_manual_collection` VALUES ('832020101972350336', '752020091229200112', '1-1-1013', '772020061743120002', '张三2', '18999999992', '94.56', '7020181217000001', '2020-10-19 09:07:15', '0', '1010', null);
INSERT INTO `fee_manual_collection` VALUES ('832020102071360524', '752020080500600202', '1689-1-1688', '772020053194100009', 'test001', '18909711443', '369.00', '7020181217000001', '2020-10-20 22:21:22', '0', '1010', null);
INSERT INTO `fee_manual_collection` VALUES ('832020110310531428', '752020091212520115', '1-1-1022', '772020101828680454', 'hai', '15880913670', '94.56', '7020181217000001', '2020-11-03 09:50:09', '0', '1010', null);
INSERT INTO `fee_manual_collection` VALUES ('832020110396541470', '752020101795600338', '1-1-1011', '772020101749830288', '林先生', '18999999999', '94.56', '7020181217000001', '2020-11-03 14:27:54', '0', '1010', null);
INSERT INTO `fee_manual_collection` VALUES ('832020111802050354', '752020111755670084', '6-12-123', '772020053194100009', 'test001', '18909711443', '213.00', '7020181217000001', '2020-11-18 06:19:35', '0', '1010', null);
INSERT INTO `fee_manual_collection` VALUES ('832020112352920063', '752020111751070112', '6-12-213', '772020111787090317', '张小三', '13666666666', '3213.00', '7020181217000001', '2020-11-23 15:13:16', '0', '1010', null);
INSERT INTO `fee_manual_collection` VALUES ('832020112461290342', '752020111765310263', '555-1-666', '772020111433810017', '李雷', '13844447777', '666.00', '7020181217000001', '2020-11-24 17:50:05', '0', '1010', null);
INSERT INTO `fee_manual_collection` VALUES ('832020112491690302', '752020111086820601', '7-2-112', '772020111032590812', '石头', '17764080621', '1111.00', '7020181217000001', '2020-11-24 16:02:44', '0', '1010', null);
INSERT INTO `fee_manual_collection` VALUES ('832020112611810011', '752020111765820053', '6-12-12321', '772020111826830756', '李小四', '13623451234', '2131.00', '7020181217000001', '2020-11-26 09:45:38', '0', '1010', null);
INSERT INTO `fee_manual_collection` VALUES ('832020112680370008', '752020080490760122', '14-14-5402', '772020091450320038', '张三', '13461674412', '1000.00', '7020181217000001', '2020-11-26 09:43:00', '0', '1010', null);
INSERT INTO `fee_manual_collection` VALUES ('832020120114180187', '752020092712150167', '11-1-1405', '772020092793160971', '张灿', '18909711234', '130.45', '7020181217000001', '2020-12-01 11:01:31', '0', '1010', null);
INSERT INTO `fee_manual_collection` VALUES ('832020120843690057', '752020120813566326', '22-22-203', '772020120804330434', '2龚舒女', '13960031111', '92.08', '7020181217000001', '2020-12-08 17:09:50', '0', '1010', null);
INSERT INTO `fee_manual_collection` VALUES ('832020121010840182', '752020111762940096', '6-12-213', '772020111787090317', '张小三', '13666666666', '213.00', '7020181217000001', '2020-12-10 18:06:01', '0', '1010', null);
INSERT INTO `fee_manual_collection` VALUES ('832020121522260013', '752020121443340432', '10-1001-1001007', '772020121488110445', '张张', '15801672409', '80.00', '2020120964250485', '2020-12-15 12:43:35', '0', '1010', null);
INSERT INTO `fee_manual_collection` VALUES ('832020121596680267', '752020121529840280', '1-1-1013', '772020121516080022', '张三2', '18999999992', '94.56', '2020120964250485', '2020-12-15 15:37:43', '1', '1010', null);
INSERT INTO `fee_manual_collection` VALUES ('832020121914170061', '752020121531190281', '1-1-1014', '772020121527670023', '张三3', '18999999993', '94.56', '2020120964250485', '2020-12-19 08:29:09', '0', '1010', null);
INSERT INTO `fee_manual_collection` VALUES ('832020122101470131', '752020121541220278', '1-1-1011', '772020121574440020', '吴学文', '18999999999', '94.56', '2020120964250485', '2020-12-21 08:25:37', '0', '1010', null);
INSERT INTO `fee_manual_collection` VALUES ('832020122423790275', '752020122290850087', '1-1-2111', '772020122251590078', 'asdf', '15500000000', '111.00', '2020121527920100', '2020-12-24 15:49:32', '0', '1010', null);
INSERT INTO `fee_manual_collection` VALUES ('832020122456910289', '752020122278250176', '4-2-001', '772020122287550154', '666', '14795465555', '23.00', '2020121527920100', '2020-12-24 17:20:22', '0', '1010', null);
INSERT INTO `fee_manual_collection` VALUES ('832020122573100307', '752020122561820209', '1-3-1-3-15', '772020122596270213', '東大哥', '18032107777', '122.26', '2020121556140043', '2020-12-25 14:40:26', '1', '1010', null);
INSERT INTO `fee_manual_collection` VALUES ('832020123105130061', '752020123161170925', '001-001-0011', '772020123031890726', '叁尚1', '13888888888', '110.00', '2020122577160366', '2020-12-31 16:51:20', '0', '1010', null);
INSERT INTO `fee_manual_collection` VALUES ('832020123131450053', '752020123076710735', '001-001-0001', '772020123103450079', '叁尚', '18888888888', '130.00', '2020122577160366', '2020-12-31 16:19:04', '1', '1010', null);
INSERT INTO `fee_manual_collection` VALUES ('832021011346960001', '752021011245060015', '9-1-1021', '772021011296110011', '周五', '18999999994', '94.56', '2020121527920100', '2021-01-13 13:42:05', '0', '1010', null);
INSERT INTO `fee_manual_collection` VALUES ('832021011387510004', '752021011291290014', '9-1-1014', '772021011240300010', '周四', '18999999993', '94.56', '2020121527920100', '2021-01-13 13:42:29', '0', '1010', null);
INSERT INTO `fee_manual_collection` VALUES ('832021011485990019', '752020122735190633', '3-1-1801', '772020122764670637', 'wxw', '13454543434', '123.00', '2020121792640104', '2021-01-14 14:05:55', '1', '1010', null);
INSERT INTO `fee_manual_collection` VALUES ('832021011750760018', '752020122766840715', '00001-6-501', '772020122764670637', 'wxw', '13454543434', '150.00', '2020121792640104', '2021-01-17 15:47:03', '0', '1010', null);
INSERT INTO `fee_manual_collection` VALUES ('832021012002600386', '752020122354870243', '6-1-101', '772020122327340246', '王王', '18888888888', '80.00', '2020121527920100', '2021-01-20 17:54:18', '1', '1010', null);
INSERT INTO `fee_manual_collection` VALUES ('832021012444420836', '752021010823180196', '1-1-2202', '772021010862520199', '张三', '13300003333', '100.00', '2020121527920100', '2021-01-24 20:18:55', '0', '1010', null);
INSERT INTO `fee_manual_collection` VALUES ('832021013045420019', '752020122354870243', '6-1-101', '772020122327340246', '王王', '18888888888', '80.00', '2020121527920100', '2021-01-30 21:27:14', '1', '1010', '测试托收');

-- ----------------------------
-- Table structure for fee_manual_collection_detail
-- ----------------------------
CREATE TABLE `fee_manual_collection_detail` (
  `detail_id` varchar(30) NOT NULL COMMENT '明细ID',
  `collection_id` varchar(30) NOT NULL COMMENT '托收ID',
  `fee_id` varchar(30) NOT NULL DEFAULT '-1' COMMENT '费用ID,-1自定义 和费用不关联',
  `fee_name` varchar(200) NOT NULL COMMENT '费用名称',
  `start_time` datetime NOT NULL COMMENT '托收开始时间',
  `end_time` datetime NOT NULL COMMENT '托收结束时间',
  `amount` decimal(9,2) NOT NULL COMMENT '托收金额',
  `state` varchar(12) NOT NULL DEFAULT '1010' COMMENT '1010 托收中，2020 已缴费 3030 作废',
  `community_id` varchar(30) NOT NULL COMMENT '小区ID',
  `create_time` timestamp NOT NULL DEFAULT CURRENT_TIMESTAMP COMMENT '创建时间',
  `status_cd` varchar(12) NOT NULL DEFAULT '0' COMMENT '数据状态',
  PRIMARY KEY (`detail_id`)
) ENGINE=InnoDB DEFAULT CHARSET=utf8;

-- ----------------------------
-- Records of fee_manual_collection_detail
-- ----------------------------
INSERT INTO `fee_manual_collection_detail` VALUES ('912020092421570004', '832020092467850003', '902020092012690085', '预付款项目1', '2020-09-20 18:40:50', '2021-02-28 08:20:13', '100.00', '1010', '7020181217000001', '2020-09-24 18:07:58', '0');
INSERT INTO `fee_manual_collection_detail` VALUES ('912020092432880002', '832020092463020001', '902020092066850084', '预付款项目1', '2020-09-20 18:40:50', '2021-02-28 08:20:13', '100.00', '1010', '7020181217000001', '2020-09-24 16:17:17', '1');
INSERT INTO `fee_manual_collection_detail` VALUES ('912020092482070002', '832020092463020001', '902020092066850084', '预付款项目1', '2020-09-20 18:40:50', '2021-02-28 08:20:13', '100.00', '1010', '7020181217000001', '2020-09-24 18:01:27', '1');
INSERT INTO `fee_manual_collection_detail` VALUES ('912020092587910004', '832020092526560003', '902020092066850084', '预付款项目1', '2020-09-20 18:40:50', '2021-02-28 08:20:13', '100.00', '1010', '7020181217000001', '2020-09-25 10:00:04', '0');
INSERT INTO `fee_manual_collection_detail` VALUES ('912020092943680139', '832020092949010138', '902020092878250015', '物业测试', '2015-03-07 11:25:17', '2021-02-03 11:25:17', '10692.00', '1010', '7020181217000001', '2020-09-29 16:53:59', '0');
INSERT INTO `fee_manual_collection_detail` VALUES ('912020092962360105', '832020092933050104', '902020092879390014', '物业测试', '2020-09-28 11:30:58', '2021-02-03 11:25:17', '15012.00', '1010', '7020181217000001', '2020-09-29 11:47:32', '0');
INSERT INTO `fee_manual_collection_detail` VALUES ('912020100428850045', '832020100438020044', '902020090436110593', 'TEST', '2020-10-04 01:51:02', '2020-11-04 10:51:02', '9999.00', '1010', '7020181217000001', '2020-10-04 09:26:57', '0');
INSERT INTO `fee_manual_collection_detail` VALUES ('912020100801230148', '832020100438020044', '902020100627860053', '预付款项目1', '2020-10-06 20:02:57', '2021-02-28 08:20:13', '100.00', '1010', '7020181217000001', '2020-10-08 14:38:42', '0');
INSERT INTO `fee_manual_collection_detail` VALUES ('912020100805240150', '832020100438020044', '902020090681290041', '周期预付', '2020-10-06 21:57:49', '2020-11-06 21:57:49', '10.00', '1010', '7020181217000001', '2020-10-08 14:38:42', '0');
INSERT INTO `fee_manual_collection_detail` VALUES ('912020100817720149', '832020100438020044', '902020090656320040', '周期预付', '2020-10-06 22:52:02', '2020-11-06 22:52:02', '10.00', '1010', '7020181217000001', '2020-10-08 14:38:42', '0');
INSERT INTO `fee_manual_collection_detail` VALUES ('912020100819950147', '832020100438020044', '902020100772240093', '1室1厅以下', '2020-10-07 14:29:30', '2021-10-07 14:29:30', '108.00', '1010', '7020181217000001', '2020-10-08 14:38:42', '0');
INSERT INTO `fee_manual_collection_detail` VALUES ('912020100846470146', '832020100438020044', '902020100875720133', '2222222', '2020-11-08 09:53:01', '2020-11-30 23:55:01', '15696.00', '1010', '7020181217000001', '2020-10-08 14:38:42', '0');
INSERT INTO `fee_manual_collection_detail` VALUES ('912020100855130151', '832020100438020044', '902020090674040191', '周期预付', '2020-10-06 09:01:39', '2020-11-06 09:01:39', '10.00', '1010', '7020181217000001', '2020-10-08 14:38:42', '0');
INSERT INTO `fee_manual_collection_detail` VALUES ('912020100909380089', '832020100438020044', '902020100964410076', '预付款项目1', '2020-10-09 18:51:14', '2021-02-28 08:20:13', '100.00', '1010', '7020181217000001', '2020-10-09 19:05:41', '0');
INSERT INTO `fee_manual_collection_detail` VALUES ('912020100934570073', '832020100923230070', '902020100670160064', '预付款项目1', '2020-10-06 20:02:57', '2021-02-28 08:20:13', '100.00', '1010', '7020181217000001', '2020-10-09 17:57:01', '0');
INSERT INTO `fee_manual_collection_detail` VALUES ('912020100985500071', '832020100923230070', '902020100811160144', '2222222', '2020-10-08 09:53:01', '2020-11-30 23:55:01', '19568.16', '1010', '7020181217000001', '2020-10-09 17:57:01', '0');
INSERT INTO `fee_manual_collection_detail` VALUES ('912020100996240072', '832020100923230070', '902020100795710104', '1室1厅以下', '2020-10-07 14:29:30', '2021-10-07 14:29:30', '108.00', '1010', '7020181217000001', '2020-10-09 17:57:01', '0');
INSERT INTO `fee_manual_collection_detail` VALUES ('912020101012540153', '832020101039880152', '902020100924480088', '预付款项目1', '2020-10-09 18:51:14', '2021-02-28 08:20:13', '100.00', '1010', '7020181217000001', '2020-10-10 16:45:11', '1');
INSERT INTO `fee_manual_collection_detail` VALUES ('912020101012980145', '832020092526560003', '902020100680370059', '预付款项目1', '2020-10-06 20:02:57', '2021-02-28 08:20:13', '100.00', '1010', '7020181217000001', '2020-10-10 14:10:40', '0');
INSERT INTO `fee_manual_collection_detail` VALUES ('912020101026440144', '832020092526560003', '902020100705670099', '1室1厅以下', '2020-10-07 14:29:30', '2021-10-07 14:29:30', '108.00', '1010', '7020181217000001', '2020-10-10 14:10:40', '0');
INSERT INTO `fee_manual_collection_detail` VALUES ('912020101053820142', '832020092526560003', '902020100950970063', '2222222', '2020-10-09 17:52:37', '2020-11-30 23:55:01', '15696.00', '1010', '7020181217000001', '2020-10-10 14:10:40', '0');
INSERT INTO `fee_manual_collection_detail` VALUES ('912020101056820154', '832020101039880152', '902020100964410069', '2222222', '2020-10-09 17:52:37', '2020-11-30 23:55:01', '14544.00', '1010', '7020181217000001', '2020-10-10 16:45:11', '1');
INSERT INTO `fee_manual_collection_detail` VALUES ('912020101061500143', '832020092526560003', '902020100871740139', '2222222', '2020-10-08 09:53:01', '2020-11-30 23:55:01', '15696.00', '1010', '7020181217000001', '2020-10-10 14:10:40', '0');
INSERT INTO `fee_manual_collection_detail` VALUES ('912020101076400141', '832020092526560003', '902020100973840082', '预付款项目1', '2020-10-09 18:51:14', '2021-02-28 08:20:13', '100.00', '1010', '7020181217000001', '2020-10-10 14:10:40', '0');
INSERT INTO `fee_manual_collection_detail` VALUES ('912020101132550281', '832020100438020044', '902020101069380168', '2222222', '2020-10-10 17:42:10', '2020-11-30 23:55:01', '15696.00', '1010', '7020181217000001', '2020-10-11 10:35:27', '0');
INSERT INTO `fee_manual_collection_detail` VALUES ('912020101199820282', '832020100438020044', '902020101025990155', '2222222', '2020-10-10 17:42:02', '2020-11-30 23:55:01', '15696.00', '1010', '7020181217000001', '2020-10-11 10:35:27', '0');
INSERT INTO `fee_manual_collection_detail` VALUES ('912020101213320378', '832020100438020044', '902020101213090345', 'TEST', '2020-10-12 15:03:47', '2020-11-12 15:03:47', '9999.00', '1010', '7020181217000001', '2020-10-12 15:15:12', '0');
INSERT INTO `fee_manual_collection_detail` VALUES ('912020101233830431', '832020100438020044', '902020101201440390', '预付款项目1', '2020-10-12 16:53:38', '2021-02-28 08:20:13', '100.00', '1010', '7020181217000001', '2020-10-12 17:30:24', '0');
INSERT INTO `fee_manual_collection_detail` VALUES ('912020101260830311', '832020100438020044', '902020101159630291', '2222222', '2020-10-11 21:01:49', '2020-11-30 23:55:01', '15696.00', '1010', '7020181217000001', '2020-10-12 13:33:46', '0');
INSERT INTO `fee_manual_collection_detail` VALUES ('912020101268350485', '832020101236750484', '902020101244220357', 'TEST', '2020-10-12 15:03:47', '2020-11-12 15:03:47', '9999.00', '1010', '7020181217000001', '2020-10-12 20:17:13', '0');
INSERT INTO `fee_manual_collection_detail` VALUES ('912020101323320017', '832020100438020044', '902020101267140313', '2222222', '2020-10-12 13:51:29', '2020-11-30 23:55:01', '15696.00', '1010', '7020181217000001', '2020-10-13 14:25:22', '0');
INSERT INTO `fee_manual_collection_detail` VALUES ('912020101337750031', '832020101236750484', '902020101211570325', '2222222', '2020-10-12 13:51:29', '2020-11-30 23:55:01', '17424.00', '1010', '7020181217000001', '2020-10-13 14:25:44', '0');
INSERT INTO `fee_manual_collection_detail` VALUES ('912020101344340019', '832020101236750484', '902020101211570325', '2222222', '2020-10-12 13:51:29', '2020-11-30 23:55:01', '17424.00', '1010', '7020181217000001', '2020-10-13 14:25:28', '1');
INSERT INTO `fee_manual_collection_detail` VALUES ('912020101355800015', '832020100438020044', '902020101366770001', 'test押金', '2017-01-01 00:00:00', '2020-10-09 17:33:45', '1000.00', '1010', '7020181217000001', '2020-10-13 14:25:22', '0');
INSERT INTO `fee_manual_collection_detail` VALUES ('912020101378730027', '832020101236750484', '902020101211570325', '2222222', '2020-10-12 13:51:29', '2020-11-30 23:55:01', '17424.00', '1010', '7020181217000001', '2020-10-13 14:25:38', '1');
INSERT INTO `fee_manual_collection_detail` VALUES ('912020101455170031', '832020100438020044', '902020101493640018', '取暖费', '2020-10-14 15:02:40', '2021-04-01 15:50:00', '8400.00', '1010', '7020181217000001', '2020-10-14 15:15:08', '0');
INSERT INTO `fee_manual_collection_detail` VALUES ('912020101489020032', '832020100438020044', '902020101416380006', '1室1厅以下', '2020-10-14 15:00:40', '2021-10-14 15:00:40', '108.00', '1010', '7020181217000001', '2020-10-14 15:15:08', '0');
INSERT INTO `fee_manual_collection_detail` VALUES ('912020101816770152', '832020101875080151', '902020101456610194', '水费代收', '2020-10-14 11:20:28', '2033-09-01 19:00:16', '130.00', '1010', '7020181217000001', '2020-10-18 08:42:00', '0');
INSERT INTO `fee_manual_collection_detail` VALUES ('912020101844010216', '832020101816520214', '902020101811880147', '2222222', '2020-10-18 08:40:18', '2020-11-30 23:55:01', '288.00', '1010', '7020181217000001', '2020-10-18 23:57:38', '0');
INSERT INTO `fee_manual_collection_detail` VALUES ('912020101892150215', '832020101816520214', '902020101886660182', '1室1厅以下', '2020-10-18 23:15:26', '2021-10-18 23:15:26', '108.00', '1010', '7020181217000001', '2020-10-18 23:57:38', '0');
INSERT INTO `fee_manual_collection_detail` VALUES ('912020101903800341', '832020101972350336', '902020101403720020', '取暖费', '2020-10-14 15:02:40', '2021-04-01 15:50:00', '8400.00', '1010', '7020181217000001', '2020-10-19 09:07:15', '0');
INSERT INTO `fee_manual_collection_detail` VALUES ('912020101918070348', '832020101875080151', '902020101945890221', '取暖费', '2020-10-19 00:39:33', '2021-04-01 15:50:00', '8145.00', '1010', '7020181217000001', '2020-10-19 13:00:10', '0');
INSERT INTO `fee_manual_collection_detail` VALUES ('912020101931270339', '832020101972350336', '902020101848010137', '2222222', '2020-10-18 08:40:18', '2020-11-30 23:55:01', '13760.64', '1010', '7020181217000001', '2020-10-19 09:07:15', '0');
INSERT INTO `fee_manual_collection_detail` VALUES ('912020101932450342', '832020101972350336', '902020101493770008', '1室1厅以下', '2020-10-14 15:00:40', '2021-10-14 15:00:40', '108.00', '1010', '7020181217000001', '2020-10-19 09:07:15', '0');
INSERT INTO `fee_manual_collection_detail` VALUES ('912020101947590337', '832020101972350336', '902020101914730222', '取暖费', '2020-10-19 00:39:33', '2021-04-01 15:50:00', '8145.00', '1010', '7020181217000001', '2020-10-19 09:07:15', '0');
INSERT INTO `fee_manual_collection_detail` VALUES ('912020101948610349', '832020101875080151', '902020101867380171', '1室1厅以下', '2020-10-18 23:15:26', '2021-10-18 23:15:26', '108.00', '1010', '7020181217000001', '2020-10-19 13:00:10', '0');
INSERT INTO `fee_manual_collection_detail` VALUES ('912020101961650217', '832020100438020044', '902020101817970170', '1室1厅以下', '2020-10-18 23:15:26', '2021-10-18 23:15:26', '108.00', '1010', '7020181217000001', '2020-10-19 00:16:03', '0');
INSERT INTO `fee_manual_collection_detail` VALUES ('912020101968400340', '832020101972350336', '902020101582680068', '1室1厅以下', '2020-10-15 20:13:01', '2021-10-15 20:13:01', '108.00', '1010', '7020181217000001', '2020-10-19 09:07:15', '0');
INSERT INTO `fee_manual_collection_detail` VALUES ('912020101983660338', '832020101972350336', '902020101880150172', '1室1厅以下', '2020-10-18 23:15:26', '2021-10-18 23:15:26', '108.00', '1010', '7020181217000001', '2020-10-19 09:07:15', '0');
INSERT INTO `fee_manual_collection_detail` VALUES ('912020101992630350', '832020101875080151', '902020101832420136', '2222222', '2020-10-18 08:40:18', '2020-11-30 23:55:01', '13760.64', '1010', '7020181217000001', '2020-10-19 13:00:10', '0');
INSERT INTO `fee_manual_collection_detail` VALUES ('912020102058560525', '832020102071360524', '902020102074200521', '预付款项目1', '2020-10-20 22:20:11', '2021-02-28 08:20:13', '100.00', '1010', '7020181217000001', '2020-10-20 22:21:22', '0');
INSERT INTO `fee_manual_collection_detail` VALUES ('912020110213171091', '832020100438020044', '902020110239101073', '预付款项目1', '2020-11-02 15:31:21', '2021-02-28 08:20:13', '100.00', '1010', '7020181217000001', '2020-11-02 15:35:25', '0');
INSERT INTO `fee_manual_collection_detail` VALUES ('912020110309121431', '832020110310531428', '902020110214251075', '预付款项目1', '2020-11-02 15:31:21', '2021-02-28 08:20:13', '100.00', '1010', '7020181217000001', '2020-11-03 09:50:54', '0');
INSERT INTO `fee_manual_collection_detail` VALUES ('912020110313461472', '832020110396541470', '902020101935640234', '取暖费', '2020-10-19 00:39:33', '2021-04-01 15:50:00', '8145.00', '1010', '7020181217000001', '2020-11-03 14:27:54', '0');
INSERT INTO `fee_manual_collection_detail` VALUES ('912020110329351442', '832020101816520214', '902020110247611086', '预付款项目1', '2020-11-02 15:31:21', '2021-02-28 08:20:13', '100.00', '1010', '7020181217000001', '2020-11-03 11:04:13', '0');
INSERT INTO `fee_manual_collection_detail` VALUES ('912020110334661473', '832020110396541470', '902020101813500184', '1室1厅以下', '2020-10-18 23:15:26', '2021-10-18 23:15:26', '108.00', '1010', '7020181217000001', '2020-11-03 14:27:54', '0');
INSERT INTO `fee_manual_collection_detail` VALUES ('912020110338181471', '832020110396541470', '902020110287651087', '预付款项目1', '2020-11-02 15:31:21', '2021-02-28 08:20:13', '100.00', '1010', '7020181217000001', '2020-11-03 14:27:54', '0');
INSERT INTO `fee_manual_collection_detail` VALUES ('912020110343031429', '832020110310531428', '902020110214251075', '预付款项目1', '2020-11-02 15:31:21', '2021-02-28 08:20:13', '100.00', '1010', '7020181217000001', '2020-11-03 09:50:09', '1');
INSERT INTO `fee_manual_collection_detail` VALUES ('912020110406651914', '832020092467850003', '902020110250581079', '预付款项目1', '2020-11-02 15:31:21', '2021-02-28 08:20:13', '100.00', '1010', '7020181217000001', '2020-11-04 16:49:27', '0');
INSERT INTO `fee_manual_collection_detail` VALUES ('912020110422452043', '832020100438020044', '902020110401002042', 'TEST', '2020-11-04 21:58:34', '2020-12-04 21:58:34', '9999.00', '1010', '7020181217000001', '2020-11-04 21:59:00', '0');
INSERT INTO `fee_manual_collection_detail` VALUES ('912020110910840004', '832020101972350336', '902020110280401076', '预付款项目1', '2020-11-02 15:31:21', '2021-02-28 08:20:13', '100.00', '1010', '7020181217000001', '2020-11-09 11:27:54', '0');
INSERT INTO `fee_manual_collection_detail` VALUES ('912020111336760232', '832020092526560003', '902020110268621078', '预付款项目1', '2020-11-02 15:31:21', '2021-02-28 08:20:13', '100.00', '1010', '7020181217000001', '2020-11-13 17:31:04', '0');
INSERT INTO `fee_manual_collection_detail` VALUES ('912020111385470233', '832020092526560003', '902020101285120351', 'TEST', '2020-11-12 15:03:47', '2020-12-12 15:03:47', '9999.00', '1010', '7020181217000001', '2020-11-13 17:31:04', '0');
INSERT INTO `fee_manual_collection_detail` VALUES ('912020111483170537', '832020092467850003', '902020101283790352', 'TEST', '2020-11-12 15:03:47', '2020-12-12 15:03:47', '9999.00', '1010', '7020181217000001', '2020-11-14 09:44:01', '1');
INSERT INTO `fee_manual_collection_detail` VALUES ('912020111630420018', '832020101875080151', '902020101567000067', '1室1厅以下', '2020-11-15 20:13:01', '2021-10-15 20:13:01', '99.00', '1010', '7020181217000001', '2020-11-16 10:57:12', '0');
INSERT INTO `fee_manual_collection_detail` VALUES ('912020111774800279', '832020110396541470', '902020111702810136', '预付款项目1', '2020-11-17 14:57:49', '2021-02-28 08:20:13', '100.00', '1010', '7020181217000001', '2020-11-17 18:01:01', '0');
INSERT INTO `fee_manual_collection_detail` VALUES ('912020111886300355', '832020111802050354', '902020111776170143', '预付款项目1', '2020-11-17 14:57:49', '2021-02-28 08:20:13', '100.00', '1010', '7020181217000001', '2020-11-18 06:19:35', '0');
INSERT INTO `fee_manual_collection_detail` VALUES ('912020112397210064', '832020112352920063', '902020112340040038', '预付款项目1', '2020-11-23 11:15:37', '2021-02-28 08:20:13', '100.00', '1010', '7020181217000001', '2020-11-23 15:13:16', '0');
INSERT INTO `fee_manual_collection_detail` VALUES ('912020112419980343', '832020112461290342', '902020112355730041', '预付款项目1', '2020-11-23 11:15:37', '2021-02-28 08:20:13', '100.00', '1010', '7020181217000001', '2020-11-24 17:50:05', '1');
INSERT INTO `fee_manual_collection_detail` VALUES ('912020112427380303', '832020112491690302', '902020112390790036', '预付款项目1', '2020-11-23 11:15:37', '2021-02-28 08:20:13', '100.00', '1010', '7020181217000001', '2020-11-24 16:02:44', '0');
INSERT INTO `fee_manual_collection_detail` VALUES ('912020112471770304', '832020112491690302', '902020111761920140', '预付款项目1', '2020-11-17 14:57:49', '2021-02-28 08:20:13', '100.00', '1010', '7020181217000001', '2020-11-24 16:02:44', '0');
INSERT INTO `fee_manual_collection_detail` VALUES ('912020112635730012', '832020112611810011', '902020112366290042', '预付款项目1', '2020-11-23 11:15:37', '2021-02-28 08:20:13', '100.00', '1010', '7020181217000001', '2020-11-26 09:45:38', '0');
INSERT INTO `fee_manual_collection_detail` VALUES ('912020112639210009', '832020112680370008', '902020112303820046', '预付款项目1', '2020-11-23 11:15:37', '2021-02-28 08:20:13', '100.00', '1010', '7020181217000001', '2020-11-26 09:43:01', '1');
INSERT INTO `fee_manual_collection_detail` VALUES ('912020112657840010', '832020112680370008', '902020101258990358', 'TEST', '2020-10-12 15:03:47', '2020-12-12 15:03:47', '19998.00', '1010', '7020181217000001', '2020-11-26 09:43:01', '0');
INSERT INTO `fee_manual_collection_detail` VALUES ('912020112842330323', '832020100438020044', '902020092851970004', '物业测试', '2020-11-28 11:30:58', '2021-02-03 11:25:17', '12972.00', '1010', '7020181217000001', '2020-11-28 13:54:23', '0');
INSERT INTO `fee_manual_collection_detail` VALUES ('912020120152250188', '832020120114180187', '902020101218900355', 'TEST', '2020-11-12 15:03:47', '2021-01-12 15:03:47', '19998.00', '1010', '7020181217000001', '2020-12-01 11:01:31', '0');
INSERT INTO `fee_manual_collection_detail` VALUES ('912020120189240185', '832020100438020044', '902020113069490175', 'TEST', '2020-09-01 00:00:04', '2021-01-01 00:00:04', '39996.00', '1010', '7020181217000001', '2020-12-01 10:59:35', '0');
INSERT INTO `fee_manual_collection_detail` VALUES ('912020120822480060', '832020092467850003', '902020101283790352', 'TEST', '2020-11-12 15:03:47', '2020-12-12 15:03:47', '9999.00', '1010', '7020181217000001', '2020-12-08 17:10:10', '0');
INSERT INTO `fee_manual_collection_detail` VALUES ('912020120852480059', '832020092467850003', '902020120559360485', '取暖费', '2020-12-05 14:15:49', '2021-04-01 15:50:00', '5805.00', '1010', '7020181217000001', '2020-12-08 17:10:10', '0');
INSERT INTO `fee_manual_collection_detail` VALUES ('912020120859510143', '832020120114180187', '902020120543830488', '取暖费', '2020-12-05 14:15:49', '2021-04-01 15:50:00', '5805.00', '1010', '7020181217000001', '2020-12-08 20:25:50', '0');
INSERT INTO `fee_manual_collection_detail` VALUES ('912020120873530058', '832020120843690057', '902020120846990154', '高层物业费', '2019-06-30 00:00:00', '2020-02-29 23:55:24', '917.51', '1010', '7020181217000001', '2020-12-08 17:09:50', '1');
INSERT INTO `fee_manual_collection_detail` VALUES ('912020120952821188', '832020100438020044', '902020120686550605', '取暖费', '2020-12-09 15:45:03', '2021-04-01 15:50:00', '5610.00', '1010', '7020181217000001', '2020-12-09 17:43:55', '0');
INSERT INTO `fee_manual_collection_detail` VALUES ('912020121052530183', '832020121010840182', '902020120580120497', '取暖费', '2020-12-05 14:15:49', '2021-04-01 15:50:00', '5805.00', '1010', '7020181217000001', '2020-12-10 18:06:01', '1');
INSERT INTO `fee_manual_collection_detail` VALUES ('912020121504360016', '832020121522260013', '902020121539020002', '电梯公摊费', '2020-11-01 00:00:35', '2020-12-01 00:00:35', '48.00', '1010', '2020120964250485', '2020-12-15 12:43:36', '0');
INSERT INTO `fee_manual_collection_detail` VALUES ('912020121511560017', '832020121522260013', '902020121573800010', '装修押金', '2020-11-01 00:00:15', '2021-01-01 00:00:50', '2000.00', '1010', '2020120964250485', '2020-12-15 12:43:36', '0');
INSERT INTO `fee_manual_collection_detail` VALUES ('912020121513670015', '832020121522260013', '902020121519470011', 'HN物业费', '2020-10-01 00:00:07', '2021-01-01 00:00:07', '384.00', '1010', '2020120964250485', '2020-12-15 12:43:36', '0');
INSERT INTO `fee_manual_collection_detail` VALUES ('912020121525150018', '832020121522260013', '902020121558380003', '公摊费', '2020-11-01 00:00:47', '2020-12-01 00:00:47', '24.00', '1010', '2020120964250485', '2020-12-15 12:43:36', '0');
INSERT INTO `fee_manual_collection_detail` VALUES ('912020121534030268', '832020121596680267', '902020121503970059', '电梯公摊', '2020-10-01 00:00:35', '2020-12-18 23:27:17', '5673.60', '1010', '2020120964250485', '2020-12-15 15:37:43', '1');
INSERT INTO `fee_manual_collection_detail` VALUES ('912020121554630266', '832020121522260013', '902020121572460035', '水费', '2020-12-15 15:18:33', '2021-12-01 00:00:35', '100.00', '1010', '2020120964250485', '2020-12-15 15:37:18', '0');
INSERT INTO `fee_manual_collection_detail` VALUES ('912020121559650019', '832020121522260013', '902020121549060105', '物业费用', '2019-01-01 00:00:06', '2021-01-01 00:00:06', '19200.00', '1010', '2020120964250485', '2020-12-15 12:43:36', '0');
INSERT INTO `fee_manual_collection_detail` VALUES ('912020121569650265', '832020121522260013', '902020121528370053', '电梯公摊', '2020-10-01 00:00:35', '2020-12-16 10:58:50', '24.00', '1010', '2020120964250485', '2020-12-15 15:37:18', '0');
INSERT INTO `fee_manual_collection_detail` VALUES ('912020121599960014', '832020121522260013', '902020121510810012', 'HN物业费', '2020-12-14 12:45:26', '2021-01-14 12:45:26', '128.00', '1010', '2020120964250485', '2020-12-15 12:43:36', '0');
INSERT INTO `fee_manual_collection_detail` VALUES ('912020121612540002', '832020121522260013', '902020121597990284', 'mq____-111111', '2020-12-15 16:07:12', '2051-03-02 02:10:40', '1024.00', '1010', '2020120964250485', '2020-12-16 10:58:51', '0');
INSERT INTO `fee_manual_collection_detail` VALUES ('912020121620010001', '832020121522260013', '902020121501900002', '公共区域公摊电费', '2020-11-01 00:00:57', '2020-12-16 10:58:50', '240.00', '1010', '2020120964250485', '2020-12-16 10:58:51', '0');
INSERT INTO `fee_manual_collection_detail` VALUES ('912020121623610003', '832020121522260013', '902020121522750272', '测试物业费v1', '2020-12-15 15:40:57', '2021-12-15 15:40:57', '2880.00', '1010', '2020120964250485', '2020-12-16 10:58:51', '0');
INSERT INTO `fee_manual_collection_detail` VALUES ('912020121843570059', '832020121596680267', '902020121534190273', '测试物业费v1', '2020-12-15 15:40:57', '2021-12-15 15:40:57', '3404.16', '1010', '2020120964250485', '2020-12-18 23:27:17', '1');
INSERT INTO `fee_manual_collection_detail` VALUES ('912020121882140058', '832020121596680267', '902020121544630285', 'mq____-111111', '2020-12-15 16:07:12', '2051-03-02 02:10:40', '1024.00', '1010', '2020120964250485', '2020-12-18 23:27:17', '1');
INSERT INTO `fee_manual_collection_detail` VALUES ('912020121898110057', '832020121596680267', '902020121558070008', '公共区域公摊电费', '2020-11-01 00:00:57', '2020-12-18 23:27:17', '56736.00', '1010', '2020120964250485', '2020-12-18 23:27:17', '1');
INSERT INTO `fee_manual_collection_detail` VALUES ('912020121902400065', '832020121914170061', '902020121534870065', '电梯公摊', '2020-10-01 00:00:35', '2020-12-19 13:58:01', '5673.60', '1010', '2020120964250485', '2020-12-19 08:29:09', '1');
INSERT INTO `fee_manual_collection_detail` VALUES ('912020121920630062', '832020121914170061', '902020121547650014', '公共区域公摊电费', '2020-11-01 00:00:57', '2020-12-19 13:58:01', '56736.00', '1010', '2020120964250485', '2020-12-19 08:29:09', '1');
INSERT INTO `fee_manual_collection_detail` VALUES ('912020121922080064', '832020121914170061', '902020121578610274', '测试物业费v1', '2020-12-15 15:40:57', '2021-12-15 15:40:57', '3404.16', '1010', '2020120964250485', '2020-12-19 08:29:09', '0');
INSERT INTO `fee_manual_collection_detail` VALUES ('912020121924290089', '832020121914170061', '902020121560230286', 'mq____-111111', '2020-12-15 16:07:12', '2051-03-02 02:10:40', '1024.00', '1010', '2020120964250485', '2020-12-19 15:28:58', '0');
INSERT INTO `fee_manual_collection_detail` VALUES ('912020121946430088', '832020121914170061', '902020121547650014', '公共区域公摊电费', '2020-11-01 00:00:57', '2020-12-20 21:53:31', '56736.00', '1010', '2020120964250485', '2020-12-19 15:28:58', '0');
INSERT INTO `fee_manual_collection_detail` VALUES ('912020121950230063', '832020121914170061', '902020121560230286', 'mq____-111111', '2020-12-15 16:07:12', '2051-03-02 02:10:40', '1024.00', '1010', '2020120964250485', '2020-12-19 08:29:09', '1');
INSERT INTO `fee_manual_collection_detail` VALUES ('912020121997230091', '832020121914170061', '902020121534870065', '电梯公摊', '2020-10-01 00:00:35', '2020-12-20 21:53:31', '5673.60', '1010', '2020120964250485', '2020-12-19 15:28:58', '0');
INSERT INTO `fee_manual_collection_detail` VALUES ('912020122100380146', '832020110310531428', '902020121586110091', 'TT物业费', '2020-12-15 15:30:46', '2021-01-15 15:30:46', '151.30', '1010', '7020181217000001', '2020-12-21 11:25:49', '0');
INSERT INTO `fee_manual_collection_detail` VALUES ('912020122107020149', '832020110310531428', '902020112035360805', '小区物业费1', '2020-11-20 18:12:05', '2021-11-20 18:12:05', '11359.20', '1010', '7020181217000001', '2020-12-21 11:25:49', '0');
INSERT INTO `fee_manual_collection_detail` VALUES ('912020122107720154', '832020110310531428', '902020110206971203', '小寒物业费', '2020-11-02 16:37:36', '2020-11-18 15:50:08', '285.68', '1010', '7020181217000001', '2020-12-21 11:25:49', '0');
INSERT INTO `fee_manual_collection_detail` VALUES ('912020122111690139', '832020100438020044', '902020120942120224', '固定车位AAAAAA', '2020-12-09 01:04:24', '2021-01-09 01:04:24', '80.00', '1010', '7020181217000001', '2020-12-21 11:08:07', '0');
INSERT INTO `fee_manual_collection_detail` VALUES ('912020122116370133', '832020122101470131', '902020121589340287', 'mq____-111111', '2020-12-15 16:07:12', '2051-03-02 02:10:40', '1024.00', '1010', '2020120964250485', '2020-12-21 08:25:37', '0');
INSERT INTO `fee_manual_collection_detail` VALUES ('912020122123450135', '832020122101470131', '902020121554810071', '电梯公摊', '2020-10-01 00:00:35', '2020-12-21 14:58:12', '5673.60', '1010', '2020120964250485', '2020-12-21 08:25:37', '0');
INSERT INTO `fee_manual_collection_detail` VALUES ('912020122127470145', '832020110310531428', '902020121737630427', 'TT物业费', '2020-12-17 11:46:10', '2021-01-17 11:46:10', '151.30', '1010', '7020181217000001', '2020-12-21 11:25:49', '0');
INSERT INTO `fee_manual_collection_detail` VALUES ('912020122140060148', '832020110310531428', '902020113061950031', '服务测试01', '2020-11-30 08:59:42', '2021-05-31 17:10:11', '1.00', '1010', '7020181217000001', '2020-12-21 11:25:49', '0');
INSERT INTO `fee_manual_collection_detail` VALUES ('912020122143880138', '832020100438020044', '902020121772700425', 'TT物业费', '2020-12-17 11:46:10', '2021-01-17 11:46:10', '172.80', '1010', '7020181217000001', '2020-12-21 11:08:07', '0');
INSERT INTO `fee_manual_collection_detail` VALUES ('912020122144390155', '832020110310531428', '902020102631170331', '周期预付', '2020-10-26 19:24:59', '2020-11-12 17:40:22', '10.00', '1010', '7020181217000001', '2020-12-21 11:25:49', '0');
INSERT INTO `fee_manual_collection_detail` VALUES ('912020122157670140', '832020100438020044', '902020120595000535', '服务测试01', '2020-12-05 15:14:32', '2021-05-31 17:10:11', '1.00', '1010', '7020181217000001', '2020-12-21 11:08:07', '0');
INSERT INTO `fee_manual_collection_detail` VALUES ('912020122160500141', '832020100438020044', '902020112340630003', '固定车位AAAAAA', '2020-11-23 08:50:55', '2021-01-23 08:50:55', '80.00', '1010', '7020181217000001', '2020-12-21 11:08:07', '0');
INSERT INTO `fee_manual_collection_detail` VALUES ('912020122161660150', '832020110310531428', '902020112028340779', '小区物业费1', '2020-11-20 18:05:51', '2021-11-20 18:05:51', '11359.20', '1010', '7020181217000001', '2020-12-21 11:25:49', '0');
INSERT INTO `fee_manual_collection_detail` VALUES ('912020122174330132', '832020122101470131', '902020121513690020', '公共区域公摊电费', '2020-11-01 00:00:57', '2020-12-21 14:58:12', '56736.00', '1010', '2020120964250485', '2020-12-21 08:25:37', '0');
INSERT INTO `fee_manual_collection_detail` VALUES ('912020122177920147', '832020110310531428', '902020120202754340', '物业测试', '2020-12-02 15:18:23', '2021-02-03 11:25:17', '11359.20', '1010', '7020181217000001', '2020-12-21 11:25:49', '0');
INSERT INTO `fee_manual_collection_detail` VALUES ('912020122180660153', '832020110310531428', '902020110275111277', '小寒物业费', '2020-11-02 17:25:00', '2020-11-18 15:50:08', '285.68', '1010', '7020181217000001', '2020-12-21 11:25:49', '0');
INSERT INTO `fee_manual_collection_detail` VALUES ('912020122181010152', '832020110310531428', '902020112002260727', '小区物业费1', '2020-11-20 18:03:09', '2021-11-20 18:03:09', '11359.20', '1010', '7020181217000001', '2020-12-21 11:25:49', '0');
INSERT INTO `fee_manual_collection_detail` VALUES ('912020122192320151', '832020110310531428', '902020112009210752', '小区物业费1', '2020-11-20 18:05:01', '2021-11-20 18:05:01', '11359.20', '1010', '7020181217000001', '2020-12-21 11:25:49', '0');
INSERT INTO `fee_manual_collection_detail` VALUES ('912020122197300134', '832020122101470131', '902020121532330275', '测试物业费v1', '2020-12-15 15:40:57', '2021-12-15 15:40:57', '3404.16', '1010', '2020120964250485', '2020-12-21 08:25:37', '0');
INSERT INTO `fee_manual_collection_detail` VALUES ('912020122442100293', '832020122456910289', '902020122431170291', '物业费2021', '2020-12-01 01:10:21', '2021-01-01 01:10:21', '23.00', '1010', '2020121527920100', '2020-12-24 17:45:11', '0');
INSERT INTO `fee_manual_collection_detail` VALUES ('912020122459190276', '832020122423790275', '902020122486560261', '物业费2021', '2020-12-15 14:35:00', '2021-01-15 14:35:00', '111.00', '1010', '2020121527920100', '2020-12-24 15:49:32', '1');
INSERT INTO `fee_manual_collection_detail` VALUES ('912020122465160290', '832020122456910289', '902020122487320260', '物业费2021', '2020-12-24 14:24:15', '2021-01-24 14:24:15', '23.00', '1010', '2020121527920100', '2020-12-24 17:20:22', '1');
INSERT INTO `fee_manual_collection_detail` VALUES ('912020122495460277', '832020122423790275', '902020122486560261', '物业费2021', '2020-12-15 14:35:00', '2021-01-15 14:35:00', '111.00', '1010', '2020121527920100', '2020-12-24 15:50:06', '0');
INSERT INTO `fee_manual_collection_detail` VALUES ('912020122501780335', '832020120843690057', '902020121538500139', 'TT物业费', '2020-12-15 15:30:46', '2021-01-15 15:30:46', '147.33', '1010', '7020181217000001', '2020-12-25 15:40:00', '1');
INSERT INTO `fee_manual_collection_detail` VALUES ('912020122503410327', '832020110396541470', '902020110274381409', '小寒物业费', '2020-11-02 17:52:57', '2020-11-18 15:50:08', '285.68', '1010', '7020181217000001', '2020-12-25 15:37:45', '0');
INSERT INTO `fee_manual_collection_detail` VALUES ('912020122503640328', '832020110396541470', '902020110250391289', '小寒物业费', '2020-11-02 17:25:00', '2020-11-18 15:50:08', '285.68', '1010', '7020181217000001', '2020-12-25 15:37:45', '0');
INSERT INTO `fee_manual_collection_detail` VALUES ('912020122504740334', '832020120843690057', '902020121725710476', 'TT物业费', '2020-12-17 11:46:10', '2021-01-17 11:46:10', '147.33', '1010', '7020181217000001', '2020-12-25 15:40:00', '0');
INSERT INTO `fee_manual_collection_detail` VALUES ('912020122508560329', '832020110396541470', '902020110223771265', '小寒物业费', '2020-11-02 16:43:14', '2020-11-18 15:50:08', '285.68', '1010', '7020181217000001', '2020-12-25 15:37:45', '0');
INSERT INTO `fee_manual_collection_detail` VALUES ('912020122519720336', '832020120843690057', '902020120846990154', '高层物业费', '2019-06-30 00:00:00', '2020-02-29 23:55:24', '917.49', '1010', '7020181217000001', '2020-12-25 15:40:00', '0');
INSERT INTO `fee_manual_collection_detail` VALUES ('912020122524090330', '832020110396541470', '902020110243161215', '小寒物业费', '2020-11-02 16:37:36', '2020-11-18 15:50:08', '285.68', '1010', '7020181217000001', '2020-12-25 15:37:45', '0');
INSERT INTO `fee_manual_collection_detail` VALUES ('912020122524680332', '832020110396541470', '902020120529390562', '服务测试01', '2020-12-05 15:14:32', '2021-05-31 17:10:11', '1.00', '1010', '7020181217000001', '2020-12-25 15:37:45', '1');
INSERT INTO `fee_manual_collection_detail` VALUES ('912020122529840323', '832020110396541470', '902020112009170814', '小区物业费1', '2020-11-20 18:12:05', '2021-11-20 18:12:05', '11359.20', '1010', '7020181217000001', '2020-12-25 15:37:45', '0');
INSERT INTO `fee_manual_collection_detail` VALUES ('912020122532630333', '832020110396541470', '902020102638280302', '垃圾处理费', '2020-10-26 16:55:43', '2020-10-26 18:50:07', '100.00', '1010', '7020181217000001', '2020-12-25 15:37:45', '0');
INSERT INTO `fee_manual_collection_detail` VALUES ('912020122544140322', '832020110396541470', '902020113094950039', '服务测试01', '2020-11-30 08:59:42', '2021-05-31 17:10:11', '1.00', '1010', '7020181217000001', '2020-12-25 15:37:45', '1');
INSERT INTO `fee_manual_collection_detail` VALUES ('912020122554670319', '832020110396541470', '902020121729500436', 'TT物业费', '2020-12-17 11:46:10', '2021-01-17 11:46:10', '151.30', '1010', '7020181217000001', '2020-12-25 15:37:45', '0');
INSERT INTO `fee_manual_collection_detail` VALUES ('912020122554820308', '832020122573100307', '902020122574140304', '物业费', '2020-12-25 14:35:10', '2021-12-17 11:00:55', '23726.33', '1010', '2020121556140043', '2020-12-25 14:40:26', '1');
INSERT INTO `fee_manual_collection_detail` VALUES ('912020122555970320', '832020110396541470', '902020121597530099', 'TT物业费', '2020-12-15 15:30:46', '2021-01-15 15:30:46', '151.30', '1010', '7020181217000001', '2020-12-25 15:37:45', '0');
INSERT INTO `fee_manual_collection_detail` VALUES ('912020122567300321', '832020110396541470', '902020120299734348', '物业测试', '2020-12-02 15:18:23', '2021-02-03 11:25:17', '11359.20', '1010', '7020181217000001', '2020-12-25 15:37:45', '0');
INSERT INTO `fee_manual_collection_detail` VALUES ('912020122572310331', '832020110396541470', '902020102693340345', '周期预付', '2020-10-26 19:24:59', '2020-11-12 17:40:22', '10.00', '1010', '7020181217000001', '2020-12-25 15:37:45', '0');
INSERT INTO `fee_manual_collection_detail` VALUES ('912020122590670325', '832020110396541470', '902020112068370761', '小区物业费1', '2020-11-20 18:05:01', '2021-11-20 18:05:01', '11359.20', '1010', '7020181217000001', '2020-12-25 15:37:45', '0');
INSERT INTO `fee_manual_collection_detail` VALUES ('912020122594960324', '832020110396541470', '902020112061890788', '小区物业费1', '2020-11-20 18:05:51', '2021-11-20 18:05:51', '11359.20', '1010', '7020181217000001', '2020-12-25 15:37:45', '0');
INSERT INTO `fee_manual_collection_detail` VALUES ('912020122597260326', '832020110396541470', '902020112068880736', '小区物业费1', '2020-11-20 18:03:09', '2021-11-20 18:03:09', '11359.20', '1010', '7020181217000001', '2020-12-25 15:37:45', '0');
INSERT INTO `fee_manual_collection_detail` VALUES ('912020123002670022', '832020120114180187', '902020102654550340', '周期预付', '2020-10-26 19:24:59', '2020-11-12 17:40:22', '10.00', '1010', '7020181217000001', '2020-12-30 10:17:10', '1');
INSERT INTO `fee_manual_collection_detail` VALUES ('912020123010560014', '832020120114180187', '902020112041960812', '小区物业费1', '2020-11-20 18:12:05', '2021-11-20 18:12:05', '15666.00', '1010', '7020181217000001', '2020-12-30 10:17:10', '0');
INSERT INTO `fee_manual_collection_detail` VALUES ('912020123013630019', '832020120114180187', '902020110285961285', '小寒物业费', '2020-11-02 17:25:00', '2020-11-18 15:50:08', '393.35', '1010', '7020181217000001', '2020-12-30 10:17:10', '0');
INSERT INTO `fee_manual_collection_detail` VALUES ('912020123015120024', '832020120114180187', '902020101073060135', '周期预付', '2020-11-10 13:35:02', '2020-11-12 17:40:22', '10.00', '1010', '7020181217000001', '2020-12-30 10:17:10', '0');
INSERT INTO `fee_manual_collection_detail` VALUES ('912020123022390025', '832020120114180187', '902020120527570567', '服务测试01', '2020-12-05 15:14:32', '2021-05-31 17:10:11', '1.00', '1010', '7020181217000001', '2020-12-30 10:17:10', '0');
INSERT INTO `fee_manual_collection_detail` VALUES ('912020123030620018', '832020120114180187', '902020110265131405', '小寒物业费', '2020-11-02 17:52:57', '2020-11-18 15:50:08', '393.35', '1010', '7020181217000001', '2020-12-30 10:17:10', '0');
INSERT INTO `fee_manual_collection_detail` VALUES ('912020123032850017', '832020120114180187', '902020112025020734', '小区物业费1', '2020-11-20 18:03:09', '2021-11-20 18:03:09', '15666.00', '1010', '7020181217000001', '2020-12-30 10:17:10', '0');
INSERT INTO `fee_manual_collection_detail` VALUES ('912020123043200012', '832020120114180187', '902020120244754346', '物业测试', '2020-12-02 15:18:23', '2021-02-03 11:25:17', '15666.00', '1010', '7020181217000001', '2020-12-30 10:17:10', '0');
INSERT INTO `fee_manual_collection_detail` VALUES ('912020123049910016', '832020120114180187', '902020112071140759', '小区物业费1', '2020-11-20 18:05:01', '2021-11-20 18:05:01', '15666.00', '1010', '7020181217000001', '2020-12-30 10:17:10', '0');
INSERT INTO `fee_manual_collection_detail` VALUES ('912020123056280015', '832020120114180187', '902020112029560786', '小区物业费1', '2020-11-20 18:05:51', '2021-11-20 18:05:51', '15666.00', '1010', '7020181217000001', '2020-12-30 10:17:10', '0');
INSERT INTO `fee_manual_collection_detail` VALUES ('912020123063370028', '832020120114180187', '902020102699570307', '垃圾处理费', '2020-10-26 16:55:43', '2020-10-26 18:50:07', '100.00', '1010', '7020181217000001', '2020-12-30 10:17:10', '0');
INSERT INTO `fee_manual_collection_detail` VALUES ('912020123065030013', '832020120114180187', '902020113031420037', '服务测试01', '2020-11-30 08:59:42', '2021-05-31 17:10:11', '1.00', '1010', '7020181217000001', '2020-12-30 10:17:10', '0');
INSERT INTO `fee_manual_collection_detail` VALUES ('912020123077730027', '832020120114180187', '902020111917420568', '固定车位AAAAAA', '2020-11-19 13:02:59', '2021-01-19 13:02:59', '80.00', '1010', '7020181217000001', '2020-12-30 10:17:10', '0');
INSERT INTO `fee_manual_collection_detail` VALUES ('912020123078090020', '832020120114180187', '902020110252231261', '小寒物业费', '2020-11-02 16:43:14', '2020-11-18 15:50:08', '393.35', '1010', '7020181217000001', '2020-12-30 10:17:10', '0');
INSERT INTO `fee_manual_collection_detail` VALUES ('912020123079920010', '832020120114180187', '902020121510720097', 'TT物业费', '2020-12-15 15:30:46', '2021-01-15 15:30:46', '208.72', '1010', '7020181217000001', '2020-12-30 10:17:10', '0');
INSERT INTO `fee_manual_collection_detail` VALUES ('912020123089140021', '832020120114180187', '902020110203151211', '小寒物业费', '2020-11-02 16:37:36', '2020-11-18 15:50:08', '393.35', '1010', '7020181217000001', '2020-12-30 10:17:10', '0');
INSERT INTO `fee_manual_collection_detail` VALUES ('912020123090000009', '832020120114180187', '902020121725900434', 'TT物业费', '2020-12-17 11:46:10', '2021-01-17 11:46:10', '208.72', '1010', '7020181217000001', '2020-12-30 10:17:10', '0');
INSERT INTO `fee_manual_collection_detail` VALUES ('912020123098810026', '832020120114180187', '902020111917780618', '固定车位AAAAAA', '2020-11-19 13:03:16', '2021-01-19 13:03:16', '80.00', '1010', '7020181217000001', '2020-12-30 10:17:10', '0');
INSERT INTO `fee_manual_collection_detail` VALUES ('912020123109890055', '832020123131450053', '902020123128440047', '物业费', '2020-12-31 00:00:03', '2021-12-31 00:00:03', '1620.00', '1010', '2020122577160366', '2020-12-31 16:19:04', '1');
INSERT INTO `fee_manual_collection_detail` VALUES ('912020123110530058', '832020123131450053', '902020123128440047', '物业费', '2020-12-31 00:00:03', '2021-12-31 00:00:03', '1620.00', '1010', '2020122577160366', '2020-12-31 16:19:39', '1');
INSERT INTO `fee_manual_collection_detail` VALUES ('912020123147010062', '832020123105130061', '902020123117540050', '押金', '2020-12-30 15:00:54', '2021-01-01 15:00:05', '0.30', '1010', '2020122577160366', '2020-12-31 16:51:20', '0');
INSERT INTO `fee_manual_collection_detail` VALUES ('912020123149670056', '832020123131450053', '902020123156970046', '卫生费', '2020-12-31 15:00:53', '2021-12-31 15:00:53', '60.00', '1010', '2020122577160366', '2020-12-31 16:19:04', '1');
INSERT INTO `fee_manual_collection_detail` VALUES ('912020123157720059', '832020123131450053', '902020123156970046', '卫生费', '2020-12-31 15:00:53', '2021-12-31 15:00:53', '60.00', '1010', '2020122577160366', '2020-12-31 16:19:39', '1');
INSERT INTO `fee_manual_collection_detail` VALUES ('912020123178290057', '832020123131450053', '902020123156070049', '押金', '2020-12-30 15:00:54', '2021-01-01 15:00:05', '0.30', '1010', '2020122577160366', '2020-12-31 16:19:39', '1');
INSERT INTO `fee_manual_collection_detail` VALUES ('912020123183460054', '832020123131450053', '902020123156070049', '押金', '2020-12-30 15:00:54', '2021-01-01 15:00:05', '0.30', '1010', '2020122577160366', '2020-12-31 16:19:04', '1');
INSERT INTO `fee_manual_collection_detail` VALUES ('912021011324200002', '832021011346960001', '902021011202450042', '物业费hn', '2021-01-01 16:00:31', '2021-02-01 16:00:31', '151.30', '1010', '2020121527920100', '2021-01-13 13:42:05', '0');
INSERT INTO `fee_manual_collection_detail` VALUES ('912021011326330005', '832021011387510004', '902021011200510041', '物业费hn', '2021-01-01 16:00:31', '2021-02-01 16:00:31', '151.30', '1010', '2020121527920100', '2021-01-13 13:42:29', '0');
INSERT INTO `fee_manual_collection_detail` VALUES ('912021011354140003', '832021011346960001', '902021011293830024', '物业费hn', '2021-01-01 00:00:27', '2021-02-01 00:00:27', '151.30', '1010', '2020121527920100', '2021-01-13 13:42:05', '0');
INSERT INTO `fee_manual_collection_detail` VALUES ('912021011386540006', '832021011387510004', '902021011271760023', '物业费hn', '2021-01-01 00:00:27', '2021-02-01 00:00:27', '151.30', '1010', '2020121527920100', '2021-01-13 13:42:29', '0');
INSERT INTO `fee_manual_collection_detail` VALUES ('912021011415440021', '832021011485990019', '902021010730851741', '电费', '2021-01-07 10:36:26', '2021-01-13 00:00:27', '67.50', '1010', '2020121792640104', '2021-01-14 14:05:55', '1');
INSERT INTO `fee_manual_collection_detail` VALUES ('912021011426880020', '832021011485990019', '902021011441250110', '电费', '2021-01-13 00:00:27', '2021-01-14 14:03:10', '105.00', '1010', '2020121792640104', '2021-01-14 14:05:55', '1');
INSERT INTO `fee_manual_collection_detail` VALUES ('912021011460450022', '832021011485990019', '902021010702591709', '电费', '2021-01-01 00:00:03', '2021-01-07 10:36:26', '142.50', '1010', '2020121792640104', '2021-01-14 14:05:55', '1');
INSERT INTO `fee_manual_collection_detail` VALUES ('912021011746050019', '832021011750760018', '902021011796730007', '暖气费', '2021-01-10 04:15:01', '2021-01-20 02:10:38', '100.00', '1010', '2020121792640104', '2021-01-17 15:47:03', '0');
INSERT INTO `fee_manual_collection_detail` VALUES ('912021011797800020', '832021011750760018', '902021011782360005', '暖气费', '2021-01-17 12:15:08', '2021-01-20 02:10:38', '100.00', '1010', '2020121792640104', '2021-01-17 15:47:03', '0');
INSERT INTO `fee_manual_collection_detail` VALUES ('912021012022050159', '832020122456910289', '902021011310210010', '物业费hn', '2021-01-13 13:40:43', '2021-02-13 13:40:43', '36.80', '1010', '2020121527920100', '2021-01-20 14:36:46', '0');
INSERT INTO `fee_manual_collection_detail` VALUES ('912021012045620387', '832021012002600386', '902021011316920013', '物业费hn', '2021-01-13 13:40:43', '2021-02-13 13:40:43', '128.00', '1010', '2020121527920100', '2021-01-20 17:54:18', '1');
INSERT INTO `fee_manual_collection_detail` VALUES ('912021012079090160', '832021011387510004', '902021011343470017', '物业费hn', '2021-01-13 13:40:43', '2021-02-13 13:40:43', '151.30', '1010', '2020121527920100', '2021-01-20 14:37:02', '0');
INSERT INTO `fee_manual_collection_detail` VALUES ('912021012418530838', '832021012444420836', '902021011365140008', '物业费hn', '2021-01-13 13:40:43', '2021-02-13 13:40:43', '160.00', '1010', '2020121527920100', '2021-01-24 20:18:55', '1');
INSERT INTO `fee_manual_collection_detail` VALUES ('912021012437640837', '832021012444420836', '902021011444780169', '商铺物业费', '2021-01-14 16:10:52', '2021-02-14 16:10:52', '250.00', '1010', '2020121527920100', '2021-01-24 20:18:55', '1');
INSERT INTO `fee_manual_collection_detail` VALUES ('912021012450110839', '832021012444420836', '902021010927350003', '物业费2021', '2021-01-09 17:16:39', '2021-02-09 17:16:39', '100.00', '1010', '2020121527920100', '2021-01-24 20:18:55', '1');
INSERT INTO `fee_manual_collection_detail` VALUES ('912021013048370020', '832021013045420019', '902021011316920013', '物业费hn', '2021-01-13 13:40:43', '2021-02-13 13:40:43', '128.00', '1010', '2020121527920100', '2021-01-30 21:27:14', '1');
INSERT INTO `fee_manual_collection_detail` VALUES ('912021031607970162', '832021012444420836', '902021010927350003', '物业费2021', '2021-02-09 17:16:39', '2021-04-09 17:16:39', '200.00', '1010', '2020121527920100', '2021-03-16 18:02:12', '0');
INSERT INTO `fee_manual_collection_detail` VALUES ('912021031629710161', '832021012444420836', '902021011365140008', '物业费hn', '2021-02-13 13:40:43', '2021-04-13 13:40:43', '320.00', '1010', '2020121527920100', '2021-03-16 18:02:12', '0');
INSERT INTO `fee_manual_collection_detail` VALUES ('912021031680390160', '832021012444420836', '902021011444780169', '商铺物业费', '2021-02-14 16:10:52', '2021-04-14 16:10:52', '500.00', '1010', '2020121527920100', '2021-03-16 18:02:12', '0');
INSERT INTO `fee_manual_collection_detail` VALUES ('912021032321020397', '832020122423790275', '902021011329130007', '物业费hn', '2021-03-13 13:40:43', '2021-04-13 13:40:43', '177.60', '1010', '2020121527920100', '2021-03-23 20:07:44', '0');
INSERT INTO `fee_manual_collection_detail` VALUES ('912021052805741139', '832020100438020044', '902021010493400295', '车位管理费', '2020-01-05 11:34:05', '2021-07-05 11:34:05', '3600.00', '1010', '7020181217000001', '2021-05-28 17:18:19', '0');
INSERT INTO `fee_manual_collection_detail` VALUES ('912021052818161138', '832020100438020044', '902021010528350581', 'TEST', '2021-01-06 06:19:13', '2021-06-06 06:19:13', '49995.00', '1010', '7020181217000001', '2021-05-28 17:18:19', '0');
INSERT INTO `fee_manual_collection_detail` VALUES ('912021052820061136', '832020100438020044', '902021010624241015', '停车位007', '2021-01-06 23:55:10', '2021-02-11 00:50:59', '130.00', '1010', '7020181217000001', '2021-05-28 17:18:19', '0');
INSERT INTO `fee_manual_collection_detail` VALUES ('912021052880061137', '832020100438020044', '902021010699660712', '车位管理费', '2021-01-06 23:10:03', '2021-07-06 23:10:03', '1200.00', '1010', '7020181217000001', '2021-05-28 17:18:19', '0');

-- ----------------------------
-- Table structure for fee_print_spec
-- ----------------------------
CREATE TABLE `fee_print_spec` (
  `print_id` varchar(30) NOT NULL COMMENT '打印ID',
  `community_id` varchar(30) NOT NULL COMMENT '小区ID',
  `spec_cd` varchar(12) NOT NULL COMMENT '1010 催缴打印说明',
  `content` longtext NOT NULL COMMENT '提示内容',
  `qr_img` longtext COMMENT '二维码信息',
  `create_time` timestamp NOT NULL DEFAULT CURRENT_TIMESTAMP COMMENT '创建时间',
  `status_cd` varchar(2) NOT NULL DEFAULT '0' COMMENT '数据状态 1表示 失效 0 有效'
) ENGINE=InnoDB DEFAULT CHARSET=utf8;

-- ----------------------------
-- Records of fee_print_spec
-- ----------------------------
INSERT INTO `fee_print_spec` VALUES ('832020092269480001', '7020181217000001', '1010', '尊敬的业主你好2', 'data:image/jpeg;base64,/9j/4AAQSkZJRgABAQAASABIAAD/4QBMRXhpZgAATU0AKgAAAAgAAYdpAAQAAAABAAAAGgAAAAAAA6ABAAMAAAABAAEAAKACAAQAAAABAAAAZKADAAQAAAABAAAAZAAAAAD/7QA4UGhvdG9zaG9wIDMuMAA4QklNBAQAAAAAAAA4QklNBCUAAAAAABDUHYzZjwCyBOmACZjs+EJ+/8AAEQgAZABkAwEiAAIRAQMRAf/EAB8AAAEFAQEBAQEBAAAAAAAAAAABAgMEBQYHCAkKC//EALUQAAIBAwMCBAMFBQQEAAABfQECAwAEEQUSITFBBhNRYQcicRQygZGhCCNCscEVUtHwJDNicoIJChYXGBkaJSYnKCkqNDU2Nzg5OkNERUZHSElKU1RVVldYWVpjZGVmZ2hpanN0dXZ3eHl6g4SFhoeIiYqSk5SVlpeYmZqio6Slpqeoqaqys7S1tre4ubrCw8TFxsfIycrS09TV1tfY2drh4uPk5ebn6Onq8fLz9PX29/j5+v/EAB8BAAMBAQEBAQEBAQEAAAAAAAABAgMEBQYHCAkKC//EALURAAIBAgQEAwQHBQQEAAECdwABAgMRBAUhMQYSQVEHYXETIjKBCBRCkaGxwQkjM1LwFWJy0QoWJDThJfEXGBkaJicoKSo1Njc4OTpDREVGR0hJSlNUVVZXWFlaY2RlZmdoaWpzdHV2d3h5eoKDhIWGh4iJipKTlJWWl5iZmqKjpKWmp6ipqrKztLW2t7i5usLDxMXGx8jJytLT1NXW19jZ2uLj5OXm5+jp6vLz9PX29/j5+v/bAEMAAQEBAQEBAgEBAgMCAgIDBAMDAwMEBQQEBAQEBQYFBQUFBQUGBgYGBgYGBgcHBwcHBwgICAgICQkJCQkJCQkJCf/bAEMBAQEBAgICBAICBAkGBQYJCQkJCQkJCQkJCQkJCQkJCQkJCQkJCQkJCQkJCQkJCQkJCQkJCQkJCQkJCQkJCQkJCf/dAAQAB//aAAwDAQACEQMRAD8A/qCxRinUV/YB+HjcUYp1FADcUYp1FADcUYp1FADcUYp1FADcUYp1FADM4oyad04/xoz/AJ5oA//Q/qHxRinYoxX9fc5+HjcUYp2KMUc4DcUYp6qWIVRyeAK9x8Lfs/8AjfxDAt5fBNNhfkefnzCD/sAZH/AsVwY/NsPhY8+Imorz/Q6cNg6tZ8tKNzwvFGK+sZv2W7sREwa0jP6NAVH5hz/KvGvGfwm8ZeB0N1qcAmtQcfaICXQem7gFfxAHvXnYDivL8TP2dGqm/mvzSOrE5NiqUeapDT7/AMjzPFGKdijFfQc55g3FGKdijFHOAz8cUcf3qfj8KMD1/wA/lRzoD//R/qMo9qfSYr+uD8RURtHtT6TFAKJ9g/AD4Z2kdinjvW4xJNKT9kRhkIo48zH94n7voOR14+qaztI0+LSdKttLgGEtokiUD0RQP6Vo1/L+e5tUxuJlXm/TyXRH7Bl2Cjh6Kpx+fqFRyxRTxNBOodHBVlYZBB6gg9RUlFeQmdx+f/xs+HEXgfXUv9JUrp99lo1/55uPvJn07r7cds14n7V+gP7QGnw3nw1ubmQZa0lilU+hLiP+TmvgDFf0TwTm08XgFKq7yi7N97f8Bo/LeIcDGjiWobPUbR7U+kxX1x4aiM47mj5fX9KfgmjB9aAsf//S/qRxRinYor+tec/FrDcUYp2KKOcLH6wW8yXMCXEZysihgfYjIqWvJ/gv4qi8T+BbVGbNxYqLaUd/kGEP4rjn1z6V6xX8rZhg5YevOhPeLsfsWGrqrTjUj1CiiiuM3PIPjvMkXwv1FHODI0Kj6+ajfyFfnvivrf8AaV8VRGOz8HWzZfd9pnx24Kxg/XJOPpXyVX754e4aVHLk5fabf5L9D834nrKeJsuit/X3jcUYp2KK+55z56wyinECkwPX/P5Uc6FY/9P+pbHpRT8etGK/rA/FxmPSin49aMUAd38OvHl/4A15dStwZbeXCXEWfvp6j/aHUH8OhNfoP4d8S6L4q01NV0OdZ4m64+8p/usOqkehr80NP0TV9VONNtZZ/dEJA+pHAr6e+Hmh634a0ONJi1vcFmYhTyAegOOK/NeO8ow1VKspWqbeq815dz6zhzG1oN07XifV1ecfEL4laJ4B05nuGE166/ubcH5mPYt/dX379uawX1jxHJH5bXTY9gAfzABr58+KHhTxBqV9DqtlA9yvl7X25Zgck5I6nOa+LyDh+jVxMY4qa5fz8rn0GZZlUhSbox1PGNZ1fUNf1WfWdUk8y4uGLu38gPQAcAdgKzKsT289tIYblGjcdVYEEfgaixX73TjFRShsfms2225bjMelFPx60YqyRnHrijj+9TqKAP/U/qdxRin4r1f4XfDG88e35nud0OnQH97IOrHrsT39T2H1Ff1LjsdSw1J1qzskfj2Hw86s1Tpq7ZyXhPwRr/jK68nSYv3akeZM3CJ9T3PsMmvp7wz8F/DWiIs2oJ9uuByWlHyA+yZx+eTXuemaBp2jWMem6XEsMEQwqKMAf4k9yeTV/wCxrX4xnPHFfEycaT5Y+W79WffZfw9Toq81zSOLTSoo0EcahVHAAGAPwFP/ALNX0rsvsi037GtfKPGs9n2C7HHjTh2oGnL6V2P2NaPsY9BR9cD2Hkeeal4X0nWYfI1S2Sdf9tQcfQ9R+FeF+LvgMVRr3wjJyOfs8h6/7jn+TfnX1v8AZB/n/wDVR9jWvUy7iXE4WV6UtO3T7jkxWU0qytNH5d3ljd6fdPZX0bRTRnDo4wwPuDVbFfoP8QfhdpXjixLfLDfRj91OB/46/qv6jqPQ/B2saNqGganNpGqxmKeBtrqf0I9QRyD3FfsnDvE1HMIaaTW6/VeR8FmuUzw0tdYvZmRx3NHy+v6VJRX0p5J//9X+qWMbpFU9GIz+dfp3oGiad4d0eDRtKTy4IFCqO59ST3JPJPrX5iw/66P6j+dfqgn3B9K/WvEucvZ0Y30u/wBD4rhKKvN+n6jqKKK/JT7UKKKKACiiigAooooAK+av2jtD05tFs/EOzF0kwg3jujBmwfXBHHpk19K14D+0X/yJNt/1+J/6A9fS8HzazGlZ9f0Z5WdxTws7nxPnFJk0HoKSv6Euz8sP/9k=', '2020-09-22 17:16:30', '1');
INSERT INTO `fee_print_spec` VALUES ('832020092246740002', '7020181217000001', '1010', '尊敬的业主/住户：</br>\n\n虽然国内疫情得到有效控制，但目前国内人员流动性增大，加之境外疫情爆发增加输入型的传播风险。请业主出门、小区内活动、乘坐电梯、乘坐交通工具时须佩戴口罩，尽量减少人员聚集。省外、境外返回业主／住户须及时向社区申报！', 'data:image/gif;base64,[encoded data, 30168 characters]', '2020-09-22 17:52:50', '1');
INSERT INTO `fee_print_spec` VALUES ('832020092390530008', '7020181217000001', '2020', '尊敬的业主：</br>\n\n您好！感谢您在百忙中来缴费，为了更好的服务您，我们已开通网上缴费，请您关注《智慧物业》公众号并注册，实现网上缴费。', 'data:image/jpeg;base64,[encoded data, 25796 characters]', '2020-09-23 21:44:07', '1');
INSERT INTO `fee_print_spec` VALUES ('832020092797660001', '702020072127850001', '2020', 'cvb', 'data:image/png;base64,[encoded data, 48428 characters]', '2020-09-27 21:07:01', '0');
INSERT INTO `fee_print_spec` VALUES ('832020102767360509', '7020181217000001', '2020', '哈哈哈广州市三', 'data:image/jpeg;base64,[encoded data, 54392 characters]', '2020-10-27 19:22:00', '0');
