INSERT INTO `city_area` VALUES ('2925', '532932', '鹤庆县', '303', '532900', '大理白族自治州', '100.173375', '26.55839', '2019-11-24 12:59:28', '0');
INSERT INTO `city_area` VALUES ('313', '533100', '德宏傣族景颇族自治州', '202', '530000', '云南省', '98.578363', '24.436694', '2019-11-24 12:59:28', '0');
INSERT INTO `city_area` VALUES ('2926', '533102', '瑞丽市', '303', '533100', '德宏傣族景颇族自治州', '97.855883', '24.010734', '2019-11-24 12:59:28', '0');
INSERT INTO `city_area` VALUES ('2927', '533103', '芒市', '303', '533100', '德宏傣族景颇族自治州', '98.577608', '24.436699', '2019-11-24 12:59:28', '0');
INSERT INTO `city_area` VALUES ('2928', '533122', '梁河县', '303', '533100', '德宏傣族景颇族自治州', '98.298196', '24.80742', '2019-11-24 12:59:28', '0');
INSERT INTO `city_area` VALUES ('2929', '533123', '盈江县', '303', '533100', '德宏傣族景颇族自治州', '97.93393', '24.709541', '2019-11-24 12:59:28', '0');
INSERT INTO `city_area` VALUES ('2930', '533124', '陇川县', '303', '533100', '德宏傣族景颇族自治州', '97.794441', '24.184065', '2019-11-24 12:59:28', '0');
INSERT INTO `city_area` VALUES ('314', '533300', '怒江傈僳族自治州', '202', '530000', '云南省', '98.854304', '25.850949', '2019-11-24 12:59:28', '0');
INSERT INTO `city_area` VALUES ('2931', '533301', '泸水市', '303', '533300', '怒江傈僳族自治州', '98.854063', '25.851142', '2019-11-24 12:59:28', '0');
INSERT INTO `city_area` VALUES ('2932', '533323', '福贡县', '303', '533300', '怒江傈僳族自治州', '98.867413', '26.902738', '2019-11-24 12:59:28', '0');
INSERT INTO `city_area` VALUES ('2933', '533324', '贡山独龙族怒族自治县', '303', '533300', '怒江傈僳族自治州', '98.666141', '27.738054', '2019-11-24 12:59:28', '0');
INSERT INTO `city_area` VALUES ('2934', '533325', '兰坪白族普米族自治县', '303', '533300', '怒江傈僳族自治州', '99.421378', '26.453839', '2019-11-24 12:59:28', '0');
INSERT INTO `city_area` VALUES ('315', '533400', '迪庆藏族自治州', '202', '530000', '云南省', '99.706463', '27.826853', '2019-11-24 12:59:28', '0');
INSERT INTO `city_area` VALUES ('2935', '533401', '香格里拉市', '303', '533400', '迪庆藏族自治州', '99.708667', '27.825804', '2019-11-24 12:59:28', '0');
INSERT INTO `city_area` VALUES ('2936', '533422', '德钦县', '303', '533400', '迪庆藏族自治州', '98.91506', '28.483272', '2019-11-24 12:59:28', '0');
INSERT INTO `city_area` VALUES ('2937', '533423', '维西傈僳族自治县', '303', '533400', '迪庆藏族自治州', '99.286355', '27.180948', '2019-11-24 12:59:28', '0');
INSERT INTO `city_area` VALUES ('26', '540000', '西藏自治区', '101', '0', '中国', '91.132212', '29.660361', '2019-11-24 12:59:28', '0');
INSERT INTO `city_area` VALUES ('316', '540100', '拉萨市', '202', '540000', '西藏自治区', '91.132212', '29.660361', '2019-11-24 12:59:28', '0');
INSERT INTO `city_area` VALUES ('2938', '540102', '城关区', '303', '540100', '拉萨市', '91.132911', '29.659472', '2019-11-24 12:59:28', '0');
INSERT INTO `city_area` VALUES ('2939', '540103', '堆龙德庆区', '303', '540100', '拉萨市', '91.002823', '29.647347', '2019-11-24 12:59:28', '0');
INSERT INTO `city_area` VALUES ('2940', '540121', '林周县', '303', '540100', '拉萨市', '91.261842', '29.895754', '2019-11-24 12:59:28', '0');
INSERT INTO `city_area` VALUES ('2941', '540122', '当雄县', '303', '540100', '拉萨市', '91.103551', '30.474819', '2019-11-24 12:59:28', '0');
INSERT INTO `city_area` VALUES ('2942', '540123', '尼木县', '303', '540100', '拉萨市', '90.165545', '29.431346', '2019-11-24 12:59:28', '0');
INSERT INTO `city_area` VALUES ('2943', '540124', '曲水县', '303', '540100', '拉萨市', '90.738051', '29.349895', '2019-11-24 12:59:28', '0');
INSERT INTO `city_area` VALUES ('2944', '540126', '达孜县', '303', '540100', '拉萨市', '', '', '2019-11-24 12:59:28', '0');
INSERT INTO `city_area` VALUES ('2945', '540127', '墨竹工卡县', '303', '540100', '拉萨市', '91.731158', '29.834657', '2019-11-24 12:59:28', '0');
INSERT INTO `city_area` VALUES ('2946', '540171', '格尔木藏青工业园区', '303', '540100', '拉萨市', '', '', '2019-11-24 12:59:28', '0');
INSERT INTO `city_area` VALUES ('2947', '540172', '拉萨经济技术开发区', '303', '540100', '拉萨市', '', '', '2019-11-24 12:59:28', '0');
INSERT INTO `city_area` VALUES ('2948', '540173', '西藏文化旅游创意园区', '303', '540100', '拉萨市', '', '', '2019-11-24 12:59:28', '0');
INSERT INTO `city_area` VALUES ('2949', '540174', '达孜工业园区', '303', '540100', '拉萨市', '', '', '2019-11-24 12:59:28', '0');
INSERT INTO `city_area` VALUES ('317', '540200', '日喀则市', '202', '540000', '西藏自治区', '88.885148', '29.267519', '2019-11-24 12:59:28', '0');
INSERT INTO `city_area` VALUES ('2950', '540202', '桑珠孜区', '303', '540200', '日喀则市', '88.88667', '29.267003', '2019-11-24 12:59:28', '0');
INSERT INTO `city_area` VALUES ('2951', '540221', '南木林县', '303', '540200', '日喀则市', '89.099434', '29.680459', '2019-11-24 12:59:28', '0');
INSERT INTO `city_area` VALUES ('2952', '540222', '江孜县', '303', '540200', '日喀则市', '89.605044', '28.908845', '2019-11-24 12:59:28', '0');
INSERT INTO `city_area` VALUES ('2953', '540223', '定日县', '303', '540200', '日喀则市', '87.123887', '28.656667', '2019-11-24 12:59:28', '0');
INSERT INTO `city_area` VALUES ('2954', '540224', '萨迦县', '303', '540200', '日喀则市', '88.023007', '28.901077', '2019-11-24 12:59:28', '0');
INSERT INTO `city_area` VALUES ('2955', '540225', '拉孜县', '303', '540200', '日喀则市', '87.63743', '29.085136', '2019-11-24 12:59:28', '0');
INSERT INTO `city_area` VALUES ('2956', '540226', '昂仁县', '303', '540200', '日喀则市', '87.23578', '29.294758', '2019-11-24 12:59:28', '0');
INSERT INTO `city_area` VALUES ('2957', '540227', '谢通门县', '303', '540200', '日喀则市', '88.260517', '29.431597', '2019-11-24 12:59:28', '0');
INSERT INTO `city_area` VALUES ('2958', '540228', '白朗县', '303', '540200', '日喀则市', '89.263618', '29.106627', '2019-11-24 12:59:28', '0');
INSERT INTO `city_area` VALUES ('2959', '540229', '仁布县', '303', '540200', '日喀则市', '89.843207', '29.230299', '2019-11-24 12:59:28', '0');
INSERT INTO `city_area` VALUES ('2960', '540230', '康马县', '303', '540200', '日喀则市', '89.683406', '28.554719', '2019-11-24 12:59:28', '0');
INSERT INTO `city_area` VALUES ('2961', '540231', '定结县', '303', '540200', '日喀则市', '87.767723', '28.36409', '2019-11-24 12:59:28', '0');
INSERT INTO `city_area` VALUES ('2962', '540232', '仲巴县', '303', '540200', '日喀则市', '84.032826', '29.768336', '2019-11-24 12:59:28', '0');
INSERT INTO `city_area` VALUES ('2963', '540233', '亚东县', '303', '540200', '日喀则市', '88.906806', '27.482772', '2019-11-24 12:59:28', '0');
INSERT INTO `city_area` VALUES ('2964', '540234', '吉隆县', '303', '540200', '日喀则市', '85.298349', '28.852416', '2019-11-24 12:59:28', '0');
INSERT INTO `city_area` VALUES ('2965', '540235', '聂拉木县', '303', '540200', '日喀则市', '85.981953', '28.15595', '2019-11-24 12:59:28', '0');
INSERT INTO `city_area` VALUES ('2966', '540236', '萨嘎县', '303', '540200', '日喀则市', '85.234622', '29.328194', '2019-11-24 12:59:28', '0');
INSERT INTO `city_area` VALUES ('2967', '540237', '岗巴县', '303', '540200', '日喀则市', '88.518903', '28.274371', '2019-11-24 12:59:28', '0');
INSERT INTO `city_area` VALUES ('318', '540300', '昌都市', '202', '540000', '西藏自治区', '97.178452', '31.136875', '2019-11-24 12:59:28', '0');
INSERT INTO `city_area` VALUES ('2968', '540302', '卡若区', '303', '540300', '昌都市', '97.178255', '31.137035', '2019-11-24 12:59:28', '0');
INSERT INTO `city_area` VALUES ('2969', '540321', '江达县', '303', '540300', '昌都市', '98.218351', '31.499534', '2019-11-24 12:59:28', '0');
INSERT INTO `city_area` VALUES ('2970', '540322', '贡觉县', '303', '540300', '昌都市', '98.271191', '30.859206', '2019-11-24 12:59:28', '0');
INSERT INTO `city_area` VALUES ('2971', '540323', '类乌齐县', '303', '540300', '昌都市', '96.601259', '31.213048', '2019-11-24 12:59:28', '0');
INSERT INTO `city_area` VALUES ('2972', '540324', '丁青县', '303', '540300', '昌都市', '95.597748', '31.410681', '2019-11-24 12:59:28', '0');
INSERT INTO `city_area` VALUES ('2973', '540325', '察雅县', '303', '540300', '昌都市', '97.565701', '30.653038', '2019-11-24 12:59:28', '0');
INSERT INTO `city_area` VALUES ('2974', '540326', '八宿县', '303', '540300', '昌都市', '96.917893', '30.053408', '2019-11-24 12:59:28', '0');
INSERT INTO `city_area` VALUES ('2975', '540327', '左贡县', '303', '540300', '昌都市', '97.840532', '29.671335', '2019-11-24 12:59:28', '0');
INSERT INTO `city_area` VALUES ('2976', '540328', '芒康县', '303', '540300', '昌都市', '98.596444', '29.686615', '2019-11-24 12:59:28', '0');
INSERT INTO `city_area` VALUES ('2977', '540329', '洛隆县', '303', '540300', '昌都市', '95.823418', '30.741947', '2019-11-24 12:59:28', '0');
INSERT INTO `city_area` VALUES ('2978', '540330', '边坝县', '303', '540300', '昌都市', '94.707504', '30.933849', '2019-11-24 12:59:28', '0');
INSERT INTO `city_area` VALUES ('319', '540400', '林芝市', '202', '540000', '西藏自治区', '94.362348', '29.654693', '2019-11-24 12:59:28', '0');
INSERT INTO `city_area` VALUES ('2979', '540402', '巴宜区', '303', '540400', '林芝市', '94.360987', '29.653732', '2019-11-24 12:59:28', '0');
INSERT INTO `city_area` VALUES ('2980', '540421', '工布江达县', '303', '540400', '林芝市', '93.246515', '29.88447', '2019-11-24 12:59:28', '0');
INSERT INTO `city_area` VALUES ('2981', '540422', '米林县', '303', '540400', '林芝市', '94.213679', '29.213811', '2019-11-24 12:59:28', '0');
INSERT INTO `city_area` VALUES ('2982', '540423', '墨脱县', '303', '540400', '林芝市', '95.332245', '29.32573', '2019-11-24 12:59:28', '0');
INSERT INTO `city_area` VALUES ('2983', '540424', '波密县', '303', '540400', '林芝市', '95.768151', '29.858771', '2019-11-24 12:59:28', '0');
INSERT INTO `city_area` VALUES ('2984', '540425', '察隅县', '303', '540400', '林芝市', '97.465002', '28.660244', '2019-11-24 12:59:28', '0');
INSERT INTO `city_area` VALUES ('2985', '540426', '朗县', '303', '540400', '林芝市', '93.073429', '29.0446', '2019-11-24 12:59:28', '0');
INSERT INTO `city_area` VALUES ('320', '540500', '山南市', '202', '540000', '西藏自治区', '91.766529', '29.236023', '2019-11-24 12:59:28', '0');
INSERT INTO `city_area` VALUES ('2986', '540502', '乃东区', '303', '540500', '山南市', '91.76525', '29.236106', '2019-11-24 12:59:28', '0');
INSERT INTO `city_area` VALUES ('2987', '540521', '扎囊县', '303', '540500', '山南市', '91.338', '29.246476', '2019-11-24 12:59:28', '0');
INSERT INTO `city_area` VALUES ('2988', '540522', '贡嘎县', '303', '540500', '山南市', '90.985271', '29.289078', '2019-11-24 12:59:28', '0');
INSERT INTO `city_area` VALUES ('2989', '540523', '桑日县', '303', '540500', '山南市', '92.015732', '29.259774', '2019-11-24 12:59:28', '0');
INSERT INTO `city_area` VALUES ('2990', '540524', '琼结县', '303', '540500', '山南市', '91.683753', '29.025242', '2019-11-24 12:59:28', '0');
INSERT INTO `city_area` VALUES ('2991', '540525', '曲松县', '303', '540500', '山南市', '92.201066', '29.063656', '2019-11-24 12:59:28', '0');
INSERT INTO `city_area` VALUES ('2992', '540526', '措美县', '303', '540500', '山南市', '91.432347', '28.437353', '2019-11-24 12:59:28', '0');
INSERT INTO `city_area` VALUES ('2993', '540527', '洛扎县', '303', '540500', '山南市', '90.858243', '28.385765', '2019-11-24 12:59:28', '0');
INSERT INTO `city_area` VALUES ('2994', '540528', '加查县', '303', '540500', '山南市', '92.591043', '29.140921', '2019-11-24 12:59:28', '0');
INSERT INTO `city_area` VALUES ('2995', '540529', '隆子县', '303', '540500', '山南市', '92.463309', '28.408548', '2019-11-24 12:59:28', '0');
INSERT INTO `city_area` VALUES ('2996', '540530', '错那县', '303', '540500', '山南市', '91.960132', '27.991707', '2019-11-24 12:59:28', '0');
INSERT INTO `city_area` VALUES ('2997', '540531', '浪卡子县', '303', '540500', '山南市', '90.398747', '28.96836', '2019-11-24 12:59:28', '0');
INSERT INTO `city_area` VALUES ('321', '542400', '那曲地区', '202', '540000', '西藏自治区', '', '', '2019-11-24 12:59:28', '0');
INSERT INTO `city_area` VALUES ('2998', '542421', '那曲县', '303', '542400', '那曲地区', '', '', '2019-11-24 12:59:28', '0');
INSERT INTO `city_area` VALUES ('2999', '542422', '嘉黎县', '303', '542400', '那曲地区', '', '', '2019-11-24 12:59:28', '0');
INSERT INTO `city_area` VALUES ('3000', '542423', '比如县', '303', '542400', '那曲地区', '', '', '2019-11-24 12:59:28', '0');
INSERT INTO `city_area` VALUES ('3001', '542424', '聂荣县', '303', '542400', '那曲地区', '', '', '2019-11-24 12:59:28', '0');
INSERT INTO `city_area` VALUES ('3002', '542425', '安多县', '303', '542400', '那曲地区', '', '', '2019-11-24 12:59:28', '0');
INSERT INTO `city_area` VALUES ('3003', '542426', '申扎县', '303', '542400', '那曲地区', '', '', '2019-11-24 12:59:28', '0');
INSERT INTO `city_area` VALUES ('3004', '542427', '索县', '303', '542400', '那曲地区', '', '', '2019-11-24 12:59:28', '0');
INSERT INTO `city_area` VALUES ('3005', '542428', '班戈县', '303', '542400', '那曲地区', '', '', '2019-11-24 12:59:28', '0');
INSERT INTO `city_area` VALUES ('3006', '542429', '巴青县', '303', '542400', '那曲地区', '', '', '2019-11-24 12:59:28', '0');
INSERT INTO `city_area` VALUES ('3007', '542430', '尼玛县', '303', '542400', '那曲地区', '', '', '2019-11-24 12:59:28', '0');
INSERT INTO `city_area` VALUES ('3008', '542431', '双湖县', '303', '542400', '那曲地区', '', '', '2019-11-24 12:59:28', '0');
INSERT INTO `city_area` VALUES ('322', '542500', '阿里地区', '202', '540000', '西藏自治区', '80.105498', '32.503187', '2019-11-24 12:59:28', '0');
INSERT INTO `city_area` VALUES ('3009', '542521', '普兰县', '303', '542500', '阿里地区', '81.177588', '30.291896', '2019-11-24 12:59:28', '0');
INSERT INTO `city_area` VALUES ('3010', '542522', '札达县', '303', '542500', '阿里地区', '79.803191', '31.478587', '2019-11-24 12:59:28', '0');
INSERT INTO `city_area` VALUES ('3011', '542523', '噶尔县', '303', '542500', '阿里地区', '80.105005', '32.503373', '2019-11-24 12:59:28', '0');
INSERT INTO `city_area` VALUES ('3012', '542524', '日土县', '303', '542500', '阿里地区', '79.731937', '33.382454', '2019-11-24 12:59:28', '0');
INSERT INTO `city_area` VALUES ('3013', '542525', '革吉县', '303', '542500', '阿里地区', '81.142896', '32.389192', '2019-11-24 12:59:28', '0');
INSERT INTO `city_area` VALUES ('3014', '542526', '改则县', '303', '542500', '阿里地区', '84.062384', '32.302076', '2019-11-24 12:59:28', '0');
INSERT INTO `city_area` VALUES ('3015', '542527', '措勤县', '303', '542500', '阿里地区', '85.159254', '31.016774', '2019-11-24 12:59:28', '0');
INSERT INTO `city_area` VALUES ('27', '610000', '陕西省', '101', '0', '中国', '108.948024', '34.263161', '2019-11-24 12:59:28', '0');
INSERT INTO `city_area` VALUES ('323', '610100', '西安市', '202', '610000', '陕西省', '108.948024', '34.263161', '2019-11-24 12:59:28', '0');
INSERT INTO `city_area` VALUES ('3016', '610102', '新城区', '303', '610100', '西安市', '108.959903', '34.26927', '2019-11-24 12:59:28', '0');
INSERT INTO `city_area` VALUES ('3017', '610103', '碑林区', '303', '610100', '西安市', '108.946994', '34.251061', '2019-11-24 12:59:28', '0');
INSERT INTO `city_area` VALUES ('3018', '610104', '莲湖区', '303', '610100', '西安市', '108.933194', '34.2656', '2019-11-24 12:59:28', '0');
INSERT INTO `city_area` VALUES ('3019', '610111', '灞桥区', '303', '610100', '西安市', '109.067261', '34.267453', '2019-11-24 12:59:28', '0');
INSERT INTO `city_area` VALUES ('3020', '610112', '未央区', '303', '610100', '西安市', '108.946022', '34.30823', '2019-11-24 12:59:28', '0');
INSERT INTO `city_area` VALUES ('3021', '610113', '雁塔区', '303', '610100', '西安市', '108.926593', '34.213389', '2019-11-24 12:59:28', '0');
INSERT INTO `city_area` VALUES ('3022', '610114', '阎良区', '303', '610100', '西安市', '109.22802', '34.662141', '2019-11-24 12:59:28', '0');
INSERT INTO `city_area` VALUES ('3023', '610115', '临潼区', '303', '610100', '西安市', '109.213986', '34.372065', '2019-11-24 12:59:28', '0');
INSERT INTO `city_area` VALUES ('3024', '610116', '长安区', '303', '610100', '西安市', '108.941579', '34.157097', '2019-11-24 12:59:28', '0');
INSERT INTO `city_area` VALUES ('3025', '610117', '高陵区', '303', '610100', '西安市', '109.088896', '34.535065', '2019-11-24 12:59:28', '0');
INSERT INTO `city_area` VALUES ('3026', '610118', '鄠邑区', '303', '610100', '西安市', '108.607385', '34.108668', '2019-11-24 12:59:28', '0');
INSERT INTO `city_area` VALUES ('3027', '610122', '蓝田县', '303', '610100', '西安市', '109.317634', '34.156189', '2019-11-24 12:59:28', '0');
INSERT INTO `city_area` VALUES ('3028', '610124', '周至县', '303', '610100', '西安市', '108.216465', '34.161532', '2019-11-24 12:59:28', '0');
INSERT INTO `city_area` VALUES ('324', '610200', '铜川市', '202', '610000', '陕西省', '108.979608', '34.916582', '2019-11-24 12:59:28', '0');
INSERT INTO `city_area` VALUES ('3029', '610202', '王益区', '303', '610200', '铜川市', '109.075862', '35.069098', '2019-11-24 12:59:28', '0');
INSERT INTO `city_area` VALUES ('3030', '610203', '印台区', '303', '610200', '铜川市', '109.100814', '35.111927', '2019-11-24 12:59:28', '0');
INSERT INTO `city_area` VALUES ('3031', '610204', '耀州区', '303', '610200', '铜川市', '108.962538', '34.910206', '2019-11-24 12:59:28', '0');
INSERT INTO `city_area` VALUES ('3032', '610222', '宜君县', '303', '610200', '铜川市', '109.118278', '35.398766', '2019-11-24 12:59:28', '0');
INSERT INTO `city_area` VALUES ('325', '610300', '宝鸡市', '202', '610000', '陕西省', '107.14487', '34.369315', '2019-11-24 12:59:28', '0');
INSERT INTO `city_area` VALUES ('3033', '610302', '渭滨区', '303', '610300', '宝鸡市', '107.144467', '34.371008', '2019-11-24 12:59:28', '0');
INSERT INTO `city_area` VALUES ('3034', '610303', '金台区', '303', '610300', '宝鸡市', '107.149943', '34.375192', '2019-11-24 12:59:28', '0');
INSERT INTO `city_area` VALUES ('3035', '610304', '陈仓区', '303', '610300', '宝鸡市', '107.383645', '34.352747', '2019-11-24 12:59:28', '0');
INSERT INTO `city_area` VALUES ('3036', '610322', '凤翔县', '303', '610300', '宝鸡市', '107.400577', '34.521668', '2019-11-24 12:59:28', '0');
INSERT INTO `city_area` VALUES ('3037', '610323', '岐山县', '303', '610300', '宝鸡市', '107.624464', '34.44296', '2019-11-24 12:59:28', '0');
INSERT INTO `city_area` VALUES ('3038', '610324', '扶风县', '303', '610300', '宝鸡市', '107.891419', '34.375497', '2019-11-24 12:59:28', '0');
INSERT INTO `city_area` VALUES ('3039', '610326', '眉县', '303', '610300', '宝鸡市', '107.752371', '34.272137', '2019-11-24 12:59:28', '0');
INSERT INTO `city_area` VALUES ('3040', '610327', '陇县', '303', '610300', '宝鸡市', '106.857066', '34.893262', '2019-11-24 12:59:28', '0');
INSERT INTO `city_area` VALUES ('3041', '610328', '千阳县', '303', '610300', '宝鸡市', '107.132987', '34.642584', '2019-11-24 12:59:28', '0');
INSERT INTO `city_area` VALUES ('3042', '610329', '麟游县', '303', '610300', '宝鸡市', '107.796608', '34.677714', '2019-11-24 12:59:28', '0');
INSERT INTO `city_area` VALUES ('3043', '610330', '凤县', '303', '610300', '宝鸡市', '106.525212', '33.912464', '2019-11-24 12:59:28', '0');
INSERT INTO `city_area` VALUES ('3044', '610331', '太白县', '303', '610300', '宝鸡市', '107.316533', '34.059215', '2019-11-24 12:59:28', '0');
INSERT INTO `city_area` VALUES ('326', '610400', '咸阳市', '202', '610000', '陕西省', '108.705117', '34.333439', '2019-11-24 12:59:28', '0');
INSERT INTO `city_area` VALUES ('3045', '610402', '秦都区', '303', '610400', '咸阳市', '108.698636', '34.329801', '2019-11-24 12:59:28', '0');
INSERT INTO `city_area` VALUES ('3046', '610403', '杨陵区', '303', '610400', '咸阳市', '108.086348', '34.27135', '2019-11-24 12:59:28', '0');
INSERT INTO `city_area` VALUES ('3047', '610404', '渭城区', '303', '610400', '咸阳市', '108.730957', '34.336847', '2019-11-24 12:59:28', '0');
INSERT INTO `city_area` VALUES ('3048', '610422', '三原县', '303', '610400', '咸阳市', '108.943481', '34.613996', '2019-11-24 12:59:28', '0');
INSERT INTO `city_area` VALUES ('3049', '610423', '泾阳县', '303', '610400', '咸阳市', '108.83784', '34.528493', '2019-11-24 12:59:28', '0');
INSERT INTO `city_area` VALUES ('3050', '610424', '乾县', '303', '610400', '咸阳市', '108.247406', '34.527261', '2019-11-24 12:59:28', '0');
INSERT INTO `city_area` VALUES ('3051', '610425', '礼泉县', '303', '610400', '咸阳市', '108.428317', '34.482583', '2019-11-24 12:59:28', '0');
INSERT INTO `city_area` VALUES ('3052', '610426', '永寿县', '303', '610400', '咸阳市', '108.143129', '34.692619', '2019-11-24 12:59:28', '0');
INSERT INTO `city_area` VALUES ('3053', '610427', '彬县', '303', '610400', '咸阳市', '108.083674', '35.034233', '2019-11-24 12:59:28', '0');
INSERT INTO `city_area` VALUES ('3054', '610428', '长武县', '303', '610400', '咸阳市', '107.795835', '35.206122', '2019-11-24 12:59:28', '0');
INSERT INTO `city_area` VALUES ('3055', '610429', '旬邑县', '303', '610400', '咸阳市', '108.337231', '35.112234', '2019-11-24 12:59:28', '0');
INSERT INTO `city_area` VALUES ('3056', '610430', '淳化县', '303', '610400', '咸阳市', '108.581173', '34.79797', '2019-11-24 12:59:28', '0');
INSERT INTO `city_area` VALUES ('3057', '610431', '武功县', '303', '610400', '咸阳市', '108.212857', '34.259732', '2019-11-24 12:59:28', '0');
INSERT INTO `city_area` VALUES ('3058', '610481', '兴平市', '303', '610400', '咸阳市', '108.488493', '34.297134', '2019-11-24 12:59:28', '0');
INSERT INTO `city_area` VALUES ('327', '610500', '渭南市', '202', '610000', '陕西省', '109.502882', '34.499381', '2019-11-24 12:59:28', '0');
INSERT INTO `city_area` VALUES ('3059', '610502', '临渭区', '303', '610500', '渭南市', '109.503299', '34.501271', '2019-11-24 12:59:28', '0');
INSERT INTO `city_area` VALUES ('3060', '610503', '华州区', '303', '610500', '渭南市', '109.76141', '34.511958', '2019-11-24 12:59:28', '0');
INSERT INTO `city_area` VALUES ('3061', '610522', '潼关县', '303', '610500', '渭南市', '110.24726', '34.544515', '2019-11-24 12:59:28', '0');
INSERT INTO `city_area` VALUES ('3062', '610523', '大荔县', '303', '610500', '渭南市', '109.943123', '34.795011', '2019-11-24 12:59:28', '0');
INSERT INTO `city_area` VALUES ('3063', '610524', '合阳县', '303', '610500', '渭南市', '110.147979', '35.237098', '2019-11-24 12:59:28', '0');
INSERT INTO `city_area` VALUES ('3064', '610525', '澄城县', '303', '610500', '渭南市', '109.937609', '35.184', '2019-11-24 12:59:28', '0');
INSERT INTO `city_area` VALUES ('3065', '610526', '蒲城县', '303', '610500', '渭南市', '109.589653', '34.956034', '2019-11-24 12:59:28', '0');
INSERT INTO `city_area` VALUES ('3066', '610527', '白水县', '303', '610500', '渭南市', '109.594309', '35.177291', '2019-11-24 12:59:28', '0');
INSERT INTO `city_area` VALUES ('3067', '610528', '富平县', '303', '610500', '渭南市', '109.187174', '34.746679', '2019-11-24 12:59:28', '0');
INSERT INTO `city_area` VALUES ('3068', '610581', '韩城市', '303', '610500', '渭南市', '110.452391', '35.475238', '2019-11-24 12:59:28', '0');
INSERT INTO `city_area` VALUES ('3069', '610582', '华阴市', '303', '610500', '渭南市', '110.08952', '34.565359', '2019-11-24 12:59:28', '0');
INSERT INTO `city_area` VALUES ('328', '610600', '延安市', '202', '610000', '陕西省', '109.49081', '36.596537', '2019-11-24 12:59:28', '0');
INSERT INTO `city_area` VALUES ('3070', '610602', '宝塔区', '303', '610600', '延安市', '109.49069', '36.596291', '2019-11-24 12:59:28', '0');
INSERT INTO `city_area` VALUES ('3071', '610603', '安塞区', '303', '610600', '延安市', '109.325341', '36.86441', '2019-11-24 12:59:28', '0');
INSERT INTO `city_area` VALUES ('3072', '610621', '延长县', '303', '610600', '延安市', '110.012961', '36.578306', '2019-11-24 12:59:28', '0');
INSERT INTO `city_area` VALUES ('3073', '610622', '延川县', '303', '610600', '延安市', '110.190314', '36.882066', '2019-11-24 12:59:28', '0');
INSERT INTO `city_area` VALUES ('3074', '610623', '子长县', '303', '610600', '延安市', '109.675968', '37.14207', '2019-11-24 12:59:28', '0');
INSERT INTO `city_area` VALUES ('3075', '610625', '志丹县', '303', '610600', '延安市', '108.768898', '36.823031', '2019-11-24 12:59:28', '0');
INSERT INTO `city_area` VALUES ('3076', '610626', '吴起县', '303', '610600', '延安市', '108.176976', '36.924852', '2019-11-24 12:59:28', '0');
INSERT INTO `city_area` VALUES ('3077', '610627', '甘泉县', '303', '610600', '延安市', '109.34961', '36.277729', '2019-11-24 12:59:28', '0');
INSERT INTO `city_area` VALUES ('3078', '610628', '富县', '303', '610600', '延安市', '109.384136', '35.996495', '2019-11-24 12:59:28', '0');
INSERT INTO `city_area` VALUES ('3079', '610629', '洛川县', '303', '610600', '延安市', '109.435712', '35.762133', '2019-11-24 12:59:28', '0');
INSERT INTO `city_area` VALUES ('3080', '610630', '宜川县', '303', '610600', '延安市', '110.175537', '36.050391', '2019-11-24 12:59:28', '0');
INSERT INTO `city_area` VALUES ('3081', '610631', '黄龙县', '303', '610600', '延安市', '109.83502', '35.583276', '2019-11-24 12:59:28', '0');
INSERT INTO `city_area` VALUES ('3082', '610632', '黄陵县', '303', '610600', '延安市', '109.262469', '35.580165', '2019-11-24 12:59:28', '0');
INSERT INTO `city_area` VALUES ('329', '610700', '汉中市', '202', '610000', '陕西省', '107.028621', '33.077668', '2019-11-24 12:59:28', '0');
INSERT INTO `city_area` VALUES ('3083', '610702', '汉台区', '303', '610700', '汉中市', '107.028233', '33.077674', '2019-11-24 12:59:28', '0');
INSERT INTO `city_area` VALUES ('3084', '610703', '南郑区', '303', '610700', '汉中市', '106.942393', '33.003341', '2019-11-24 12:59:28', '0');
INSERT INTO `city_area` VALUES ('3085', '610722', '城固县', '303', '610700', '汉中市', '107.329887', '33.153098', '2019-11-24 12:59:28', '0');
INSERT INTO `city_area` VALUES ('3086', '610723', '洋县', '303', '610700', '汉中市', '107.549962', '33.223283', '2019-11-24 12:59:28', '0');
INSERT INTO `city_area` VALUES ('3087', '610724', '西乡县', '303', '610700', '汉中市', '107.765858', '32.987961', '2019-11-24 12:59:28', '0');
INSERT INTO `city_area` VALUES ('3088', '610725', '勉县', '303', '610700', '汉中市', '106.680175', '33.155618', '2019-11-24 12:59:28', '0');
INSERT INTO `city_area` VALUES ('3089', '610726', '宁强县', '303', '610700', '汉中市', '106.25739', '32.830806', '2019-11-24 12:59:28', '0');
INSERT INTO `city_area` VALUES ('3090', '610727', '略阳县', '303', '610700', '汉中市', '106.153899', '33.329638', '2019-11-24 12:59:28', '0');
INSERT INTO `city_area` VALUES ('3091', '610728', '镇巴县', '303', '610700', '汉中市', '107.89531', '32.535854', '2019-11-24 12:59:28', '0');
INSERT INTO `city_area` VALUES ('3092', '610729', '留坝县', '303', '610700', '汉中市', '106.924377', '33.61334', '2019-11-24 12:59:28', '0');
INSERT INTO `city_area` VALUES ('3093', '610730', '佛坪县', '303', '610700', '汉中市', '107.988582', '33.520745', '2019-11-24 12:59:28', '0');
INSERT INTO `city_area` VALUES ('330', '610800', '榆林市', '202', '610000', '陕西省', '109.741193', '38.290162', '2019-11-24 12:59:28', '0');
INSERT INTO `city_area` VALUES ('3094', '610802', '榆阳区', '303', '610800', '榆林市', '109.74791', '38.299267', '2019-11-24 12:59:28', '0');
INSERT INTO `city_area` VALUES ('3095', '610803', '横山区', '303', '610800', '榆林市', '109.292596', '37.964048', '2019-11-24 12:59:28', '0');
INSERT INTO `city_area` VALUES ('3096', '610822', '府谷县', '303', '610800', '榆林市', '111.069645', '39.029243', '2019-11-24 12:59:28', '0');
INSERT INTO `city_area` VALUES ('3097', '610824', '靖边县', '303', '610800', '榆林市', '108.80567', '37.596084', '2019-11-24 12:59:28', '0');
INSERT INTO `city_area` VALUES ('3098', '610825', '定边县', '303', '610800', '榆林市', '107.601284', '37.59523', '2019-11-24 12:59:28', '0');
INSERT INTO `city_area` VALUES ('3099', '610826', '绥德县', '303', '610800', '榆林市', '110.265377', '37.507701', '2019-11-24 12:59:28', '0');
INSERT INTO `city_area` VALUES ('3100', '610827', '米脂县', '303', '610800', '榆林市', '110.178683', '37.759081', '2019-11-24 12:59:28', '0');
INSERT INTO `city_area` VALUES ('3101', '610828', '佳县', '303', '610800', '榆林市', '110.493367', '38.021597', '2019-11-24 12:59:28', '0');
INSERT INTO `city_area` VALUES ('3102', '610829', '吴堡县', '303', '610800', '榆林市', '110.739315', '37.451925', '2019-11-24 12:59:28', '0');
INSERT INTO `city_area` VALUES ('3103', '610830', '清涧县', '303', '610800', '榆林市', '110.12146', '37.087702', '2019-11-24 12:59:28', '0');
INSERT INTO `city_area` VALUES ('3104', '610831', '子洲县', '303', '610800', '榆林市', '110.03457', '37.611573', '2019-11-24 12:59:28', '0');
INSERT INTO `city_area` VALUES ('3105', '610881', '神木市', '303', '610800', '榆林市', '110.497005', '38.835641', '2019-11-24 12:59:28', '0');
INSERT INTO `city_area` VALUES ('331', '610900', '安康市', '202', '610000', '陕西省', '109.029273', '32.6903', '2019-11-24 12:59:28', '0');
INSERT INTO `city_area` VALUES ('3106', '610902', '汉滨区', '303', '610900', '安康市', '109.029098', '32.690817', '2019-11-24 12:59:28', '0');
INSERT INTO `city_area` VALUES ('3107', '610921', '汉阴县', '303', '610900', '安康市', '108.510946', '32.891121', '2019-11-24 12:59:28', '0');
INSERT INTO `city_area` VALUES ('3108', '610922', '石泉县', '303', '610900', '安康市', '108.250512', '33.038512', '2019-11-24 12:59:28', '0');
INSERT INTO `city_area` VALUES ('3109', '610923', '宁陕县', '303', '610900', '安康市', '108.313714', '33.312184', '2019-11-24 12:59:28', '0');
INSERT INTO `city_area` VALUES ('3110', '610924', '紫阳县', '303', '610900', '安康市', '108.537788', '32.520176', '2019-11-24 12:59:28', '0');
INSERT INTO `city_area` VALUES ('3111', '610925', '岚皋县', '303', '610900', '安康市', '108.900663', '32.31069', '2019-11-24 12:59:28', '0');
INSERT INTO `city_area` VALUES ('3112', '610926', '平利县', '303', '610900', '安康市', '109.361865', '32.387933', '2019-11-24 12:59:28', '0');
INSERT INTO `city_area` VALUES ('3113', '610927', '镇坪县', '303', '610900', '安康市', '109.526437', '31.883395', '2019-11-24 12:59:28', '0');
INSERT INTO `city_area` VALUES ('3114', '610928', '旬阳县', '303', '610900', '安康市', '109.368149', '32.833567', '2019-11-24 12:59:28', '0');
INSERT INTO `city_area` VALUES ('3115', '610929', '白河县', '303', '610900', '安康市', '110.114186', '32.809484', '2019-11-24 12:59:28', '0');
INSERT INTO `city_area` VALUES ('332', '611000', '商洛市', '202', '610000', '陕西省', '109.939776', '33.868319', '2019-11-24 12:59:28', '0');
INSERT INTO `city_area` VALUES ('3116', '611002', '商州区', '303', '611000', '商洛市', '109.937685', '33.869208', '2019-11-24 12:59:28', '0');
INSERT INTO `city_area` VALUES ('3117', '611021', '洛南县', '303', '611000', '商洛市', '110.145716', '34.088502', '2019-11-24 12:59:28', '0');
INSERT INTO `city_area` VALUES ('3118', '611022', '丹凤县', '303', '611000', '商洛市', '110.33191', '33.694711', '2019-11-24 12:59:28', '0');
INSERT INTO `city_area` VALUES ('3119', '611023', '商南县', '303', '611000', '商洛市', '110.885437', '33.526367', '2019-11-24 12:59:28', '0');
INSERT INTO `city_area` VALUES ('3120', '611024', '山阳县', '303', '611000', '商洛市', '109.880435', '33.530411', '2019-11-24 12:59:28', '0');
INSERT INTO `city_area` VALUES ('3121', '611025', '镇安县', '303', '611000', '商洛市', '109.151075', '33.423981', '2019-11-24 12:59:28', '0');
INSERT INTO `city_area` VALUES ('3122', '611026', '柞水县', '303', '611000', '商洛市', '109.111249', '33.682773', '2019-11-24 12:59:28', '0');
INSERT INTO `city_area` VALUES ('28', '620000', '甘肃省', '101', '0', '中国', '103.823557', '36.058039', '2019-11-24 12:59:28', '0');
INSERT INTO `city_area` VALUES ('333', '620100', '兰州市', '202', '620000', '甘肃省', '103.823557', '36.058039', '2019-11-24 12:59:28', '0');
INSERT INTO `city_area` VALUES ('3123', '620102', '城关区', '303', '620100', '兰州市', '103.841032', '36.049115', '2019-11-24 12:59:28', '0');
INSERT INTO `city_area` VALUES ('3124', '620103', '七里河区', '303', '620100', '兰州市', '103.784326', '36.06673', '2019-11-24 12:59:28', '0');
INSERT INTO `city_area` VALUES ('3125', '620104', '西固区', '303', '620100', '兰州市', '103.622331', '36.100369', '2019-11-24 12:59:28', '0');
INSERT INTO `city_area` VALUES ('3126', '620105', '安宁区', '303', '620100', '兰州市', '103.724038', '36.10329', '2019-11-24 12:59:28', '0');
INSERT INTO `city_area` VALUES ('3127', '620111', '红古区', '303', '620100', '兰州市', '102.861814', '36.344177', '2019-11-24 12:59:28', '0');
INSERT INTO `city_area` VALUES ('3128', '620121', '永登县', '303', '620100', '兰州市', '103.262203', '36.734428', '2019-11-24 12:59:28', '0');
INSERT INTO `city_area` VALUES ('3129', '620122', '皋兰县', '303', '620100', '兰州市', '103.94933', '36.331254', '2019-11-24 12:59:28', '0');
INSERT INTO `city_area` VALUES ('3130', '620123', '榆中县', '303', '620100', '兰州市', '104.114975', '35.84443', '2019-11-24 12:59:28', '0');
INSERT INTO `city_area` VALUES ('3131', '620171', '兰州新区', '303', '620100', '兰州市', '', '', '2019-11-24 12:59:28', '0');
INSERT INTO `city_area` VALUES ('334', '620200', '嘉峪关市', '202', '620000', '甘肃省', '98.255', '39.8552', '2019-11-24 12:59:28', '0');
INSERT INTO `city_area` VALUES ('3132', '620201', '嘉峪关市', '303', '620200', '嘉峪关市', '', '', '2019-11-24 12:59:28', '0');
INSERT INTO `city_area` VALUES ('335', '620300', '金昌市', '202', '620000', '甘肃省', '102.187888', '38.514238', '2019-11-24 12:59:28', '0');
INSERT INTO `city_area` VALUES ('3133', '620302', '金川区', '303', '620300', '金昌市', '102.187683', '38.513793', '2019-11-24 12:59:28', '0');
INSERT INTO `city_area` VALUES ('3134', '620321', '永昌县', '303', '620300', '金昌市', '101.971957', '38.247354', '2019-11-24 12:59:28', '0');
INSERT INTO `city_area` VALUES ('336', '620400', '白银市', '202', '620000', '甘肃省', '104.173606', '36.54568', '2019-11-24 12:59:28', '0');
INSERT INTO `city_area` VALUES ('3135', '620402', '白银区', '303', '620400', '白银市', '104.17425', '36.545649', '2019-11-24 12:59:28', '0');
INSERT INTO `city_area` VALUES ('3136', '620403', '平川区', '303', '620400', '白银市', '104.819207', '36.72921', '2019-11-24 12:59:28', '0');
INSERT INTO `city_area` VALUES ('3137', '620421', '靖远县', '303', '620400', '白银市', '104.686972', '36.561424', '2019-11-24 12:59:28', '0');
INSERT INTO `city_area` VALUES ('3138', '620422', '会宁县', '303', '620400', '白银市', '105.054337', '35.692486', '2019-11-24 12:59:28', '0');
INSERT INTO `city_area` VALUES ('3139', '620423', '景泰县', '303', '620400', '白银市', '104.066394', '37.193519', '2019-11-24 12:59:28', '0');
INSERT INTO `city_area` VALUES ('337', '620500', '天水市', '202', '620000', '甘肃省', '105.724998', '34.578529', '2019-11-24 12:59:28', '0');
INSERT INTO `city_area` VALUES ('3140', '620502', '秦州区', '303', '620500', '天水市', '105.724477', '34.578645', '2019-11-24 12:59:28', '0');
INSERT INTO `city_area` VALUES ('3141', '620503', '麦积区', '303', '620500', '天水市', '105.897631', '34.563504', '2019-11-24 12:59:28', '0');
INSERT INTO `city_area` VALUES ('3142', '620521', '清水县', '303', '620500', '天水市', '106.139878', '34.75287', '2019-11-24 12:59:28', '0');
INSERT INTO `city_area` VALUES ('3143', '620522', '秦安县', '303', '620500', '天水市', '105.6733', '34.862354', '2019-11-24 12:59:28', '0');
INSERT INTO `city_area` VALUES ('3144', '620523', '甘谷县', '303', '620500', '天水市', '105.332347', '34.747327', '2019-11-24 12:59:28', '0');
INSERT INTO `city_area` VALUES ('3145', '620524', '武山县', '303', '620500', '天水市', '104.891696', '34.721955', '2019-11-24 12:59:28', '0');
INSERT INTO `city_area` VALUES ('3146', '620525', '张家川回族自治县', '303', '620500', '天水市', '106.212416', '34.993237', '2019-11-24 12:59:28', '0');
INSERT INTO `city_area` VALUES ('338', '620600', '武威市', '202', '620000', '甘肃省', '102.634697', '37.929996', '2019-11-24 12:59:28', '0');
INSERT INTO `city_area` VALUES ('3147', '620602', '凉州区', '303', '620600', '武威市', '102.634492', '37.93025', '2019-11-24 12:59:28', '0');
INSERT INTO `city_area` VALUES ('3148', '620621', '民勤县', '303', '620600', '武威市', '103.090654', '38.624621', '2019-11-24 12:59:28', '0');
INSERT INTO `city_area` VALUES ('3149', '620622', '古浪县', '303', '620600', '武威市', '102.898047', '37.470571', '2019-11-24 12:59:28', '0');
INSERT INTO `city_area` VALUES ('3150', '620623', '天祝藏族自治县', '303', '620600', '武威市', '103.142034', '36.971678', '2019-11-24 12:59:28', '0');
INSERT INTO `city_area` VALUES ('339', '620700', '张掖市', '202', '620000', '甘肃省', '100.455472', '38.932897', '2019-11-24 12:59:28', '0');
INSERT INTO `city_area` VALUES ('3151', '620702', '甘州区', '303', '620700', '张掖市', '100.454862', '38.931774', '2019-11-24 12:59:28', '0');
INSERT INTO `city_area` VALUES ('3152', '620721', '肃南裕固族自治县', '303', '620700', '张掖市', '99.617086', '38.837269', '2019-11-24 12:59:28', '0');
INSERT INTO `city_area` VALUES ('3153', '620722', '民乐县', '303', '620700', '张掖市', '100.816623', '38.434454', '2019-11-24 12:59:28', '0');
INSERT INTO `city_area` VALUES ('3154', '620723', '临泽县', '303', '620700', '张掖市', '100.166333', '39.152151', '2019-11-24 12:59:28', '0');
INSERT INTO `city_area` VALUES ('3155', '620724', '高台县', '303', '620700', '张掖市', '99.81665', '39.376308', '2019-11-24 12:59:28', '0');
INSERT INTO `city_area` VALUES ('3156', '620725', '山丹县', '303', '620700', '张掖市', '101.088442', '38.784839', '2019-11-24 12:59:28', '0');
INSERT INTO `city_area` VALUES ('340', '620800', '平凉市', '202', '620000', '甘肃省', '106.684691', '35.54279', '2019-11-24 12:59:28', '0');
INSERT INTO `city_area` VALUES ('3157', '620802', '崆峒区', '303', '620800', '平凉市', '106.684223', '35.54173', '2019-11-24 12:59:28', '0');
INSERT INTO `city_area` VALUES ('3158', '620821', '泾川县', '303', '620800', '平凉市', '107.365218', '35.335283', '2019-11-24 12:59:28', '0');
INSERT INTO `city_area` VALUES ('3159', '620822', '灵台县', '303', '620800', '平凉市', '107.620587', '35.064009', '2019-11-24 12:59:28', '0');
INSERT INTO `city_area` VALUES ('3160', '620823', '崇信县', '303', '620800', '平凉市', '107.031253', '35.304533', '2019-11-24 12:59:28', '0');
INSERT INTO `city_area` VALUES ('3161', '620824', '华亭县', '303', '620800', '平凉市', '106.649308', '35.215342', '2019-11-24 12:59:28', '0');
INSERT INTO `city_area` VALUES ('3162', '620825', '庄浪县', '303', '620800', '平凉市', '106.041979', '35.203428', '2019-11-24 12:59:28', '0');
INSERT INTO `city_area` VALUES ('3163', '620826', '静宁县', '303', '620800', '平凉市', '105.733489', '35.525243', '2019-11-24 12:59:28', '0');
INSERT INTO `city_area` VALUES ('3164', '620871', '平凉工业园区', '303', '620800', '平凉市', '', '', '2019-11-24 12:59:28', '0');
INSERT INTO `city_area` VALUES ('341', '620900', '酒泉市', '202', '620000', '甘肃省', '98.510795', '39.744023', '2019-11-24 12:59:28', '0');
INSERT INTO `city_area` VALUES ('3165', '620902', '肃州区', '303', '620900', '酒泉市', '98.511155', '39.743858', '2019-11-24 12:59:28', '0');
INSERT INTO `city_area` VALUES ('3166', '620921', '金塔县', '303', '620900', '酒泉市', '98.902959', '39.983036', '2019-11-24 12:59:28', '0');
INSERT INTO `city_area` VALUES ('3167', '620922', '瓜州县', '303', '620900', '酒泉市', '95.780591', '40.516525', '2019-11-24 12:59:28', '0');
INSERT INTO `city_area` VALUES ('3168', '620923', '肃北蒙古族自治县', '303', '620900', '酒泉市', '94.87728', '39.51224', '2019-11-24 12:59:28', '0');
INSERT INTO `city_area` VALUES ('3169', '620924', '阿克塞哈萨克族自治县', '303', '620900', '酒泉市', '94.337642', '39.631642', '2019-11-24 12:59:28', '0');
INSERT INTO `city_area` VALUES ('3170', '620981', '玉门市', '303', '620900', '酒泉市', '97.037206', '40.28682', '2019-11-24 12:59:28', '0');
INSERT INTO `city_area` VALUES ('3171', '620982', '敦煌市', '303', '620900', '酒泉市', '94.664279', '40.141119', '2019-11-24 12:59:28', '0');
INSERT INTO `city_area` VALUES ('342', '621000', '庆阳市', '202', '620000', '甘肃省', '107.638372', '35.734218', '2019-11-24 12:59:28', '0');
INSERT INTO `city_area` VALUES ('3172', '621002', '西峰区', '303', '621000', '庆阳市', '107.638824', '35.733713', '2019-11-24 12:59:28', '0');
INSERT INTO `city_area` VALUES ('3173', '621021', '庆城县', '303', '621000', '庆阳市', '107.885664', '36.013504', '2019-11-24 12:59:28', '0');
INSERT INTO `city_area` VALUES ('3174', '621022', '环县', '303', '621000', '庆阳市', '107.308754', '36.569322', '2019-11-24 12:59:28', '0');
INSERT INTO `city_area` VALUES ('3175', '621023', '华池县', '303', '621000', '庆阳市', '107.986288', '36.457304', '2019-11-24 12:59:28', '0');
INSERT INTO `city_area` VALUES ('3176', '621024', '合水县', '303', '621000', '庆阳市', '108.019865', '35.819005', '2019-11-24 12:59:28', '0');
INSERT INTO `city_area` VALUES ('3177', '621025', '正宁县', '303', '621000', '庆阳市', '108.361068', '35.490642', '2019-11-24 12:59:28', '0');
INSERT INTO `city_area` VALUES ('3178', '621026', '宁县', '303', '621000', '庆阳市', '107.921182', '35.50201', '2019-11-24 12:59:28', '0');
INSERT INTO `city_area` VALUES ('3179', '621027', '镇原县', '303', '621000', '庆阳市', '107.195706', '35.677806', '2019-11-24 12:59:28', '0');
INSERT INTO `city_area` VALUES ('343', '621100', '定西市', '202', '620000', '甘肃省', '104.626294', '35.579578', '2019-11-24 12:59:28', '0');
INSERT INTO `city_area` VALUES ('3180', '621102', '安定区', '303', '621100', '定西市', '104.62577', '35.579764', '2019-11-24 12:59:28', '0');
INSERT INTO `city_area` VALUES ('3181', '621121', '通渭县', '303', '621100', '定西市', '105.250102', '35.208922', '2019-11-24 12:59:28', '0');
INSERT INTO `city_area` VALUES ('3182', '621122', '陇西县', '303', '621100', '定西市', '104.637554', '35.003409', '2019-11-24 12:59:28', '0');
INSERT INTO `city_area` VALUES ('3183', '621123', '渭源县', '303', '621100', '定西市', '104.211742', '35.133023', '2019-11-24 12:59:28', '0');
INSERT INTO `city_area` VALUES ('3184', '621124', '临洮县', '303', '621100', '定西市', '103.862186', '35.376233', '2019-11-24 12:59:28', '0');
INSERT INTO `city_area` VALUES ('3185', '621125', '漳县', '303', '621100', '定西市', '104.466756', '34.848642', '2019-11-24 12:59:28', '0');
INSERT INTO `city_area` VALUES ('3186', '621126', '岷县', '303', '621100', '定西市', '104.039882', '34.439105', '2019-11-24 12:59:28', '0');
INSERT INTO `city_area` VALUES ('344', '621200', '陇南市', '202', '620000', '甘肃省', '104.929379', '33.388598', '2019-11-24 12:59:28', '0');
INSERT INTO `city_area` VALUES ('3187', '621202', '武都区', '303', '621200', '陇南市', '104.929866', '33.388155', '2019-11-24 12:59:28', '0');
INSERT INTO `city_area` VALUES ('3188', '621221', '成县', '303', '621200', '陇南市', '105.734434', '33.739863', '2019-11-24 12:59:28', '0');
INSERT INTO `city_area` VALUES ('3189', '621222', '文县', '303', '621200', '陇南市', '104.682448', '32.942171', '2019-11-24 12:59:28', '0');
INSERT INTO `city_area` VALUES ('3190', '621223', '宕昌县', '303', '621200', '陇南市', '104.394475', '34.042655', '2019-11-24 12:59:28', '0');
INSERT INTO `city_area` VALUES ('3191', '621224', '康县', '303', '621200', '陇南市', '105.609534', '33.328266', '2019-11-24 12:59:28', '0');
INSERT INTO `city_area` VALUES ('3192', '621225', '西和县', '303', '621200', '陇南市', '105.299737', '34.013718', '2019-11-24 12:59:28', '0');
INSERT INTO `city_area` VALUES ('3193', '621226', '礼县', '303', '621200', '陇南市', '105.181616', '34.189387', '2019-11-24 12:59:28', '0');
INSERT INTO `city_area` VALUES ('3194', '621227', '徽县', '303', '621200', '陇南市', '106.085632', '33.767785', '2019-11-24 12:59:28', '0');
INSERT INTO `city_area` VALUES ('3195', '621228', '两当县', '303', '621200', '陇南市', '106.306959', '33.910729', '2019-11-24 12:59:28', '0');
INSERT INTO `city_area` VALUES ('345', '622900', '临夏回族自治州', '202', '620000', '甘肃省', '103.212006', '35.599446', '2019-11-24 12:59:28', '0');
INSERT INTO `city_area` VALUES ('3196', '622901', '临夏市', '303', '622900', '临夏回族自治州', '103.211634', '35.59941', '2019-11-24 12:59:28', '0');
INSERT INTO `city_area` VALUES ('3197', '622921', '临夏县', '303', '622900', '临夏回族自治州', '102.993873', '35.49236', '2019-11-24 12:59:28', '0');
INSERT INTO `city_area` VALUES ('3198', '622922', '康乐县', '303', '622900', '临夏回族自治州', '103.709852', '35.371906', '2019-11-24 12:59:28', '0');
INSERT INTO `city_area` VALUES ('3199', '622923', '永靖县', '303', '622900', '临夏回族自治州', '103.319871', '35.938933', '2019-11-24 12:59:28', '0');
INSERT INTO `city_area` VALUES ('3200', '622924', '广河县', '303', '622900', '临夏回族自治州', '103.576188', '35.481688', '2019-11-24 12:59:28', '0');
INSERT INTO `city_area` VALUES ('3201', '622925', '和政县', '303', '622900', '临夏回族自治州', '103.350357', '35.425971', '2019-11-24 12:59:28', '0');
INSERT INTO `city_area` VALUES ('3202', '622926', '东乡族自治县', '303', '622900', '临夏回族自治州', '103.389568', '35.66383', '2019-11-24 12:59:28', '0');
INSERT INTO `city_area` VALUES ('3203', '622927', '积石山保安族东乡族撒拉族自治县', '303', '622900', '临夏回族自治州', '102.877473', '35.712906', '2019-11-24 12:59:28', '0');
INSERT INTO `city_area` VALUES ('346', '623000', '甘南藏族自治州', '202', '620000', '甘肃省', '102.911008', '34.986354', '2019-11-24 12:59:28', '0');
INSERT INTO `city_area` VALUES ('3204', '623001', '合作市', '303', '623000', '甘南藏族自治州', '102.91149', '34.985973', '2019-11-24 12:59:28', '0');
INSERT INTO `city_area` VALUES ('3205', '623021', '临潭县', '303', '623000', '甘南藏族自治州', '103.353054', '34.69164', '2019-11-24 12:59:28', '0');
INSERT INTO `city_area` VALUES ('3206', '623022', '卓尼县', '303', '623000', '甘南藏族自治州', '103.508508', '34.588165', '2019-11-24 12:59:28', '0');
INSERT INTO `city_area` VALUES ('3207', '623023', '舟曲县', '303', '623000', '甘南藏族自治州', '104.370271', '33.782964', '2019-11-24 12:59:28', '0');
INSERT INTO `city_area` VALUES ('3208', '623024', '迭部县', '303', '623000', '甘南藏族自治州', '103.221009', '34.055348', '2019-11-24 12:59:28', '0');
INSERT INTO `city_area` VALUES ('3209', '623025', '玛曲县', '303', '623000', '甘南藏族自治州', '102.075767', '33.998068', '2019-11-24 12:59:28', '0');
INSERT INTO `city_area` VALUES ('3210', '623026', '碌曲县', '303', '623000', '甘南藏族自治州', '102.488495', '34.589591', '2019-11-24 12:59:28', '0');
INSERT INTO `city_area` VALUES ('3211', '623027', '夏河县', '303', '623000', '甘南藏族自治州', '102.520743', '35.200853', '2019-11-24 12:59:28', '0');
INSERT INTO `city_area` VALUES ('29', '630000', '青海省', '101', '0', '中国', '101.778916', '36.623178', '2019-11-24 12:59:28', '0');
INSERT INTO `city_area` VALUES ('347', '630100', '西宁市', '202', '630000', '青海省', '101.778916', '36.623178', '2019-11-24 12:59:28', '0');
INSERT INTO `city_area` VALUES ('3212', '630102', '城东区', '303', '630100', '西宁市', '101.796095', '36.616043', '2019-11-24 12:59:28', '0');
INSERT INTO `city_area` VALUES ('3213', '630103', '城中区', '303', '630100', '西宁市', '101.784554', '36.621181', '2019-11-24 12:59:28', '0');
INSERT INTO `city_area` VALUES ('3214', '630104', '城西区', '303', '630100', '西宁市', '101.763649', '36.628323', '2019-11-24 12:59:28', '0');
INSERT INTO `city_area` VALUES ('3215', '630105', '城北区', '303', '630100', '西宁市', '101.761297', '36.648448', '2019-11-24 12:59:28', '0');
INSERT INTO `city_area` VALUES ('3216', '630121', '大通回族土族自治县', '303', '630100', '西宁市', '101.684183', '36.931343', '2019-11-24 12:59:28', '0');
INSERT INTO `city_area` VALUES ('3217', '630122', '湟中县', '303', '630100', '西宁市', '101.569475', '36.500419', '2019-11-24 12:59:28', '0');
INSERT INTO `city_area` VALUES ('3218', '630123', '湟源县', '303', '630100', '西宁市', '101.263435', '36.684818', '2019-11-24 12:59:28', '0');
INSERT INTO `city_area` VALUES ('348', '630200', '海东市', '202', '630000', '青海省', '102.10327', '36.502916', '2019-11-24 12:59:28', '0');
INSERT INTO `city_area` VALUES ('3219', '630202', '乐都区', '303', '630200', '海东市', '102.402431', '36.480291', '2019-11-24 12:59:28', '0');
INSERT INTO `city_area` VALUES ('3220', '630203', '平安区', '303', '630200', '海东市', '102.104295', '36.502714', '2019-11-24 12:59:28', '0');
INSERT INTO `city_area` VALUES ('3221', '630222', '民和回族土族自治县', '303', '630200', '海东市', '102.804209', '36.329451', '2019-11-24 12:59:28', '0');
INSERT INTO `city_area` VALUES ('3222', '630223', '互助土族自治县', '303', '630200', '海东市', '101.956734', '36.83994', '2019-11-24 12:59:28', '0');
INSERT INTO `city_area` VALUES ('3223', '630224', '化隆回族自治县', '303', '630200', '海东市', '102.262329', '36.098322', '2019-11-24 12:59:28', '0');
INSERT INTO `city_area` VALUES ('3224', '630225', '循化撒拉族自治县', '303', '630200', '海东市', '102.486534', '35.847247', '2019-11-24 12:59:28', '0');
INSERT INTO `city_area` VALUES ('349', '632200', '海北藏族自治州', '202', '630000', '青海省', '100.901059', '36.959435', '2019-11-24 12:59:28', '0');
INSERT INTO `city_area` VALUES ('3225', '632221', '门源回族自治县', '303', '632200', '海北藏族自治州', '101.618461', '37.376627', '2019-11-24 12:59:28', '0');
INSERT INTO `city_area` VALUES ('3226', '632222', '祁连县', '303', '632200', '海北藏族自治州', '100.249778', '38.175409', '2019-11-24 12:59:28', '0');
INSERT INTO `city_area` VALUES ('3227', '632223', '海晏县', '303', '632200', '海北藏族自治州', '100.90049', '36.959542', '2019-11-24 12:59:28', '0');
INSERT INTO `city_area` VALUES ('3228', '632224', '刚察县', '303', '632200', '海北藏族自治州', '100.138417', '37.326263', '2019-11-24 12:59:28', '0');
INSERT INTO `city_area` VALUES ('350', '632300', '黄南藏族自治州', '202', '630000', '青海省', '102.019988', '35.517744', '2019-11-24 12:59:28', '0');
INSERT INTO `city_area` VALUES ('3229', '632321', '同仁县', '303', '632300', '黄南藏族自治州', '102.017604', '35.516337', '2019-11-24 12:59:28', '0');
INSERT INTO `city_area` VALUES ('3230', '632322', '尖扎县', '303', '632300', '黄南藏族自治州', '102.031953', '35.938205', '2019-11-24 12:59:28', '0');
INSERT INTO `city_area` VALUES ('3231', '632323', '泽库县', '303', '632300', '黄南藏族自治州', '101.469343', '35.036842', '2019-11-24 12:59:28', '0');
INSERT INTO `city_area` VALUES ('3232', '632324', '河南蒙古族自治县', '303', '632300', '黄南藏族自治州', '101.611877', '34.734522', '2019-11-24 12:59:28', '0');
INSERT INTO `city_area` VALUES ('351', '632500', '海南藏族自治州', '202', '630000', '青海省', '100.619542', '36.280353', '2019-11-24 12:59:28', '0');
INSERT INTO `city_area` VALUES ('3233', '632521', '共和县', '303', '632500', '海南藏族自治州', '100.619597', '36.280286', '2019-11-24 12:59:28', '0');
INSERT INTO `city_area` VALUES ('3234', '632522', '同德县', '303', '632500', '海南藏族自治州', '100.579465', '35.254492', '2019-11-24 12:59:28', '0');
INSERT INTO `city_area` VALUES ('3235', '632523', '贵德县', '303', '632500', '海南藏族自治州', '101.431856', '36.040456', '2019-11-24 12:59:28', '0');
INSERT INTO `city_area` VALUES ('3236', '632524', '兴海县', '303', '632500', '海南藏族自治州', '99.986963', '35.58909', '2019-11-24 12:59:28', '0');
INSERT INTO `city_area` VALUES ('3237', '632525', '贵南县', '303', '632500', '海南藏族自治州', '100.74792', '35.587085', '2019-11-24 12:59:28', '0');
INSERT INTO `city_area` VALUES ('352', '632600', '果洛藏族自治州', '202', '630000', '青海省', '100.242143', '34.4736', '2019-11-24 12:59:28', '0');
INSERT INTO `city_area` VALUES ('3238', '632621', '玛沁县', '303', '632600', '果洛藏族自治州', '100.243531', '34.473386', '2019-11-24 12:59:28', '0');
INSERT INTO `city_area` VALUES ('3239', '632622', '班玛县', '303', '632600', '果洛藏族自治州', '100.737955', '32.931589', '2019-11-24 12:59:28', '0');
INSERT INTO `city_area` VALUES ('3240', '632623', '甘德县', '303', '632600', '果洛藏族自治州', '99.902589', '33.966987', '2019-11-24 12:59:28', '0');
INSERT INTO `city_area` VALUES ('3241', '632624', '达日县', '303', '632600', '果洛藏族自治州', '99.651715', '33.753259', '2019-11-24 12:59:28', '0');
INSERT INTO `city_area` VALUES ('3242', '632625', '久治县', '303', '632600', '果洛藏族自治州', '101.484884', '33.430217', '2019-11-24 12:59:28', '0');
INSERT INTO `city_area` VALUES ('3243', '632626', '玛多县', '303', '632600', '果洛藏族自治州', '98.211343', '34.91528', '2019-11-24 12:59:28', '0');
INSERT INTO `city_area` VALUES ('353', '632700', '玉树藏族自治州', '202', '630000', '青海省', '97.008522', '33.004049', '2019-11-24 12:59:28', '0');
INSERT INTO `city_area` VALUES ('3244', '632701', '玉树市', '303', '632700', '玉树藏族自治州', '97.008762', '33.00393', '2019-11-24 12:59:28', '0');
INSERT INTO `city_area` VALUES ('3245', '632722', '杂多县', '303', '632700', '玉树藏族自治州', '95.293423', '32.891886', '2019-11-24 12:59:28', '0');
INSERT INTO `city_area` VALUES ('3246', '632723', '称多县', '303', '632700', '玉树藏族自治州', '97.110893', '33.367884', '2019-11-24 12:59:28', '0');
INSERT INTO `city_area` VALUES ('3247', '632724', '治多县', '303', '632700', '玉树藏族自治州', '95.616843', '33.852322', '2019-11-24 12:59:28', '0');
INSERT INTO `city_area` VALUES ('3248', '632725', '囊谦县', '303', '632700', '玉树藏族自治州', '96.479797', '32.203206', '2019-11-24 12:59:28', '0');
INSERT INTO `city_area` VALUES ('3249', '632726', '曲麻莱县', '303', '632700', '玉树藏族自治州', '95.800674', '34.12654', '2019-11-24 12:59:28', '0');
INSERT INTO `city_area` VALUES ('354', '632800', '海西蒙古族藏族自治州', '202', '630000', '青海省', '97.370785', '37.374663', '2019-11-24 12:59:28', '0');
INSERT INTO `city_area` VALUES ('3250', '632801', '格尔木市', '303', '632800', '海西蒙古族藏族自治州', '94.905777', '36.401541', '2019-11-24 12:59:28', '0');
INSERT INTO `city_area` VALUES ('3251', '632802', '德令哈市', '303', '632800', '海西蒙古族藏族自治州', '97.370143', '37.374555', '2019-11-24 12:59:28', '0');
INSERT INTO `city_area` VALUES ('3252', '632821', '乌兰县', '303', '632800', '海西蒙古族藏族自治州', '98.479852', '36.930389', '2019-11-24 12:59:28', '0');
INSERT INTO `city_area` VALUES ('3253', '632822', '都兰县', '303', '632800', '海西蒙古族藏族自治州', '98.089161', '36.298553', '2019-11-24 12:59:28', '0');
INSERT INTO `city_area` VALUES ('3254', '632823', '天峻县', '303', '632800', '海西蒙古族藏族自治州', '99.02078', '37.29906', '2019-11-24 12:59:28', '0');
INSERT INTO `city_area` VALUES ('3255', '632857', '大柴旦行政委员会', '303', '632800', '海西蒙古族藏族自治州', '', '', '2019-11-24 12:59:28', '0');
INSERT INTO `city_area` VALUES ('3256', '632858', '冷湖行政委员会', '303', '632800', '海西蒙古族藏族自治州', '', '', '2019-11-24 12:59:28', '0');
INSERT INTO `city_area` VALUES ('3257', '632859', '茫崖行政委员会', '303', '632800', '海西蒙古族藏族自治州', '', '', '2019-11-24 12:59:28', '0');
INSERT INTO `city_area` VALUES ('30', '640000', '宁夏回族自治区', '101', '0', '中国', '106.278179', '38.46637', '2019-11-24 12:59:28', '0');
INSERT INTO `city_area` VALUES ('355', '640100', '银川市', '202', '640000', '宁夏回族自治区', '106.278179', '38.46637', '2019-11-24 12:59:28', '0');
INSERT INTO `city_area` VALUES ('3258', '640104', '兴庆区', '303', '640100', '银川市', '106.278393', '38.46747', '2019-11-24 12:59:28', '0');
INSERT INTO `city_area` VALUES ('3259', '640105', '西夏区', '303', '640100', '银川市', '106.132116', '38.492424', '2019-11-24 12:59:28', '0');
INSERT INTO `city_area` VALUES ('3260', '640106', '金凤区', '303', '640100', '银川市', '106.228486', '38.477353', '2019-11-24 12:59:28', '0');
INSERT INTO `city_area` VALUES ('3261', '640121', '永宁县', '303', '640100', '银川市', '106.253781', '38.28043', '2019-11-24 12:59:28', '0');
INSERT INTO `city_area` VALUES ('3262', '640122', '贺兰县', '303', '640100', '银川市', '106.345904', '38.554563', '2019-11-24 12:59:28', '0');
INSERT INTO `city_area` VALUES ('3263', '640181', '灵武市', '303', '640100', '银川市', '106.334701', '38.094058', '2019-11-24 12:59:28', '0');
INSERT INTO `city_area` VALUES ('356', '640200', '石嘴山市', '202', '640000', '宁夏回族自治区', '106.376173', '39.01333', '2019-11-24 12:59:28', '0');
INSERT INTO `city_area` VALUES ('3264', '640202', '大武口区', '303', '640200', '石嘴山市', '106.376651', '39.014158', '2019-11-24 12:59:28', '0');
INSERT INTO `city_area` VALUES ('3265', '640205', '惠农区', '303', '640200', '石嘴山市', '106.775513', '39.230094', '2019-11-24 12:59:28', '0');
INSERT INTO `city_area` VALUES ('3266', '640221', '平罗县', '303', '640200', '石嘴山市', '106.54489', '38.90674', '2019-11-24 12:59:28', '0');
INSERT INTO `city_area` VALUES ('357', '640300', '吴忠市', '202', '640000', '宁夏回族自治区', '106.199409', '37.986165', '2019-11-24 12:59:28', '0');
INSERT INTO `city_area` VALUES ('3267', '640302', '利通区', '303', '640300', '吴忠市', '106.199419', '37.985967', '2019-11-24 12:59:28', '0');
INSERT INTO `city_area` VALUES ('3268', '640303', '红寺堡区', '303', '640300', '吴忠市', '106.067315', '37.421616', '2019-11-24 12:59:28', '0');
INSERT INTO `city_area` VALUES ('3269', '640323', '盐池县', '303', '640300', '吴忠市', '107.40541', '37.784222', '2019-11-24 12:59:28', '0');
INSERT INTO `city_area` VALUES ('3270', '640324', '同心县', '303', '640300', '吴忠市', '105.914764', '36.9829', '2019-11-24 12:59:28', '0');
INSERT INTO `city_area` VALUES ('3271', '640381', '青铜峡市', '303', '640300', '吴忠市', '106.075395', '38.021509', '2019-11-24 12:59:28', '0');
INSERT INTO `city_area` VALUES ('358', '640400', '固原市', '202', '640000', '宁夏回族自治区', '106.285241', '36.004561', '2019-11-24 12:59:28', '0');
INSERT INTO `city_area` VALUES ('3272', '640402', '原州区', '303', '640400', '固原市', '106.28477', '36.005337', '2019-11-24 12:59:28', '0');
INSERT INTO `city_area` VALUES ('3273', '640422', '西吉县', '303', '640400', '固原市', '105.731801', '35.965384', '2019-11-24 12:59:28', '0');
INSERT INTO `city_area` VALUES ('3274', '640423', '隆德县', '303', '640400', '固原市', '106.12344', '35.618234', '2019-11-24 12:59:28', '0');
INSERT INTO `city_area` VALUES ('3275', '640424', '泾源县', '303', '640400', '固原市', '106.338674', '35.49344', '2019-11-24 12:59:28', '0');
INSERT INTO `city_area` VALUES ('3276', '640425', '彭阳县', '303', '640400', '固原市', '106.641512', '35.849975', '2019-11-24 12:59:28', '0');
INSERT INTO `city_area` VALUES ('359', '640500', '中卫市', '202', '640000', '宁夏回族自治区', '105.189568', '37.514951', '2019-11-24 12:59:28', '0');
INSERT INTO `city_area` VALUES ('3277', '640502', '沙坡头区', '303', '640500', '中卫市', '105.190536', '37.514564', '2019-11-24 12:59:28', '0');
INSERT INTO `city_area` VALUES ('3278', '640521', '中宁县', '303', '640500', '中卫市', '105.675784', '37.489736', '2019-11-24 12:59:28', '0');
INSERT INTO `city_area` VALUES ('3279', '640522', '海原县', '303', '640500', '中卫市', '105.647323', '36.562007', '2019-11-24 12:59:28', '0');
INSERT INTO `city_area` VALUES ('31', '650000', '新疆维吾尔自治区', '101', '0', '中国', '87.617733', '43.792818', '2019-11-24 12:59:28', '0');
INSERT INTO `city_area` VALUES ('360', '650100', '乌鲁木齐市', '202', '650000', '新疆维吾尔自治区', '87.617733', '43.792818', '2019-11-24 12:59:28', '0');
INSERT INTO `city_area` VALUES ('3280', '650102', '天山区', '303', '650100', '乌鲁木齐市', '87.620116', '43.796428', '2019-11-24 12:59:28', '0');
INSERT INTO `city_area` VALUES ('3281', '650103', '沙依巴克区', '303', '650100', '乌鲁木齐市', '87.596639', '43.788872', '2019-11-24 12:59:28', '0');
INSERT INTO `city_area` VALUES ('3282', '650104', '新市区', '303', '650100', '乌鲁木齐市', '87.560653', '43.870882', '2019-11-24 12:59:28', '0');
INSERT INTO `city_area` VALUES ('3283', '650105', '水磨沟区', '303', '650100', '乌鲁木齐市', '87.613093', '43.816747', '2019-11-24 12:59:28', '0');
INSERT INTO `city_area` VALUES ('3284', '650106', '头屯河区', '303', '650100', '乌鲁木齐市', '87.425823', '43.876053', '2019-11-24 12:59:28', '0');
INSERT INTO `city_area` VALUES ('3285', '650107', '达坂城区', '303', '650100', '乌鲁木齐市', '88.30994', '43.36181', '2019-11-24 12:59:28', '0');
INSERT INTO `city_area` VALUES ('3286', '650109', '米东区', '303', '650100', '乌鲁木齐市', '87.691801', '43.960982', '2019-11-24 12:59:28', '0');
INSERT INTO `city_area` VALUES ('3287', '650121', '乌鲁木齐县', '303', '650100', '乌鲁木齐市', '87.505603', '43.982546', '2019-11-24 12:59:28', '0');
INSERT INTO `city_area` VALUES ('3288', '650171', '乌鲁木齐经济技术开发区', '303', '650100', '乌鲁木齐市', '', '', '2019-11-24 12:59:28', '0');
INSERT INTO `city_area` VALUES ('3289', '650172', '乌鲁木齐高新技术产业开发区', '303', '650100', '乌鲁木齐市', '', '', '2019-11-24 12:59:28', '0');
INSERT INTO `city_area` VALUES ('361', '650200', '克拉玛依市', '202', '650000', '新疆维吾尔自治区', '84.873946', '45.595886', '2019-11-24 12:59:28', '0');
INSERT INTO `city_area` VALUES ('3290', '650202', '独山子区', '303', '650200', '克拉玛依市', '84.882267', '44.327207', '2019-11-24 12:59:28', '0');
INSERT INTO `city_area` VALUES ('3291', '650203', '克拉玛依区', '303', '650200', '克拉玛依市', '84.868918', '45.600477', '2019-11-24 12:59:28', '0');
INSERT INTO `city_area` VALUES ('3292', '650204', '白碱滩区', '303', '650200', '克拉玛依市', '85.129882', '45.689021', '2019-11-24 12:59:28', '0');
INSERT INTO `city_area` VALUES ('3293', '650205', '乌尔禾区', '303', '650200', '克拉玛依市', '85.697767', '46.08776', '2019-11-24 12:59:28', '0');
INSERT INTO `city_area` VALUES ('362', '650400', '吐鲁番市', '202', '650000', '新疆维吾尔自治区', '89.184078', '42.947613', '2019-11-24 12:59:28', '0');
INSERT INTO `city_area` VALUES ('3294', '650402', '高昌区', '303', '650400', '吐鲁番市', '89.182324', '42.947627', '2019-11-24 12:59:28', '0');
INSERT INTO `city_area` VALUES ('3295', '650421', '鄯善县', '303', '650400', '吐鲁番市', '90.212692', '42.865503', '2019-11-24 12:59:28', '0');
INSERT INTO `city_area` VALUES ('3296', '650422', '托克逊县', '303', '650400', '吐鲁番市', '88.655771', '42.793536', '2019-11-24 12:59:28', '0');
INSERT INTO `city_area` VALUES ('363', '650500', '哈密市', '202', '650000', '新疆维吾尔自治区', '93.51316', '42.833248', '2019-11-24 12:59:28', '0');
INSERT INTO `city_area` VALUES ('3297', '650502', '伊州区', '303', '650500', '哈密市', '93.509174', '42.833888', '2019-11-24 12:59:28', '0');
INSERT INTO `city_area` VALUES ('3298', '650521', '巴里坤哈萨克自治县', '303', '650500', '哈密市', '93.021795', '43.599032', '2019-11-24 12:59:28', '0');
INSERT INTO `city_area` VALUES ('3299', '650522', '伊吾县', '303', '650500', '哈密市', '94.692773', '43.252012', '2019-11-24 12:59:28', '0');
INSERT INTO `city_area` VALUES ('364', '652300', '昌吉回族自治州', '202', '650000', '新疆维吾尔自治区', '87.304012', '44.014577', '2019-11-24 12:59:28', '0');
INSERT INTO `city_area` VALUES ('3300', '652301', '昌吉市', '303', '652300', '昌吉回族自治州', '87.304112', '44.013183', '2019-11-24 12:59:28', '0');
INSERT INTO `city_area` VALUES ('3301', '652302', '阜康市', '303', '652300', '昌吉回族自治州', '87.98384', '44.152153', '2019-11-24 12:59:28', '0');
INSERT INTO `city_area` VALUES ('3302', '652323', '呼图壁县', '303', '652300', '昌吉回族自治州', '86.888613', '44.189342', '2019-11-24 12:59:28', '0');
INSERT INTO `city_area` VALUES ('3303', '652324', '玛纳斯县', '303', '652300', '昌吉回族自治州', '86.217687', '44.305625', '2019-11-24 12:59:28', '0');
INSERT INTO `city_area` VALUES ('3304', '652325', '奇台县', '303', '652300', '昌吉回族自治州', '89.591437', '44.021996', '2019-11-24 12:59:28', '0');
INSERT INTO `city_area` VALUES ('3305', '652327', '吉木萨尔县', '303', '652300', '昌吉回族自治州', '89.181288', '43.997162', '2019-11-24 12:59:28', '0');
INSERT INTO `city_area` VALUES ('3306', '652328', '木垒哈萨克自治县', '303', '652300', '昌吉回族自治州', '90.282833', '43.832442', '2019-11-24 12:59:28', '0');
INSERT INTO `city_area` VALUES ('365', '652700', '博尔塔拉蒙古自治州', '202', '650000', '新疆维吾尔自治区', '82.074778', '44.903258', '2019-11-24 12:59:28', '0');
INSERT INTO `city_area` VALUES ('3307', '652701', '博乐市', '303', '652700', '博尔塔拉蒙古自治州', '82.072237', '44.903087', '2019-11-24 12:59:28', '0');
INSERT INTO `city_area` VALUES ('3308', '652702', '阿拉山口市', '303', '652700', '博尔塔拉蒙古自治州', '82.569389', '45.16777', '2019-11-24 12:59:28', '0');
INSERT INTO `city_area` VALUES ('3309', '652722', '精河县', '303', '652700', '博尔塔拉蒙古自治州', '82.892938', '44.605645', '2019-11-24 12:59:28', '0');
INSERT INTO `city_area` VALUES ('3310', '652723', '温泉县', '303', '652700', '博尔塔拉蒙古自治州', '81.03099', '44.973751', '2019-11-24 12:59:28', '0');
INSERT INTO `city_area` VALUES ('366', '652800', '巴音郭楞蒙古自治州', '202', '650000', '新疆维吾尔自治区', '86.150969', '41.768552', '2019-11-24 12:59:28', '0');
INSERT INTO `city_area` VALUES ('3311', '652801', '库尔勒市', '303', '652800', '巴音郭楞蒙古自治州', '86.145948', '41.763122', '2019-11-24 12:59:28', '0');
INSERT INTO `city_area` VALUES ('3312', '652822', '轮台县', '303', '652800', '巴音郭楞蒙古自治州', '84.248542', '41.781266', '2019-11-24 12:59:28', '0');
INSERT INTO `city_area` VALUES ('3313', '652823', '尉犁县', '303', '652800', '巴音郭楞蒙古自治州', '86.263412', '41.337428', '2019-11-24 12:59:28', '0');
INSERT INTO `city_area` VALUES ('3314', '652824', '若羌县', '303', '652800', '巴音郭楞蒙古自治州', '88.168807', '39.023807', '2019-11-24 12:59:28', '0');
INSERT INTO `city_area` VALUES ('3315', '652825', '且末县', '303', '652800', '巴音郭楞蒙古自治州', '85.532629', '38.138562', '2019-11-24 12:59:28', '0');
INSERT INTO `city_area` VALUES ('3316', '652826', '焉耆回族自治县', '303', '652800', '巴音郭楞蒙古自治州', '86.5698', '42.064349', '2019-11-24 12:59:28', '0');
INSERT INTO `city_area` VALUES ('3317', '652827', '和静县', '303', '652800', '巴音郭楞蒙古自治州', '86.391067', '42.31716', '2019-11-24 12:59:28', '0');
INSERT INTO `city_area` VALUES ('3318', '652828', '和硕县', '303', '652800', '巴音郭楞蒙古自治州', '86.864947', '42.268863', '2019-11-24 12:59:28', '0');
INSERT INTO `city_area` VALUES ('3319', '652829', '博湖县', '303', '652800', '巴音郭楞蒙古自治州', '86.631576', '41.980166', '2019-11-24 12:59:28', '0');
INSERT INTO `city_area` VALUES ('3320', '652871', '库尔勒经济技术开发区', '303', '652800', '巴音郭楞蒙古自治州', '', '', '2019-11-24 12:59:28', '0');
INSERT INTO `city_area` VALUES ('367', '652900', '阿克苏地区', '202', '650000', '新疆维吾尔自治区', '80.265068', '41.170712', '2019-11-24 12:59:28', '0');
INSERT INTO `city_area` VALUES ('3321', '652901', '阿克苏市', '303', '652900', '阿克苏地区', '80.2629', '41.171272', '2019-11-24 12:59:28', '0');
INSERT INTO `city_area` VALUES ('3322', '652922', '温宿县', '303', '652900', '阿克苏地区', '80.243273', '41.272995', '2019-11-24 12:59:28', '0');
INSERT INTO `city_area` VALUES ('3323', '652923', '库车县', '303', '652900', '阿克苏地区', '82.96304', '41.717141', '2019-11-24 12:59:28', '0');
INSERT INTO `city_area` VALUES ('3324', '652924', '沙雅县', '303', '652900', '阿克苏地区', '82.78077', '41.226268', '2019-11-24 12:59:28', '0');
INSERT INTO `city_area` VALUES ('3325', '652925', '新和县', '303', '652900', '阿克苏地区', '82.610828', '41.551176', '2019-11-24 12:59:28', '0');
INSERT INTO `city_area` VALUES ('3326', '652926', '拜城县', '303', '652900', '阿克苏地区', '81.869881', '41.796101', '2019-11-24 12:59:28', '0');
INSERT INTO `city_area` VALUES ('3327', '652927', '乌什县', '303', '652900', '阿克苏地区', '79.230805', '41.21587', '2019-11-24 12:59:28', '0');
INSERT INTO `city_area` VALUES ('3328', '652928', '阿瓦提县', '303', '652900', '阿克苏地区', '80.378426', '40.638422', '2019-11-24 12:59:28', '0');
INSERT INTO `city_area` VALUES ('3329', '652929', '柯坪县', '303', '652900', '阿克苏地区', '79.04785', '40.50624', '2019-11-24 12:59:28', '0');
INSERT INTO `city_area` VALUES ('368', '653000', '克孜勒苏柯尔克孜自治州', '202', '650000', '新疆维吾尔自治区', '76.172825', '39.713431', '2019-11-24 12:59:28', '0');
INSERT INTO `city_area` VALUES ('3330', '653001', '阿图什市', '303', '653000', '克孜勒苏柯尔克孜自治州', '76.173939', '39.712898', '2019-11-24 12:59:28', '0');
INSERT INTO `city_area` VALUES ('3331', '653022', '阿克陶县', '303', '653000', '克孜勒苏柯尔克孜自治州', '75.945159', '39.147079', '2019-11-24 12:59:28', '0');
INSERT INTO `city_area` VALUES ('3332', '653023', '阿合奇县', '303', '653000', '克孜勒苏柯尔克孜自治州', '78.450164', '40.937567', '2019-11-24 12:59:28', '0');
INSERT INTO `city_area` VALUES ('3333', '653024', '乌恰县', '303', '653000', '克孜勒苏柯尔克孜自治州', '75.25969', '39.716633', '2019-11-24 12:59:28', '0');
INSERT INTO `city_area` VALUES ('369', '653100', '喀什地区', '202', '650000', '新疆维吾尔自治区', '75.989138', '39.467664', '2019-11-24 12:59:28', '0');
INSERT INTO `city_area` VALUES ('3334', '653101', '喀什市', '303', '653100', '喀什地区', '75.98838', '39.467861', '2019-11-24 12:59:28', '0');
INSERT INTO `city_area` VALUES ('3335', '653121', '疏附县', '303', '653100', '喀什地区', '75.863075', '39.378306', '2019-11-24 12:59:28', '0');
INSERT INTO `city_area` VALUES ('3336', '653122', '疏勒县', '303', '653100', '喀什地区', '76.053653', '39.399461', '2019-11-24 12:59:28', '0');
INSERT INTO `city_area` VALUES ('3337', '653123', '英吉沙县', '303', '653100', '喀什地区', '76.174292', '38.929839', '2019-11-24 12:59:28', '0');
INSERT INTO `city_area` VALUES ('3338', '653124', '泽普县', '303', '653100', '喀什地区', '77.273593', '38.191217', '2019-11-24 12:59:28', '0');
INSERT INTO `city_area` VALUES ('3339', '653125', '莎车县', '303', '653100', '喀什地区', '77.248884', '38.414499', '2019-11-24 12:59:28', '0');
INSERT INTO `city_area` VALUES ('3340', '653126', '叶城县', '303', '653100', '喀什地区', '77.420353', '37.884679', '2019-11-24 12:59:28', '0');
INSERT INTO `city_area` VALUES ('3341', '653127', '麦盖提县', '303', '653100', '喀什地区', '77.651538', '38.903384', '2019-11-24 12:59:28', '0');
INSERT INTO `city_area` VALUES ('3342', '653128', '岳普湖县', '303', '653100', '喀什地区', '76.7724', '39.235248', '2019-11-24 12:59:28', '0');
INSERT INTO `city_area` VALUES ('3343', '653129', '伽师县', '303', '653100', '喀什地区', '76.741982', '39.494325', '2019-11-24 12:59:28', '0');
INSERT INTO `city_area` VALUES ('3344', '653130', '巴楚县', '303', '653100', '喀什地区', '78.55041', '39.783479', '2019-11-24 12:59:28', '0');
INSERT INTO `city_area` VALUES ('3345', '653131', '塔什库尔干塔吉克自治县', '303', '653100', '喀什地区', '75.228068', '37.775437', '2019-11-24 12:59:28', '0');
INSERT INTO `city_area` VALUES ('370', '653200', '和田地区', '202', '650000', '新疆维吾尔自治区', '79.92533', '37.110687', '2019-11-24 12:59:28', '0');
INSERT INTO `city_area` VALUES ('3346', '653201', '和田市', '303', '653200', '和田地区', '79.927542', '37.108944', '2019-11-24 12:59:28', '0');
INSERT INTO `city_area` VALUES ('3347', '653221', '和田县', '303', '653200', '和田地区', '79.81907', '37.120031', '2019-11-24 12:59:28', '0');
INSERT INTO `city_area` VALUES ('3348', '653222', '墨玉县', '303', '653200', '和田地区', '79.736629', '37.271511', '2019-11-24 12:59:28', '0');
INSERT INTO `city_area` VALUES ('3349', '653223', '皮山县', '303', '653200', '和田地区', '78.282301', '37.616332', '2019-11-24 12:59:28', '0');
INSERT INTO `city_area` VALUES ('3350', '653224', '洛浦县', '303', '653200', '和田地区', '80.184038', '37.074377', '2019-11-24 12:59:28', '0');
INSERT INTO `city_area` VALUES ('3351', '653225', '策勒县', '303', '653200', '和田地区', '80.803572', '37.001672', '2019-11-24 12:59:28', '0');
INSERT INTO `city_area` VALUES ('3352', '653226', '于田县', '303', '653200', '和田地区', '81.667845', '36.854628', '2019-11-24 12:59:28', '0');
INSERT INTO `city_area` VALUES ('3353', '653227', '民丰县', '303', '653200', '和田地区', '82.692354', '37.064909', '2019-11-24 12:59:28', '0');
INSERT INTO `city_area` VALUES ('371', '654000', '伊犁哈萨克自治州', '202', '650000', '新疆维吾尔自治区', '81.317946', '43.92186', '2019-11-24 12:59:28', '0');
INSERT INTO `city_area` VALUES ('3354', '654002', '伊宁市', '303', '654000', '伊犁哈萨克自治州', '81.316343', '43.922209', '2019-11-24 12:59:28', '0');
INSERT INTO `city_area` VALUES ('3355', '654003', '奎屯市', '303', '654000', '伊犁哈萨克自治州', '84.901602', '44.423445', '2019-11-24 12:59:28', '0');
INSERT INTO `city_area` VALUES ('3356', '654004', '霍尔果斯市', '303', '654000', '伊犁哈萨克自治州', '80.420759', '44.201669', '2019-11-24 12:59:28', '0');
INSERT INTO `city_area` VALUES ('3357', '654021', '伊宁县', '303', '654000', '伊犁哈萨克自治州', '81.524671', '43.977876', '2019-11-24 12:59:28', '0');
INSERT INTO `city_area` VALUES ('3358', '654022', '察布查尔锡伯自治县', '303', '654000', '伊犁哈萨克自治州', '81.150874', '43.838883', '2019-11-24 12:59:28', '0');
INSERT INTO `city_area` VALUES ('3359', '654023', '霍城县', '303', '654000', '伊犁哈萨克自治州', '80.872508', '44.049912', '2019-11-24 12:59:28', '0');
INSERT INTO `city_area` VALUES ('3360', '654024', '巩留县', '303', '654000', '伊犁哈萨克自治州', '82.227044', '43.481618', '2019-11-24 12:59:28', '0');
INSERT INTO `city_area` VALUES ('3361', '654025', '新源县', '303', '654000', '伊犁哈萨克自治州', '83.258493', '43.434249', '2019-11-24 12:59:28', '0');
INSERT INTO `city_area` VALUES ('3362', '654026', '昭苏县', '303', '654000', '伊犁哈萨克自治州', '81.126029', '43.157765', '2019-11-24 12:59:28', '0');
INSERT INTO `city_area` VALUES ('3363', '654027', '特克斯县', '303', '654000', '伊犁哈萨克自治州', '81.840058', '43.214861', '2019-11-24 12:59:28', '0');
INSERT INTO `city_area` VALUES ('3364', '654028', '尼勒克县', '303', '654000', '伊犁哈萨克自治州', '82.504119', '43.789737', '2019-11-24 12:59:28', '0');
INSERT INTO `city_area` VALUES ('372', '654200', '塔城地区', '202', '650000', '新疆维吾尔自治区', '82.985732', '46.746301', '2019-11-24 12:59:28', '0');
INSERT INTO `city_area` VALUES ('3365', '654201', '塔城市', '303', '654200', '塔城地区', '82.983988', '46.746281', '2019-11-24 12:59:28', '0');
INSERT INTO `city_area` VALUES ('3366', '654202', '乌苏市', '303', '654200', '塔城地区', '84.677624', '44.430115', '2019-11-24 12:59:28', '0');
INSERT INTO `city_area` VALUES ('3367', '654221', '额敏县', '303', '654200', '塔城地区', '83.622118', '46.522555', '2019-11-24 12:59:28', '0');
INSERT INTO `city_area` VALUES ('3368', '654223', '沙湾县', '303', '654200', '塔城地区', '85.622508', '44.329544', '2019-11-24 12:59:28', '0');
INSERT INTO `city_area` VALUES ('3369', '654224', '托里县', '303', '654200', '塔城地区', '83.60469', '45.935863', '2019-11-24 12:59:28', '0');
INSERT INTO `city_area` VALUES ('3370', '654225', '裕民县', '303', '654200', '塔城地区', '82.982157', '46.202781', '2019-11-24 12:59:28', '0');
INSERT INTO `city_area` VALUES ('3371', '654226', '和布克赛尔蒙古自治县', '303', '654200', '塔城地区', '85.733551', '46.793001', '2019-11-24 12:59:28', '0');
INSERT INTO `city_area` VALUES ('373', '654300', '阿勒泰地区', '202', '650000', '新疆维吾尔自治区', '88.13963', '47.848393', '2019-11-24 12:59:28', '0');
INSERT INTO `city_area` VALUES ('3372', '654301', '阿勒泰市', '303', '654300', '阿勒泰地区', '88.138743', '47.848911', '2019-11-24 12:59:28', '0');
INSERT INTO `city_area` VALUES ('3373', '654321', '布尔津县', '303', '654300', '阿勒泰地区', '86.86186', '47.70453', '2019-11-24 12:59:28', '0');
INSERT INTO `city_area` VALUES ('3374', '654322', '富蕴县', '303', '654300', '阿勒泰地区', '89.524993', '46.993106', '2019-11-24 12:59:28', '0');
INSERT INTO `city_area` VALUES ('3375', '654323', '福海县', '303', '654300', '阿勒泰地区', '87.494569', '47.113128', '2019-11-24 12:59:28', '0');
INSERT INTO `city_area` VALUES ('3376', '654324', '哈巴河县', '303', '654300', '阿勒泰地区', '86.418964', '48.059284', '2019-11-24 12:59:28', '0');
INSERT INTO `city_area` VALUES ('3377', '654325', '青河县', '303', '654300', '阿勒泰地区', '90.381561', '46.672446', '2019-11-24 12:59:28', '0');
INSERT INTO `city_area` VALUES ('3378', '654326', '吉木乃县', '303', '654300', '阿勒泰地区', '85.876064', '47.434633', '2019-11-24 12:59:28', '0');
INSERT INTO `city_area` VALUES ('374', '659000', '自治区直辖县级行政区划', '202', '650000', '新疆维吾尔自治区', '', '', '2019-11-24 12:59:28', '0');
INSERT INTO `city_area` VALUES ('3379', '659001', '石河子市', '303', '659000', '自治区直辖县级行政区划', '85.9823', '44.2893', '2019-11-24 12:59:28', '0');
INSERT INTO `city_area` VALUES ('3380', '659002', '阿拉尔市', '303', '659000', '自治区直辖县级行政区划', '81.2988', '40.5154', '2019-11-24 12:59:28', '0');
INSERT INTO `city_area` VALUES ('3381', '659003', '图木舒克市', '303', '659000', '自治区直辖县级行政区划', '79.1926', '39.9168', '2019-11-24 12:59:28', '0');
INSERT INTO `city_area` VALUES ('3382', '659004', '五家渠市', '303', '659000', '自治区直辖县级行政区划', '87.5245', '44.1764', '2019-11-24 12:59:28', '0');
INSERT INTO `city_area` VALUES ('3383', '659006', '铁门关市', '303', '659000', '自治区直辖县级行政区划', '85.5849', '41.8825', '2019-11-24 12:59:28', '0');

-- ----------------------------
-- Table structure for community_member_type
-- ----------------------------
CREATE TABLE `community_member_type` (
  `id` int(11) NOT NULL AUTO_INCREMENT COMMENT 'id',
  `member_type_cd` varchar(12) NOT NULL COMMENT '编码',
  `name` varchar(50) NOT NULL COMMENT '名称',
  `description` varchar(200) DEFAULT NULL COMMENT '描述',
  `create_time` timestamp NOT NULL DEFAULT CURRENT_TIMESTAMP COMMENT '创建时间',
  PRIMARY KEY (`id`),
  UNIQUE KEY `member_type_cd` (`member_type_cd`) USING BTREE
) ENGINE=InnoDB AUTO_INCREMENT=5 DEFAULT CHARSET=utf8;

-- ----------------------------
-- Records of community_member_type
-- ----------------------------
INSERT INTO `community_member_type` VALUES ('1', '390001200001', '商户关系', '小区和商户之间关系', '2018-12-17 04:07:21');
INSERT INTO `community_member_type` VALUES ('2', '390001200002', '物业关系', '小区和物业之间关系', '2018-12-17 04:08:16');
INSERT INTO `community_member_type` VALUES ('3', '390001200003', '代理商关系', '小区和代理商之间关系', '2018-12-17 04:08:34');
INSERT INTO `community_member_type` VALUES ('4', '390001200004', '小区楼', '小区楼', '2019-04-24 05:43:41');

-- ----------------------------
-- Table structure for convenience_menus
-- ----------------------------
CREATE TABLE `convenience_menus` (
  `convenience_menus_id` varchar(30) NOT NULL COMMENT 'id',
  `name` varchar(50) NOT NULL COMMENT '名称',
  `icon` varchar(100) DEFAULT NULL COMMENT '图片',
  `url` varchar(100) DEFAULT NULL COMMENT '地址',
  `seq` int(11) NOT NULL COMMENT '顺序',
  `remark` varchar(200) DEFAULT NULL COMMENT '描述',
  `create_time` timestamp NOT NULL DEFAULT CURRENT_TIMESTAMP COMMENT '创建时间',
  `status_cd` varchar(2) NOT NULL DEFAULT '0' COMMENT '数据状态，详细参考c_status表，0在用，1失效',
  PRIMARY KEY (`convenience_menus_id`),
  KEY `convenience_menus_id` (`convenience_menus_id`) USING BTREE
) ENGINE=InnoDB DEFAULT CHARSET=utf8 COMMENT='便民菜单表';

-- ----------------------------
-- Table structure for c_status
-- ----------------------------
CREATE TABLE `c_status` (
  `id` int(11) NOT NULL AUTO_INCREMENT COMMENT 'id',
  `status_cd` varchar(4) NOT NULL COMMENT '状态',
  `name` varchar(50) NOT NULL COMMENT '名称',
  `description` varchar(200) DEFAULT NULL COMMENT '描述',
  `create_time` timestamp NOT NULL DEFAULT CURRENT_TIMESTAMP COMMENT '创建时间',
  PRIMARY KEY (`id`),
  UNIQUE KEY `status_cd` (`status_cd`) USING BTREE
) ENGINE=InnoDB AUTO_INCREMENT=17 DEFAULT CHARSET=utf8;

-- ----------------------------
-- Records of c_status
-- ----------------------------
INSERT INTO `c_status` VALUES ('1', '1', '无效的，不在用的', '无效的，不在用的', '2018-11-14 13:28:44');
INSERT INTO `c_status` VALUES ('2', '0', '有效的，在用的', '有效的，在用的', '2018-11-14 13:28:44');
INSERT INTO `c_status` VALUES ('3', 'S', '保存成功', '保存成功', '2018-11-14 13:28:44');
INSERT INTO `c_status` VALUES ('4', 'D', '作废订单', '作废订单', '2018-11-14 13:28:44');
INSERT INTO `c_status` VALUES ('5', 'E', '错误订单', '错误订单', '2018-11-14 13:28:44');
INSERT INTO `c_status` VALUES ('6', 'NE', '通知错误订单', '通知错误订单', '2018-11-14 13:28:44');
INSERT INTO `c_status` VALUES ('7', 'C', '订单完成', '订单完成', '2018-11-14 13:28:44');
INSERT INTO `c_status` VALUES ('8', 'B', 'Business过程', 'Business过程', '2018-11-14 13:28:44');
INSERT INTO `c_status` VALUES ('9', 'I', 'Instance过程', 'Instance过程', '2018-11-14 13:28:44');
INSERT INTO `c_status` VALUES ('10', '1000', '入驻小区审核', '入驻小区审核', '2019-04-15 03:26:51');
INSERT INTO `c_status` VALUES ('11', '2001', '房屋已售', '房屋已售', '2019-04-17 03:10:48');
INSERT INTO `c_status` VALUES ('12', '2002', '房屋未售', '房屋未售', '2019-04-17 03:11:10');
INSERT INTO `c_status` VALUES ('13', '1001', '申请退出小区审核', '申请退出小区审核', '2019-04-18 07:46:14');
INSERT INTO `c_status` VALUES ('14', '0000', '审核完成', '审核完成', '2019-04-26 16:12:42');
INSERT INTO `c_status` VALUES ('15', '2003', '房屋出售已交定金', '房屋出售已交定金', '2019-05-09 05:45:00');
INSERT INTO `c_status` VALUES ('16', '2004', '房屋已出租', '房屋已出租', '2019-05-09 05:46:30');

-- ----------------------------
-- Table structure for gold_business
-- ----------------------------
CREATE TABLE `gold_business` (
  `busi_id` varchar(30) NOT NULL COMMENT '交易ID',
  `store_id` varchar(30) NOT NULL COMMENT '商户ID',
  `busi_type` varchar(12) NOT NULL COMMENT '类型 1010 购买 2020 退款',
  `amount` decimal(10,2) NOT NULL COMMENT '金额',
  `gold_count` bigint(20) NOT NULL DEFAULT '1' COMMENT '金币数量',
  `gold_type` varchar(12) NOT NULL COMMENT '金币类型',
  `remark` varchar(1024) NOT NULL COMMENT '备注',
  `buyer_id` varchar(30) NOT NULL COMMENT '购买人ID',
  `buyer_name` varchar(64) NOT NULL COMMENT '购买人',
  `create_time` timestamp NOT NULL DEFAULT CURRENT_TIMESTAMP COMMENT '创建时间',
  `status_cd` varchar(2) NOT NULL DEFAULT '0' COMMENT '有效标识',
  `store_name` varchar(128) NOT NULL COMMENT '商户名称',
  PRIMARY KEY (`busi_id`)
) ENGINE=InnoDB DEFAULT CHARSET=utf8;

-- ----------------------------
-- Records of gold_business
-- ----------------------------

-- ----------------------------
-- Table structure for group_buy
-- ----------------------------
CREATE TABLE `group_buy` (
  `buy_id` varchar(30) NOT NULL COMMENT '团购购买ID',
  `batch_id` varchar(30) NOT NULL COMMENT '批次ID',
  `store_id` varchar(30) NOT NULL COMMENT '商户ID，分片ID',
  `product_id` varchar(30) NOT NULL COMMENT '产品ID',
  `spec_id` varchar(30) NOT NULL COMMENT '产品规格ID',
  `group_id` varchar(30) NOT NULL COMMENT '团购ID',
  `persion_id` varchar(30) NOT NULL COMMENT '用户ID',
  `persion_name` varchar(256) NOT NULL COMMENT '用户名称',
  `buy_count` int(11) NOT NULL COMMENT '购买数量',
  `group_price` decimal(8,2) NOT NULL COMMENT '团购时单价',
  `amount` int(11) NOT NULL COMMENT '付款金额',
  `state` varchar(12) NOT NULL DEFAULT '1001' COMMENT '1001 拼团中，2002 拼团成功 3003 拼团失败',
  `create_time` timestamp NULL DEFAULT CURRENT_TIMESTAMP COMMENT '创建时间',
  `status_cd` varchar(2) NOT NULL DEFAULT '0' COMMENT '数据状态',
  PRIMARY KEY (`buy_id`)
) ENGINE=InnoDB DEFAULT CHARSET=utf8;

-- ----------------------------
-- Records of group_buy
-- ----------------------------
INSERT INTO `group_buy` VALUES ('572020111373140045', '932020111309460131', '400000000000000001', '902020102818750004', '882020101524940003', '922020102910500011', '302020060163780031', 'test001', '1', '0.50', '1', '2002', '2020-11-13 12:24:50', '0');
INSERT INTO `group_buy` VALUES ('572020111397010039', '932020111309460131', '400000000000000001', '902020102818750004', '882020101524940003', '922020102910500011', '302020060163780031', 'test001', '1', '0.50', '1', '2002', '2020-11-13 12:23:33', '0');

-- ----------------------------
-- Table structure for group_buy_batch
-- ----------------------------
CREATE TABLE `group_buy_batch` (
  `batch_id` varchar(30) NOT NULL COMMENT '批次ID',
  `store_id` varchar(30) NOT NULL COMMENT '商户ID',
  `setting_id` varchar(30) NOT NULL COMMENT '团购设置ID',
  `batch_start_time` datetime NOT NULL COMMENT '批次开始时间',
  `batch_end_time` datetime NOT NULL COMMENT '批次结束时间',
  `cur_batch` varchar(2) NOT NULL COMMENT '是否当前批次 Y是 N 否',
  `create_time` timestamp NOT NULL DEFAULT CURRENT_TIMESTAMP COMMENT '创建时间',
  `status_cd` varchar(2) NOT NULL DEFAULT '0' COMMENT '数据状态',
  PRIMARY KEY (`batch_id`)
) ENGINE=InnoDB DEFAULT CHARSET=utf8;

-- ----------------------------
-- Records of group_buy_batch
-- ----------------------------
INSERT INTO `group_buy_batch` VALUES ('932020102112670001', '400000000000000001', '782020101428640001', '2020-10-15 21:15:14', '2020-10-16 06:15:15', 'F', '2020-10-21 12:39:12', '0');
INSERT INTO `group_buy_batch` VALUES ('932020102601310008', '400000000000000001', '782020101428640001', '2020-10-18 00:15:15', '2020-10-18 06:15:15', 'F', '2020-10-26 12:18:00', '0');
INSERT INTO `group_buy_batch` VALUES ('932020102605370034', '400000000000000001', '782020101428640001', '2020-10-24 12:15:15', '2020-10-24 18:15:15', 'F', '2020-10-26 13:10:00', '0');
INSERT INTO `group_buy_batch` VALUES ('932020102605460033', '400000000000000001', '782020101428640001', '2020-10-24 06:15:15', '2020-10-24 12:15:15', 'F', '2020-10-26 13:08:00', '0');
INSERT INTO `group_buy_batch` VALUES ('932020102613960029', '400000000000000001', '782020101428640001', '2020-10-23 06:15:15', '2020-10-23 12:15:15', 'F', '2020-10-26 13:00:00', '0');
INSERT INTO `group_buy_batch` VALUES ('932020102616700018', '400000000000000001', '782020101428640001', '2020-10-20 12:15:15', '2020-10-20 18:15:15', 'F', '2020-10-26 12:38:00', '0');
INSERT INTO `group_buy_batch` VALUES ('932020102617900015', '400000000000000001', '782020101428640001', '2020-10-19 18:15:15', '2020-10-20 00:15:15', 'F', '2020-10-26 12:32:00', '0');
INSERT INTO `group_buy_batch` VALUES ('932020102620400026', '400000000000000001', '782020101428640001', '2020-10-22 12:15:15', '2020-10-22 18:15:15', 'F', '2020-10-26 12:54:00', '0');
INSERT INTO `group_buy_batch` VALUES ('932020102623050075', '400000000000000001', '782020101428640001', '2020-10-25 12:15:15', '2020-10-25 18:15:15', 'F', '2020-10-26 13:18:00', '0');
INSERT INTO `group_buy_batch` VALUES ('932020102624270006', '400000000000000001', '782020101428640001', '2020-10-17 12:15:15', '2020-10-17 18:15:15', 'F', '2020-10-26 12:14:00', '0');
INSERT INTO `group_buy_batch` VALUES ('932020102625570077', '400000000000000001', '782020101428640001', '2020-10-26 00:15:15', '2020-10-26 06:15:15', 'F', '2020-10-26 13:22:00', '0');
INSERT INTO `group_buy_batch` VALUES ('932020102625700013', '400000000000000001', '782020101428640001', '2020-10-19 06:15:15', '2020-10-19 12:15:15', 'F', '2020-10-26 12:28:00', '0');
INSERT INTO `group_buy_batch` VALUES ('932020102628380078', '400000000000000001', '782020101428640001', '2020-10-26 06:15:15', '2020-10-26 12:15:15', 'F', '2020-10-26 13:24:00', '0');
INSERT INTO `group_buy_batch` VALUES ('932020102632240007', '400000000000000001', '782020101428640001', '2020-10-17 18:15:15', '2020-10-18 00:15:15', 'F', '2020-10-26 12:16:00', '0');
INSERT INTO `group_buy_batch` VALUES ('932020102632480023', '400000000000000001', '782020101428640001', '2020-10-21 18:15:15', '2020-10-22 00:15:15', 'F', '2020-10-26 12:48:00', '0');
INSERT INTO `group_buy_batch` VALUES ('932020102632800014', '400000000000000001', '782020101428640001', '2020-10-19 12:15:15', '2020-10-19 18:15:15', 'F', '2020-10-26 12:30:00', '0');
INSERT INTO `group_buy_batch` VALUES ('932020102633220074', '400000000000000001', '782020101428640001', '2020-10-25 06:15:15', '2020-10-25 12:15:15', 'F', '2020-10-26 13:16:00', '0');
INSERT INTO `group_buy_batch` VALUES ('932020102633490002', '400000000000000001', '782020101428640001', '2020-10-16 12:15:15', '2020-10-16 18:15:15', 'F', '2020-10-26 12:06:00', '0');
INSERT INTO `group_buy_batch` VALUES ('932020102633710005', '400000000000000001', '782020101428640001', '2020-10-17 06:15:15', '2020-10-17 12:15:15', 'F', '2020-10-26 12:12:00', '0');
INSERT INTO `group_buy_batch` VALUES ('932020102634820012', '400000000000000001', '782020101428640001', '2020-10-19 00:15:15', '2020-10-19 06:15:15', 'F', '2020-10-26 12:26:00', '0');
INSERT INTO `group_buy_batch` VALUES ('932020102637670024', '400000000000000001', '782020101428640001', '2020-10-22 00:15:15', '2020-10-22 06:15:15', 'F', '2020-10-26 12:50:00', '0');
INSERT INTO `group_buy_batch` VALUES ('932020102638580020', '400000000000000001', '782020101428640001', '2020-10-21 00:15:15', '2020-10-21 06:15:15', 'F', '2020-10-26 12:42:00', '0');
INSERT INTO `group_buy_batch` VALUES ('932020102639950003', '400000000000000001', '782020101428640001', '2020-10-26 18:15:15', '2020-10-27 00:15:15', 'F', '2020-10-26 18:16:00', '0');
INSERT INTO `group_buy_batch` VALUES ('932020102641210027', '400000000000000001', '782020101428640001', '2020-10-22 18:15:15', '2020-10-23 00:15:15', 'F', '2020-10-26 12:56:00', '0');
INSERT INTO `group_buy_batch` VALUES ('932020102641240032', '400000000000000001', '782020101428640001', '2020-10-24 00:15:15', '2020-10-24 06:15:15', 'F', '2020-10-26 13:06:00', '0');
INSERT INTO `group_buy_batch` VALUES ('932020102645720001', '400000000000000001', '782020101428640001', '2020-10-16 06:15:15', '2020-10-16 12:15:15', 'F', '2020-10-26 12:05:24', '0');
INSERT INTO `group_buy_batch` VALUES ('932020102647790025', '400000000000000001', '782020101428640001', '2020-10-22 06:15:15', '2020-10-22 12:15:15', 'F', '2020-10-26 12:52:00', '0');
INSERT INTO `group_buy_batch` VALUES ('932020102651420030', '400000000000000001', '782020101428640001', '2020-10-23 12:15:15', '2020-10-23 18:15:15', 'F', '2020-10-26 13:02:00', '0');
INSERT INTO `group_buy_batch` VALUES ('932020102657790009', '400000000000000001', '782020101428640001', '2020-10-18 06:15:15', '2020-10-18 12:15:15', 'F', '2020-10-26 12:20:00', '0');
INSERT INTO `group_buy_batch` VALUES ('932020102659440028', '400000000000000001', '782020101428640001', '2020-10-23 00:15:15', '2020-10-23 06:15:15', 'F', '2020-10-26 12:58:00', '0');
INSERT INTO `group_buy_batch` VALUES ('932020102663910004', '400000000000000001', '782020101428640001', '2020-10-17 00:15:15', '2020-10-17 06:15:15', 'F', '2020-10-26 12:10:00', '0');
INSERT INTO `group_buy_batch` VALUES ('932020102666340017', '400000000000000001', '782020101428640001', '2020-10-20 06:15:15', '2020-10-20 12:15:15', 'F', '2020-10-26 12:36:00', '0');
INSERT INTO `group_buy_batch` VALUES ('932020102672770016', '400000000000000001', '782020101428640001', '2020-10-20 00:15:15', '2020-10-20 06:15:15', 'F', '2020-10-26 12:34:00', '0');
INSERT INTO `group_buy_batch` VALUES ('932020102677750072', '400000000000000001', '782020101428640001', '2020-10-24 18:15:15', '2020-10-25 00:15:15', 'F', '2020-10-26 13:12:00', '0');
INSERT INTO `group_buy_batch` VALUES ('932020102680210031', '400000000000000001', '782020101428640001', '2020-10-23 18:15:15', '2020-10-24 00:15:15', 'F', '2020-10-26 13:04:00', '0');
INSERT INTO `group_buy_batch` VALUES ('932020102686710019', '400000000000000001', '782020101428640001', '2020-10-20 18:15:15', '2020-10-21 00:15:15', 'F', '2020-10-26 12:40:00', '0');
INSERT INTO `group_buy_batch` VALUES ('932020102688120022', '400000000000000001', '782020101428640001', '2020-10-21 12:15:15', '2020-10-21 18:15:15', 'F', '2020-10-26 12:46:00', '0');
INSERT INTO `group_buy_batch` VALUES ('932020102688400076', '400000000000000001', '782020101428640001', '2020-10-25 18:15:15', '2020-10-26 00:15:15', 'F', '2020-10-26 13:20:00', '0');
INSERT INTO `group_buy_batch` VALUES ('932020102692310079', '400000000000000001', '782020101428640001', '2020-10-26 12:15:15', '2020-10-26 18:15:15', 'F', '2020-10-26 13:26:00', '0');
INSERT INTO `group_buy_batch` VALUES ('932020102693320073', '400000000000000001', '782020101428640001', '2020-10-25 00:15:15', '2020-10-25 06:15:15', 'F', '2020-10-26 13:14:00', '0');
INSERT INTO `group_buy_batch` VALUES ('932020102694400010', '400000000000000001', '782020101428640001', '2020-10-18 12:15:15', '2020-10-18 18:15:15', 'F', '2020-10-26 12:22:00', '0');
INSERT INTO `group_buy_batch` VALUES ('932020102697250021', '400000000000000001', '782020101428640001', '2020-10-21 06:15:15', '2020-10-21 12:15:15', 'F', '2020-10-26 12:44:00', '0');
INSERT INTO `group_buy_batch` VALUES ('932020102698040011', '400000000000000001', '782020101428640001', '2020-10-18 18:15:15', '2020-10-19 00:15:15', 'F', '2020-10-26 12:24:00', '0');
INSERT INTO `group_buy_batch` VALUES ('932020102698950003', '400000000000000001', '782020101428640001', '2020-10-16 18:15:15', '2020-10-17 00:15:15', 'F', '2020-10-26 12:08:00', '0');
INSERT INTO `group_buy_batch` VALUES ('932020102702540007', '400000000000000001', '782020101428640001', '2020-10-27 12:15:15', '2020-10-27 18:15:15', 'F', '2020-10-27 12:16:00', '0');
INSERT INTO `group_buy_batch` VALUES ('932020102736510005', '400000000000000001', '782020101428640001', '2020-10-27 06:15:15', '2020-10-27 12:15:15', 'F', '2020-10-27 06:16:00', '0');
INSERT INTO `group_buy_batch` VALUES ('932020102763680004', '400000000000000001', '782020101428640001', '2020-10-27 00:15:15', '2020-10-27 06:15:15', 'F', '2020-10-27 00:16:00', '0');
INSERT INTO `group_buy_batch` VALUES ('932020102796230009', '400000000000000001', '782020101428640001', '2020-10-27 18:15:15', '2020-10-28 00:15:15', 'F', '2020-10-27 18:16:00', '0');
INSERT INTO `group_buy_batch` VALUES ('932020102803930011', '400000000000000001', '782020101428640001', '2020-10-28 06:15:15', '2020-10-28 12:15:15', 'F', '2020-10-28 06:16:00', '0');
INSERT INTO `group_buy_batch` VALUES ('932020102814700014', '400000000000000001', '782020101428640001', '2020-10-28 12:15:15', '2020-10-28 18:15:15', 'F', '2020-10-28 12:16:00', '0');
INSERT INTO `group_buy_batch` VALUES ('932020102865560015', '400000000000000001', '782020101428640001', '2020-10-28 18:15:15', '2020-10-29 00:15:15', 'F', '2020-10-28 18:16:00', '0');
INSERT INTO `group_buy_batch` VALUES ('932020102891020010', '400000000000000001', '782020101428640001', '2020-10-28 00:15:15', '2020-10-28 06:15:15', 'F', '2020-10-28 00:16:00', '0');
INSERT INTO `group_buy_batch` VALUES ('932020102948810019', '400000000000000001', '782020101428640001', '2020-10-29 18:15:15', '2020-10-30 00:15:15', 'F', '2020-10-29 18:16:00', '0');
INSERT INTO `group_buy_batch` VALUES ('932020102977260017', '400000000000000001', '782020101428640001', '2020-10-29 06:15:15', '2020-10-29 12:15:15', 'F', '2020-10-29 06:16:00', '0');
INSERT INTO `group_buy_batch` VALUES ('932020102981990016', '400000000000000001', '782020101428640001', '2020-10-29 00:15:15', '2020-10-29 06:15:15', 'F', '2020-10-29 00:16:00', '0');
INSERT INTO `group_buy_batch` VALUES ('932020102983010018', '400000000000000001', '782020101428640001', '2020-10-29 12:15:15', '2020-10-29 18:15:15', 'F', '2020-10-29 12:16:00', '0');
INSERT INTO `group_buy_batch` VALUES ('932020103005110021', '400000000000000001', '782020101428640001', '2020-10-30 06:15:15', '2020-10-30 12:15:15', 'F', '2020-10-30 06:16:00', '0');
INSERT INTO `group_buy_batch` VALUES ('932020103036600020', '400000000000000001', '782020101428640001', '2020-10-30 00:15:15', '2020-10-30 06:15:15', 'F', '2020-10-30 00:16:00', '0');
INSERT INTO `group_buy_batch` VALUES ('932020103040850024', '400000000000000001', '782020101428640001', '2020-10-30 18:15:15', '2020-10-31 00:15:15', 'F', '2020-10-30 18:16:00', '0');
INSERT INTO `group_buy_batch` VALUES ('932020103058780022', '400000000000000001', '782020101428640001', '2020-10-30 12:15:15', '2020-10-30 18:15:15', 'F', '2020-10-30 12:16:00', '0');
INSERT INTO `group_buy_batch` VALUES ('932020103119280025', '400000000000000001', '782020101428640001', '2020-10-31 00:15:15', '2020-10-31 06:15:15', 'F', '2020-10-31 00:16:00', '0');
INSERT INTO `group_buy_batch` VALUES ('932020103145360027', '400000000000000001', '782020101428640001', '2020-10-31 12:15:15', '2020-10-31 18:15:15', 'F', '2020-10-31 12:16:00', '0');
INSERT INTO `group_buy_batch` VALUES ('932020103160580026', '400000000000000001', '782020101428640001', '2020-10-31 06:15:15', '2020-10-31 12:15:15', 'F', '2020-10-31 06:16:00', '0');
INSERT INTO `group_buy_batch` VALUES ('932020103188860028', '400000000000000001', '782020101428640001', '2020-10-31 18:15:15', '2020-11-01 00:15:15', 'F', '2020-10-31 18:16:00', '0');
INSERT INTO `group_buy_batch` VALUES ('932020110148110032', '400000000000000001', '782020101428640001', '2020-11-01 18:15:15', '2020-11-02 00:15:15', 'F', '2020-11-01 18:16:00', '0');
INSERT INTO `group_buy_batch` VALUES ('932020110158290029', '400000000000000001', '782020101428640001', '2020-11-01 00:15:15', '2020-11-01 06:15:15', 'F', '2020-11-01 00:16:00', '0');
INSERT INTO `group_buy_batch` VALUES ('932020110185220031', '400000000000000001', '782020101428640001', '2020-11-01 12:15:15', '2020-11-01 18:15:15', 'F', '2020-11-01 12:16:00', '0');
INSERT INTO `group_buy_batch` VALUES ('932020110187160030', '400000000000000001', '782020101428640001', '2020-11-01 06:15:15', '2020-11-01 12:15:15', 'F', '2020-11-01 06:16:00', '0');
INSERT INTO `group_buy_batch` VALUES ('932020110212500033', '400000000000000001', '782020101428640001', '2020-11-02 00:15:15', '2020-11-02 06:15:15', 'F', '2020-11-02 00:16:00', '0');
INSERT INTO `group_buy_batch` VALUES ('932020110257330039', '400000000000000001', '782020101428640001', '2020-11-02 12:15:15', '2020-11-02 18:15:15', 'F', '2020-11-02 12:16:00', '0');
INSERT INTO `group_buy_batch` VALUES ('932020110288890041', '400000000000000001', '782020101428640001', '2020-11-02 18:15:15', '2020-11-03 00:15:15', 'F', '2020-11-02 18:16:00', '0');
INSERT INTO `group_buy_batch` VALUES ('932020110292100034', '400000000000000001', '782020101428640001', '2020-11-02 06:15:15', '2020-11-02 12:15:15', 'F', '2020-11-02 06:16:00', '0');
INSERT INTO `group_buy_batch` VALUES ('932020110300900042', '400000000000000001', '782020101428640001', '2020-11-03 00:15:15', '2020-11-03 06:15:15', 'F', '2020-11-03 00:16:00', '0');
INSERT INTO `group_buy_batch` VALUES ('932020110355180043', '400000000000000001', '782020101428640001', '2020-11-03 06:15:15', '2020-11-03 12:15:15', 'F', '2020-11-03 06:16:00', '0');
INSERT INTO `group_buy_batch` VALUES ('932020110358100050', '400000000000000001', '782020101428640001', '2020-11-03 18:15:15', '2020-11-04 00:15:15', 'F', '2020-11-03 18:16:00', '0');
INSERT INTO `group_buy_batch` VALUES ('932020110361960047', '400000000000000001', '782020101428640001', '2020-11-03 12:15:15', '2020-11-03 18:15:15', 'F', '2020-11-03 12:16:00', '0');
INSERT INTO `group_buy_batch` VALUES ('932020110411180053', '400000000000000001', '782020101428640001', '2020-11-04 12:15:15', '2020-11-04 18:15:15', 'F', '2020-11-04 12:16:00', '0');
INSERT INTO `group_buy_batch` VALUES ('932020110413920057', '400000000000000001', '782020101428640001', '2020-11-04 18:15:15', '2020-11-05 00:15:15', 'F', '2020-11-04 18:16:00', '0');
INSERT INTO `group_buy_batch` VALUES ('932020110438130051', '400000000000000001', '782020101428640001', '2020-11-04 00:15:15', '2020-11-04 06:15:15', 'F', '2020-11-04 00:16:00', '0');
INSERT INTO `group_buy_batch` VALUES ('932020110444080052', '400000000000000001', '782020101428640001', '2020-11-04 06:15:15', '2020-11-04 12:15:15', 'F', '2020-11-04 06:16:00', '0');
INSERT INTO `group_buy_batch` VALUES ('932020110515770058', '400000000000000001', '782020101428640001', '2020-11-05 00:15:15', '2020-11-05 06:15:15', 'F', '2020-11-05 00:16:00', '0');
INSERT INTO `group_buy_batch` VALUES ('932020110523460060', '400000000000000001', '782020101428640001', '2020-11-05 12:15:15', '2020-11-05 18:15:15', 'F', '2020-11-05 12:16:00', '0');
INSERT INTO `group_buy_batch` VALUES ('932020110571500065', '400000000000000001', '782020101428640001', '2020-11-05 18:15:15', '2020-11-06 00:15:15', 'F', '2020-11-05 18:16:00', '0');
INSERT INTO `group_buy_batch` VALUES ('932020110581040059', '400000000000000001', '782020101428640001', '2020-11-05 06:15:15', '2020-11-05 12:15:15', 'F', '2020-11-05 06:16:00', '0');
INSERT INTO `group_buy_batch` VALUES ('932020110609270068', '400000000000000001', '782020101428640001', '2020-11-06 12:15:15', '2020-11-06 18:15:15', 'F', '2020-11-06 12:16:00', '0');
INSERT INTO `group_buy_batch` VALUES ('932020110628700069', '400000000000000001', '782020101428640001', '2020-11-06 18:15:15', '2020-11-07 00:15:15', 'F', '2020-11-06 18:16:00', '0');
INSERT INTO `group_buy_batch` VALUES ('932020110637090066', '400000000000000001', '782020101428640001', '2020-11-06 00:15:15', '2020-11-06 06:15:15', 'F', '2020-11-06 00:16:00', '0');
INSERT INTO `group_buy_batch` VALUES ('932020110653510067', '400000000000000001', '782020101428640001', '2020-11-06 06:15:15', '2020-11-06 12:15:15', 'F', '2020-11-06 06:16:00', '0');
INSERT INTO `group_buy_batch` VALUES ('932020110717760072', '400000000000000001', '782020101428640001', '2020-11-07 12:15:15', '2020-11-07 18:15:15', 'F', '2020-11-07 12:16:00', '0');
INSERT INTO `group_buy_batch` VALUES ('932020110721950071', '400000000000000001', '782020101428640001', '2020-11-07 06:15:15', '2020-11-07 12:15:15', 'F', '2020-11-07 06:16:00', '0');
INSERT INTO `group_buy_batch` VALUES ('932020110728890070', '400000000000000001', '782020101428640001', '2020-11-07 00:15:15', '2020-11-07 06:15:15', 'F', '2020-11-07 00:16:00', '0');
INSERT INTO `group_buy_batch` VALUES ('932020110755020075', '400000000000000001', '782020101428640001', '2020-11-07 18:15:15', '2020-11-08 00:15:15', 'F', '2020-11-07 18:16:00', '0');
INSERT INTO `group_buy_batch` VALUES ('932020110813990078', '400000000000000001', '782020101428640001', '2020-11-08 12:15:15', '2020-11-08 18:15:15', 'F', '2020-11-08 12:16:00', '0');
INSERT INTO `group_buy_batch` VALUES ('932020110815010076', '400000000000000001', '782020101428640001', '2020-11-08 00:15:15', '2020-11-08 06:15:15', 'F', '2020-11-08 00:16:00', '0');
INSERT INTO `group_buy_batch` VALUES ('932020110835340079', '400000000000000001', '782020101428640001', '2020-11-08 18:15:15', '2020-11-09 00:15:15', 'F', '2020-11-08 18:16:00', '0');
INSERT INTO `group_buy_batch` VALUES ('932020110837200077', '400000000000000001', '782020101428640001', '2020-11-08 06:15:15', '2020-11-08 12:15:15', 'F', '2020-11-08 06:16:00', '0');
INSERT INTO `group_buy_batch` VALUES ('932020110901130101', '400000000000000001', '782020101428640001', '2020-11-09 18:15:15', '2020-11-10 00:15:15', 'F', '2020-11-09 18:16:00', '0');
INSERT INTO `group_buy_batch` VALUES ('932020110910600082', '400000000000000001', '782020101428640001', '2020-11-09 12:15:15', '2020-11-09 18:15:15', 'F', '2020-11-09 12:16:00', '0');
INSERT INTO `group_buy_batch` VALUES ('932020110914930081', '400000000000000001', '782020101428640001', '2020-11-09 06:15:15', '2020-11-09 12:15:15', 'F', '2020-11-09 06:16:00', '0');
INSERT INTO `group_buy_batch` VALUES ('932020110928330080', '400000000000000001', '782020101428640001', '2020-11-09 00:15:15', '2020-11-09 06:15:15', 'F', '2020-11-09 00:16:00', '0');
INSERT INTO `group_buy_batch` VALUES ('932020111011560106', '400000000000000001', '782020101428640001', '2020-11-10 00:15:15', '2020-11-10 06:15:15', 'F', '2020-11-10 00:16:00', '0');
INSERT INTO `group_buy_batch` VALUES ('932020111040610108', '400000000000000001', '782020101428640001', '2020-11-10 12:15:15', '2020-11-10 18:15:15', 'F', '2020-11-10 12:16:00', '0');
INSERT INTO `group_buy_batch` VALUES ('932020111044760109', '400000000000000001', '782020101428640001', '2020-11-10 18:15:15', '2020-11-11 00:15:15', 'F', '2020-11-10 18:16:00', '0');
INSERT INTO `group_buy_batch` VALUES ('932020111053990107', '400000000000000001', '782020101428640001', '2020-11-10 06:15:15', '2020-11-10 12:15:15', 'F', '2020-11-10 06:16:00', '0');
INSERT INTO `group_buy_batch` VALUES ('932020111105170117', '400000000000000001', '782020101428640001', '2020-11-11 06:15:15', '2020-11-11 12:15:15', 'F', '2020-11-11 06:16:00', '0');
INSERT INTO `group_buy_batch` VALUES ('932020111122960118', '400000000000000001', '782020101428640001', '2020-11-11 12:15:15', '2020-11-11 18:15:15', 'F', '2020-11-11 12:16:00', '0');
INSERT INTO `group_buy_batch` VALUES ('932020111139740120', '400000000000000001', '782020101428640001', '2020-11-11 18:15:15', '2020-11-12 00:15:15', 'F', '2020-11-11 18:16:00', '0');
INSERT INTO `group_buy_batch` VALUES ('932020111158300110', '400000000000000001', '782020101428640001', '2020-11-11 00:15:15', '2020-11-11 06:15:15', 'F', '2020-11-11 00:16:00', '0');
INSERT INTO `group_buy_batch` VALUES ('932020111240410126', '400000000000000001', '782020101428640001', '2020-11-12 18:15:15', '2020-11-13 00:15:15', 'F', '2020-11-12 18:16:00', '0');
INSERT INTO `group_buy_batch` VALUES ('932020111244820121', '400000000000000001', '782020101428640001', '2020-11-12 00:15:15', '2020-11-12 06:15:15', 'F', '2020-11-12 00:48:01', '0');
INSERT INTO `group_buy_batch` VALUES ('932020111255810122', '400000000000000001', '782020101428640001', '2020-11-12 06:15:15', '2020-11-12 12:15:15', 'F', '2020-11-12 06:16:00', '0');
INSERT INTO `group_buy_batch` VALUES ('932020111259120123', '400000000000000001', '782020101428640001', '2020-11-12 12:15:15', '2020-11-12 18:15:15', 'F', '2020-11-12 12:16:00', '0');
INSERT INTO `group_buy_batch` VALUES ('932020111309460131', '400000000000000001', '782020101428640001', '2020-11-13 12:15:15', '2020-11-13 18:15:15', 'F', '2020-11-13 12:16:00', '0');
INSERT INTO `group_buy_batch` VALUES ('932020111335120132', '400000000000000001', '782020101428640001', '2020-11-13 18:15:15', '2020-11-14 00:15:15', 'F', '2020-11-13 18:16:00', '0');
INSERT INTO `group_buy_batch` VALUES ('932020111340980128', '400000000000000001', '782020101428640001', '2020-11-13 06:15:15', '2020-11-13 12:15:15', 'F', '2020-11-13 06:16:00', '0');
INSERT INTO `group_buy_batch` VALUES ('932020111341360127', '400000000000000001', '782020101428640001', '2020-11-13 00:15:15', '2020-11-13 06:15:15', 'F', '2020-11-13 00:16:00', '0');
INSERT INTO `group_buy_batch` VALUES ('932020111418600150', '400000000000000001', '782020101428640001', '2020-11-14 18:15:15', '2020-11-15 00:15:15', 'F', '2020-11-14 18:16:00', '0');
INSERT INTO `group_buy_batch` VALUES ('932020111455650133', '400000000000000001', '782020101428640001', '2020-11-14 00:15:15', '2020-11-14 06:15:15', 'F', '2020-11-14 00:16:00', '0');
INSERT INTO `group_buy_batch` VALUES ('932020111473770139', '400000000000000001', '782020101428640001', '2020-11-14 12:15:15', '2020-11-14 18:15:15', 'F', '2020-11-14 12:16:00', '0');
INSERT INTO `group_buy_batch` VALUES ('932020111477760136', '400000000000000001', '782020101428640001', '2020-11-14 06:15:15', '2020-11-14 12:15:15', 'F', '2020-11-14 06:16:00', '0');
INSERT INTO `group_buy_batch` VALUES ('932020111521250154', '400000000000000001', '782020101428640001', '2020-11-15 06:15:15', '2020-11-15 12:15:15', 'F', '2020-11-15 06:16:00', '0');
INSERT INTO `group_buy_batch` VALUES ('932020111534540153', '400000000000000001', '782020101428640001', '2020-11-15 00:15:15', '2020-11-15 06:15:15', 'F', '2020-11-15 00:16:00', '0');
INSERT INTO `group_buy_batch` VALUES ('932020111558130155', '400000000000000001', '782020101428640001', '2020-11-15 12:15:15', '2020-11-15 18:15:15', 'F', '2020-11-15 12:16:00', '0');
INSERT INTO `group_buy_batch` VALUES ('932020111558730156', '400000000000000001', '782020101428640001', '2020-11-15 18:15:15', '2020-11-16 00:15:15', 'F', '2020-11-15 18:16:00', '0');
INSERT INTO `group_buy_batch` VALUES ('932020111614740172', '400000000000000001', '782020101428640001', '2020-11-16 18:15:15', '2020-11-17 00:15:15', 'F', '2020-11-16 18:16:00', '0');
INSERT INTO `group_buy_batch` VALUES ('932020111618510160', '400000000000000001', '782020101428640001', '2020-11-16 06:15:15', '2020-11-16 12:15:15', 'F', '2020-11-16 06:16:00', '0');
INSERT INTO `group_buy_batch` VALUES ('932020111670170159', '400000000000000001', '782020101428640001', '2020-11-16 00:15:15', '2020-11-16 06:15:15', 'F', '2020-11-16 00:16:00', '0');
INSERT INTO `group_buy_batch` VALUES ('932020111698070165', '400000000000000001', '782020101428640001', '2020-11-16 12:15:15', '2020-11-16 18:15:15', 'F', '2020-11-16 12:16:00', '0');
INSERT INTO `group_buy_batch` VALUES ('932020111748070175', '400000000000000001', '782020101428640001', '2020-11-17 00:15:15', '2020-11-17 06:15:15', 'F', '2020-11-17 00:16:00', '0');
INSERT INTO `group_buy_batch` VALUES ('932020111756730177', '400000000000000001', '782020101428640001', '2020-11-17 12:15:15', '2020-11-17 18:15:15', 'F', '2020-11-17 12:16:00', '0');
INSERT INTO `group_buy_batch` VALUES ('932020111758420176', '400000000000000001', '782020101428640001', '2020-11-17 06:15:15', '2020-11-17 12:15:15', 'F', '2020-11-17 06:16:00', '0');
INSERT INTO `group_buy_batch` VALUES ('932020111777150178', '400000000000000001', '782020101428640001', '2020-11-17 18:15:15', '2020-11-18 00:15:15', 'F', '2020-11-17 18:16:00', '0');
INSERT INTO `group_buy_batch` VALUES ('932020111807810186', '400000000000000001', '782020101428640001', '2020-11-18 18:15:15', '2020-11-19 00:15:15', 'F', '2020-11-18 18:16:00', '0');
INSERT INTO `group_buy_batch` VALUES ('932020111837070180', '400000000000000001', '782020101428640001', '2020-11-18 06:15:15', '2020-11-18 12:15:15', 'F', '2020-11-18 06:16:00', '0');
INSERT INTO `group_buy_batch` VALUES ('932020111859920181', '400000000000000001', '782020101428640001', '2020-11-18 12:15:15', '2020-11-18 18:15:15', 'F', '2020-11-18 12:16:00', '0');
INSERT INTO `group_buy_batch` VALUES ('932020111885820179', '400000000000000001', '782020101428640001', '2020-11-18 00:15:15', '2020-11-18 06:15:15', 'F', '2020-11-18 00:16:00', '0');
INSERT INTO `group_buy_batch` VALUES ('932020111920930193', '400000000000000001', '782020101428640001', '2020-11-19 00:15:15', '2020-11-19 06:15:15', 'F', '2020-11-19 00:16:00', '0');
INSERT INTO `group_buy_batch` VALUES ('932020111928040200', '400000000000000001', '782020101428640001', '2020-11-19 18:15:15', '2020-11-20 00:15:15', 'F', '2020-11-19 18:16:00', '0');
INSERT INTO `group_buy_batch` VALUES ('932020111935460194', '400000000000000001', '782020101428640001', '2020-11-19 06:15:15', '2020-11-19 12:15:15', 'F', '2020-11-19 06:16:00', '0');
INSERT INTO `group_buy_batch` VALUES ('932020111946600199', '400000000000000001', '782020101428640001', '2020-11-19 12:15:15', '2020-11-19 18:15:15', 'F', '2020-11-19 12:16:00', '0');
INSERT INTO `group_buy_batch` VALUES ('932020112054960203', '400000000000000001', '782020101428640001', '2020-11-20 12:15:15', '2020-11-20 18:15:15', 'F', '2020-11-20 12:16:00', '0');
INSERT INTO `group_buy_batch` VALUES ('932020112061390202', '400000000000000001', '782020101428640001', '2020-11-20 06:15:15', '2020-11-20 12:15:15', 'F', '2020-11-20 06:16:00', '0');
INSERT INTO `group_buy_batch` VALUES ('932020112084000206', '400000000000000001', '782020101428640001', '2020-11-20 18:15:15', '2020-11-21 00:15:15', 'F', '2020-11-20 18:16:00', '0');
INSERT INTO `group_buy_batch` VALUES ('932020112089940201', '400000000000000001', '782020101428640001', '2020-11-20 00:15:15', '2020-11-20 06:15:15', 'F', '2020-11-20 00:16:00', '0');
INSERT INTO `group_buy_batch` VALUES ('932020112116440210', '400000000000000001', '782020101428640001', '2020-11-21 06:15:15', '2020-11-21 12:15:15', 'F', '2020-11-21 06:16:00', '0');
INSERT INTO `group_buy_batch` VALUES ('932020112131670212', '400000000000000001', '782020101428640001', '2020-11-21 18:15:15', '2020-11-22 00:15:15', 'F', '2020-11-21 18:16:00', '0');
INSERT INTO `group_buy_batch` VALUES ('932020112147260211', '400000000000000001', '782020101428640001', '2020-11-21 12:15:15', '2020-11-21 18:15:15', 'F', '2020-11-21 12:16:00', '0');
INSERT INTO `group_buy_batch` VALUES ('932020112185890207', '400000000000000001', '782020101428640001', '2020-11-21 00:15:15', '2020-11-21 06:15:15', 'F', '2020-11-21 00:16:00', '0');
INSERT INTO `group_buy_batch` VALUES ('932020112211280215', '400000000000000001', '782020101428640001', '2020-11-22 12:15:15', '2020-11-22 18:15:15', 'F', '2020-11-22 12:16:00', '0');
INSERT INTO `group_buy_batch` VALUES ('932020112214130214', '400000000000000001', '782020101428640001', '2020-11-22 06:15:15', '2020-11-22 12:15:15', 'F', '2020-11-22 06:16:00', '0');
INSERT INTO `group_buy_batch` VALUES ('932020112231030216', '400000000000000001', '782020101428640001', '2020-11-22 18:15:15', '2020-11-23 00:15:15', 'F', '2020-11-22 18:16:00', '0');
INSERT INTO `group_buy_batch` VALUES ('932020112289540213', '400000000000000001', '782020101428640001', '2020-11-22 00:15:15', '2020-11-22 06:15:15', 'F', '2020-11-22 00:16:00', '0');
INSERT INTO `group_buy_batch` VALUES ('932020112324112368', '400000000000000001', '782020101428640001', '2020-11-23 21:15:15', '2020-11-24 04:15:15', 'F', '2020-11-23 21:16:00', '0');
INSERT INTO `group_buy_batch` VALUES ('932020112357470217', '400000000000000001', '782020101428640001', '2020-11-23 00:15:15', '2020-11-23 07:15:15', 'F', '2020-11-23 00:16:00', '0');
INSERT INTO `group_buy_batch` VALUES ('932020112386530218', '400000000000000001', '782020101428640001', '2020-11-23 07:15:15', '2020-11-23 14:15:15', 'F', '2020-11-23 07:16:00', '0');
INSERT INTO `group_buy_batch` VALUES ('932020112397240227', '400000000000000001', '782020101428640001', '2020-11-23 14:15:15', '2020-11-23 21:15:15', 'F', '2020-11-23 14:16:00', '0');
INSERT INTO `group_buy_batch` VALUES ('932020112402792369', '400000000000000001', '782020101428640001', '2020-11-24 04:15:15', '2020-11-24 11:15:15', 'F', '2020-11-24 04:16:00', '0');
INSERT INTO `group_buy_batch` VALUES ('932020112451592382', '400000000000000001', '782020101428640001', '2020-11-24 11:15:15', '2020-11-24 18:15:15', 'F', '2020-11-24 11:16:00', '0');
INSERT INTO `group_buy_batch` VALUES ('932020112458172416', '400000000000000001', '782020101428640001', '2020-11-24 18:15:15', '2020-11-25 01:15:15', 'F', '2020-11-24 18:16:00', '0');
INSERT INTO `group_buy_batch` VALUES ('932020112518172426', '400000000000000001', '782020101428640001', '2020-11-25 08:15:15', '2020-11-25 15:15:15', 'F', '2020-11-25 08:16:00', '0');
INSERT INTO `group_buy_batch` VALUES ('932020112541122481', '400000000000000001', '782020101428640001', '2020-11-25 15:15:15', '2020-11-25 22:15:15', 'F', '2020-11-25 15:16:00', '0');
INSERT INTO `group_buy_batch` VALUES ('932020112563842518', '400000000000000001', '782020101428640001', '2020-11-25 22:15:15', '2020-11-26 05:15:15', 'F', '2020-11-25 22:16:00', '0');
INSERT INTO `group_buy_batch` VALUES ('932020112597992425', '400000000000000001', '782020101428640001', '2020-11-25 01:15:15', '2020-11-25 08:15:15', 'F', '2020-11-25 01:16:00', '0');
INSERT INTO `group_buy_batch` VALUES ('932020112611470001', '400000000000000001', '782020101428640001', '2020-11-26 12:15:15', '2020-11-26 19:15:15', 'F', '2020-11-26 12:16:00', '0');
INSERT INTO `group_buy_batch` VALUES ('932020112630142531', '400000000000000001', '782020101428640001', '2020-11-26 05:15:15', '2020-11-26 12:15:15', 'F', '2020-11-26 05:16:00', '0');
INSERT INTO `group_buy_batch` VALUES ('932020112685560012', '400000000000000001', '782020101428640001', '2020-11-26 19:15:15', '2020-11-27 02:15:15', 'F', '2020-11-26 19:16:00', '0');
INSERT INTO `group_buy_batch` VALUES ('932020112728750013', '400000000000000001', '782020101428640001', '2020-11-27 02:15:15', '2020-11-27 09:15:15', 'F', '2020-11-27 02:16:00', '0');
INSERT INTO `group_buy_batch` VALUES ('932020112744860037', '400000000000000001', '782020101428640001', '2020-11-27 23:15:15', '2020-11-28 06:15:15', 'F', '2020-11-27 23:16:00', '0');
INSERT INTO `group_buy_batch` VALUES ('932020112764890019', '400000000000000001', '782020101428640001', '2020-11-27 09:15:15', '2020-11-27 16:15:15', 'F', '2020-11-27 09:16:00', '0');
INSERT INTO `group_buy_batch` VALUES ('932020112793210020', '400000000000000001', '782020101428640001', '2020-11-27 16:15:15', '2020-11-27 23:15:15', 'F', '2020-11-27 16:16:00', '0');
INSERT INTO `group_buy_batch` VALUES ('932020112806130066', '400000000000000001', '782020101428640001', '2020-11-28 20:15:15', '2020-11-29 03:15:15', 'F', '2020-11-28 20:16:00', '0');
INSERT INTO `group_buy_batch` VALUES ('932020112877040050', '400000000000000001', '782020101428640001', '2020-11-28 13:15:15', '2020-11-28 20:15:15', 'F', '2020-11-28 13:16:00', '0');
INSERT INTO `group_buy_batch` VALUES ('932020112880040049', '400000000000000001', '782020101428640001', '2020-11-28 06:15:15', '2020-11-28 13:15:15', 'F', '2020-11-28 06:16:00', '0');
INSERT INTO `group_buy_batch` VALUES ('932020112922960177', '400000000000000001', '782020101428640001', '2020-11-29 03:15:15', '2020-11-29 10:15:15', 'F', '2020-11-29 03:16:00', '0');
INSERT INTO `group_buy_batch` VALUES ('932020112928670178', '400000000000000001', '782020101428640001', '2020-11-29 10:15:15', '2020-11-29 17:15:15', 'F', '2020-11-29 10:16:00', '0');
INSERT INTO `group_buy_batch` VALUES ('932020112934040180', '400000000000000001', '782020101428640001', '2020-11-29 17:15:15', '2020-11-30 00:15:15', 'F', '2020-11-29 17:16:00', '0');
INSERT INTO `group_buy_batch` VALUES ('932020113010340187', '400000000000000001', '782020101428640001', '2020-11-30 07:15:15', '2020-11-30 14:15:15', 'F', '2020-11-30 07:16:00', '0');
INSERT INTO `group_buy_batch` VALUES ('932020113046840186', '400000000000000001', '782020101428640001', '2020-11-30 00:15:15', '2020-11-30 07:15:15', 'F', '2020-11-30 00:16:00', '0');
INSERT INTO `group_buy_batch` VALUES ('932020113063760249', '400000000000000001', '782020101428640001', '2020-11-30 21:15:15', '2020-12-01 04:15:15', 'F', '2020-11-30 21:16:00', '0');
INSERT INTO `group_buy_batch` VALUES ('932020113097140238', '400000000000000001', '782020101428640001', '2020-11-30 14:15:15', '2020-11-30 21:15:15', 'F', '2020-11-30 14:16:00', '0');
INSERT INTO `group_buy_batch` VALUES ('932020120165410251', '400000000000000001', '782020101428640001', '2020-12-01 11:15:15', '2020-12-01 18:15:15', 'F', '2020-12-01 11:16:00', '0');
INSERT INTO `group_buy_batch` VALUES ('932020120170160296', '400000000000000001', '782020101428640001', '2020-12-01 18:15:15', '2020-12-02 01:15:15', 'F', '2020-12-01 18:16:00', '0');
INSERT INTO `group_buy_batch` VALUES ('932020120173710250', '400000000000000001', '782020101428640001', '2020-12-01 04:15:15', '2020-12-01 11:15:15', 'F', '2020-12-01 04:16:00', '0');
INSERT INTO `group_buy_batch` VALUES ('932020120210680438', '400000000000000001', '782020101428640001', '2020-12-02 22:15:15', '2020-12-03 05:15:15', 'F', '2020-12-02 22:16:00', '0');
INSERT INTO `group_buy_batch` VALUES ('932020120214830325', '400000000000000001', '782020101428640001', '2020-12-02 08:15:15', '2020-12-02 15:15:15', 'F', '2020-12-02 08:16:00', '0');
INSERT INTO `group_buy_batch` VALUES ('932020120226700398', '400000000000000001', '782020101428640001', '2020-12-02 15:15:15', '2020-12-02 22:15:15', 'F', '2020-12-02 15:16:00', '0');
INSERT INTO `group_buy_batch` VALUES ('932020120263900324', '400000000000000001', '782020101428640001', '2020-12-02 01:15:15', '2020-12-02 08:15:15', 'F', '2020-12-02 01:16:00', '0');
INSERT INTO `group_buy_batch` VALUES ('932020120309630477', '400000000000000001', '782020101428640001', '2020-12-03 12:15:15', '2020-12-03 19:15:15', 'F', '2020-12-03 12:16:00', '0');
INSERT INTO `group_buy_batch` VALUES ('932020120351450439', '400000000000000001', '782020101428640001', '2020-12-03 05:15:15', '2020-12-03 12:15:15', 'F', '2020-12-03 05:16:00', '0');
INSERT INTO `group_buy_batch` VALUES ('932020120380860502', '400000000000000001', '782020101428640001', '2020-12-03 19:15:15', '2020-12-04 02:15:15', 'F', '2020-12-03 19:16:00', '0');
INSERT INTO `group_buy_batch` VALUES ('932020120434160519', '400000000000000001', '782020101428640001', '2020-12-04 09:15:15', '2020-12-04 16:15:15', 'F', '2020-12-04 09:16:00', '0');
INSERT INTO `group_buy_batch` VALUES ('932020120461510599', '400000000000000001', '782020101428640001', '2020-12-04 23:15:15', '2020-12-05 06:15:15', 'F', '2020-12-04 23:16:00', '0');
INSERT INTO `group_buy_batch` VALUES ('932020120476010594', '400000000000000001', '782020101428640001', '2020-12-04 16:15:15', '2020-12-04 23:15:15', 'F', '2020-12-04 16:16:00', '0');
INSERT INTO `group_buy_batch` VALUES ('932020120483750518', '400000000000000001', '782020101428640001', '2020-12-04 02:15:15', '2020-12-04 09:15:15', 'F', '2020-12-04 02:16:00', '0');
INSERT INTO `group_buy_batch` VALUES ('932020120509610673', '400000000000000001', '782020101428640001', '2020-12-05 20:15:15', '2020-12-06 03:15:15', 'F', '2020-12-05 20:16:00', '0');
INSERT INTO `group_buy_batch` VALUES ('932020120527820600', '400000000000000001', '782020101428640001', '2020-12-05 06:15:15', '2020-12-05 13:15:15', 'F', '2020-12-05 06:16:00', '0');
INSERT INTO `group_buy_batch` VALUES ('932020120560380659', '400000000000000001', '782020101428640001', '2020-12-05 13:15:15', '2020-12-05 20:15:15', 'F', '2020-12-05 13:16:00', '0');
INSERT INTO `group_buy_batch` VALUES ('932020120623440678', '400000000000000001', '782020101428640001', '2020-12-06 03:15:15', '2020-12-06 10:15:15', 'F', '2020-12-06 03:16:00', '0');
INSERT INTO `group_buy_batch` VALUES ('932020120634580692', '400000000000000001', '782020101428640001', '2020-12-06 17:15:15', '2020-12-07 00:15:15', 'F', '2020-12-06 17:16:00', '0');
INSERT INTO `group_buy_batch` VALUES ('932020120637280683', '400000000000000001', '782020101428640001', '2020-12-06 10:15:15', '2020-12-06 17:15:15', 'F', '2020-12-06 10:16:00', '0');
INSERT INTO `group_buy_batch` VALUES ('932020120701580733', '400000000000000001', '782020101428640001', '2020-12-07 00:15:15', '2020-12-07 07:15:15', 'F', '2020-12-07 00:16:00', '0');
INSERT INTO `group_buy_batch` VALUES ('932020120715580003', '400000000000000001', '782020101428640001', '2020-12-07 21:15:15', '2020-12-08 04:15:15', 'F', '2020-12-07 21:16:00', '0');
INSERT INTO `group_buy_batch` VALUES ('932020120773800743', '400000000000000001', '782020101428640001', '2020-12-07 14:15:15', '2020-12-07 21:15:15', 'F', '2020-12-07 14:16:00', '0');
INSERT INTO `group_buy_batch` VALUES ('932020120796330734', '400000000000000001', '782020101428640001', '2020-12-07 07:15:15', '2020-12-07 14:15:15', 'F', '2020-12-07 07:16:00', '0');
INSERT INTO `group_buy_batch` VALUES ('932020120854350075', '400000000000000001', '782020101428640001', '2020-12-08 18:15:15', '2020-12-09 02:15:15', 'F', '2020-12-08 18:16:00', '0');
INSERT INTO `group_buy_batch` VALUES ('932020120865160054', '400000000000000001', '782020101428640001', '2020-12-08 11:15:15', '2020-12-08 18:15:15', 'F', '2020-12-08 11:16:00', '0');
INSERT INTO `group_buy_batch` VALUES ('932020120875830004', '400000000000000001', '782020101428640001', '2020-12-08 04:15:15', '2020-12-08 11:15:15', 'F', '2020-12-08 04:16:00', '0');
INSERT INTO `group_buy_batch` VALUES ('932020120970611000', '400000000000000001', '782020101428640001', '2020-12-09 18:15:15', '2020-12-10 02:15:15', 'F', '2020-12-09 18:16:00', '0');
INSERT INTO `group_buy_batch` VALUES ('932020120981640436', '400000000000000001', '782020101428640001', '2020-12-09 10:15:15', '2020-12-09 18:15:15', 'F', '2020-12-09 10:16:00', '0');
INSERT INTO `group_buy_batch` VALUES ('932020120987200011', '400000000000000001', '782020101428640001', '2020-12-09 02:15:15', '2020-12-09 10:15:15', 'F', '2020-12-09 02:16:00', '0');
INSERT INTO `group_buy_batch` VALUES ('932020121009511001', '400000000000000001', '782020101428640001', '2020-12-10 02:15:15', '2020-12-10 10:15:15', 'F', '2020-12-10 02:16:00', '0');
INSERT INTO `group_buy_batch` VALUES ('932020121030670019', '400000000000000001', '782020101428640001', '2020-12-10 18:15:15', '2020-12-11 02:15:15', 'F', '2020-12-10 18:16:00', '0');
INSERT INTO `group_buy_batch` VALUES ('932020121038411002', '400000000000000001', '782020101428640001', '2020-12-10 10:15:15', '2020-12-10 18:15:15', 'F', '2020-12-10 10:16:00', '0');
INSERT INTO `group_buy_batch` VALUES ('932020121115190020', '400000000000000001', '782020101428640001', '2020-12-11 02:15:15', '2020-12-11 10:15:15', 'F', '2020-12-11 02:16:00', '0');
INSERT INTO `group_buy_batch` VALUES ('932020121142280074', '400000000000000001', '782020101428640001', '2020-12-11 18:15:15', '2020-12-12 02:15:15', 'F', '2020-12-11 18:16:00', '0');
INSERT INTO `group_buy_batch` VALUES ('932020121150870069', '400000000000000001', '782020101428640001', '2020-12-11 10:15:15', '2020-12-11 18:15:15', 'F', '2020-12-11 10:16:00', '0');
INSERT INTO `group_buy_batch` VALUES ('932020121201730077', '400000000000000001', '782020101428640001', '2020-12-12 18:15:15', '2020-12-13 02:15:15', 'F', '2020-12-12 18:16:00', '0');
INSERT INTO `group_buy_batch` VALUES ('932020121210770075', '400000000000000001', '782020101428640001', '2020-12-12 02:15:15', '2020-12-12 10:15:15', 'F', '2020-12-12 02:16:00', '0');
INSERT INTO `group_buy_batch` VALUES ('932020121235430076', '400000000000000001', '782020101428640001', '2020-12-12 10:15:15', '2020-12-12 18:15:15', 'F', '2020-12-12 10:16:00', '0');
INSERT INTO `group_buy_batch` VALUES ('932020121312120090', '400000000000000001', '782020101428640001', '2020-12-13 10:15:15', '2020-12-13 18:15:15', 'F', '2020-12-13 10:16:00', '0');
INSERT INTO `group_buy_batch` VALUES ('932020121329990091', '400000000000000001', '782020101428640001', '2020-12-13 18:15:15', '2020-12-14 02:15:15', 'F', '2020-12-13 18:16:00', '0');
INSERT INTO `group_buy_batch` VALUES ('932020121384530089', '400000000000000001', '782020101428640001', '2020-12-13 02:15:15', '2020-12-13 10:15:15', 'F', '2020-12-13 02:16:00', '0');
INSERT INTO `group_buy_batch` VALUES ('932020121459330115', '400000000000000001', '782020101428640001', '2020-12-14 18:15:15', '2020-12-15 02:15:15', 'F', '2020-12-14 18:16:00', '0');
INSERT INTO `group_buy_batch` VALUES ('932020121468850097', '400000000000000001', '782020101428640001', '2020-12-14 10:15:15', '2020-12-14 18:15:15', 'F', '2020-12-14 10:16:00', '0');
INSERT INTO `group_buy_batch` VALUES ('932020121483640092', '400000000000000001', '782020101428640001', '2020-12-14 02:15:15', '2020-12-14 10:15:15', 'F', '2020-12-14 02:16:00', '0');
INSERT INTO `group_buy_batch` VALUES ('932020121562050001', '400000000000000001', '782020101428640001', '2020-12-15 02:15:15', '2020-12-15 10:15:15', 'F', '2020-12-15 02:16:00', '0');
INSERT INTO `group_buy_batch` VALUES ('932020121563980014', '400000000000000001', '782020101428640001', '2020-12-15 10:15:15', '2020-12-15 18:15:15', 'F', '2020-12-15 10:16:00', '0');
INSERT INTO `group_buy_batch` VALUES ('932020121566283290', '400000000000000001', '782020101428640001', '2020-12-15 18:15:15', '2020-12-16 02:15:15', 'F', '2020-12-15 18:16:00', '0');
INSERT INTO `group_buy_batch` VALUES ('932020121635485914', '400000000000000001', '782020101428640001', '2020-12-16 02:15:15', '2020-12-16 10:15:15', 'F', '2020-12-16 02:16:00', '0');
INSERT INTO `group_buy_batch` VALUES ('9320201216737112308', '400000000000000001', '782020101428640001', '2020-12-16 18:15:15', '2020-12-17 02:15:15', 'F', '2020-12-16 18:16:00', '0');
INSERT INTO `group_buy_batch` VALUES ('932020121690438843', '400000000000000001', '782020101428640001', '2020-12-16 10:15:15', '2020-12-16 18:15:15', 'F', '2020-12-16 10:16:00', '0');
INSERT INTO `group_buy_batch` VALUES ('9320201217031418203', '400000000000000001', '782020101428640001', '2020-12-17 10:15:15', '2020-12-17 18:15:15', 'F', '2020-12-17 10:16:00', '0');
INSERT INTO `group_buy_batch` VALUES ('9320201217254215258', '400000000000000001', '782020101428640001', '2020-12-17 02:15:15', '2020-12-17 10:15:15', 'F', '2020-12-17 02:16:00', '0');
INSERT INTO `group_buy_batch` VALUES ('932020121786651315', '400000000000000001', '782020101428640001', '2020-12-17 18:15:15', '2020-12-18 02:15:15', 'F', '2020-12-17 18:16:00', '0');
INSERT INTO `group_buy_batch` VALUES ('932020121850694326', '400000000000000001', '782020101428640001', '2020-12-18 02:15:15', '2020-12-18 10:15:15', 'F', '2020-12-18 02:16:00', '0');
INSERT INTO `group_buy_batch` VALUES ('932020121876107370', '400000000000000001', '782020101428640001', '2020-12-18 10:15:15', '2020-12-18 18:15:15', 'F', '2020-12-18 10:16:00', '0');
INSERT INTO `group_buy_batch` VALUES ('932020121878229730', '400000000000000001', '782020101428640001', '2020-12-18 18:15:15', '2020-12-19 02:15:15', 'F', '2020-12-18 19:23:28', '0');
INSERT INTO `group_buy_batch` VALUES ('9320201219240619113', '400000000000000001', '782020101428640001', '2020-12-19 18:15:15', '2020-12-20 02:15:15', 'F', '2020-12-19 18:16:00', '0');
INSERT INTO `group_buy_batch` VALUES ('9320201219501115612', '400000000000000001', '782020101428640001', '2020-12-19 10:15:15', '2020-12-19 18:15:15', 'F', '2020-12-19 10:16:00', '0');
INSERT INTO `group_buy_batch` VALUES ('9320201219517012586', '400000000000000001', '782020101428640001', '2020-12-19 02:15:15', '2020-12-19 10:15:15', 'F', '2020-12-19 02:16:00', '0');
INSERT INTO `group_buy_batch` VALUES ('9320201220195222138', '400000000000000001', '782020101428640001', '2020-12-20 02:15:15', '2020-12-20 10:15:15', 'F', '2020-12-20 02:16:00', '0');
INSERT INTO `group_buy_batch` VALUES ('9320201220543525661', '400000000000000001', '782020101428640001', '2020-12-20 18:15:15', '2020-12-21 02:15:15', 'F', '2020-12-20 18:16:00', '0');
INSERT INTO `group_buy_batch` VALUES ('9320201220563722706', '400000000000000001', '782020101428640001', '2020-12-20 10:15:15', '2020-12-20 18:15:15', 'F', '2020-12-20 12:03:00', '0');
INSERT INTO `group_buy_batch` VALUES ('93202012210246-30179', '400000000000000001', '782020101428640001', '2020-12-21 18:15:15', '2020-12-22 02:15:15', 'F', '2020-12-21 18:16:00', '0');
INSERT INTO `group_buy_batch` VALUES ('9320201221312228686', '400000000000000001', '782020101428640001', '2020-12-21 02:15:15', '2020-12-21 10:15:15', 'F', '2020-12-21 02:16:00', '0');
INSERT INTO `group_buy_batch` VALUES ('9320201221422931713', '400000000000000001', '782020101428640001', '2020-12-21 10:15:15', '2020-12-21 18:15:15', 'F', '2020-12-21 10:16:00', '0');
INSERT INTO `group_buy_batch` VALUES ('93202012227659-23801', '400000000000000001', '782020101428640001', '2020-12-22 10:15:15', '2020-12-22 18:15:15', 'Y', '2020-12-22 10:16:00', '0');
INSERT INTO `group_buy_batch` VALUES ('93202012229968-26994', '400000000000000001', '782020101428640001', '2020-12-22 02:15:15', '2020-12-22 10:15:15', 'F', '2020-12-22 02:16:00', '0');

-- ----------------------------
-- Table structure for group_buy_product
-- ----------------------------
CREATE TABLE `group_buy_product` (
  `group_id` varchar(30) NOT NULL COMMENT '团购ID',
  `store_id` varchar(30) NOT NULL COMMENT '商户ID',
  `batch_id` varchar(30) NOT NULL COMMENT '批次ID',
  `group_prod_name` varchar(128) NOT NULL COMMENT '团购产品名称',
  `product_id` varchar(30) NOT NULL COMMENT '产品ID',
  `group_prod_desc` varchar(256) NOT NULL COMMENT '团购产品简介',
  `user_count` int(11) NOT NULL COMMENT '拼团人数',
  `sort` int(11) NOT NULL COMMENT '排序',
  `state` varchar(12) NOT NULL COMMENT '状态，1001 开启 2002 关闭',
  `create_time` timestamp NOT NULL DEFAULT CURRENT_TIMESTAMP COMMENT '创建时间',
  `status_cd` varchar(2) NOT NULL DEFAULT '0' COMMENT '数据状态',
  PRIMARY KEY (`group_id`)
) ENGINE=InnoDB DEFAULT CHARSET=utf8;

-- ----------------------------
-- Records of group_buy_product
-- ----------------------------
INSERT INTO `group_buy_product` VALUES ('922020102428670001', '400000000000000001', '93202012227659-23801', '人生果', '902020101181530001', '人生果很甜的，大佬们吃起来', '3', '2', '1001', '2020-10-24 17:13:02', '0');
INSERT INTO `group_buy_product` VALUES ('922020102470250001', '400000000000000001', '93202012227659-23801', '人生果', '902020101181530001', '人生果很甜的，大佬们吃起来', '3', '2', '1001', '2020-10-24 21:42:54', '0');
INSERT INTO `group_buy_product` VALUES ('922020102491190001', '400000000000000001', '93202012227659-23801', '火轮果', '902020101116020001', '火轮果', '3', '3', '2002', '2020-10-24 16:21:06', '0');
INSERT INTO `group_buy_product` VALUES ('922020102491890001', '400000000000000001', '93202012227659-23801', '火轮果', '902020101116020001', '火轮果', '3', '3', '1001', '2020-10-24 19:19:59', '0');
INSERT INTO `group_buy_product` VALUES ('922020102499270001', '400000000000000001', '93202012227659-23801', '火轮果', '902020101116020001', '火轮果', '3', '3', '1001', '2020-10-24 19:00:57', '0');
INSERT INTO `group_buy_product` VALUES ('922020102907990009', '400000000000000001', '93202012227659-23801', '云南大西瓜', '902020102996960001', '云南大西瓜', '3', '6', '1001', '2020-10-29 17:38:47', '0');
INSERT INTO `group_buy_product` VALUES ('922020102910500011', '400000000000000001', '93202012227659-23801', '新疆大西瓜', '902020102818750004', '新疆大西瓜新疆大西瓜新疆大西瓜新疆大西瓜新疆大西瓜新疆大西瓜新疆大西瓜新疆大西瓜新疆大西瓜', '3', '3', '1001', '2020-10-29 17:40:00', '0');
INSERT INTO `group_buy_product` VALUES ('922020102950070010', '400000000000000001', '93202012227659-23801', '马铃薯', '902020102898610016', '马铃薯马铃薯马铃薯马铃薯马铃薯马铃薯马铃薯马铃薯马铃薯马铃薯', '3', '4', '1001', '2020-10-29 17:39:42', '0');
INSERT INTO `group_buy_product` VALUES ('922020123030480001', '400000000000000001', '93202012227659-23801', '11', '902020122168110001', '1111111111', '3', '1', '2002', '2020-12-30 19:30:40', '0');
INSERT INTO `group_buy_product` VALUES ('922021011591100019', '400000000000000001', '93202012227659-23801', '11232222222', '902021011518900012', '1321312312', '3', '1', '1001', '2021-01-15 23:34:56', '1');
INSERT INTO `group_buy_product` VALUES ('922021012651410025', '400000000000000001', '93202012227659-23801', '11232222222', '902021011518900012', '1321312312', '3', '1', '1001', '2021-01-26 10:39:32', '1');
INSERT INTO `group_buy_product` VALUES ('922021012659530026', '400000000000000001', '93202012227659-23801', '11232222222', '902021011518900012', '1321312312', '3', '1', '1001', '2021-01-26 10:43:56', '0');

-- ----------------------------
-- Table structure for group_buy_product_spec
-- ----------------------------
CREATE TABLE `group_buy_product_spec` (
  `spec_id` varchar(30) NOT NULL COMMENT '规格ID',
  `product_id` varchar(30) NOT NULL COMMENT '产品ID',
  `store_id` varchar(30) NOT NULL COMMENT '商户ID',
  `group_stock` bigint(20) NOT NULL COMMENT '团购库存',
  `group_sales` bigint(20) NOT NULL COMMENT '团购销量',
  `group_price` decimal(8,2) NOT NULL COMMENT '团购价格',
  `default_show` varchar(12) NOT NULL DEFAULT 'F' COMMENT 'T 默认显示规格 F 不是默认',
  `create_time` timestamp NOT NULL DEFAULT CURRENT_TIMESTAMP COMMENT '创建时间',
  `status_cd` varchar(2) NOT NULL DEFAULT '0' COMMENT '数据状态',
  `value_id` varchar(30) NOT NULL COMMENT '值ID'
) ENGINE=InnoDB DEFAULT CHARSET=utf8;

-- ----------------------------
-- Records of group_buy_product_spec
-- ----------------------------
INSERT INTO `group_buy_product_spec` VALUES ('882020101080150001', '902020101181530001', '400000000000000001', '99', '1', '3.00', 'F', '2020-10-24 16:21:06', '0', '');
INSERT INTO `group_buy_product_spec` VALUES ('882020101080150001', '902020101181530001', '400000000000000001', '99', '1', '3.00', 'F', '2020-10-24 16:21:06', '0', '');
INSERT INTO `group_buy_product_spec` VALUES ('882020101080150001', '902020101181530001', '400000000000000001', '99', '1', '3.00', 'F', '2020-10-24 16:21:06', '0', '');
INSERT INTO `group_buy_product_spec` VALUES ('882020101080150001', '902020101181530001', '400000000000000001', '99', '1', '3.00', 'F', '2020-10-24 17:13:02', '0', '');
INSERT INTO `group_buy_product_spec` VALUES ('882020101080150001', '902020101116020001', '400000000000000001', '99', '1', '1.00', 'F', '2020-10-24 19:00:57', '0', '');
INSERT INTO `group_buy_product_spec` VALUES ('882020101080150001', '902020101116020001', '400000000000000001', '99', '1', '1.00', 'F', '2020-10-24 19:00:57', '0', '');
INSERT INTO `group_buy_product_spec` VALUES ('882020101080150001', '902020101116020001', '400000000000000001', '99', '1', '1.00', 'F', '2020-10-24 19:00:57', '0', '');
INSERT INTO `group_buy_product_spec` VALUES ('882020101080150001', '902020101116020001', '400000000000000001', '48', '1', '2.00', 'F', '2020-10-24 19:19:59', '0', '912020101288250009');
INSERT INTO `group_buy_product_spec` VALUES ('882020101080150001', '902020101116020001', '400000000000000001', '47', '1', '3.00', 'F', '2020-10-24 19:19:59', '0', '912020101264740008');
INSERT INTO `group_buy_product_spec` VALUES ('882020101080150001', '902020101116020001', '400000000000000001', '45', '1', '2.00', 'F', '2020-10-24 19:19:59', '0', '912020101224740007');
INSERT INTO `group_buy_product_spec` VALUES ('882020101080150001', '902020101181530001', '400000000000000001', '88', '1', '3.00', 'F', '2020-10-24 21:42:54', '0', '912020101131960008');
INSERT INTO `group_buy_product_spec` VALUES ('882020101524940003', '902020102996960001', '400000000000000001', '20', '1', '0.50', 'F', '2020-10-29 17:38:47', '0', '912020102956860006');
INSERT INTO `group_buy_product_spec` VALUES ('882020101080150001', '902020102996960001', '400000000000000001', '20', '1', '0.50', 'F', '2020-10-29 17:38:47', '0', '912020102951620007');
INSERT INTO `group_buy_product_spec` VALUES ('882020101524940003', '902020102898610016', '400000000000000001', '973', '25', '0.40', 'F', '2020-10-29 17:39:42', '0', '912020102865630025');
INSERT INTO `group_buy_product_spec` VALUES ('882020101524940003', '902020102818750004', '400000000000000001', '955', '43', '0.50', 'F', '2020-10-29 17:40:00', '0', '912020102826080013');
INSERT INTO `group_buy_product_spec` VALUES ('882020101080150001', '902020122168110001', '400000000000000001', '1', '1', '1.00', 'F', '2020-12-30 19:30:40', '0', '912020122142380007');
INSERT INTO `group_buy_product_spec` VALUES ('882020101080150001', '902020122168110001', '400000000000000001', '1', '1', '1.00', 'F', '2020-12-30 19:30:40', '0', '912020122115470008');
INSERT INTO `group_buy_product_spec` VALUES ('882020101524940003', '902020122168110001', '400000000000000001', '1', '1', '1.00', 'F', '2020-12-30 19:30:40', '0', '912020122132640006');
INSERT INTO `group_buy_product_spec` VALUES ('882021011534070009', '902021011518900012', '400000000000000001', '111', '1', '0.10', 'F', '2021-01-15 23:34:56', '0', '912021011584760017');
INSERT INTO `group_buy_product_spec` VALUES ('882021011534070009', '902021011518900012', '400000000000000001', '400', '1', '1.00', 'F', '2021-01-26 10:39:32', '0', '912021011584760017');
INSERT INTO `group_buy_product_spec` VALUES ('882021011534070009', '902021011518900012', '400000000000000001', '500', '1', '1.00', 'F', '2021-01-26 10:43:56', '0', '912021011584760017');

-- ----------------------------
-- Table structure for group_buy_setting
-- ----------------------------
CREATE TABLE `group_buy_setting` (
  `setting_id` varchar(30) NOT NULL COMMENT '团购设置ID',
  `store_id` varchar(30) NOT NULL COMMENT '商户ID',
  `group_buy_name` varchar(256) NOT NULL COMMENT '拼团名称',
  `group_buy_desc` varchar(500) DEFAULT NULL COMMENT '拼团简介',
  `valid_hours` int(11) NOT NULL COMMENT '拼团时效',
  `start_time` datetime NOT NULL COMMENT '最新开团时间',
  `end_time` datetime NOT NULL COMMENT '最新闭团时间',
  `create_time` timestamp NOT NULL DEFAULT CURRENT_TIMESTAMP COMMENT '创建时间',
  `status_cd` varchar(2) NOT NULL DEFAULT '0' COMMENT '数据状态'
) ENGINE=InnoDB DEFAULT CHARSET=utf8;

-- ----------------------------
-- Records of group_buy_setting
-- ----------------------------
INSERT INTO `group_buy_setting` VALUES ('782020101428640001', '400000000000000001', '拼团1228', '拼团说明11233333', '8', '2020-12-22 11:20:15', '2020-12-26 18:15:15', '2020-10-14 21:26:13', '0');

-- ----------------------------
-- Table structure for housekeeping_fee_config
-- ----------------------------
CREATE TABLE `housekeeping_fee_config` (
  `config_id` varchar(30) NOT NULL COMMENT '标准ID',
  `fee_name` varchar(128) NOT NULL COMMENT '费用名称',
  `shop_id` varchar(30) NOT NULL COMMENT '商铺ID',
  `fee_type_cd` varchar(30) NOT NULL COMMENT '费用类型',
  `computing_formula` varchar(12) NOT NULL DEFAULT '1001' COMMENT '计算公式 1001 面积*单价 2002 固定费用,3003 面议费用',
  `fee_price` decimal(7,2) NOT NULL DEFAULT '-1.00' COMMENT '每平米收取的单价',
  `start_time` datetime NOT NULL COMMENT '开始时间',
  `end_time` datetime NOT NULL COMMENT '结束时间',
  `is_default` varchar(12) NOT NULL DEFAULT 'F' COMMENT '默认费用 默认收取',
  `create_time` timestamp NOT NULL DEFAULT CURRENT_TIMESTAMP COMMENT '创建时间',
  `status_cd` varchar(2) NOT NULL DEFAULT '0' COMMENT '有效标识',
  PRIMARY KEY (`config_id`)
) ENGINE=InnoDB DEFAULT CHARSET=utf8;

-- ----------------------------
-- Records of housekeeping_fee_config
-- ----------------------------

-- ----------------------------
-- Table structure for housekeeping_fee_type
-- ----------------------------
CREATE TABLE `housekeeping_fee_type` (
  `fee_type_cd` varchar(30) NOT NULL COMMENT '费用类型',
  `type_name` varchar(128) NOT NULL COMMENT '类型名称',
  `shop_id` varchar(30) NOT NULL COMMENT '商铺ID',
  `is_show` varchar(12) NOT NULL COMMENT '是否展示 Y是 N否',
  `remark` varchar(512) NOT NULL COMMENT '备注',
  `create_time` timestamp NOT NULL DEFAULT CURRENT_TIMESTAMP COMMENT '创建时间',
  `status_cd` varchar(2) NOT NULL DEFAULT '0' COMMENT '有效标识',
  PRIMARY KEY (`fee_type_cd`)
) ENGINE=InnoDB DEFAULT CHARSET=utf8;

-- ----------------------------
-- Records of housekeeping_fee_type
-- ----------------------------

-- ----------------------------
-- Table structure for housekeeping_resource
-- ----------------------------
CREATE TABLE `housekeeping_resource` (
  `res_id` varchar(30) NOT NULL COMMENT '物品ID',
  `res_type_id` varchar(30) NOT NULL COMMENT '物品类型',
  `res_type_name` varchar(30) NOT NULL COMMENT '物品类型名称',
  `res_name` varchar(64) NOT NULL COMMENT '物品名称',
  `res_code` varchar(30) NOT NULL COMMENT '物品编码',
  `cost_price` decimal(8,2) NOT NULL DEFAULT '0.00' COMMENT '成本价',
  `price` decimal(8,2) NOT NULL DEFAULT '0.00' COMMENT '出售价',
  `stock` bigint(20) NOT NULL DEFAULT '0' COMMENT '库存',
  `supplier_id` varchar(30) NOT NULL COMMENT '供应商',
  `supplier_name` varchar(64) NOT NULL COMMENT '供应商名称',
  `shop_id` varchar(30) NOT NULL COMMENT '商铺，默认为9999 所有商铺',
  `remark` varchar(512) DEFAULT NULL COMMENT '描述',
  `create_time` timestamp NOT NULL DEFAULT CURRENT_TIMESTAMP COMMENT '创建时间',
  `status_cd` varchar(2) NOT NULL DEFAULT '0' COMMENT '有效标识',
  PRIMARY KEY (`res_id`)
) ENGINE=InnoDB DEFAULT CHARSET=utf8;

-- ----------------------------
-- Records of housekeeping_resource
-- ----------------------------

-- ----------------------------
-- Table structure for housekeeping_resource_fee
-- ----------------------------
CREATE TABLE `housekeeping_resource_fee` (
  `res_fee_id` varchar(30) NOT NULL COMMENT '主键ID',
  `res_id` varchar(30) NOT NULL COMMENT '物品ID',
  `res_name` varchar(128) NOT NULL COMMENT '物品名称',
  `config_id` varchar(30) NOT NULL COMMENT '费用标准ID',
  `fee_name` varchar(30) NOT NULL COMMENT '费用名称',
  `shop_id` varchar(30) NOT NULL COMMENT '商铺ID',
  `create_time` timestamp NOT NULL DEFAULT CURRENT_TIMESTAMP COMMENT '创建时间',
  `status_cd` varchar(2) NOT NULL DEFAULT '0' COMMENT '有效标识',
  PRIMARY KEY (`res_fee_id`)
) ENGINE=InnoDB DEFAULT CHARSET=utf8;

-- ----------------------------
-- Records of housekeeping_resource_fee
-- ----------------------------

-- ----------------------------
-- Table structure for housekeeping_serv
-- ----------------------------
CREATE TABLE `housekeeping_serv` (
  `serv_id` varchar(30) NOT NULL COMMENT '服务ID',
  `serv_name` varchar(128) NOT NULL COMMENT '服务名称',
  `serv_desc` varchar(256) DEFAULT NULL COMMENT '服务描述',
  `hkt_id` varchar(30) NOT NULL COMMENT '家政类型',
  `shop_id` varchar(30) NOT NULL COMMENT '商铺',
  `sales` bigint(20) DEFAULT '0' COMMENT '销量',
  `sort` int(11) DEFAULT '1' COMMENT '排序',
  `state` varchar(12) NOT NULL DEFAULT '1001' COMMENT '状态（1001：未上架，2002：上架）',
  `create_time` timestamp NOT NULL DEFAULT CURRENT_TIMESTAMP COMMENT '创建时间',
  `status_cd` varchar(2) NOT NULL DEFAULT '0' COMMENT '有效标识',
  PRIMARY KEY (`serv_id`)
) ENGINE=InnoDB DEFAULT CHARSET=utf8;

-- ----------------------------
-- Records of housekeeping_serv
-- ----------------------------

-- ----------------------------
-- Table structure for housekeeping_serv_fee
-- ----------------------------
CREATE TABLE `housekeeping_serv_fee` (
  `serv_fee_id` varchar(30) NOT NULL COMMENT '主键ID',
  `serv_id` varchar(30) NOT NULL COMMENT '服务ID',
  `serv_name` varchar(128) NOT NULL COMMENT '服务名称',
  `config_id` varchar(30) NOT NULL COMMENT '费用标准ID',
  `fee_name` varchar(30) NOT NULL COMMENT '费用名称',
  `shop_id` varchar(30) NOT NULL COMMENT '商铺ID',
  `create_time` timestamp NOT NULL DEFAULT CURRENT_TIMESTAMP COMMENT '创建时间',
  `status_cd` varchar(2) NOT NULL DEFAULT '0' COMMENT '有效标识',
  PRIMARY KEY (`serv_fee_id`)
) ENGINE=InnoDB DEFAULT CHARSET=utf8;

-- ----------------------------
-- Records of housekeeping_serv_fee
-- ----------------------------

-- ----------------------------
-- Table structure for housekeeping_serv_pool
-- ----------------------------
CREATE TABLE `housekeeping_serv_pool` (
  `pool_id` varchar(30) NOT NULL COMMENT '维修工单编号',
  `cart_id` varchar(30) NOT NULL COMMENT '购物车ID',
  `serv_id` varchar(30) NOT NULL COMMENT '报修服务ID',
  `serv_name` varchar(128) NOT NULL COMMENT '家政服务ID',
  `shop_id` varchar(30) NOT NULL COMMENT '商铺ID',
  `context` varchar(512) DEFAULT NULL COMMENT '维修内容',
  `state` varchar(4) NOT NULL COMMENT '报修状态，请查看state 表',
  `obj_type` varchar(12) NOT NULL COMMENT '对象类型 1001 房屋',
  `obj_id` varchar(30) NOT NULL COMMENT '维修对象ID',
  `obj_name` varchar(30) NOT NULL COMMENT '报修对象名称',
  `apply_name` varchar(12) NOT NULL COMMENT '申请人姓名',
  `apply_tel` varchar(11) NOT NULL COMMENT '手机号',
  `appointment_time` datetime NOT NULL COMMENT '预约时间',
  `create_time` timestamp NOT NULL DEFAULT CURRENT_TIMESTAMP COMMENT '创建时间',
  `status_cd` varchar(2) NOT NULL DEFAULT '0' COMMENT '数据状态，详细参考c_status表，S 保存，0, 在用 1失效',
  UNIQUE KEY `pool_id` (`pool_id`) USING BTREE
) ENGINE=InnoDB DEFAULT CHARSET=utf8;

-- ----------------------------
-- Records of housekeeping_serv_pool
-- ----------------------------

-- ----------------------------
-- Table structure for housekeeping_serv_pool_user
-- ----------------------------
CREATE TABLE `housekeeping_serv_pool_user` (
  `ru_id` varchar(30) NOT NULL COMMENT '维修派单ID',
  `pool_id` varchar(30) NOT NULL COMMENT '工单ID',
  `shop_id` varchar(30) NOT NULL COMMENT '商铺ID',
  `staff_id` varchar(30) NOT NULL COMMENT '当前处理员工',
  `staff_name` varchar(64) NOT NULL COMMENT '当前处理员工名称',
  `pre_staff_id` varchar(30) NOT NULL COMMENT '上一节点处理员工',
  `pre_staff_name` varchar(64) NOT NULL COMMENT '上一节点处理员工名称',
  `start_time` datetime NOT NULL COMMENT '开始时间',
  `end_time` datetime DEFAULT NULL COMMENT '结束时间',
  `pool_event` varchar(12) NOT NULL COMMENT '事件，startUser 开始用户 auditUser 审核处理员工',
  `pre_ru_id` varchar(30) NOT NULL COMMENT '上一节点处理ID',
  `state` varchar(8) NOT NULL COMMENT '员工处理状态，请查看t_dict 表',
  `context` varchar(1024) DEFAULT NULL COMMENT '处理说明',
  `status_cd` varchar(2) NOT NULL DEFAULT '0' COMMENT '数据状态，详细参考c_status表，S 保存，0, 在用 1失效',
  `create_time` timestamp NOT NULL DEFAULT CURRENT_TIMESTAMP COMMENT '创建时间',
  PRIMARY KEY (`ru_id`)
) ENGINE=InnoDB DEFAULT CHARSET=utf8;

-- ----------------------------
-- Records of housekeeping_serv_pool_user
-- ----------------------------

-- ----------------------------
-- Table structure for housekeeping_serv_user
-- ----------------------------
CREATE TABLE `housekeeping_serv_user` (
  `serv_user_id` varchar(30) NOT NULL COMMENT '服务设置ID',
  `serv_id` varchar(30) NOT NULL COMMENT '报修服务ID',
  `staff_id` varchar(30) NOT NULL COMMENT '员工ID',
  `staff_name` varchar(30) NOT NULL COMMENT '员工名称',
  `shop_id` varchar(30) NOT NULL COMMENT '商铺ID',
  `state` varchar(12) NOT NULL DEFAULT '9999' COMMENT '状态 9999 在线 8888 离线 t_dict 表',
  `remark` varchar(500) DEFAULT NULL COMMENT '描述，一般为状态变更描述',
  `status_cd` varchar(2) NOT NULL DEFAULT '0' COMMENT '数据状态，详细参考c_status表，S 保存，0, 在用 1失效',
  `create_time` timestamp NOT NULL DEFAULT CURRENT_TIMESTAMP COMMENT '创建时间'
) ENGINE=InnoDB DEFAULT CHARSET=utf8;

-- ----------------------------
-- Records of housekeeping_serv_user
-- ----------------------------

-- ----------------------------
-- Table structure for housekeeping_type
-- ----------------------------
CREATE TABLE `housekeeping_type` (
  `hkt_id` varchar(30) NOT NULL COMMENT '家政服务ID',
  `hkt_name` varchar(64) NOT NULL COMMENT '类别名称',
  `shop_id` varchar(30) NOT NULL COMMENT '商铺，默认为9999 所有商铺',
  `hkt_icon` varchar(1024) NOT NULL COMMENT '小图标',
  `hkt_desc` varchar(512) DEFAULT NULL COMMENT '描述',
  `seq` int(11) NOT NULL COMMENT '排序',
  `label` varchar(64) DEFAULT NULL COMMENT '标签',
  `create_time` timestamp NOT NULL DEFAULT CURRENT_TIMESTAMP COMMENT '创建时间',
  `status_cd` varchar(2) NOT NULL DEFAULT '0' COMMENT '有效标识',
  `is_show` varchar(12) NOT NULL DEFAULT 'Y' COMMENT '是否展示',
  `type_cd` varchar(12) NOT NULL DEFAULT '1001' COMMENT '1001 家政 2002 商城',
  PRIMARY KEY (`hkt_id`)
) ENGINE=InnoDB DEFAULT CHARSET=utf8;

-- ----------------------------
-- Records of housekeeping_type
-- ----------------------------
INSERT INTO `housekeeping_type` VALUES ('612021052506430001', '33', '502021052279460001', 'https://java110.oss-cn-beijing.aliyuncs.com/hc/img/20210525/ac198e49-0cc7-46ff-91e5-732f0987570b.png', '3', '3', '3', '2021-05-25 23:03:23', '1', 'Y', '1001');
INSERT INTO `housekeeping_type` VALUES ('612021052517850001', '家电维修', '9999', 'img/20210604/e14e8d89-502b-4165-82ee-fea5c8ff4eef.png', '家电维修', '1', '家电', '2021-05-25 23:21:29', '0', 'Y', '1001');
INSERT INTO `housekeeping_type` VALUES ('612021052584440001', '22', '502021052279460001', 'img/20210525/cd95986f-1408-4763-ae84-fde201719808.png', '2', '2', '2', '2021-05-25 22:28:50', '1', 'Y', '1001');
INSERT INTO `housekeeping_type` VALUES ('612021060406710058', '管道疏通', '9999', 'img/20210604/ab4f89ea-7237-40ce-ab1c-ba85baca3aff.png', '管道疏通', '7', '管道疏通', '2021-06-04 18:20:54', '0', 'Y', '1001');
INSERT INTO `housekeeping_type` VALUES ('612021060419560072', '门窗维护', '9999', 'img/20210604/b9bd9d05-7527-480a-bc31-f0b1612684a6.png', '门窗维护', '9', '门窗维护', '2021-06-04 18:49:01', '0', 'Y', '1001');
INSERT INTO `housekeeping_type` VALUES ('612021060428650042', '家电安装', '9999', 'img/20210604/b322650e-ac35-432e-b4cc-8f2039871b48.png', '家电安装', '3', '家电安装', '2021-06-04 18:17:26', '0', 'Y', '1001');
INSERT INTO `housekeeping_type` VALUES ('612021060455220043', '防水补漏', '9999', 'img/20210604/5af4f2bb-1e48-4891-a30e-5d9cc187492f.png', '防水补漏', '4', '防水补漏', '2021-06-04 18:17:51', '0', 'Y', '1001');
INSERT INTO `housekeeping_type` VALUES ('612021060470260044', '墙面翻新', '9999', 'img/20210604/232ece50-2d78-4d96-8c54-270a3e3990e6.png', '墙面翻新', '5', '墙面翻新', '2021-06-04 18:18:17', '0', 'Y', '1001');
INSERT INTO `housekeeping_type` VALUES ('612021060471860071', '家具维护', '9999', 'img/20210604/eda55b65-1316-4b6c-a8a9-7e9067ae50e4.png', '家具维护', '8', '家具维护', '2021-06-04 18:21:17', '0', 'Y', '1001');
INSERT INTO `housekeeping_type` VALUES ('612021060473350045', '水电维修', '9999', 'img/20210604/62c83d96-4db1-433f-bfbc-461f7f551249.png', '水电维修', '6', '水电维修', '2021-06-04 18:18:45', '0', 'Y', '1001');
INSERT INTO `housekeeping_type` VALUES ('612021060484340041', '家电清洗', '9999', 'img/20210604/5a98dab9-abb4-45c8-96b1-fe2ce53816f3.png', '家电清洗', '2', '家电 清洗', '2021-06-04 18:16:39', '0', 'Y', '1001');
INSERT INTO `housekeeping_type` VALUES ('612021060486900073', '修锁换锁', '9999', 'img/20210605/cb6001d8-4e2d-4bd6-a03d-64b91aabc374.jpg', '修锁换锁', '10', '安全;快速', '2021-06-04 18:50:53', '0', 'Y', '1001');
INSERT INTO `housekeeping_type` VALUES ('612021060557020004', '测试', '9999', 'https://java110.oss-cn-beijing.aliyuncs.com/hc/img/20210605/e7f495ae-7456-4b4e-853c-a69ab129c8c1.jpg', '地方', '2', '123', '2021-06-05 12:28:08', '1', 'Y', '2002');

-- ----------------------------
-- Table structure for main_category
-- ----------------------------
CREATE TABLE `main_category` (
  `main_category_id` varchar(30) NOT NULL COMMENT '主目录ID',
  `category_name` varchar(200) NOT NULL COMMENT '主目录名称',
  `category_type` varchar(12) NOT NULL COMMENT '目录类别 120406 首页目录',
  `category_desc` varchar(512) DEFAULT NULL COMMENT '目录描述',
  `start_time` datetime NOT NULL COMMENT '开始时间',
  `end_time` datetime NOT NULL COMMENT '结束时间',
  `create_time` timestamp NOT NULL DEFAULT CURRENT_TIMESTAMP COMMENT '创建时间',
  `status_cd` varchar(2) NOT NULL DEFAULT '0' COMMENT '有效标识',
  `seq` int(11) DEFAULT NULL COMMENT '序号',
  PRIMARY KEY (`main_category_id`)
) ENGINE=InnoDB DEFAULT CHARSET=utf8;

-- ----------------------------
-- Records of main_category
-- ----------------------------

-- ----------------------------
-- Table structure for main_category_product
-- ----------------------------
CREATE TABLE `main_category_product` (
  `mc_product_id` varchar(30) NOT NULL COMMENT '主键ID',
  `main_category_id` varchar(30) NOT NULL COMMENT '主目录ID',
  `product_id` varchar(30) NOT NULL COMMENT '产品ID',
  `shop_id` varchar(30) NOT NULL COMMENT '商铺ID',
  `start_time` datetime NOT NULL COMMENT '开始时间',
  `end_time` datetime NOT NULL COMMENT '结束时间',
  `seq` int(11) DEFAULT NULL COMMENT '序号',
  `state` varchar(12) NOT NULL COMMENT '状态 10021 待审核 20041 审核通过 30052 审核失败',
  `message` varchar(512) DEFAULT NULL COMMENT '状态修改消息',
  `create_time` timestamp NOT NULL DEFAULT CURRENT_TIMESTAMP COMMENT '创建时间',
  `status_cd` varchar(2) NOT NULL DEFAULT '0' COMMENT '有效标识',
  PRIMARY KEY (`mc_product_id`)
) ENGINE=InnoDB DEFAULT CHARSET=utf8;

-- ----------------------------
-- Records of main_category_product
-- ----------------------------

-- ----------------------------
-- Table structure for product
-- ----------------------------
CREATE TABLE `product` (
  `product_id` varchar(30) NOT NULL COMMENT '产品id',
  `store_id` varchar(30) NOT NULL COMMENT '商户ID',
  `prod_name` varchar(128) NOT NULL COMMENT '商品名称',
  `prod_desc` varchar(256) NOT NULL COMMENT '商品简介',
  `keyword` varchar(256) NOT NULL COMMENT '关键字',
  `bar_code` varchar(15) DEFAULT '' COMMENT '产品条码（一维码）',
  `category_id` varchar(64) NOT NULL COMMENT '分类id',
  `unit_name` varchar(32) DEFAULT NULL COMMENT '单位名',
  `sort` int(11) DEFAULT '0' COMMENT '排序',
  `state` varchar(12) DEFAULT '1001' COMMENT '状态（1001：未上架，2002：上架）',
  `postage` decimal(8,2) unsigned DEFAULT '0.00' COMMENT '邮费',
  `is_postage` tinyint(3) unsigned DEFAULT '0' COMMENT '是否包邮',
  `create_time` timestamp NOT NULL DEFAULT CURRENT_TIMESTAMP COMMENT '创建时间',
  `status_cd` varchar(2) NOT NULL DEFAULT '0' COMMENT '有效标识',
  `shop_id` varchar(30) NOT NULL COMMENT '商铺ID',
  PRIMARY KEY (`product_id`)
) ENGINE=InnoDB DEFAULT CHARSET=utf8;

-- ----------------------------
-- Records of product
-- ----------------------------
INSERT INTO `product` VALUES ('902020101116020001', '400000000000000001', '火轮果', '火轮果', '火轮果', '123456', '872020101032180001', '个', '3', '2002', '3.00', '2', '2020-10-11 23:14:17', '0', '');
INSERT INTO `product` VALUES ('902020101139650003', '400000000000000001', '葡萄', '葡萄是非常甜的，欢迎购买', '葡萄', '123456789', '872020101032180001', '斤', '1', '2002', '1.00', '2', '2020-10-11 17:36:45', '1', '');
INSERT INTO `product` VALUES ('902020101181530001', '400000000000000001', '人生果', '人生果很甜的，大佬们吃起来', '人生', '12345677', '872020101032180001', '个', '2', '2002', '2.00', '2', '2020-10-11 22:05:35', '1', '');
INSERT INTO `product` VALUES ('902020102818750004', '400000000000000001', '新疆大西瓜', '新疆大西瓜新疆大西瓜新疆大西瓜新疆大西瓜新疆大西瓜新疆大西瓜新疆大西瓜新疆大西瓜新疆大西瓜', '西瓜', '123123', '872020101032180001', '个', '3', '2002', '0.00', '1', '2020-10-28 11:59:02', '0', '');
INSERT INTO `product` VALUES ('902020102898610016', '400000000000000001', '马铃薯', '马铃薯马铃薯马铃薯马铃薯马铃薯马铃薯马铃薯马铃薯马铃薯马铃薯', '马铃薯', '44444', '872020101032180001', '个', '4', '2002', '0.00', '1', '2020-10-28 12:06:29', '0', '');
INSERT INTO `product` VALUES ('902020102996960001', '400000000000000001', '云南大西瓜', '云南大西瓜', '云南,大西瓜', '123123', '872020101032180001', '个', '6', '2002', '0.00', '1', '2020-10-29 11:04:56', '0', '');
INSERT INTO `product` VALUES ('902020112442700008', '400000000000000001', '蜂蜜', '500g', '蜂蜜', '', '872020101032180001', '500g', '1', '2002', '0.00', '1', '2020-11-24 22:16:24', '0', '');
INSERT INTO `product` VALUES ('902020122168110001', '400000000000000001', '11', '1111111111', '1', '111', '872020101588860002', '1', '1', '2002', '0.00', '1', '2020-12-21 15:07:53', '0', '');
INSERT INTO `product` VALUES ('902021011518900012', '400000000000000001', '11232222222', '1321312312', '22222222', '2313123', '872021011558750008', '1', '1', '2002', '0.00', '2', '2021-01-15 23:33:33', '0', '');

-- ----------------------------
-- Table structure for product_attr
-- ----------------------------
CREATE TABLE `product_attr` (
  `attr_id` varchar(30) NOT NULL COMMENT '属性id',
  `product_id` varchar(30) NOT NULL COMMENT '业主ID',
  `spec_cd` varchar(12) NOT NULL COMMENT '属性id,参考spec表',
  `value` varchar(50) NOT NULL COMMENT '属性值',
  `create_time` timestamp NOT NULL DEFAULT CURRENT_TIMESTAMP COMMENT '创建时间',
  `status_cd` varchar(2) NOT NULL DEFAULT '0' COMMENT '数据状态，详细参考c_status表，S 保存，0, 在用 1失效',
  `store_id` varchar(30) NOT NULL COMMENT '商户ID 分片ID',
  `shop_id` varchar(30) NOT NULL COMMENT '商铺ID',
  UNIQUE KEY `attr_id` (`attr_id`) USING BTREE
) ENGINE=InnoDB DEFAULT CHARSET=utf8;

-- ----------------------------
-- Records of product_attr
-- ----------------------------

-- ----------------------------
-- Table structure for product_category
-- ----------------------------
CREATE TABLE `product_category` (
  `category_id` varchar(30) NOT NULL COMMENT '产品目录',
  `category_name` varchar(200) NOT NULL COMMENT '目录名称',
  `parent_category_id` varchar(30) NOT NULL COMMENT '父级产品目录',
  `category_level` int(11) NOT NULL DEFAULT '1' COMMENT '目录级别',
  `seq` int(11) NOT NULL COMMENT '显示顺序',
  `is_show` varchar(2) NOT NULL DEFAULT 'Y' COMMENT '是否显示，Y显示 N 不显示',
  `store_id` varchar(30) NOT NULL COMMENT '商户ID',
  `create_time` timestamp NOT NULL DEFAULT CURRENT_TIMESTAMP COMMENT '创建时间',
  `status_cd` varchar(2) NOT NULL DEFAULT '0' COMMENT '有效标识',
  `shop_id` varchar(30) NOT NULL COMMENT '商铺ID',
  PRIMARY KEY (`category_id`)
) ENGINE=InnoDB DEFAULT CHARSET=utf8;

-- ----------------------------
-- Records of product_category
-- ----------------------------
INSERT INTO `product_category` VALUES ('872020101032180001', '生活类', '', '1', '1', 'Y', '400000000000000001', '2020-10-10 01:13:02', '0', '');
INSERT INTO `product_category` VALUES ('872020101099560002', '测试类', '', '1', '2', 'Y', '400000000000000001', '2020-10-10 01:14:54', '1', '');
INSERT INTO `product_category` VALUES ('872020101588860002', '娱乐类', '', '1', '1', 'Y', '400000000000000001', '2020-10-15 14:35:46', '0', '');
INSERT INTO `product_category` VALUES ('872020121569660006', '文具类', '', '1', '10', 'Y', '400000000000000001', '2020-12-15 16:24:58', '0', '');
INSERT INTO `product_category` VALUES ('872021011558750008', '消费类', '', '1', '11', 'Y', '400000000000000001', '2021-01-15 23:30:53', '0', '');

-- ----------------------------
-- Table structure for product_detail
-- ----------------------------
CREATE TABLE `product_detail` (
  `detail_id` varchar(30) NOT NULL COMMENT '产品详情ID',
  `product_id` varchar(30) NOT NULL COMMENT '产品ID',
  `store_id` varchar(30) NOT NULL COMMENT '商户ID',
  `content` longtext NOT NULL COMMENT '商品描述',
  `create_time` timestamp NOT NULL DEFAULT CURRENT_TIMESTAMP COMMENT '创建时间',
  `status_cd` varchar(2) NOT NULL DEFAULT '0' COMMENT '数据状态',
  `shop_id` varchar(30) NOT NULL COMMENT '商铺ID',
  PRIMARY KEY (`detail_id`)
) ENGINE=InnoDB DEFAULT CHARSET=utf8;

-- ----------------------------
-- Records of product_detail
-- ----------------------------
INSERT INTO `product_detail` VALUES ('912020101113060009', '902020101181530001', '400000000000000001', '<p>人生果不错不错呢 大佬们吃起来呢</p>', '2020-10-11 22:05:36', '0', '');
INSERT INTO `product_detail` VALUES ('912020101183910010', '902020101116020001', '400000000000000001', '<p>火轮果火轮果火轮果火轮果火轮果火轮果123<br></p>', '2020-10-11 23:14:17', '0', '');
INSERT INTO `product_detail` VALUES ('912020102816820014', '902020102818750004', '400000000000000001', '<p>新疆大西瓜新疆大西瓜新疆大西瓜新疆大西瓜新疆大西瓜新疆大西瓜新疆大西瓜新疆大西瓜新疆大西瓜<br></p>', '2020-10-28 11:59:03', '0', '');
INSERT INTO `product_detail` VALUES ('912020102860520026', '902020102898610016', '400000000000000001', '<p>马铃薯马铃薯马铃薯马铃薯马铃薯马铃薯马铃薯马铃薯马铃薯马铃薯马铃薯<br></p>', '2020-10-28 12:06:30', '0', '');
INSERT INTO `product_detail` VALUES ('912020102976680008', '902020102996960001', '400000000000000001', '<p>云南大西瓜云南大西瓜云南大西瓜云南大西瓜云南大西瓜云南大西瓜云南大西瓜云南大西瓜云南大西瓜云南大西瓜<br></p>', '2020-10-29 11:04:57', '0', '');
INSERT INTO `product_detail` VALUES ('912020112482090014', '902020112442700008', '400000000000000001', '<p>500g<br></p>', '2020-11-24 22:16:24', '0', '');
INSERT INTO `product_detail` VALUES ('912020122151130009', '902020122168110001', '400000000000000001', '<p>11111111111111111111111111111111111111111111111111111111111</p><p>的撒范德萨范德萨</p>', '2020-12-21 15:07:53', '0', '');
INSERT INTO `product_detail` VALUES ('912021011558840018', '902021011518900012', '400000000000000001', '<p>】</p>', '2021-01-15 23:33:33', '0', '');

-- ----------------------------
-- Table structure for product_label
-- ----------------------------
CREATE TABLE `product_label` (
  `label_id` varchar(30) NOT NULL COMMENT 'id',
  `product_id` varchar(30) NOT NULL COMMENT '产品ID',
  `store_id` varchar(30) NOT NULL COMMENT '商户ID',
  `label_cd` varchar(12) NOT NULL COMMENT '标签',
  `create_time` timestamp NOT NULL DEFAULT CURRENT_TIMESTAMP COMMENT '创建时间',
  `status_cd` varchar(2) NOT NULL DEFAULT '0' COMMENT '有效标识'
) ENGINE=InnoDB DEFAULT CHARSET=utf8;

-- ----------------------------
-- Records of product_label
-- ----------------------------
INSERT INTO `product_label` VALUES ('942020102861780001', '902020101181530001', '400000000000000001', '8800012001', '2020-10-28 11:45:20', '1');
INSERT INTO `product_label` VALUES ('942020102849970002', '902020101181530001', '400000000000000001', '8800012001', '2020-10-28 11:53:20', '0');
INSERT INTO `product_label` VALUES ('942020102852420003', '902020101116020001', '400000000000000001', '8800012001', '2020-10-28 11:53:22', '0');
INSERT INTO `product_label` VALUES ('942020102829350015', '902020102818750004', '400000000000000001', '8800012001', '2020-10-28 11:59:12', '0');
INSERT INTO `product_label` VALUES ('942020102841260027', '902020102898610016', '400000000000000001', '8800012001', '2020-10-28 12:06:37', '0');
INSERT INTO `product_label` VALUES ('942020112302660003', '902020102996960001', '400000000000000001', '8800012001', '2020-11-23 14:30:36', '0');
INSERT INTO `product_label` VALUES ('942020113068390016', '902020112442700008', '400000000000000001', '8800012001', '2020-11-30 17:25:58', '1');
INSERT INTO `product_label` VALUES ('942020120107920017', '902020112442700008', '400000000000000001', '8800012001', '2020-12-01 17:38:12', '0');
INSERT INTO `product_label` VALUES ('942020122269600014', '902020122168110001', '400000000000000001', '8800012001', '2020-12-22 13:59:03', '0');
INSERT INTO `product_label` VALUES ('942021011540770020', '902021011518900012', '400000000000000001', '8800012001', '2021-01-15 23:36:32', '0');

-- ----------------------------
-- Table structure for product_serv_keyword
-- ----------------------------
CREATE TABLE `product_serv_keyword` (
  `keyword_id` varchar(30) NOT NULL COMMENT '主键ID',
  `keyword_name` varchar(128) NOT NULL COMMENT '关键字',
  `keyword_type` varchar(12) NOT NULL DEFAULT '1001' COMMENT '1001 商品 2002 服务',
  `obj_id` varchar(30) NOT NULL COMMENT '对象ID 商品ID 或者 服务ID',
  `shop_id` varchar(30) NOT NULL COMMENT '商铺',
  `create_time` timestamp NOT NULL DEFAULT CURRENT_TIMESTAMP COMMENT '创建时间',
  `status_cd` varchar(2) NOT NULL DEFAULT '0' COMMENT '有效标识',
  PRIMARY KEY (`keyword_id`)
) ENGINE=InnoDB DEFAULT CHARSET=utf8;

-- ----------------------------
-- Records of product_serv_keyword
-- ----------------------------

-- ----------------------------
-- Table structure for product_spec
-- ----------------------------
CREATE TABLE `product_spec` (
  `spec_id` varchar(30) NOT NULL COMMENT '规格ID',
  `store_id` varchar(30) NOT NULL COMMENT '商户ID',
  `spec_name` varchar(128) NOT NULL COMMENT '规格名称',
  `create_time` timestamp NOT NULL DEFAULT CURRENT_TIMESTAMP COMMENT '创建时间',
  `status_cd` varchar(2) NOT NULL DEFAULT '0' COMMENT '有效标识',
  `shop_id` varchar(30) NOT NULL COMMENT '商铺ID',
  PRIMARY KEY (`spec_id`)
) ENGINE=InnoDB DEFAULT CHARSET=utf8;

-- ----------------------------
-- Records of product_spec
-- ----------------------------
INSERT INTO `product_spec` VALUES ('882020101008570006', '400000000000000001', 'xxx', '2020-10-10 01:06:28', '1', '');
INSERT INTO `product_spec` VALUES ('882020101080150001', '400000000000000001', 'iphone6s', '2020-10-10 00:11:58', '0', '');
INSERT INTO `product_spec` VALUES ('882020101524940003', '400000000000000001', '1', '2020-10-15 14:36:42', '0', '');
INSERT INTO `product_spec` VALUES ('882021011534070009', '400000000000000001', '12321312', '2021-01-15 23:31:36', '0', '');

-- ----------------------------
-- Table structure for product_spec_detail
-- ----------------------------
CREATE TABLE `product_spec_detail` (
  `detail_id` varchar(30) NOT NULL COMMENT '规格明细ID',
  `spec_id` varchar(30) NOT NULL COMMENT '规格ID',
  `store_id` varchar(30) NOT NULL COMMENT '商户ID',
  `detail_name` varchar(128) NOT NULL COMMENT '明细名称',
  `detail_value` varchar(512) NOT NULL COMMENT '明细值',
  `create_time` timestamp NOT NULL DEFAULT CURRENT_TIMESTAMP COMMENT '创建时间',
  `status_cd` varchar(2) NOT NULL DEFAULT '0' COMMENT '有效标识',
  `shop_id` varchar(30) NOT NULL COMMENT '商铺ID',
  PRIMARY KEY (`detail_id`)
) ENGINE=InnoDB DEFAULT CHARSET=utf8;

-- ----------------------------
-- Records of product_spec_detail
-- ----------------------------
INSERT INTO `product_spec_detail` VALUES ('912020101005230002', '882020101080150001', '400000000000000001', '尺寸', '5.7', '2020-10-10 01:04:31', '1', '');
INSERT INTO `product_spec_detail` VALUES ('912020101022040003', '882020101080150001', '400000000000000001', '内存', '64G', '2020-10-10 00:11:58', '1', '');
INSERT INTO `product_spec_detail` VALUES ('912020101029450001', '882020101080150001', '400000000000000001', '内存', '64G', '2020-10-10 01:04:31', '1', '');
INSERT INTO `product_spec_detail` VALUES ('912020101032540002', '882020101080150001', '400000000000000001', '颜色', '白色', '2020-10-10 00:11:58', '1', '');
INSERT INTO `product_spec_detail` VALUES ('912020101036530005', '882020101080150001', '400000000000000001', '颜色', '粉色', '2020-10-10 01:04:49', '0', '');
INSERT INTO `product_spec_detail` VALUES ('912020101048300003', '882020101080150001', '400000000000000001', '尺寸', '5.7', '2020-10-10 01:04:49', '0', '');
INSERT INTO `product_spec_detail` VALUES ('912020101077160004', '882020101080150001', '400000000000000001', '内存', '64G', '2020-10-10 01:04:49', '0', '');
INSERT INTO `product_spec_detail` VALUES ('912020101097560007', '882020101008570006', '400000000000000001', 'xx', 'xx', '2020-10-10 01:06:28', '1', '');
INSERT INTO `product_spec_detail` VALUES ('912020101577380004', '882020101524940003', '400000000000000001', '1', '1', '2020-10-15 14:36:42', '0', '');
INSERT INTO `product_spec_detail` VALUES ('912021011520120010', '882021011534070009', '400000000000000001', '12321', '3221', '2021-01-15 23:31:36', '0', '');
INSERT INTO `product_spec_detail` VALUES ('912021011577620011', '882021011534070009', '400000000000000001', '132213', '321321', '2021-01-15 23:31:36', '0', '');

-- ----------------------------
-- Table structure for product_spec_value
-- ----------------------------
CREATE TABLE `product_spec_value` (
  `value_id` varchar(30) NOT NULL COMMENT '规格值',
  `spec_id` varchar(30) NOT NULL COMMENT '规格ID',
  `product_id` varchar(30) NOT NULL COMMENT '产品ID',
  `store_id` varchar(30) NOT NULL COMMENT '商户ID',
  `stock` bigint(20) NOT NULL COMMENT '库存',
  `sales` bigint(20) NOT NULL DEFAULT '0' COMMENT '销量',
  `price` decimal(8,2) unsigned NOT NULL COMMENT '金额',
  `cost_price` decimal(8,2) unsigned NOT NULL COMMENT '成本价',
  `vip_price` decimal(8,2) unsigned DEFAULT '0.00' COMMENT '会员价格',
  `ot_price` decimal(8,2) unsigned DEFAULT '0.00' COMMENT '市场价',
  `create_time` timestamp NOT NULL DEFAULT CURRENT_TIMESTAMP COMMENT '创建时间',
  `status_cd` varchar(2) NOT NULL DEFAULT '0' COMMENT '数据状态',
  `is_default` varchar(2) NOT NULL DEFAULT 'F' COMMENT '是否为默认规格 T默认 F 不是',
  `shop_id` varchar(30) NOT NULL COMMENT '商铺ID',
  PRIMARY KEY (`value_id`),
  KEY `product_s_v_index` (`product_id`) USING BTREE
) ENGINE=InnoDB DEFAULT CHARSET=utf8;

-- ----------------------------
-- Records of product_spec_value
-- ----------------------------
INSERT INTO `product_spec_value` VALUES ('912020101106230008', '882020101080150001', '902020101116020001', '400000000000000001', '998', '100', '1.20', '0.50', '1.00', '1.20', '2020-10-11 23:14:17', '1', 'F', '');
INSERT INTO `product_spec_value` VALUES ('912020101131960008', '882020101080150001', '902020101181530001', '400000000000000001', '999', '99', '1.00', '0.50', '0.80', '1.00', '2020-10-11 22:05:36', '1', 'F', '');
INSERT INTO `product_spec_value` VALUES ('912020101172940009', '882020101080150001', '902020101116020001', '400000000000000001', '997', '99', '1.00', '1.00', '1.00', '1.00', '2020-10-11 23:14:17', '1', 'F', '');
INSERT INTO `product_spec_value` VALUES ('912020101224740007', '882020101080150001', '902020101116020001', '400000000000000001', '996', '97', '1.00', '0.60', '0.90', '1.00', '2020-10-12 01:43:42', '1', 'F', '');
INSERT INTO `product_spec_value` VALUES ('912020101244420009', '882020101080150001', '902020101116020001', '400000000000000001', '996', '97', '1.00', '0.60', '0.90', '1.00', '2020-10-12 01:35:58', '1', 'F', '');
INSERT INTO `product_spec_value` VALUES ('912020101264740008', '882020101080150001', '902020101116020001', '400000000000000001', '997', '99', '1.00', '1.00', '1.00', '1.00', '2020-10-12 01:43:42', '1', 'F', '');
INSERT INTO `product_spec_value` VALUES ('912020101277200007', '882020101080150001', '902020101116020001', '400000000000000001', '998', '100', '1.20', '0.50', '1.00', '1.20', '2020-10-12 01:35:57', '1', 'F', '');
INSERT INTO `product_spec_value` VALUES ('912020101283350008', '882020101080150001', '902020101116020001', '400000000000000001', '997', '99', '1.00', '1.00', '1.00', '1.00', '2020-10-12 01:35:58', '1', 'F', '');
INSERT INTO `product_spec_value` VALUES ('912020101288250009', '882020101080150001', '902020101116020001', '400000000000000001', '998', '100', '1.20', '0.50', '1.00', '1.20', '2020-10-12 01:43:42', '1', 'F', '');
INSERT INTO `product_spec_value` VALUES ('912020102826080013', '882020101524940003', '902020102818750004', '400000000000000001', '956', '142', '1.00', '0.80', '0.90', '1.20', '2020-10-28 11:59:03', '0', 'T', '');
INSERT INTO `product_spec_value` VALUES ('912020102865630025', '882020101524940003', '902020102898610016', '400000000000000001', '975', '123', '1.20', '0.80', '1.00', '1.50', '2020-10-28 12:06:30', '0', 'T', '');
INSERT INTO `product_spec_value` VALUES ('912020102951620007', '882020101080150001', '902020102996960001', '400000000000000001', '999', '99', '2.00', '1.00', '1.00', '1.80', '2020-10-29 11:04:57', '0', 'T', '');
INSERT INTO `product_spec_value` VALUES ('912020102956860006', '882020101524940003', '902020102996960001', '400000000000000001', '999', '99', '3.00', '1.00', '1.50', '1.80', '2020-10-29 11:04:57', '0', 'F', '');
INSERT INTO `product_spec_value` VALUES ('912020102958290005', '882020101080150001', '902020101181530001', '400000000000000001', '997', '101', '1.00', '1.50', '0.80', '1.00', '2020-10-29 14:33:55', '0', 'T', '');
INSERT INTO `product_spec_value` VALUES ('912020102968090020', '882020101080150001', '902020101116020001', '400000000000000001', '997', '99', '1.00', '1.00', '1.00', '1.00', '2020-10-29 11:11:34', '0', 'F', '');
INSERT INTO `product_spec_value` VALUES ('912020102971780013', '882020101080150001', '902020101181530001', '400000000000000001', '999', '99', '1.00', '0.50', '0.80', '1.00', '2020-10-29 11:10:30', '1', 'T', '');
INSERT INTO `product_spec_value` VALUES ('912020102973510018', '882020101080150001', '902020101116020001', '400000000000000001', '996', '97', '1.00', '0.60', '0.90', '1.00', '2020-10-29 11:11:34', '0', 'T', '');
INSERT INTO `product_spec_value` VALUES ('912020102992790019', '882020101080150001', '902020101116020001', '400000000000000001', '998', '100', '1.20', '0.50', '1.00', '1.20', '2020-10-29 11:11:34', '0', 'F', '');
INSERT INTO `product_spec_value` VALUES ('912020102999460006', '882020101524940003', '902020101181530001', '400000000000000001', '999', '99', '2.00', '1.00', '1.00', '1.00', '2020-10-29 14:33:55', '0', 'F', '');
INSERT INTO `product_spec_value` VALUES ('912020112439720013', '882020101524940003', '902020112442700008', '400000000000000001', '999', '99', '0.00', '0.00', '0.00', '0.00', '2020-11-24 22:16:24', '0', 'T', '');
INSERT INTO `product_spec_value` VALUES ('912020122115470008', '882020101080150001', '902020122168110001', '400000000000000001', '999', '99', '0.00', '0.00', '0.00', '0.00', '2020-12-21 15:07:53', '0', 'T', '');
INSERT INTO `product_spec_value` VALUES ('912020122132640006', '882020101524940003', '902020122168110001', '400000000000000001', '999', '99', '0.00', '0.00', '0.00', '0.00', '2020-12-21 15:07:53', '0', 'F', '');
INSERT INTO `product_spec_value` VALUES ('912020122142380007', '882020101080150001', '902020122168110001', '400000000000000001', '999', '99', '0.00', '0.00', '0.00', '0.00', '2020-12-21 15:07:53', '0', 'F', '');
INSERT INTO `product_spec_value` VALUES ('912021011584760017', '882021011534070009', '902021011518900012', '400000000000000001', '999', '99', '11.00', '111.00', '11.00', '1.00', '2021-01-15 23:33:33', '0', 'T', '');

-- ----------------------------
-- Table structure for product_stock
-- ----------------------------
CREATE TABLE `product_stock` (
  `ps_id` varchar(30) NOT NULL COMMENT '商品库存ID',
  `product_id` varchar(30) NOT NULL COMMENT '产品ID',
  `bar_code` varchar(64) NOT NULL COMMENT '条形码',
  `shop_id` varchar(30) NOT NULL COMMENT '店铺ID',
  `state` varchar(12) NOT NULL COMMENT '状态，1001 正常，2002 占用',
  `create_user_id` varchar(30) NOT NULL COMMENT '创建人',
  `create_user_name` varchar(64) NOT NULL COMMENT '创建人',
  `create_time` timestamp NOT NULL DEFAULT CURRENT_TIMESTAMP COMMENT '创建时间',
  `status_cd` varchar(2) NOT NULL DEFAULT '0' COMMENT '数据状态，详细参考c_status表，S 保存，0, 在用 1失效',
  `value_id` varchar(30) NOT NULL COMMENT '规格值'
) ENGINE=InnoDB DEFAULT CHARSET=utf8;

-- ----------------------------
-- Records of product_stock
-- ----------------------------

-- ----------------------------
-- Table structure for spec
-- ----------------------------
CREATE TABLE `spec` (
  `id` int(11) NOT NULL AUTO_INCREMENT COMMENT 'id',
  `domain` varchar(20) NOT NULL COMMENT '属性域',
  `spec_cd` varchar(12) DEFAULT NULL,
  `name` varchar(50) NOT NULL COMMENT '名称',
  `description` varchar(200) DEFAULT NULL COMMENT '描述',
  `create_time` timestamp NOT NULL DEFAULT CURRENT_TIMESTAMP COMMENT '创建时间',
  PRIMARY KEY (`id`),
  UNIQUE KEY `spec_cd` (`spec_cd`) USING BTREE
) ENGINE=InnoDB AUTO_INCREMENT=9 DEFAULT CHARSET=utf8;

-- ----------------------------
-- Records of spec
-- ----------------------------
INSERT INTO `spec` VALUES ('1', 'ORDERS', '1000', '订单来源', '订单来源', '2018-11-14 13:28:44');
INSERT INTO `spec` VALUES ('2', 'BUSINESS', '2000', '推荐UserID', '推荐UserID', '2018-11-14 13:28:44');
INSERT INTO `spec` VALUES ('3', 'STORE_ATTR', '100201903001', '企业法人', '企业法人', '2019-03-29 13:24:36');
INSERT INTO `spec` VALUES ('4', 'STORE_ATTR', '100201903002', '注册资本', '注册资本', '2019-03-29 13:26:00');
INSERT INTO `spec` VALUES ('5', 'STORE_ATTR', '100201903003', '成立日期', '成立日期', '2019-03-29 13:26:21');
INSERT INTO `spec` VALUES ('6', 'STORE_ATTR', '100201903004', '登记机关', '登记机关', '2019-03-29 13:26:39');
INSERT INTO `spec` VALUES ('7', 'STORE_ATTR', '100201903005', '经营范围', '经营范围', '2019-03-29 13:26:56');
INSERT INTO `spec` VALUES ('8', 'COMMUNITY_ATTR', '100201904006', '小区联系方式', '小区联系方式', '2019-04-15 15:22:56');

-- ----------------------------
-- Table structure for store_cart
-- ----------------------------
CREATE TABLE `store_cart` (
  `cart_id` varchar(30) NOT NULL COMMENT '购物车ID',
  `product_id` varchar(30) NOT NULL COMMENT '产品ID',
  `value_id` varchar(30) NOT NULL COMMENT '产品规格值ID',
  `store_id` varchar(30) NOT NULL COMMENT '商户ID',
  `person_id` varchar(30) NOT NULL COMMENT '用户ID',
  `cart_num` int(11) NOT NULL COMMENT '购买数量',
  `state` varchar(30) NOT NULL DEFAULT '1001' COMMENT '状态，1001 未购买 2002 已支付 ',
  `create_time` timestamp NOT NULL DEFAULT CURRENT_TIMESTAMP COMMENT '创建时间',
  `status_cd` varchar(2) NOT NULL DEFAULT '0' COMMENT '数据状态',
  PRIMARY KEY (`cart_id`)
) ENGINE=InnoDB DEFAULT CHARSET=utf8;

-- ----------------------------
-- Records of store_cart
-- ----------------------------
INSERT INTO `store_cart` VALUES ('952020110348080002', '902020102898610016', '912020102865630025', '400000000000000001', '772020053194100009', '1', '1001', '2020-11-03 16:46:26', '0');
INSERT INTO `store_cart` VALUES ('952020110356580004', '902020101181530001', '912020102958290005', '400000000000000001', '772020053194100009', '1', '1001', '2020-11-03 16:48:16', '0');
INSERT INTO `store_cart` VALUES ('952020110382400003', '902020102818750004', '912020102826080013', '400000000000000001', '772020053194100009', '1', '1001', '2020-11-03 16:47:14', '0');
INSERT INTO `store_cart` VALUES ('952020110391120005', '902020101181530001', '912020102958290005', '400000000000000001', '772020053194100009', '1', '1001', '2020-11-03 16:49:18', '0');
INSERT INTO `store_cart` VALUES ('952020110400610007', '902020102898610016', '912020102865630025', '400000000000000001', '772020053194100009', '1', '1001', '2020-11-04 19:06:03', '0');
INSERT INTO `store_cart` VALUES ('952020110424280006', '902020102898610016', '912020102865630025', '400000000000000001', '772020053194100009', '1', '1001', '2020-11-04 19:05:27', '0');
INSERT INTO `store_cart` VALUES ('952020110469670009', '902020102898610016', '912020102865630025', '400000000000000001', '772020053194100009', '1', '1001', '2020-11-04 19:15:43', '0');
INSERT INTO `store_cart` VALUES ('952020110484080008', '902020102898610016', '912020102865630025', '400000000000000001', '772020053194100009', '1', '1001', '2020-11-04 19:15:00', '0');

-- ----------------------------
-- Table structure for store_info
-- ----------------------------
CREATE TABLE `store_info` (
  `store_info_id` int(11) NOT NULL AUTO_INCREMENT COMMENT 'id',
  `name` varchar(50) NOT NULL COMMENT '商户名称',
  `icon` varchar(100) DEFAULT NULL COMMENT '图片',
  `tel` varchar(13) DEFAULT NULL COMMENT '电话',
  `site` varchar(100) DEFAULT NULL COMMENT '地址',
  `seq` int(11) NOT NULL COMMENT '顺序',
  `work_time` varchar(200) DEFAULT NULL COMMENT '工作时间',
  `remark` text COMMENT '描述',
  `create_time` timestamp NOT NULL DEFAULT CURRENT_TIMESTAMP COMMENT '创建时间',
  `status_cd` varchar(2) NOT NULL DEFAULT '0' COMMENT '数据状态，详细参考c_status表，0在用，1失效',
  PRIMARY KEY (`store_info_id`),
  KEY `store_info_id` (`store_info_id`) USING BTREE
) ENGINE=InnoDB DEFAULT CHARSET=utf8 COMMENT='商户信息表';

-- ----------------------------
-- Records of store_info
-- ----------------------------

-- ----------------------------
-- Table structure for store_order
-- ----------------------------
CREATE TABLE `store_order` (
  `order_id` varchar(30) NOT NULL COMMENT '订单ID',
  `o_id` varchar(30) NOT NULL COMMENT '订单ID',
  `person_id` varchar(30) NOT NULL COMMENT '用户ID',
  `person_name` varchar(256) NOT NULL COMMENT '用户名称',
  `total_price` decimal(8,2) NOT NULL DEFAULT '0.00' COMMENT '订单总价',
  `pay_price` decimal(8,2) NOT NULL DEFAULT '0.00' COMMENT '实际支付金额',
  `freight_price` decimal(8,2) NOT NULL DEFAULT '0.00' COMMENT '运费金额',
  `state` varchar(12) NOT NULL DEFAULT '0' COMMENT '订单状态（0：待发货；1：待支付 ；2：待收货；3：已收货；4 待评价 5：已退款,6 : 申请退款 7 : 退货成功 ）',
  `ext_order_id` varchar(64) DEFAULT NULL COMMENT '外部订单ID',
  `remark` varchar(512) DEFAULT NULL COMMENT '订单备注',
  `create_time` timestamp NULL DEFAULT CURRENT_TIMESTAMP COMMENT '创建日志',
  `app_id` varchar(30) NOT NULL COMMENT '应用ID',
  `app_name` varchar(64) NOT NULL COMMENT '应用名称',
  PRIMARY KEY (`order_id`)
) ENGINE=InnoDB DEFAULT CHARSET=utf8;

-- ----------------------------
-- Records of store_order
-- ----------------------------
INSERT INTO `store_order` VALUES ('962020111213350052', '1020201112334812615', '302020060163780031', 'test001', '0.00', '1.00', '0.00', '1', null, '', '2020-11-13 11:00:25', '', '');
INSERT INTO `store_order` VALUES ('962020111217140055', '1020201112468212625', '302020060163780031', 'test001', '0.00', '1.00', '0.00', '1', null, '', '2020-11-13 11:00:25', '', '');
INSERT INTO `store_order` VALUES ('962020111217350046', '1020201112987212586', '302020060163780031', 'test001', '0.00', '1.00', '0.00', '1', null, '', '2020-11-13 11:00:25', '', '');
INSERT INTO `store_order` VALUES ('962020111219780007', '1020201112415512504', '302020060163780031', 'test001', '0.00', '1.00', '0.00', '1', null, '', '2020-11-13 11:00:25', '', '');
INSERT INTO `store_order` VALUES ('962020111233400031', '1020201112007712552', '302020060163780031', 'test001', '0.00', '1.00', '0.00', '1', null, '', '2020-11-13 11:00:25', '', '');
INSERT INTO `store_order` VALUES ('962020111235390058', '1020201112322012655', '302020060163780031', 'test001', '0.00', '1.00', '0.00', '1', null, '', '2020-11-13 11:00:25', '', '');
INSERT INTO `store_order` VALUES ('962020111241830025', '1020201112201412540', '302020060163780031', 'test001', '0.00', '1.00', '0.00', '1', null, '', '2020-11-13 11:00:25', '', '');
INSERT INTO `store_order` VALUES ('962020111245620010', '1020201112441412510', '302020060163780031', 'test001', '0.00', '1.00', '0.00', '1', null, '', '2020-11-13 11:00:25', '', '');
INSERT INTO `store_order` VALUES ('962020111245910022', '1020201112097512534', '302020060163780031', 'test001', '0.00', '1.00', '0.00', '1', null, '', '2020-11-13 11:00:25', '', '');
INSERT INTO `store_order` VALUES ('962020111249140049', '1020201112902712609', '302020060163780031', 'test001', '0.00', '1.00', '0.00', '1', null, '', '2020-11-13 11:00:25', '', '');
INSERT INTO `store_order` VALUES ('962020111251890061', '1020201112356012669', '302020060163780031', 'test001', '0.00', '1.00', '0.00', '1', null, '', '2020-11-13 11:00:25', '', '');
INSERT INTO `store_order` VALUES ('962020111257030019', '1020201112266412528', '302020060163780031', 'test001', '0.00', '1.00', '0.00', '1', null, '', '2020-11-13 11:00:25', '', '');
INSERT INTO `store_order` VALUES ('962020111258500043', '1020201112198112580', '302020060163780031', 'test001', '0.00', '1.00', '0.00', '1', null, '', '2020-11-13 11:00:25', '', '');
INSERT INTO `store_order` VALUES ('962020111261150040', '1020201112734812574', '302020060163780031', 'test001', '0.00', '1.00', '0.00', '1', null, '', '2020-11-13 11:00:25', '', '');
INSERT INTO `store_order` VALUES ('962020111266010037', '1020201112643312564', '302020060163780031', 'test001', '0.00', '1.00', '0.00', '1', null, '', '2020-11-13 11:00:25', '', '');
INSERT INTO `store_order` VALUES ('962020111267780013', '1020201112417512516', '302020060163780031', 'test001', '0.00', '1.00', '0.00', '1', null, '', '2020-11-13 11:00:25', '', '');
INSERT INTO `store_order` VALUES ('962020111277520028', '1020201112995012546', '302020060163780031', 'test001', '0.00', '1.00', '0.00', '1', null, '', '2020-11-13 11:00:25', '', '');
INSERT INTO `store_order` VALUES ('962020111290170016', '1020201112481212522', '302020060163780031', 'test001', '0.00', '1.00', '0.00', '1', null, '', '2020-11-13 11:00:25', '', '');
INSERT INTO `store_order` VALUES ('962020111296170034', '1020201112817412558', '302020060163780031', 'test001', '0.00', '1.00', '0.00', '1', null, '', '2020-11-13 11:00:25', '', '');
INSERT INTO `store_order` VALUES ('962020111300320022', '1020201113710213093', '302020060163780031', 'test001', '0.00', '1.00', '0.00', '0', '', '', '2020-11-13 11:15:24', '', '');
INSERT INTO `store_order` VALUES ('962020111303820001', '1020201113784212871', '302020060163780031', 'test001', '0.00', '1.00', '0.00', '0', null, '', '2020-11-13 11:00:25', '', '');
INSERT INTO `store_order` VALUES ('962020111303850088', '1020201113444512798', '302020060163780031', 'test001', '0.00', '1.00', '0.00', '0', null, '', '2020-11-13 11:00:25', '', '');
INSERT INTO `store_order` VALUES ('962020111308790082', '1020201113899912774', '302020060163780031', 'test001', '0.00', '1.00', '0.00', '1', null, '', '2020-11-13 11:00:25', '', '');
INSERT INTO `store_order` VALUES ('962020111327450004', '1020201113164212973', '302020060163780031', 'test001', '0.00', '1.00', '0.00', '0', null, '', '2020-11-13 11:00:34', '', '');
INSERT INTO `store_order` VALUES ('962020111329390085', '1020201113148412780', '302020060163780031', 'test001', '0.00', '1.00', '0.00', '0', null, '', '2020-11-13 11:00:25', '', '');
INSERT INTO `store_order` VALUES ('962020111333800064', '1020201113528912707', '302020060163780031', 'test001', '0.00', '1.00', '0.00', '1', null, '', '2020-11-13 11:00:25', '', '');
INSERT INTO `store_order` VALUES ('962020111342780001', '1020201113945512953', '302020060163780031', 'test001', '0.00', '1.00', '0.00', '0', null, '', '2020-11-13 11:00:25', '', '');
INSERT INTO `store_order` VALUES ('962020111344970028', '1020201113622413146', '302020060163780031', 'test001', '0.00', '1.00', '0.00', '0', null, '', '2020-11-13 11:32:39', '', '');
INSERT INTO `store_order` VALUES ('962020111354690079', '1020201113456112764', '302020060163780031', 'test001', '0.00', '1.00', '0.00', '1', null, '', '2020-11-13 11:00:25', '', '');
INSERT INTO `store_order` VALUES ('962020111357740018', '1020201113420213070', '302020060163780031', 'test001', '0.00', '1.00', '0.00', '0', null, '', '2020-11-13 11:13:16', '', '');
INSERT INTO `store_order` VALUES ('962020111358990073', '1020201113288012741', '302020060163780031', 'test001', '0.00', '1.00', '0.00', '1', null, '', '2020-11-13 11:00:25', '', '');
INSERT INTO `store_order` VALUES ('962020111367480067', '1020201113549112726', '302020060163780031', 'test001', '0.00', '1.00', '0.00', '1', null, '', '2020-11-13 11:00:25', '', '');
INSERT INTO `store_order` VALUES ('962020111369310036', '1020201113302113273', '302020060163780031', 'test001', '0.00', '1.00', '0.00', '0', null, '', '2020-11-13 12:23:12', '', '');
INSERT INTO `store_order` VALUES ('962020111369510032', '1020201113280713251', '302020060163780031', 'test001', '0.00', '1.00', '0.00', '0', null, '', '2020-11-13 12:19:56', '', '');
INSERT INTO `store_order` VALUES ('962020111369800076', '1020201113905312747', '302020060163780031', 'test001', '0.00', '1.00', '0.00', '1', null, '', '2020-11-13 11:00:25', '', '');
INSERT INTO `store_order` VALUES ('962020111377130070', '1020201113567412735', '302020060163780031', 'test001', '0.00', '1.00', '0.00', '1', null, '', '2020-11-13 11:00:25', '', '');
INSERT INTO `store_order` VALUES ('962020111385420013', '1020201113467313030', '302020060163780031', 'test001', '0.00', '1.00', '0.00', '0', null, '', '2020-11-13 11:08:22', '', '');
INSERT INTO `store_order` VALUES ('962020111385810042', '1020201113458813288', '302020060163780031', 'test001', '0.00', '1.00', '0.00', '0', null, '', '2020-11-13 12:24:20', '', '');
INSERT INTO `store_order` VALUES ('962020111386770009', '1020201113788413008', '302020060163780031', 'test001', '0.00', '1.00', '0.00', '0', null, '', '2020-11-13 11:05:29', '', '');

-- ----------------------------
-- Table structure for store_order_address
-- ----------------------------
CREATE TABLE `store_order_address` (
  `oa_id` varchar(30) NOT NULL COMMENT '主键ID',
  `address_id` varchar(30) NOT NULL COMMENT '地址ID',
  `order_id` varchar(30) NOT NULL COMMENT '订单ID',
  `username` varchar(64) NOT NULL COMMENT '收货人',
  `tel` varchar(11) NOT NULL COMMENT '电话',
  `area_code` varchar(10) NOT NULL COMMENT '地区编号',
  `address` varchar(200) NOT NULL COMMENT '地址',
  `create_time` timestamp NOT NULL DEFAULT CURRENT_TIMESTAMP COMMENT '创建时间',
  `status_cd` varchar(2) NOT NULL DEFAULT '0' COMMENT '数据状态，详细参考c_status表，S 保存，0在用，1失效',
  PRIMARY KEY (`oa_id`)
) ENGINE=InnoDB DEFAULT CHARSET=utf8;

-- ----------------------------
-- Records of store_order_address
-- ----------------------------
INSERT INTO `store_order_address` VALUES ('972020111203270045', '822020111087800001', '962020111258500043', '吴学文', '18909711443', '110115', '青海省西宁市城中是电风扇', '2020-11-12 19:20:33', '0');
INSERT INTO `store_order_address` VALUES ('972020111215550027', '822020111087800001', '962020111241830025', '吴学文', '18909711443', '110115', '青海省西宁市城中是电风扇', '2020-11-12 19:10:38', '0');
INSERT INTO `store_order_address` VALUES ('972020111216170060', '822020111087800001', '962020111235390058', '吴学文', '18909711443', '110115', '青海省西宁市城中是电风扇', '2020-11-12 19:35:17', '0');
INSERT INTO `store_order_address` VALUES ('972020111221490021', '822020111087800001', '962020111257030019', '吴学文', '18909711443', '110115', '青海省西宁市城中是电风扇', '2020-11-12 19:08:36', '0');
INSERT INTO `store_order_address` VALUES ('972020111222800054', '822020111087800001', '962020111213350052', '吴学文', '18909711443', '110115', '青海省西宁市城中是电风扇', '2020-11-12 19:32:25', '0');
INSERT INTO `store_order_address` VALUES ('972020111222980057', '822020111087800001', '962020111217140055', '吴学文', '18909711443', '110115', '青海省西宁市城中是电风扇', '2020-11-12 19:34:10', '0');
INSERT INTO `store_order_address` VALUES ('972020111226150033', '822020111087800001', '962020111233400031', '吴学文', '18909711443', '110115', '青海省西宁市城中是电风扇', '2020-11-12 19:12:26', '0');
INSERT INTO `store_order_address` VALUES ('972020111227240018', '822020111087800001', '962020111290170016', '吴学文', '18909711443', '110115', '青海省西宁市城中是电风扇', '2020-11-12 19:06:57', '0');
INSERT INTO `store_order_address` VALUES ('972020111233640024', '822020111087800001', '962020111245910022', '吴学文', '18909711443', '110115', '青海省西宁市城中是电风扇', '2020-11-12 19:09:36', '0');
INSERT INTO `store_order_address` VALUES ('972020111240320009', '822020111087800001', '962020111219780007', '吴学文', '18909711443', '110115', '青海省西宁市城中是电风扇', '2020-11-12 18:49:31', '0');
INSERT INTO `store_order_address` VALUES ('972020111243350051', '822020111087800001', '962020111249140049', '吴学文', '18909711443', '110115', '青海省西宁市城中是电风扇', '2020-11-12 19:29:39', '0');
INSERT INTO `store_order_address` VALUES ('972020111244220030', '822020111087800001', '962020111277520028', '吴学文', '18909711443', '110115', '青海省西宁市城中是电风扇', '2020-11-12 19:11:42', '0');
INSERT INTO `store_order_address` VALUES ('972020111269080012', '822020111087800001', '962020111245620010', '吴学文', '18909711443', '110115', '青海省西宁市城中是电风扇', '2020-11-12 18:50:21', '0');
INSERT INTO `store_order_address` VALUES ('972020111270830015', '822020111087800001', '962020111267780013', '吴学文', '18909711443', '110115', '青海省西宁市城中是电风扇', '2020-11-12 19:03:13', '0');
INSERT INTO `store_order_address` VALUES ('972020111271440063', '822020111087800001', '962020111251890061', '吴学文', '18909711443', '110115', '青海省西宁市城中是电风扇', '2020-11-12 19:37:33', '0');
INSERT INTO `store_order_address` VALUES ('972020111274160036', '822020111087800001', '962020111296170034', '吴学文', '18909711443', '110115', '青海省西宁市城中是电风扇', '2020-11-12 19:15:53', '0');
INSERT INTO `store_order_address` VALUES ('972020111278150048', '822020111087800001', '962020111217350046', '吴学文', '18909711443', '110115', '青海省西宁市城中是电风扇', '2020-11-12 19:22:57', '0');
INSERT INTO `store_order_address` VALUES ('972020111289350039', '822020111087800001', '962020111266010037', '吴学文', '18909711443', '110115', '青海省西宁市城中是电风扇', '2020-11-12 19:18:46', '0');
INSERT INTO `store_order_address` VALUES ('972020111294100042', '822020111087800001', '962020111261150040', '吴学文', '18909711443', '110115', '青海省西宁市城中是电风扇', '2020-11-12 19:19:51', '0');
INSERT INTO `store_order_address` VALUES ('972020111305720087', '822020111087800001', '962020111329390085', '吴学文', '18909711443', '110115', '青海省西宁市城中是电风扇', '2020-11-13 09:51:28', '0');
INSERT INTO `store_order_address` VALUES ('972020111310430078', '822020111087800001', '962020111369800076', '吴学文', '18909711443', '110115', '青海省西宁市城中是电风扇', '2020-11-13 09:23:48', '0');
INSERT INTO `store_order_address` VALUES ('972020111311520034', '822020111087800001', '962020111369510032', '吴学文', '18909711443', '110115', '青海省西宁市城中是电风扇', '2020-11-13 12:19:56', '0');
INSERT INTO `store_order_address` VALUES ('972020111312600030', '822020111087800001', '962020111344970028', '吴学文', '18909711443', '110115', '青海省西宁市城中是电风扇', '2020-11-13 11:32:39', '0');
INSERT INTO `store_order_address` VALUES ('972020111318510069', '822020111087800001', '962020111367480067', '吴学文', '18909711443', '110115', '青海省西宁市城中是电风扇', '2020-11-13 09:04:38', '0');
INSERT INTO `store_order_address` VALUES ('972020111318670024', '822020111087800001', '962020111300320022', '吴学文', '18909711443', '110115', '青海省西宁市城中是电风扇', '2020-11-13 11:15:24', '0');
INSERT INTO `store_order_address` VALUES ('972020111322880011', '822020111087800001', '962020111386770009', '吴学文', '18909711443', '110115', '青海省西宁市城中是电风扇', '2020-11-13 11:05:29', '0');
INSERT INTO `store_order_address` VALUES ('972020111350530003', '822020111087800001', '962020111342780001', '吴学文', '18909711443', '110115', '青海省西宁市城中是电风扇', '2020-11-13 10:57:16', '0');
INSERT INTO `store_order_address` VALUES ('972020111353660044', '822020111087800001', '962020111385810042', '吴学文', '18909711443', '110115', '青海省西宁市城中是电风扇', '2020-11-13 12:24:20', '0');
INSERT INTO `store_order_address` VALUES ('972020111356770075', '822020111087800001', '962020111358990073', '吴学文', '18909711443', '110115', '青海省西宁市城中是电风扇', '2020-11-13 09:21:04', '0');
INSERT INTO `store_order_address` VALUES ('972020111363930072', '822020111087800001', '962020111377130070', '吴学文', '18909711443', '110115', '青海省西宁市城中是电风扇', '2020-11-13 09:11:19', '0');
INSERT INTO `store_order_address` VALUES ('972020111367870090', '822020111087800001', '962020111303850088', '吴学文', '18909711443', '110115', '青海省西宁市城中是电风扇', '2020-11-13 09:54:39', '0');
INSERT INTO `store_order_address` VALUES ('972020111370260003', '822020111087800001', '962020111303820001', '吴学文', '18909711443', '110115', '青海省西宁市城中是电风扇', '2020-11-13 10:38:32', '0');
INSERT INTO `store_order_address` VALUES ('972020111371570084', '822020111087800001', '962020111308790082', '吴学文', '18909711443', '110115', '青海省西宁市城中是电风扇', '2020-11-13 09:37:58', '0');
INSERT INTO `store_order_address` VALUES ('972020111373150066', '822020111087800001', '962020111333800064', '吴学文', '18909711443', '110115', '青海省西宁市城中是电风扇', '2020-11-13 01:05:13', '0');
INSERT INTO `store_order_address` VALUES ('972020111373740038', '822020111087800001', '962020111369310036', '吴学文', '18909711443', '110115', '青海省西宁市城中是电风扇', '2020-11-13 12:23:12', '0');
INSERT INTO `store_order_address` VALUES ('972020111384840006', '822020111087800001', '962020111327450004', '吴学文', '18909711443', '110115', '青海省西宁市城中是电风扇', '2020-11-13 11:00:34', '0');
INSERT INTO `store_order_address` VALUES ('972020111390550015', '822020111087800001', '962020111385420013', '吴学文', '18909711443', '110115', '青海省西宁市城中是电风扇', '2020-11-13 11:08:22', '0');
INSERT INTO `store_order_address` VALUES ('972020111394670081', '822020111087800001', '962020111354690079', '吴学文', '18909711443', '110115', '青海省西宁市城中是电风扇', '2020-11-13 09:36:30', '0');
INSERT INTO `store_order_address` VALUES ('972020111399180020', '822020111087800001', '962020111357740018', '吴学文', '18909711443', '110115', '青海省西宁市城中是电风扇', '2020-11-13 11:13:16', '0');

-- ----------------------------
-- Table structure for store_order_cart
-- ----------------------------
CREATE TABLE `store_order_cart` (
  `cart_id` varchar(30) NOT NULL COMMENT '购物车ID',
  `order_id` varchar(30) NOT NULL COMMENT '订单ID',
  `product_id` varchar(30) NOT NULL COMMENT '产品ID',
  `value_id` varchar(30) NOT NULL COMMENT '产品规格值ID',
  `store_id` varchar(30) NOT NULL COMMENT '商户ID',
  `person_id` varchar(30) NOT NULL COMMENT '用户ID',
  `cart_num` int(11) NOT NULL COMMENT '购买数量',
  `price` decimal(8,2) unsigned NOT NULL DEFAULT '0.00' COMMENT '商品金额',
  `pay_price` decimal(8,2) unsigned NOT NULL DEFAULT '0.00' COMMENT '实际支付金额',
  `freight_price` decimal(8,2) NOT NULL DEFAULT '0.00' COMMENT '运费金额',
  `state` varchar(30) NOT NULL DEFAULT '1001' COMMENT '状态，1001 未购买 2002 已支付 ',
  `create_time` timestamp NOT NULL DEFAULT CURRENT_TIMESTAMP COMMENT '创建时间',
  `status_cd` varchar(2) NOT NULL DEFAULT '0' COMMENT '数据状态',
  `remark` varchar(512) DEFAULT NULL COMMENT '管理员备注',
  `prod_name` varchar(128) NOT NULL COMMENT '商品名称',
  `shop_id` varchar(30) NOT NULL COMMENT '商铺ID',
  PRIMARY KEY (`cart_id`)
) ENGINE=InnoDB DEFAULT CHARSET=utf8;

-- ----------------------------
-- Records of store_order_cart
-- ----------------------------
INSERT INTO `store_order_cart` VALUES ('952020111218000026', '962020111241830025', '902020102818750004', '912020102826080013', '400000000000000001', '302020060163780031', '1', '1.00', '0.50', '0.00', '1001', '2020-11-12 19:10:38', '0', null, '', '');
INSERT INTO `store_order_cart` VALUES ('952020111223580014', '962020111267780013', '902020102818750004', '912020102826080013', '400000000000000001', '302020060163780031', '1', '1.00', '0.50', '0.00', '1001', '2020-11-12 19:03:13', '0', null, '', '');
INSERT INTO `store_order_cart` VALUES ('952020111226870056', '962020111217140055', '902020102818750004', '912020102826080013', '400000000000000001', '302020060163780031', '1', '1.00', '0.50', '0.00', '1001', '2020-11-12 19:34:10', '0', null, '', '');
INSERT INTO `store_order_cart` VALUES ('952020111231380011', '962020111245620010', '902020102818750004', '912020102826080013', '400000000000000001', '302020060163780031', '1', '1.00', '0.50', '0.00', '1001', '2020-11-12 18:50:21', '0', null, '', '');
INSERT INTO `store_order_cart` VALUES ('952020111242700017', '962020111290170016', '902020102818750004', '912020102826080013', '400000000000000001', '302020060163780031', '1', '1.00', '0.50', '0.00', '1001', '2020-11-12 19:06:57', '0', null, '', '');
INSERT INTO `store_order_cart` VALUES ('952020111244520050', '962020111249140049', '902020102818750004', '912020102826080013', '400000000000000001', '302020060163780031', '1', '1.00', '0.50', '0.00', '1001', '2020-11-12 19:29:39', '0', null, '', '');
INSERT INTO `store_order_cart` VALUES ('952020111250780038', '962020111266010037', '902020102818750004', '912020102826080013', '400000000000000001', '302020060163780031', '1', '1.00', '0.50', '0.00', '1001', '2020-11-12 19:18:46', '0', null, '', '');
INSERT INTO `store_order_cart` VALUES ('952020111251590032', '962020111233400031', '902020102818750004', '912020102826080013', '400000000000000001', '302020060163780031', '1', '1.00', '0.50', '0.00', '1001', '2020-11-12 19:12:26', '0', null, '', '');
INSERT INTO `store_order_cart` VALUES ('952020111262830035', '962020111296170034', '902020102818750004', '912020102826080013', '400000000000000001', '302020060163780031', '1', '1.00', '0.50', '0.00', '1001', '2020-11-12 19:15:53', '0', null, '', '');
INSERT INTO `store_order_cart` VALUES ('952020111265460062', '962020111251890061', '902020102818750004', '912020102826080013', '400000000000000001', '302020060163780031', '1', '1.00', '0.50', '0.00', '1001', '2020-11-12 19:37:33', '0', null, '', '');
INSERT INTO `store_order_cart` VALUES ('952020111267590059', '962020111235390058', '902020102818750004', '912020102826080013', '400000000000000001', '302020060163780031', '1', '1.00', '0.50', '0.00', '1001', '2020-11-12 19:35:17', '0', null, '', '');
INSERT INTO `store_order_cart` VALUES ('952020111269180041', '962020111261150040', '902020102818750004', '912020102826080013', '400000000000000001', '302020060163780031', '1', '1.00', '0.50', '0.00', '1001', '2020-11-12 19:19:51', '0', null, '', '');
INSERT INTO `store_order_cart` VALUES ('952020111277120044', '962020111258500043', '902020102818750004', '912020102826080013', '400000000000000001', '302020060163780031', '1', '1.00', '0.50', '0.00', '1001', '2020-11-12 19:20:33', '0', null, '', '');
INSERT INTO `store_order_cart` VALUES ('952020111280900047', '962020111217350046', '902020102818750004', '912020102826080013', '400000000000000001', '302020060163780031', '1', '1.00', '0.50', '0.00', '1001', '2020-11-12 19:22:57', '0', null, '', '');
INSERT INTO `store_order_cart` VALUES ('952020111285320020', '962020111257030019', '902020102818750004', '912020102826080013', '400000000000000001', '302020060163780031', '1', '1.00', '0.50', '0.00', '1001', '2020-11-12 19:08:36', '0', null, '', '');
INSERT INTO `store_order_cart` VALUES ('952020111288350029', '962020111277520028', '902020102818750004', '912020102826080013', '400000000000000001', '302020060163780031', '1', '1.00', '0.50', '0.00', '1001', '2020-11-12 19:11:42', '0', null, '', '');
INSERT INTO `store_order_cart` VALUES ('952020111289560008', '962020111219780007', '902020102818750004', '912020102826080013', '400000000000000001', '302020060163780031', '1', '1.00', '0.50', '0.00', '1001', '2020-11-12 18:49:31', '0', null, '', '');
INSERT INTO `store_order_cart` VALUES ('952020111291950053', '962020111213350052', '902020102818750004', '912020102826080013', '400000000000000001', '302020060163780031', '1', '1.00', '0.50', '0.00', '1001', '2020-11-12 19:32:25', '0', null, '', '');
INSERT INTO `store_order_cart` VALUES ('952020111297700023', '962020111245910022', '902020102818750004', '912020102826080013', '400000000000000001', '302020060163780031', '1', '1.00', '0.50', '0.00', '1001', '2020-11-12 19:09:36', '0', null, '', '');
INSERT INTO `store_order_cart` VALUES ('952020111302750077', '962020111369800076', '902020102818750004', '912020102826080013', '400000000000000001', '302020060163780031', '1', '1.00', '0.50', '0.00', '1001', '2020-11-13 09:23:48', '0', null, '', '');
INSERT INTO `store_order_cart` VALUES ('952020111308380071', '962020111377130070', '902020102818750004', '912020102826080013', '400000000000000001', '302020060163780031', '1', '1.00', '0.50', '0.00', '1001', '2020-11-13 09:11:19', '0', null, '', '');
INSERT INTO `store_order_cart` VALUES ('952020111312490037', '962020111369310036', '902020102818750004', '912020102826080013', '400000000000000001', '302020060163780031', '1', '1.00', '0.50', '0.00', '3003', '2020-11-13 12:23:12', '0', null, '', '');
INSERT INTO `store_order_cart` VALUES ('952020111316190005', '962020111327450004', '902020102818750004', '912020102826080013', '400000000000000001', '302020060163780031', '1', '1.00', '0.50', '0.00', '3003', '2020-11-13 11:00:34', '0', null, '', '');
INSERT INTO `store_order_cart` VALUES ('952020111324970029', '962020111344970028', '902020102818750004', '912020102826080013', '400000000000000001', '302020060163780031', '1', '1.00', '0.50', '0.00', '2002', '2020-11-13 11:32:39', '0', null, '', '');
INSERT INTO `store_order_cart` VALUES ('952020111330810080', '962020111354690079', '902020102818750004', '912020102826080013', '400000000000000001', '302020060163780031', '1', '1.00', '0.50', '0.00', '1001', '2020-11-13 09:36:30', '0', null, '', '');
INSERT INTO `store_order_cart` VALUES ('952020111333570002', '962020111303820001', '902020102818750004', '912020102826080013', '400000000000000001', '302020060163780031', '1', '1.00', '0.50', '0.00', '2002', '2020-11-13 10:38:32', '0', null, '', '');
INSERT INTO `store_order_cart` VALUES ('952020111340660019', '962020111357740018', '902020102818750004', '912020102826080013', '400000000000000001', '302020060163780031', '1', '1.00', '0.50', '0.00', '2002', '2020-11-13 11:13:16', '0', null, '', '');
INSERT INTO `store_order_cart` VALUES ('952020111343500089', '962020111303850088', '902020102818750004', '912020102826080013', '400000000000000001', '302020060163780031', '1', '1.00', '0.50', '0.00', '2002', '2020-11-13 09:54:39', '0', null, '', '');
INSERT INTO `store_order_cart` VALUES ('952020111345040068', '962020111367480067', '902020102818750004', '912020102826080013', '400000000000000001', '302020060163780031', '1', '1.00', '0.50', '0.00', '1001', '2020-11-13 09:04:38', '0', null, '', '');
INSERT INTO `store_order_cart` VALUES ('952020111345260010', '962020111386770009', '902020102818750004', '912020102826080013', '400000000000000001', '302020060163780031', '1', '1.00', '0.50', '0.00', '2002', '2020-11-13 11:05:29', '0', null, '', '');
INSERT INTO `store_order_cart` VALUES ('952020111350240014', '962020111385420013', '902020102818750004', '912020102826080013', '400000000000000001', '302020060163780031', '1', '1.00', '0.50', '0.00', '2002', '2020-11-13 11:08:22', '0', null, '', '');
INSERT INTO `store_order_cart` VALUES ('952020111357400074', '962020111358990073', '902020102818750004', '912020102826080013', '400000000000000001', '302020060163780031', '1', '1.00', '0.50', '0.00', '1001', '2020-11-13 09:21:04', '0', null, '', '');
INSERT INTO `store_order_cart` VALUES ('952020111358010002', '962020111342780001', '902020102818750004', '912020102826080013', '400000000000000001', '302020060163780031', '1', '1.00', '0.50', '0.00', '2002', '2020-11-13 10:57:16', '0', null, '', '');
INSERT INTO `store_order_cart` VALUES ('952020111364040043', '962020111385810042', '902020102818750004', '912020102826080013', '400000000000000001', '302020060163780031', '1', '1.00', '0.50', '0.00', '3003', '2020-11-13 12:24:20', '0', null, '', '');
INSERT INTO `store_order_cart` VALUES ('952020111369850065', '962020111333800064', '902020102818750004', '912020102826080013', '400000000000000001', '302020060163780031', '1', '1.00', '0.50', '0.00', '1001', '2020-11-13 01:05:13', '0', null, '', '');
INSERT INTO `store_order_cart` VALUES ('952020111375870033', '962020111369510032', '902020102818750004', '912020102826080013', '400000000000000001', '302020060163780031', '1', '1.00', '0.50', '0.00', '3003', '2020-11-13 12:19:56', '0', null, '', '');
INSERT INTO `store_order_cart` VALUES ('952020111379650023', '962020111300320022', '902020102818750004', '912020102826080013', '400000000000000001', '302020060163780031', '1', '1.00', '0.50', '0.00', '3003', '2020-11-13 11:15:24', '0', null, '', '');
INSERT INTO `store_order_cart` VALUES ('952020111379860083', '962020111308790082', '902020102818750004', '912020102826080013', '400000000000000001', '302020060163780031', '1', '1.00', '0.50', '0.00', '1001', '2020-11-13 09:37:58', '0', null, '', '');
INSERT INTO `store_order_cart` VALUES ('952020111384100086', '962020111329390085', '902020102818750004', '912020102826080013', '400000000000000001', '302020060163780031', '1', '1.00', '0.50', '0.00', '2002', '2020-11-13 09:51:27', '0', null, '', '');

-- ----------------------------
-- Table structure for store_order_cart_event
-- ----------------------------
CREATE TABLE `store_order_cart_event` (
  `event_id` varchar(30) NOT NULL COMMENT '事件ID',
  `order_id` varchar(30) NOT NULL COMMENT '订单ID',
  `cart_id` varchar(30) NOT NULL COMMENT '购物车ID',
  `event_obj_type` varchar(12) NOT NULL DEFAULT 'U' COMMENT '事件类型，U 用户触发，S商户触发,J 定时任务触发',
  `event_obj_id` varchar(30) DEFAULT NULL COMMENT '触发对象',
  `event_msg` longtext NOT NULL COMMENT '事件内容',
  `create_time` timestamp NOT NULL DEFAULT CURRENT_TIMESTAMP COMMENT '事件触发时间',
  `shop_id` varchar(30) NOT NULL COMMENT '商铺ID',
  `event_type` varchar(12) NOT NULL COMMENT '类型，7012 通用类型 7013 用户催单',
  PRIMARY KEY (`event_id`)
) ENGINE=InnoDB DEFAULT CHARSET=utf8;

-- ----------------------------
-- Records of store_order_cart_event
-- ----------------------------
INSERT INTO `store_order_cart_event` VALUES ('112020111704090002', '962020111369310036', '952020111312490037', 'S', '30518939884421922816', '商家发货', '2020-11-17 10:05:00', '', '');
INSERT INTO `store_order_cart_event` VALUES ('112020111737440001', '962020111385810042', '952020111364040043', 'S', '30518939884421922816', '商家发货', '2020-11-17 10:03:36', '', '');
INSERT INTO `store_order_cart_event` VALUES ('112020111742910003', '962020111369510032', '952020111375870033', 'S', '30518939884421922816', '商家发货', '2020-11-17 10:05:43', '', '');
INSERT INTO `store_order_cart_event` VALUES ('112020112202400002', '962020111385810042', '952020111364040043', 'S', '30518939884421922816', '商家发货', '2020-11-22 19:02:28', '', '');
INSERT INTO `store_order_cart_event` VALUES ('112020112271580001', '962020111385810042', '952020111364040043', 'S', '30518939884421922816', '商家发货', '2020-11-22 19:02:19', '', '');
INSERT INTO `store_order_cart_event` VALUES ('112020112329220007', '962020111300320022', '952020111379650023', 'S', '30518939884421922816', '商家发货', '2020-11-23 14:37:32', '', '');
INSERT INTO `store_order_cart_event` VALUES ('112020112345930006', '962020111327450004', '952020111316190005', 'S', '30518939884421922816', '商家发货', '2020-11-23 14:37:29', '', '');
INSERT INTO `store_order_cart_event` VALUES ('112020112350710005', '962020111385810042', '952020111364040043', 'S', '30518939884421922816', '商家发货', '2020-11-23 14:36:30', '', '');
INSERT INTO `store_order_cart_event` VALUES ('112020112366260004', '962020111385810042', '952020111364040043', 'S', '30518939884421922816', '商家发货', '2020-11-23 14:36:24', '', '');
INSERT INTO `store_order_cart_event` VALUES ('112020112573950015', '962020111385810042', '952020111364040043', 'S', '30518939884421922816', '商家发货', '2020-11-25 15:35:12', '', '');
INSERT INTO `store_order_cart_event` VALUES ('112020121389270001', '962020111369310036', '952020111312490037', 'S', '30518939884421922816', '商家发货', '2020-12-13 13:18:40', '', '');
INSERT INTO `store_order_cart_event` VALUES ('112020121560580007', '962020111385810042', '952020111364040043', 'S', '30518939884421922816', '商家发货', '2020-12-15 16:39:45', '', '');
INSERT INTO `store_order_cart_event` VALUES ('112020121574720008', '962020111385810042', '952020111364040043', 'S', '30518939884421922816', '商家发货', '2020-12-15 16:39:49', '', '');
INSERT INTO `store_order_cart_event` VALUES ('112020122267580015', '962020111385810042', '952020111364040043', 'S', '30518939884421922816', '商家发货', '2020-12-22 14:27:04', '', '');
INSERT INTO `store_order_cart_event` VALUES ('112021010333400006', '962020111385810042', '952020111364040043', 'S', '30518939884421922816', '商家发货', '2021-01-03 16:07:01', '', '');
INSERT INTO `store_order_cart_event` VALUES ('112021010503900007', '962020111385810042', '952020111364040043', 'S', '30518939884421922816', '商家发货', '2021-01-05 16:41:57', '', '');
INSERT INTO `store_order_cart_event` VALUES ('112021011802610021', '962020111385810042', '952020111364040043', 'S', '30518939884421922816', '商家发货', '2021-01-18 21:09:00', '', '');
INSERT INTO `store_order_cart_event` VALUES ('112021011813560024', '962020111385810042', '952020111364040043', 'S', '30518939884421922816', '商家发货', '2021-01-18 21:09:09', '', '');
INSERT INTO `store_order_cart_event` VALUES ('112021011814720022', '962020111369310036', '952020111312490037', 'S', '30518939884421922816', '商家发货', '2021-01-18 21:09:02', '', '');
INSERT INTO `store_order_cart_event` VALUES ('112021011826340023', '962020111385810042', '952020111364040043', 'S', '30518939884421922816', '商家发货', '2021-01-18 21:09:04', '', '');
INSERT INTO `store_order_cart_event` VALUES ('112021012725850029', '962020111385810042', '952020111364040043', 'S', '30518939884421922816', '商家发货', '2021-01-27 14:56:16', '', '');
INSERT INTO `store_order_cart_event` VALUES ('112021012742110027', '962020111385810042', '952020111364040043', 'S', '30518939884421922816', '商家发货', '2021-01-27 14:56:11', '', '');
INSERT INTO `store_order_cart_event` VALUES ('112021012772800030', '962020111385810042', '952020111364040043', 'S', '30518939884421922816', '商家发货', '2021-01-27 14:56:18', '', '');
INSERT INTO `store_order_cart_event` VALUES ('112021012784950028', '962020111385810042', '952020111364040043', 'S', '30518939884421922816', '商家发货', '2021-01-27 14:56:14', '', '');
INSERT INTO `store_order_cart_event` VALUES ('112021012791430031', '962020111385810042', '952020111364040043', 'S', '30518939884421922816', '商家发货', '2021-01-27 14:56:20', '', '');
INSERT INTO `store_order_cart_event` VALUES ('112021022107650001', '962020111385810042', '952020111364040043', 'S', '30518939884421922816', '商家发货', '2021-02-21 10:21:54', '', '');
INSERT INTO `store_order_cart_event` VALUES ('112021022232510006', '962020111385810042', '952020111364040043', 'S', '30518939884421922816', '商家发货', '2021-02-22 16:19:06', '', '');
INSERT INTO `store_order_cart_event` VALUES ('112021042631760001', '962020111385810042', '952020111364040043', 'S', '30518939884421922816', '商家发货', '2021-04-26 20:46:15', '', '');
INSERT INTO `store_order_cart_event` VALUES ('112021042907270003', '962020111385810042', '952020111364040043', 'S', '30518939884421922816', '商家发货', '2021-04-29 16:01:55', '', '');
INSERT INTO `store_order_cart_event` VALUES ('112021042980470004', '962020111385810042', '952020111364040043', 'S', '30518939884421922816', '商家发货', '2021-04-29 16:02:01', '', '');
INSERT INTO `store_order_cart_event` VALUES ('112021042985590002', '962020111385810042', '952020111364040043', 'S', '30518939884421922816', '商家发货', '2021-04-29 16:00:57', '', '');
INSERT INTO `store_order_cart_event` VALUES ('112021050509480009', '962020111385810042', '952020111364040043', 'S', '30518939884421922816', '商家发货', '2021-05-05 14:06:33', '', '');

-- ----------------------------
-- Table structure for store_order_cart_return
-- ----------------------------
CREATE TABLE `store_order_cart_return` (
  `return_id` varchar(30) NOT NULL COMMENT '退货ID',
  `order_id` varchar(30) NOT NULL COMMENT '订单ID',
  `cart_id` varchar(30) NOT NULL COMMENT '购物ID',
  `person_id` varchar(30) NOT NULL COMMENT '申请退货用户ID',
  `state` varchar(12) NOT NULL COMMENT '状态，1001 退货申请 2002 退货成功 3003 退货失败 4004 退款成功 5005 退款失败',
  `return_reason` longtext NOT NULL COMMENT '退款原因',
  `return_pay_price` decimal(8,2) NOT NULL COMMENT '退款金额',
  `create_time` timestamp NOT NULL DEFAULT CURRENT_TIMESTAMP COMMENT '创建时间',
  `status_cd` varchar(2) NOT NULL DEFAULT '0' COMMENT '数据状态',
  `store_id` varchar(30) NOT NULL COMMENT '商户ID',
  `shop_id` varchar(30) NOT NULL COMMENT '商铺ID',
  PRIMARY KEY (`return_id`)
) ENGINE=InnoDB DEFAULT CHARSET=utf8;

-- ----------------------------
-- Records of store_order_cart_return
-- ----------------------------

-- ----------------------------
-- Table structure for store_order_cart_return_event
-- ----------------------------
CREATE TABLE `store_order_cart_return_event` (
  `event_id` varchar(30) NOT NULL COMMENT '事件Id',
  `return_id` varchar(30) NOT NULL COMMENT '退款ID',
  `store_id` varchar(30) NOT NULL COMMENT '商户ID',
  `event_obj_type` varchar(12) NOT NULL DEFAULT 'U' COMMENT '事件类型，U 用户触发，S商户触发,J 定时任务触发',
  `event_obj_id` varchar(30) DEFAULT NULL COMMENT '触发对象',
  `event_msg` longtext NOT NULL COMMENT '事件内容',
  `create_time` timestamp NOT NULL DEFAULT CURRENT_TIMESTAMP COMMENT '事件触发时间',
  `shop_id` varchar(30) NOT NULL COMMENT '商铺ID'
) ENGINE=InnoDB DEFAULT CHARSET=utf8;

-- ----------------------------
-- Records of store_order_cart_return_event
-- ----------------------------

-- ----------------------------
-- Table structure for system_gold_setting
-- ----------------------------
CREATE TABLE `system_gold_setting` (
  `setting_id` varchar(30) NOT NULL COMMENT '设置ID',
  `gold_name` varchar(64) NOT NULL COMMENT '金币名称',
  `gold_type` varchar(12) NOT NULL COMMENT '金币类型，普通金币 1001',
  `buy_price` decimal(10,2) NOT NULL COMMENT '购买单价',
  `use_price` decimal(10,2) NOT NULL COMMENT '使用单价',
  `validity` int(11) NOT NULL DEFAULT '1' COMMENT '金币有效期',
  `create_time` timestamp NOT NULL DEFAULT CURRENT_TIMESTAMP COMMENT '创建时间',
  `status_cd` varchar(2) NOT NULL DEFAULT '0' COMMENT '有效标识',
  `state` varchar(12) NOT NULL COMMENT '状态，001 启用 002 停用',
  PRIMARY KEY (`setting_id`)
) ENGINE=InnoDB DEFAULT CHARSET=utf8;

-- ----------------------------
-- Records of system_gold_setting
-- ----------------------------
INSERT INTO `system_gold_setting` VALUES ('1', '金币', '1001', '1.50', '1.00', '3', '2021-05-02 23:28:22', '0', '001');

-- ----------------------------
-- Table structure for s_community
-- ----------------------------
CREATE TABLE `s_community` (
  `community_id` varchar(30) NOT NULL COMMENT '小区ID',
  `b_id` varchar(30) NOT NULL COMMENT '业务Id',
  `name` varchar(100) NOT NULL COMMENT '小区名称',
  `address` varchar(200) NOT NULL COMMENT '小区地址',
  `nearby_landmarks` varchar(200) DEFAULT NULL COMMENT '地标，如王府井北60米',
  `city_code` varchar(12) NOT NULL COMMENT '根据定位获取城市编码',
  `map_x` varchar(20) NOT NULL COMMENT '地区 x坐标',
  `map_y` varchar(20) NOT NULL COMMENT '地区 y坐标',
  `create_time` timestamp NOT NULL DEFAULT CURRENT_TIMESTAMP COMMENT '创建时间',
  `status_cd` varchar(2) NOT NULL DEFAULT '0' COMMENT '数据状态，详细参考c_status表，S 保存，0, 在用 1失效',
  `state` varchar(4) DEFAULT '1000' COMMENT '审核状态',
  `community_area` decimal(10,2) DEFAULT '0.00' COMMENT '小区面积',
  `tel` varchar(200) DEFAULT NULL COMMENT '联系方式',
  UNIQUE KEY `community_id` (`community_id`) USING BTREE,
  UNIQUE KEY `idx_community_id` (`community_id`) USING BTREE,
  KEY `idx_community_b_id` (`b_id`) USING BTREE
) ENGINE=InnoDB DEFAULT CHARSET=utf8;

-- ----------------------------
-- Records of s_community
-- ----------------------------

-- ----------------------------
-- Table structure for s_community_attr
-- ----------------------------
CREATE TABLE `s_community_attr` (
  `b_id` varchar(30) NOT NULL COMMENT '订单ID',
  `attr_id` varchar(30) NOT NULL COMMENT '属性id',
  `community_id` varchar(30) NOT NULL COMMENT '用户ID',
  `spec_cd` varchar(12) NOT NULL COMMENT '规格id,参考spec表',
  `VALUE` varchar(50) NOT NULL COMMENT '属性值',
  `create_time` timestamp NOT NULL DEFAULT CURRENT_TIMESTAMP COMMENT '创建时间',
  `status_cd` varchar(2) NOT NULL DEFAULT '0' COMMENT '数据状态，详细参考c_status表，S 保存，0, 在用 1失效',
  UNIQUE KEY `attr_id` (`attr_id`) USING BTREE,
  KEY `idx_community_attr_b_id` (`b_id`) USING BTREE,
  KEY `idx_attr_community_id` (`community_id`) USING BTREE
) ENGINE=InnoDB DEFAULT CHARSET=utf8;

-- ----------------------------
-- Records of s_community_attr
-- ----------------------------
INSERT INTO `s_community_attr` VALUES ('1234567891', '112018121700000002', '7020181217000001', '1001', '01', '2018-12-17 05:00:56', '0');
INSERT INTO `s_community_attr` VALUES ('12323', '112019041500000003', '7020181217000001', '100201904006', '17797173942', '2019-04-15 15:25:13', '0');

-- ----------------------------
-- Table structure for s_community_member
-- ----------------------------
CREATE TABLE `s_community_member` (
  `community_member_id` varchar(30) NOT NULL COMMENT 'ID',
  `b_id` varchar(30) NOT NULL COMMENT '业务Id',
  `community_id` varchar(30) NOT NULL COMMENT '小区ID',
  `member_id` varchar(50) NOT NULL COMMENT '成员ID',
  `member_type_cd` varchar(12) NOT NULL COMMENT '成员类型见 community_member_type表',
  `create_time` timestamp NOT NULL DEFAULT CURRENT_TIMESTAMP COMMENT '创建时间',
  `status_cd` varchar(4) NOT NULL,
  `audit_status_cd` varchar(4) NOT NULL DEFAULT '0000' COMMENT '审核状态',
  UNIQUE KEY `community_member_id` (`community_member_id`) USING BTREE,
  KEY `idx_s_community_member_id` (`community_id`) USING BTREE,
  KEY `idx_s_community_member_b_id` (`b_id`) USING BTREE
) ENGINE=InnoDB DEFAULT CHARSET=utf8;

-- ----------------------------
-- Records of s_community_member
-- ----------------------------

-- ----------------------------
-- Table structure for s_community_photo
-- ----------------------------
CREATE TABLE `s_community_photo` (
  `community_photo_id` varchar(30) NOT NULL COMMENT '商户照片ID',
  `b_id` varchar(30) NOT NULL COMMENT '业务Id',
  `community_id` varchar(30) NOT NULL COMMENT '小区ID',
  `community_photo_type_cd` varchar(12) NOT NULL COMMENT '商户照片类型,T 门头照 I 内景照',
  `photo` varchar(100) NOT NULL COMMENT '照片',
  `create_time` timestamp NOT NULL DEFAULT CURRENT_TIMESTAMP COMMENT '创建时间',
  `status_cd` varchar(2) NOT NULL DEFAULT '0' COMMENT '数据状态，详细参考c_status表，S 保存，0, 在用 1失效',
  UNIQUE KEY `community_photo_id` (`community_photo_id`) USING BTREE,
  KEY `idx_community_photo_b_id` (`b_id`) USING BTREE,
  KEY `idx_community_photo_community_id` (`community_id`) USING BTREE,
  KEY `idx_community_photo_community_photo_id` (`community_photo_id`) USING BTREE
) ENGINE=InnoDB DEFAULT CHARSET=utf8;

-- ----------------------------
-- Records of s_community_photo
-- ----------------------------
INSERT INTO `s_community_photo` VALUES ('7120181217000003', '1234567891', '7020181217000001', 'T', '12345678.jpg', '2018-12-17 05:00:56', '0');
INSERT INTO `s_community_photo` VALUES ('712019051648240007', '62234567891', '702019051650000005', 'T', '12345678.jpg', '2019-05-16 02:05:13', '0');
INSERT INTO `s_community_photo` VALUES ('712019051670400010', '72234567891', '702019051614110008', 'T', '12345678.jpg', '2019-05-16 02:07:27', '0');
INSERT INTO `s_community_photo` VALUES ('712019051678010006', '92234567896', '702019051626540004', 'T', '12345678.jpg', '2019-05-16 02:36:57', '0');
INSERT INTO `s_community_photo` VALUES ('712019051684460003', '92234567895', '702019051666020001', 'T', '12345678.jpg', '2019-05-16 02:34:53', '0');
INSERT INTO `s_community_photo` VALUES ('712019051696780004', '52234567891', '702019051636890002', 'T', '12345678.jpg', '2019-05-16 02:00:13', '0');

-- ----------------------------
-- Table structure for s_shop
-- ----------------------------
CREATE TABLE `s_shop` (
  `shop_id` varchar(30) NOT NULL COMMENT '店铺ID',
  `shop_logo` varchar(1024) NOT NULL COMMENT '店铺logo',
  `store_id` varchar(30) NOT NULL COMMENT '商户ID',
  `shop_name` varchar(128) NOT NULL COMMENT '店铺名称',
  `shop_desc` varchar(512) NOT NULL COMMENT '店铺描述',
  `send_address` varchar(512) NOT NULL COMMENT '发货地址',
  `return_address` varchar(512) NOT NULL COMMENT '退货地址',
  `return_person` varchar(512) NOT NULL COMMENT '退货联系人',
  `return_link` varchar(11) NOT NULL COMMENT '退货联系电话',
  `create_time` timestamp NOT NULL DEFAULT CURRENT_TIMESTAMP COMMENT '创建时间',
  `status_cd` varchar(2) NOT NULL DEFAULT '0' COMMENT '有效标识',
  `state` varchar(12) NOT NULL COMMENT '状态，001 提交 002 审核通过 003 审核不通过',
  `shop_type` varchar(12) NOT NULL COMMENT '店铺类型 ',
  PRIMARY KEY (`shop_id`)
) ENGINE=InnoDB DEFAULT CHARSET=utf8;

-- ----------------------------
-- Records of s_shop
-- ----------------------------

-- ----------------------------
-- Table structure for s_shop_appraise
-- ----------------------------
CREATE TABLE `s_shop_appraise` (
  `appraise_id` varchar(30) NOT NULL COMMENT '评论ID',
  `parent_appraise_id` varchar(30) NOT NULL DEFAULT '-1' COMMENT '上级评论ID',
  `shop_id` varchar(30) NOT NULL COMMENT '商铺ID',
  `appraise_user_id` varchar(30) NOT NULL COMMENT '访问用户ID',
  `appraise_user_name` varchar(30) NOT NULL COMMENT '访问用户名称',
  `appraise_score` int(11) NOT NULL COMMENT '评分',
  `context` varchar(512) NOT NULL COMMENT '评价内容',
  `img_path` varchar(1024) DEFAULT NULL COMMENT '评论图片 | 分隔',
  `create_time` timestamp NOT NULL DEFAULT CURRENT_TIMESTAMP COMMENT '创建时间',
  `status_cd` varchar(2) NOT NULL DEFAULT '0' COMMENT '有效标识',
  `obj_type` varchar(12) NOT NULL COMMENT '评价对象类型 1001 商品 2002 服务 3003 商铺',
  `obj_id` varchar(30) NOT NULL COMMENT '评价对象ID',
  PRIMARY KEY (`appraise_id`)
) ENGINE=InnoDB DEFAULT CHARSET=utf8;

-- ----------------------------
-- Records of s_shop_appraise
-- ----------------------------

-- ----------------------------
-- Table structure for s_shop_community
-- ----------------------------
CREATE TABLE `s_shop_community` (
  `sc_id` varchar(30) NOT NULL COMMENT '主键ID',
  `shop_id` varchar(30) NOT NULL COMMENT '商铺ID',
  `community_id` varchar(30) NOT NULL COMMENT '小区ID',
  `community_name` varchar(128) NOT NULL COMMENT '小区名称',
  `start_time` datetime NOT NULL COMMENT '开始时间',
  `end_time` datetime NOT NULL COMMENT '结束时间',
  `state` varchar(12) NOT NULL DEFAULT '12001' COMMENT '状态，12001 待审核，24002 审核通过 48004 审核失败',
  `message` varchar(512) DEFAULT NULL COMMENT '审核信息',
  `create_time` timestamp NOT NULL DEFAULT CURRENT_TIMESTAMP COMMENT '创建时间',
  `status_cd` varchar(2) NOT NULL DEFAULT '0' COMMENT '有效标识'
) ENGINE=InnoDB DEFAULT CHARSET=utf8;

-- ----------------------------
-- Records of s_shop_community
-- ----------------------------

-- ----------------------------
-- Table structure for s_shop_return_address
-- ----------------------------
CREATE TABLE `s_shop_return_address` (
  `address_id` varchar(30) NOT NULL COMMENT '退货地址ID',
  `shop_id` varchar(30) NOT NULL COMMENT '商铺ID',
  `name` varchar(30) NOT NULL COMMENT '收货人名称',
  `link` varchar(30) NOT NULL COMMENT '收货人联系电话',
  `address` varchar(512) NOT NULL COMMENT '详细地址',
  `seq` int(11) NOT NULL COMMENT '排序',
  `state` varchar(12) NOT NULL DEFAULT 'F' COMMENT 'T 为默认退货地址 F为普通地址',
  `create_time` timestamp NOT NULL DEFAULT CURRENT_TIMESTAMP COMMENT '创建时间',
  `status_cd` varchar(2) NOT NULL DEFAULT '0' COMMENT '数据状态',
  PRIMARY KEY (`address_id`)
) ENGINE=InnoDB DEFAULT CHARSET=utf8;

-- ----------------------------
-- Records of s_shop_return_address
-- ----------------------------

-- ----------------------------
-- Table structure for s_shop_shipping_template
-- ----------------------------
CREATE TABLE `s_shop_shipping_template` (
  `template_id` varchar(30) NOT NULL COMMENT '模板ID',
  `shop_id` varchar(30) NOT NULL COMMENT '商铺ID',
  `name` varchar(30) NOT NULL COMMENT '模板名称',
  `template_type` varchar(12) NOT NULL COMMENT '计费方式，1001 按件数',
  `seq` int(11) NOT NULL COMMENT '排序',
  `create_time` timestamp NOT NULL DEFAULT CURRENT_TIMESTAMP COMMENT '创建时间',
  `status_cd` varchar(2) NOT NULL DEFAULT '0' COMMENT '数据状态',
  PRIMARY KEY (`template_id`)
) ENGINE=InnoDB DEFAULT CHARSET=utf8;

-- ----------------------------
-- Records of s_shop_shipping_template
-- ----------------------------

-- ----------------------------
-- Table structure for s_shop_shipping_template_fee
-- ----------------------------
CREATE TABLE `s_shop_shipping_template_fee` (
  `fee_id` varchar(30) NOT NULL COMMENT '配送费用',
  `template_id` varchar(30) NOT NULL COMMENT '模板ID',
  `shop_id` varchar(30) NOT NULL COMMENT '商铺ID',
  `area_name` varchar(1024) NOT NULL COMMENT '可配送区域',
  `amount` decimal(10,2) NOT NULL COMMENT '运费',
  `create_time` timestamp NOT NULL DEFAULT CURRENT_TIMESTAMP COMMENT '创建时间',
  `status_cd` varchar(2) NOT NULL DEFAULT '0' COMMENT '数据状态'
) ENGINE=InnoDB DEFAULT CHARSET=utf8;

-- ----------------------------
-- Records of s_shop_shipping_template_fee
-- ----------------------------

-- ----------------------------
-- Table structure for s_shop_vip_level
-- ----------------------------
CREATE TABLE `s_shop_vip_level` (
  `vip_level_id` varchar(30) NOT NULL COMMENT '会员等级ID',
  `level_name` varchar(64) NOT NULL COMMENT '等级名称',
  `vip_level` varchar(12) NOT NULL COMMENT '等级级别，1001 一级 2002 二级 3003 三级',
  `shop_id` varchar(30) NOT NULL COMMENT '商铺ID',
  `store_id` varchar(30) NOT NULL COMMENT '商户ID',
  `remark` varchar(512) DEFAULT NULL COMMENT '说明',
  `create_time` timestamp NOT NULL DEFAULT CURRENT_TIMESTAMP COMMENT '创建时间',
  `status_cd` varchar(2) NOT NULL DEFAULT '0' COMMENT '有效标识',
  `gold_cost_money` decimal(10,2) NOT NULL DEFAULT '1.00' COMMENT '购买多少钱送一个金币',
  `integral_cost_money` decimal(10,2) NOT NULL DEFAULT '1.00' COMMENT '购买多少钱送一个积分',
  PRIMARY KEY (`vip_level_id`)
) ENGINE=InnoDB DEFAULT CHARSET=utf8;

-- ----------------------------
-- Records of s_shop_vip_level
-- ----------------------------

-- ----------------------------
-- Table structure for s_shop_vip_user
-- ----------------------------
CREATE TABLE `s_shop_vip_user` (
  `vip_id` varchar(30) NOT NULL COMMENT '会员ID',
  `user_id` varchar(30) DEFAULT NULL COMMENT '用户ID',
  `vip_name` varchar(64) NOT NULL COMMENT '会员名称',
  `vip_tel` varchar(11) NOT NULL COMMENT '会员电话',
  `sex` varchar(12) NOT NULL COMMENT '性别 0女 1男',
  `vip_level` varchar(30) NOT NULL COMMENT '会员等级',
  `birthday` datetime NOT NULL COMMENT '生日',
  `start_time` datetime NOT NULL COMMENT '开始时间',
  `end_time` datetime NOT NULL COMMENT '结束时间',
  `shop_id` varchar(30) NOT NULL COMMENT '商铺ID',
  `store_id` varchar(30) NOT NULL COMMENT '商户ID',
  `create_time` timestamp NOT NULL DEFAULT CURRENT_TIMESTAMP COMMENT '创建时间',
  `status_cd` varchar(2) NOT NULL DEFAULT '0' COMMENT '有效标识',
  `shop_scope` int(11) NOT NULL DEFAULT '0' COMMENT '商铺积分',
  PRIMARY KEY (`vip_id`)
) ENGINE=InnoDB DEFAULT CHARSET=utf8;

-- ----------------------------
-- Records of s_shop_vip_user
-- ----------------------------

-- ----------------------------
-- Table structure for s_shop_visit
-- ----------------------------
CREATE TABLE `s_shop_visit` (
  `visit_id` varchar(30) NOT NULL COMMENT '访问ID',
  `shop_id` varchar(30) NOT NULL COMMENT '商铺ID',
  `visit_user_id` varchar(30) DEFAULT NULL COMMENT '访问ID',
  `visit_user_name` varchar(64) DEFAULT NULL COMMENT '访问名称',
  `visit_ip` varchar(128) DEFAULT NULL COMMENT '访问ip',
  `create_time` timestamp NOT NULL DEFAULT CURRENT_TIMESTAMP COMMENT '创建时间',
  `status_cd` varchar(2) NOT NULL DEFAULT '0' COMMENT '有效标识',
  `remark` varchar(512) DEFAULT NULL COMMENT '备注'
) ENGINE=InnoDB DEFAULT CHARSET=utf8;

-- ----------------------------
-- Records of s_shop_visit
-- ----------------------------

-- ----------------------------
-- Table structure for t_dict
-- ----------------------------
CREATE TABLE `t_dict` (
  `id` int(11) NOT NULL AUTO_INCREMENT COMMENT 'id',
  `status_cd` varchar(64) NOT NULL COMMENT '表字段状态 取值',
  `name` varchar(50) NOT NULL COMMENT '名称',
  `description` varchar(200) DEFAULT NULL COMMENT '描述',
  `create_time` timestamp NOT NULL DEFAULT CURRENT_TIMESTAMP COMMENT '创建时间',
  `table_name` varchar(50) DEFAULT NULL,
  `table_columns` varchar(50) DEFAULT NULL COMMENT '表字段说明',
  PRIMARY KEY (`id`)
) ENGINE=InnoDB AUTO_INCREMENT=554 DEFAULT CHARSET=utf8;

-- ----------------------------
-- Records of t_dict
-- ----------------------------
INSERT INTO `t_dict` VALUES ('1', '1', '无效的，不在用的', '无效的，不在用的', '2018-11-14 13:28:44', null, null);
INSERT INTO `t_dict` VALUES ('2', '0', '有效的，在用的', '有效的，在用的', '2018-11-14 13:28:44', null, null);
INSERT INTO `t_dict` VALUES ('3', 'S', '保存成功', '保存成功', '2018-11-14 13:28:44', 'c_business', 'status_cd');
INSERT INTO `t_dict` VALUES ('4', 'D', '作废订单', '作废订单', '2018-11-14 13:28:44', 'c_business', 'status_cd');
INSERT INTO `t_dict` VALUES ('5', 'E', '错误订单', '错误订单', '2018-11-14 13:28:44', 'c_business', 'status_cd');
INSERT INTO `t_dict` VALUES ('6', 'NE', '通知错误订单', '通知错误订单', '2018-11-14 13:28:44', 'c_business', 'status_cd');
INSERT INTO `t_dict` VALUES ('7', 'C', '订单完成', '订单完成', '2018-11-14 13:28:44', 'c_business', 'status_cd');
INSERT INTO `t_dict` VALUES ('8', 'B', 'Business过程', 'Business过程', '2018-11-14 13:28:44', 'c_business', 'status_cd');
INSERT INTO `t_dict` VALUES ('9', 'I', 'Instance过程', 'Instance过程', '2018-11-14 13:28:44', 'c_business', 'status_cd');
INSERT INTO `t_dict` VALUES ('10', '1000', '入驻小区审核', '入驻小区审核', '2019-04-15 03:26:51', null, null);
INSERT INTO `t_dict` VALUES ('11', '2001', '房屋已售', '房屋已售', '2019-04-17 03:10:48', null, null);
INSERT INTO `t_dict` VALUES ('12', '2002', '房屋未售', '房屋未售', '2019-04-17 03:11:10', null, null);
INSERT INTO `t_dict` VALUES ('13', '1001', '申请退出小区审核', '申请退出小区审核', '2019-04-18 07:46:14', null, null);
INSERT INTO `t_dict` VALUES ('14', '0000', '审核完成', '审核完成', '2019-04-26 16:12:42', null, null);
INSERT INTO `t_dict` VALUES ('15', '2003', '房屋出售已交定金', '房屋出售已交定金', '2019-05-09 05:45:00', null, null);
INSERT INTO `t_dict` VALUES ('16', '2004', '房屋已出租', '房屋已出租', '2019-05-09 05:46:30', null, null);
INSERT INTO `t_dict` VALUES ('17', '0', '有效', '数据状态', '2019-09-19 11:37:49', 'all', 'status_cd');
INSERT INTO `t_dict` VALUES ('18', '1', '无效', '数据状态', '2019-09-19 11:37:49', 'all', 'status_cd');
INSERT INTO `t_dict` VALUES ('19', '1000', '待审核', '审核状态', '2019-09-19 11:37:50', 's_community', 'state');
INSERT INTO `t_dict` VALUES ('20', '1100', '审核通过', '审核状态', '2019-09-19 11:37:50', 's_community', 'state');
INSERT INTO `t_dict` VALUES ('21', '1200', '拒绝审核', '审核状态', '2019-09-19 11:37:50', 's_community', 'state');
INSERT INTO `t_dict` VALUES ('22', '1', '总公司', '公司级', '2019-10-06 09:43:55', 'u_org', 'org_level');
INSERT INTO `t_dict` VALUES ('23', '2', '分公司', '分公司级', '2019-10-06 09:44:16', 'u_org', 'org_level');
INSERT INTO `t_dict` VALUES ('24', '3', '部门', '部门级', '2019-10-06 09:44:26', 'u_org', 'org_level');
INSERT INTO `t_dict` VALUES ('25', '1000', '普通员工', '普通员工', '2019-10-06 09:46:12', 'u_org_staff_rel', 'rel_cd');
INSERT INTO `t_dict` VALUES ('26', '2000', '部门经理', '部门经理', '2019-10-06 09:47:21', 'u_org_staff_rel', 'rel_cd');
INSERT INTO `t_dict` VALUES ('27', '1001', '地上停车位', '地上停车位', '2019-10-15 09:47:21', 'parking_area', 'type_cd');
INSERT INTO `t_dict` VALUES ('28', '2001', '地下停车位', '地下停车位', '2019-10-15 09:47:21', 'parking_area', 'type_cd');
INSERT INTO `t_dict` VALUES ('29', 'S', '出售', '出售', '2019-10-15 09:47:21', 'parking_space', 'state');
INSERT INTO `t_dict` VALUES ('30', 'H', '出租 ', '出租 ', '2019-10-15 09:47:21', 'parking_space', 'state');
INSERT INTO `t_dict` VALUES ('31', 'F', '空闲 ', '空闲', '2019-10-15 09:47:21', 'parking_space', 'state');
INSERT INTO `t_dict` VALUES ('32', '9901', '家用小汽车', '家用小汽车', '2019-10-15 09:47:21', 'owner_car', 'car_type');
INSERT INTO `t_dict` VALUES ('33', '9902', '客车', '客车', '2019-10-15 09:47:21', 'owner_car', 'car_type');
INSERT INTO `t_dict` VALUES ('34', '9903', '货车', '货车', '2019-10-15 09:47:21', 'owner_car', 'car_type');
INSERT INTO `t_dict` VALUES ('35', '1000', '未派单', '未派单', '2019-10-18 22:30:06', 'r_repair_pool', 'state');
INSERT INTO `t_dict` VALUES ('38', '10001', '卧室报修', '卧室报修', '2019-10-18 22:31:04', 'r_repair_pool', 'repair_type');
INSERT INTO `t_dict` VALUES ('39', '10002', '管道报修', '管道报修', '2019-10-18 22:31:16', 'r_repair_pool', 'repair_type');
INSERT INTO `t_dict` VALUES ('40', '10003', '客厅报修', '客厅报修', '2019-10-18 22:31:42', 'r_repair_pool', 'repair_type');
INSERT INTO `t_dict` VALUES ('44', '10000', '资源入库', '资源入库', '2019-10-22 13:57:39', 'resource_order', 'res_order_type');
INSERT INTO `t_dict` VALUES ('45', '20000', '资源出库', '资源出库', '2019-10-22 13:58:10', 'resource_order', 'res_order_type');
INSERT INTO `t_dict` VALUES ('46', '809001', '部门主管', '部门主管', '2019-10-26 09:55:45', 'audit_user', 'audit_link');
INSERT INTO `t_dict` VALUES ('47', '809002', '财务主管', '财务主管', '2019-10-26 09:55:57', 'audit_user', 'audit_link');
INSERT INTO `t_dict` VALUES ('48', '809003', '采购人员', '采购人员', '2019-10-26 09:56:11', 'audit_user', 'audit_link');
INSERT INTO `t_dict` VALUES ('49', 'resourceEntry', '采购流程', '采购流程', '2019-10-27 09:41:40', 'audit_user', 'obj_code');
INSERT INTO `t_dict` VALUES ('50', 'resourceOut', '出库流程', '出库流程', '2019-10-27 09:41:56', 'audit_user', 'obj_code');
INSERT INTO `t_dict` VALUES ('51', '10000', '审核同意', '审核同意', '2019-10-29 14:05:10', 'audit_message', 'state');
INSERT INTO `t_dict` VALUES ('52', '20000', '审核反驳', '审核反驳', '2019-10-29 14:05:34', 'audit_message', 'state');
INSERT INTO `t_dict` VALUES ('53', 'resource', '采购', '采购', '2019-10-29 14:06:08', 'audit_message', 'audit_order_type');
INSERT INTO `t_dict` VALUES ('54', '888800010001', '物业费', '物业费', '2019-10-30 20:57:36', 'pay_fee_config', 'fee_type_cd');
INSERT INTO `t_dict` VALUES ('59', '10001', '处理中', '处理中', '2019-11-02 13:51:08', 'complaint', 'state');
INSERT INTO `t_dict` VALUES ('60', '10002', '处理完成', '处理完成', '2019-11-02 13:51:27', 'complaint', 'state');
INSERT INTO `t_dict` VALUES ('61', '809001', '投诉', '投诉', '2019-11-02 13:51:27', 'complaint', 'type_cd');
INSERT INTO `t_dict` VALUES ('62', '809002', '建议', '建议', '2019-11-02 13:51:27', 'complaint', 'type_cd');
INSERT INTO `t_dict` VALUES ('63', '809004', '投诉处理人员', '投诉处理人员', '2019-11-03 11:53:54', 'audit_user', 'audit_link');
INSERT INTO `t_dict` VALUES ('64', 'complaint', '投诉流程', '投诉流程', '2019-11-03 11:55:10', 'audit_user', 'obj_code');
INSERT INTO `t_dict` VALUES ('65', '8899', '业主信息', '业主信息', '2019-11-10 12:08:47', 'machine_translate', 'type_cd');
INSERT INTO `t_dict` VALUES ('66', '9988', '小区信息', '小区信息', '2019-11-10 12:09:08', 'machine_translate', 'type_cd');
INSERT INTO `t_dict` VALUES ('67', '10000', '待同步', '待同步', '2019-11-10 22:16:30', 'machine_translate', 'state');
INSERT INTO `t_dict` VALUES ('68', '20000', '已同步', '已同步', '2019-11-10 22:17:01', 'machine_translate', 'state');
INSERT INTO `t_dict` VALUES ('69', '30000', '同步中', '同步中', '2019-11-10 22:17:20', 'machine_translate', 'state');
INSERT INTO `t_dict` VALUES ('70', '10000', '业主照片', '业主照片', '2019-11-11 21:54:14', 'file_rel', 'rel_type_cd');
INSERT INTO `t_dict` VALUES ('71', '20000', '商户照片', '商户照片', '2019-11-11 21:54:35', 'file_rel', 'rel_type_cd');
INSERT INTO `t_dict` VALUES ('72', 'table', '表存储', '表存储', '2019-11-11 21:55:30', 'file_rel', 'save_way');
INSERT INTO `t_dict` VALUES ('73', 'ftp', 'ftp文件存储', 'ftp文件存储', '2019-11-11 21:55:52', 'file_rel', 'save_way');
INSERT INTO `t_dict` VALUES ('74', 'C1', '订单项同步硬件成功', '订单项同步硬件成功', '2019-11-14 22:18:00', 'c_business', 'status_cd');
INSERT INTO `t_dict` VALUES ('76', '9999', '门禁', '门禁', '2019-11-10 12:08:47', 'machine', 'machine_type_cd');
INSERT INTO `t_dict` VALUES ('77', '1000', '东大门', '东大门', '2019-11-29 14:07:24', 'machine', 'location_type_cd');
INSERT INTO `t_dict` VALUES ('78', '1001', '西大门', '西大门', '2019-11-29 14:09:44', 'machine', 'location_type_cd');
INSERT INTO `t_dict` VALUES ('79', '1002', '北大门', '北大门', '2019-11-29 14:09:45', 'machine', 'location_type_cd');
INSERT INTO `t_dict` VALUES ('80', '1003', '南大门', '南大门', '2019-11-29 14:09:46', 'machine', 'location_type_cd');
INSERT INTO `t_dict` VALUES ('81', '2000', '单元门', '单元门', '2019-11-29 14:09:47', 'machine', 'location_type_cd');
INSERT INTO `t_dict` VALUES ('82', '3000', '房屋门', '房屋门', '2019-11-29 14:09:47', 'machine', 'location_type_cd');
INSERT INTO `t_dict` VALUES ('83', '1200', '设备在线', '设备在线', '2019-11-29 14:11:42', 'machine', 'state');
INSERT INTO `t_dict` VALUES ('84', '1300', '设备掉线', '设备掉线', '2019-11-29 14:12:09', 'machine', 'state');
INSERT INTO `t_dict` VALUES ('85', '1400', '设备重启中', '设备重启中', '2019-11-29 14:13:15', 'machine', 'state');
INSERT INTO `t_dict` VALUES ('86', '1000', '未同步配置', '未同步配置信息', '2019-11-29 14:13:47', 'machine', 'state');
INSERT INTO `t_dict` VALUES ('87', '1100', '配置同步中', '配置信息同步中', '2019-11-29 14:13:48', 'machine', 'state');
INSERT INTO `t_dict` VALUES ('88', '1500', '升级中', '升级中', '2019-12-01 14:45:38', 'machine', 'state');
INSERT INTO `t_dict` VALUES ('89', '1600', '禁用', '禁用中', '2019-12-01 14:46:47', 'machine', 'state');
INSERT INTO `t_dict` VALUES ('90', '1000', '待审核', '待审核', '2019-12-01 14:46:47', 'building_owner', 'state');
INSERT INTO `t_dict` VALUES ('91', '2000', '审核完成', '审核完成', '2019-12-01 14:46:47', 'building_owner', 'state');
INSERT INTO `t_dict` VALUES ('92', '3000', '审核拒绝', '审核拒绝', '2019-12-01 14:46:47', 'building_owner', 'state');
INSERT INTO `t_dict` VALUES ('93', '1001', '业主', '业主', '2019-12-01 14:46:47', 'building_owner', 'owner_type_cd');
INSERT INTO `t_dict` VALUES ('94', '1002', '家庭成员', '家庭成员', '2019-12-01 14:46:47', 'building_owner', 'owner_type_cd');
INSERT INTO `t_dict` VALUES ('95', '1003', '房屋租客', '房屋租客', '2019-12-01 14:46:47', 'building_owner', 'owner_type_cd');
INSERT INTO `t_dict` VALUES ('96', '1004', '临时人员', '临时人员', '2019-12-01 14:46:47', 'building_owner', 'owner_type_cd');
INSERT INTO `t_dict` VALUES ('97', '30000', '申请钥匙人照片', '申请钥匙人照片', '2019-12-01 22:15:49', 'file_rel', 'rel_type_cd');
INSERT INTO `t_dict` VALUES ('98', '10001', '保洁', '保洁', '2019-12-03 23:00:02', 'application_key', 'type_cd');
INSERT INTO `t_dict` VALUES ('99', '10002', '保安', '保安', '2019-12-03 23:00:03', 'application_key', 'type_cd');
INSERT INTO `t_dict` VALUES ('100', '10003', '其他人员', '其他人员', '2019-12-03 23:00:03', 'application_key', 'type_cd');
INSERT INTO `t_dict` VALUES ('101', '10002', '未审核', '未审核', '2019-12-03 23:02:23', 'application_key', 'state');
INSERT INTO `t_dict` VALUES ('102', '10001', '完成审核', '完成审核', '2019-12-03 23:02:23', 'application_key', 'state');
INSERT INTO `t_dict` VALUES ('103', '10003', '审核拒绝', '审核拒绝', '2019-12-03 23:02:24', 'application_key', 'state');
INSERT INTO `t_dict` VALUES ('104', '40000', '广告照片', '广告照片', '2019-12-08 18:09:24', 'file_rel', 'rel_type_cd');
INSERT INTO `t_dict` VALUES ('105', '50000', '广告视频', '广告视频', '2019-12-08 18:10:38', 'file_rel', 'rel_type_cd');
INSERT INTO `t_dict` VALUES ('106', '7788', '钥匙信息', '申请钥匙信息', '2019-12-10 14:19:06', 'machine_translate', 'type_cd');
INSERT INTO `t_dict` VALUES ('107', '9001', '物流', '物流', '2019-12-14 18:47:00', 'advert', 'classify');
INSERT INTO `t_dict` VALUES ('108', '9002', '餐饮', '餐饮', '2019-12-14 18:47:09', 'advert', 'classify');
INSERT INTO `t_dict` VALUES ('109', '9003', '旅游', '旅游', '2019-12-14 18:47:17', 'advert', 'classify');
INSERT INTO `t_dict` VALUES ('110', '9004', '酒店', '酒店', '2019-12-14 18:47:29', 'advert', 'classify');
INSERT INTO `t_dict` VALUES ('111', '9005', '教育', '教育', '2019-12-14 18:47:37', 'advert', 'classify');
INSERT INTO `t_dict` VALUES ('112', '9006', '互联网', '互联网', '2019-12-14 18:47:45', 'advert', 'classify');
INSERT INTO `t_dict` VALUES ('113', '1000', '未审核', '未审核', '2019-12-14 18:53:20', 'advert', 'state');
INSERT INTO `t_dict` VALUES ('114', '2000', '审核通过', '审核通过', '2019-12-14 18:53:30', 'advert', 'state');
INSERT INTO `t_dict` VALUES ('115', '3000', '审核拒绝', '审核拒绝', '2019-12-14 18:53:40', 'advert', 'state');
INSERT INTO `t_dict` VALUES ('116', '4000', '未播放', '未播放', '2019-12-14 18:53:48', 'advert', 'state');
INSERT INTO `t_dict` VALUES ('117', '5000', '播放中', '播放中', '2019-12-14 18:53:58', 'advert', 'state');
INSERT INTO `t_dict` VALUES ('118', 'T', '允许前台操作', '允许前台操作', '2019-12-22 00:39:35', 'u_org', 'allow_operation');
INSERT INTO `t_dict` VALUES ('119', 'F', '不允许前台操作', '不允许前台操作', '2019-12-22 00:39:48', 'u_org', 'allow_operation');
INSERT INTO `t_dict` VALUES ('120', '1000', '未审核', '未审核', '2019-12-22 01:25:46', 's_community_member', 'audit_status_cd');
INSERT INTO `t_dict` VALUES ('121', '1100', '审核同意', '审核同意', '2019-12-22 01:26:06', 's_community_member', 'audit_status_cd');
INSERT INTO `t_dict` VALUES ('122', '1200', '审核拒绝', '审核拒绝', '2019-12-22 01:26:17', 's_community_member', 'audit_status_cd');
INSERT INTO `t_dict` VALUES ('123', '1100101', '人脸申请', '人脸申请', '2019-12-23 21:12:55', 'application_key', 'type_flag');
INSERT INTO `t_dict` VALUES ('124', '1100102', '固定密码申请', '固定密码申请', '2019-12-23 21:12:55', 'application_key', 'type_flag');
INSERT INTO `t_dict` VALUES ('125', '1100103', '临时密码', '临时密码', '2019-12-23 21:12:55', 'application_key', 'type_flag');
INSERT INTO `t_dict` VALUES ('126', '10000', '审核中', '审核中', '2019-12-23 21:12:55', 'owner_app_user', 'state');
INSERT INTO `t_dict` VALUES ('127', '12000', '审核成功', '审核成功', '2019-12-23 21:12:55', 'owner_app_user', 'state');
INSERT INTO `t_dict` VALUES ('128', '13000', '审核失败', '审核失败', '2019-12-23 21:12:55', 'owner_app_user', 'state');
INSERT INTO `t_dict` VALUES ('129', '10004', '业主', '业主', '2019-12-03 23:00:02', 'application_key', 'type_cd');
INSERT INTO `t_dict` VALUES ('130', '10005', '家庭成员', '家庭成员', '2019-12-03 23:00:02', 'application_key', 'type_cd');
INSERT INTO `t_dict` VALUES ('131', '10006', '租客', '租客', '2019-12-03 23:00:02', 'application_key', 'type_cd');
INSERT INTO `t_dict` VALUES ('132', '60000', '身份证', '身份证', '2019-12-08 18:10:38', 'file_rel', 'rel_type_cd');
INSERT INTO `t_dict` VALUES ('133', '70000', '活动照片', '活动照片', '2019-12-08 18:10:38', 'file_rel', 'rel_type_cd');
INSERT INTO `t_dict` VALUES ('134', '10001', '小区文化', '小区文化', '2018-11-14 13:28:44', 'activities', 'type_cd');
INSERT INTO `t_dict` VALUES ('135', '10002', '其他', '其他', '2018-11-14 13:28:44', 'activities', 'type_cd');
INSERT INTO `t_dict` VALUES ('136', '9996', '道闸', '道闸', '2020-01-25 20:59:00', 'machine', 'machine_type_cd');
INSERT INTO `t_dict` VALUES ('137', '3306', '进场', '设备进入', '2020-01-25 22:18:42', 'machine', 'direction');
INSERT INTO `t_dict` VALUES ('138', '3307', '出场', '设备出去', '2020-01-25 22:18:48', 'machine', 'direction');
INSERT INTO `t_dict` VALUES ('139', '1111', '黑名单', '黑名单', '2020-01-25 23:00:50', 'car_black_white', 'black_white');
INSERT INTO `t_dict` VALUES ('140', '2222', '白名单', '白名单', '2020-01-25 23:01:32', 'car_black_white', 'black_white');
INSERT INTO `t_dict` VALUES ('141', '100300', '进场状态', '进场状态', '2020-01-26 13:55:33', 'car_inout', 'state');
INSERT INTO `t_dict` VALUES ('142', '100400', '支付完成', '支付完成', '2020-01-26 13:55:54', 'car_inout', 'state');
INSERT INTO `t_dict` VALUES ('143', '100500', '离场状态', '离场状态', '2020-01-26 13:56:18', 'car_inout', 'state');
INSERT INTO `t_dict` VALUES ('144', '100600', '支付超时重新支付', '支付超时重新支付', '2020-01-26 13:56:34', 'car_inout', 'state');
INSERT INTO `t_dict` VALUES ('145', '1003006', '周期性费用', '为周期性费用', '2020-01-27 10:56:33', 'pay_fee', 'fee_flag');
INSERT INTO `t_dict` VALUES ('146', '2006012', '一次性费用', '为一次性费用', '2020-01-27 10:56:59', 'pay_fee', 'fee_flag');
INSERT INTO `t_dict` VALUES ('147', '2007001', '收费未开始', '收费未开始', '2020-01-27 10:58:01', 'pay_fee', 'state');
INSERT INTO `t_dict` VALUES ('148', '2008001', '收费中状态', '收费中状态', '2020-01-27 10:58:21', 'pay_fee', 'state');
INSERT INTO `t_dict` VALUES ('149', '2009001', '收费结束', '收费结束', '2020-01-27 10:58:41', 'pay_fee', 'state');
INSERT INTO `t_dict` VALUES ('151', 'T', '默认费用', '默认费用', '2020-01-30 12:04:45', 'pay_fee_config', 'is_default');
INSERT INTO `t_dict` VALUES ('152', 'F', '自定义费用', '自定义费用', '2020-01-30 12:05:13', 'pay_fee_config', 'is_default');
INSERT INTO `t_dict` VALUES ('153', '1003006', '周期性费用', '为周期性费用', '2020-01-27 10:56:33', 'pay_fee_config', 'fee_flag');
INSERT INTO `t_dict` VALUES ('154', '2006012', '一次性费用', '为一次性费用', '2020-01-27 10:56:59', 'pay_fee_config', 'fee_flag');
INSERT INTO `t_dict` VALUES ('155', '1001', '面积*单价+附加费', '面积*单价+附加费', '2020-01-30 12:37:38', 'pay_fee_config', 'computing_formula');
INSERT INTO `t_dict` VALUES ('156', '2002', '固定费用', '固定费用', '2020-01-30 12:37:57', 'pay_fee_config', 'computing_formula');
INSERT INTO `t_dict` VALUES ('158', '3333', '房屋', '房屋', '2020-02-01 13:30:50', 'pay_fee', 'payer_obj_type');
INSERT INTO `t_dict` VALUES ('159', '6666', '停车位', '停车位', '2020-02-01 13:31:14', 'pay_fee', 'payer_obj_type');
INSERT INTO `t_dict` VALUES ('160', '-101', '自定义金额', '自定义金额', '2020-02-07 22:08:06', 'pay_fee_detail', 'cycles');
INSERT INTO `t_dict` VALUES ('161', '9999', '隶属所有小区', '隶属所有小区', '2020-02-15 08:53:08', 'u_org', 'belong_community_id');
INSERT INTO `t_dict` VALUES ('162', '8888', '隶属部分小区', '隶属部分小区，请查看u_org_community', '2020-02-15 08:53:53', 'u_org', 'belong_community_id');
INSERT INTO `t_dict` VALUES ('163', '2020022', '按天(连续每天)', '按天(连续每天)', '2020-01-27 10:58:21', 'inspection_plan', 'inspection_plan_period');
INSERT INTO `t_dict` VALUES ('164', '2020023', '按周(连续每周)', '按周(连续每周)', '2020-01-27 10:58:21', 'inspection_plan', 'inspection_plan_period');
INSERT INTO `t_dict` VALUES ('165', '2020024', '按天(间隔一天)', '按天(间隔一天)', '2020-01-27 10:58:21', 'inspection_plan', 'inspection_plan_period');
INSERT INTO `t_dict` VALUES ('166', '2020025', '启用', '启用', '2020-01-27 10:58:21', 'inspection_plan', 'state');
INSERT INTO `t_dict` VALUES ('167', '2020026', '停用', '停用', '2020-01-27 10:58:21', 'inspection_plan', 'state');
INSERT INTO `t_dict` VALUES ('168', '2020027', '现场拍照', '现场拍照', '2020-01-27 10:58:21', 'inspection_plan', 'sign_type');
INSERT INTO `t_dict` VALUES ('169', '2020028', '现场定位', '现场定位', '2020-01-27 10:58:21', 'inspection_plan', 'sign_type');
INSERT INTO `t_dict` VALUES ('170', '1000', '未审核', '未审核', '2020-03-06 09:04:48', 'purchase_apply', 'state');
INSERT INTO `t_dict` VALUES ('171', '1001', '审核中', '审核中', '2020-03-06 09:05:45', 'purchase_apply', 'state');
INSERT INTO `t_dict` VALUES ('172', '1002', '已审核', '已审核', '2020-03-06 09:06:04', 'purchase_apply', 'state');
INSERT INTO `t_dict` VALUES ('173', '20200405', '未开始', '未开始巡检', '2020-01-27 10:58:21', 'inspection_task', 'state');
INSERT INTO `t_dict` VALUES ('174', '20200406', '巡检中', '巡检中', '2020-01-27 10:58:21', 'inspection_task', 'state');
INSERT INTO `t_dict` VALUES ('175', '20200407', '巡检完成', '巡检完成', '2020-01-27 10:58:21', 'inspection_task', 'state');
INSERT INTO `t_dict` VALUES ('176', '2020027', '现场拍照', '现场拍照', '2020-01-27 10:58:21', 'inspection_task', 'sign_type');
INSERT INTO `t_dict` VALUES ('177', '2020028', '现场定位', '现场定位', '2020-01-27 10:58:21', 'inspection_task', 'sign_type');
INSERT INTO `t_dict` VALUES ('178', '20200405', '未开始', '未开始巡检', '2020-01-27 10:58:21', 'inspection_task_detail', 'state');
INSERT INTO `t_dict` VALUES ('179', '20200406', '巡检中', '巡检中', '2020-01-27 10:58:21', 'inspection_task_detail', 'state');
INSERT INTO `t_dict` VALUES ('180', '20200407', '巡检完成', '巡检完成', '2020-01-27 10:58:21', 'inspection_task_detail', 'state');
INSERT INTO `t_dict` VALUES ('184', '1003', '完结', '完结', '2020-01-27 10:58:21', 'purchase_apply', 'state');
INSERT INTO `t_dict` VALUES ('185', '1004', '未通过', '未通过', '2020-04-11 18:33:44', 'purchase_apply', 'state');
INSERT INTO `t_dict` VALUES ('186', '222222', '旧货', '旧货', '2020-04-11 18:33:44', 'junk_requirement', 'type_cd');
INSERT INTO `t_dict` VALUES ('187', '333333', '需求', '需求', '2020-04-11 18:33:44', 'junk_requirement', 'type_cd');
INSERT INTO `t_dict` VALUES ('188', '10008', '家具', '家具', '2020-04-11 18:33:44', 'junk_requirement', 'classification');
INSERT INTO `t_dict` VALUES ('189', '10002', '电器', '电器', '2020-04-11 18:33:44', 'junk_requirement', 'classification');
INSERT INTO `t_dict` VALUES ('190', '80000', '跳蚤市场照片', '跳蚤市场照片', '2019-12-08 18:10:38', 'file_rel', 'rel_type_cd');
INSERT INTO `t_dict` VALUES ('191', '12001', '未审核', '未审核', '2020-04-11 18:33:44', 'junk_requirement', 'state');
INSERT INTO `t_dict` VALUES ('192', '15001', '处理完成', '处理完成', '2020-04-11 18:33:44', 'junk_requirement', 'state');
INSERT INTO `t_dict` VALUES ('193', '13001', '审核通过', '审核通过', '2020-04-11 18:33:44', 'junk_requirement', 'state');
INSERT INTO `t_dict` VALUES ('194', '14001', '审核失败', '审核失败', '2020-04-11 18:33:44', 'junk_requirement', 'state');
INSERT INTO `t_dict` VALUES ('195', '90000', '巡检图片', '巡检图片', '2020-05-04 22:08:26', 'file_rel', 'rel_type_cd');
INSERT INTO `t_dict` VALUES ('196', '10001', '巡检正常', '巡检正常', '2020-01-27 10:58:21', 'inspection_task_detail', 'patrol_type');
INSERT INTO `t_dict` VALUES ('197', '20002', '巡检异常', '巡检异常', '2020-01-27 10:58:21', 'inspection_task_detail', 'patrol_type');
INSERT INTO `t_dict` VALUES ('198', '2020025', '按周(间隔一周)', '按周(间隔一周)', '2020-01-27 10:58:21', 'inspection_plan', 'inspection_plan_period');
INSERT INTO `t_dict` VALUES ('199', '10000', '入库', '入库', '2020-01-27 10:58:21', 'purchase_apply', 'res_order_type');
INSERT INTO `t_dict` VALUES ('200', '20000', '出库', '出库', '2020-04-11 18:33:44', 'purchase_apply', 'res_order_type');
INSERT INTO `t_dict` VALUES ('201', '3000', '部门副经理', '部门副经理', '2020-05-08 00:20:44', 'u_org_staff_rel', 'rel_cd');
INSERT INTO `t_dict` VALUES ('202', '4000', '部门组长', '部门组长', '2020-05-08 00:21:27', 'u_org_staff_rel', 'rel_cd');
INSERT INTO `t_dict` VALUES ('203', '5000', '分公司总经理', '分公司总经理', '2020-05-08 00:23:50', 'u_org_staff_rel', 'rel_cd');
INSERT INTO `t_dict` VALUES ('204', '6000', '分公司副总经理', '分公司副总经理', '2020-05-08 00:24:20', 'u_org_staff_rel', 'rel_cd');
INSERT INTO `t_dict` VALUES ('205', '7000', '总经理助理', '总经理助理', '2020-05-08 00:24:55', 'u_org_staff_rel', 'rel_cd');
INSERT INTO `t_dict` VALUES ('206', '8000', '总公司总经理', '总公司总经理', '2020-05-08 00:25:34', 'u_org_staff_rel', 'rel_cd');
INSERT INTO `t_dict` VALUES ('207', '9000', '总公司副总经理', '总公司副总经理', '2020-05-08 00:26:09', 'u_org_staff_rel', 'rel_cd');
INSERT INTO `t_dict` VALUES ('208', '1000', '退费中', '退费中', '2020-05-12 13:46:12', 'pay_fee_detail', 'state');
INSERT INTO `t_dict` VALUES ('209', '1100', '已退费', '已退费', '2020-05-12 13:46:40', 'pay_fee_detail', 'state');
INSERT INTO `t_dict` VALUES ('210', '1200', '退费失败', '退费失败', '2020-05-12 13:47:09', 'pay_fee_detail', 'state');
INSERT INTO `t_dict` VALUES ('211', '1300', '退费单', '退费单', '2020-05-12 13:47:41', 'pay_fee_detail', 'state');
INSERT INTO `t_dict` VALUES ('212', '888800010006', '押金', '押金', '2020-05-12 15:43:12', 'pay_fee_config', 'fee_type_cd');
INSERT INTO `t_dict` VALUES ('213', '1000', '审核中', '审核中', '2020-05-12 20:18:43', 'return_pay_fee', 'state');
INSERT INTO `t_dict` VALUES ('214', '1100', '审核通过', '审核通过', '2020-05-12 20:19:09', 'return_pay_fee', 'state');
INSERT INTO `t_dict` VALUES ('215', '1200', '审核未通过', '审核未通过', '2020-05-12 20:19:48', 'return_pay_fee', 'state');
INSERT INTO `t_dict` VALUES ('216', '1300', '退款单', '退款单', '2020-05-12 20:31:05', 'return_pay_fee', 'state');
INSERT INTO `t_dict` VALUES ('217', '1000', '当前小区', '当前小区', '2020-05-17 21:19:07', 'small_wechat', 'obj_type');
INSERT INTO `t_dict` VALUES ('218', '1100', '所有小区', '所有小区', '2020-05-17 21:19:30', 'small_wechat', 'obj_type');
INSERT INTO `t_dict` VALUES ('219', '4000', '待设置', '待设置', '2019-11-29 14:09:47', 'machine', 'location_type_cd');
INSERT INTO `t_dict` VALUES ('220', '10003', '公共安全及消防', '公共安全及消防', '2020-05-23 15:26:11', 'activities', 'type_cd');
INSERT INTO `t_dict` VALUES ('221', '10004', '政务及党政宣传', '政务及党政宣传', '2020-05-23 15:26:49', 'activities', 'type_cd');
INSERT INTO `t_dict` VALUES ('222', '10005', '费用公开', '费用公开', '2020-05-23 15:27:47', 'activities', 'type_cd');
INSERT INTO `t_dict` VALUES ('223', '1000', '人脸', '人脸', '2020-05-23 15:27:47', 'machine_record', 'open_type_cd');
INSERT INTO `t_dict` VALUES ('224', '2000', '钥匙开门', '钥匙开门', '2020-05-23 15:27:47', 'machine_record', 'open_type_cd');
INSERT INTO `t_dict` VALUES ('225', '001', '每年1月1日', '每年1月1日', '2020-05-12 15:43:12', 'pay_fee_config', 'bill_type');
INSERT INTO `t_dict` VALUES ('226', '002', '每月1日', '每月1日', '2020-05-12 15:43:12', 'pay_fee_config', 'bill_type');
INSERT INTO `t_dict` VALUES ('227', '003', '每日', '每日', '2020-05-12 15:43:12', 'pay_fee_config', 'bill_type');
INSERT INTO `t_dict` VALUES ('230', '11000', '前台访客图片', '前台访客图片', '2019-11-11 21:54:14', 'file_rel', 'rel_type_cd');
INSERT INTO `t_dict` VALUES ('231', '6677', '访客信息', '访客信息', '2020-06-05 00:14:54', 'machine_translate', 'type_cd');
INSERT INTO `t_dict` VALUES ('232', '5566', '员工人脸', '员工人脸', '2020-06-05 00:14:54', 'machine_translate', 'type_cd');
INSERT INTO `t_dict` VALUES ('233', '1200', '预付费', '预付费', '2020-05-12 15:43:12', 'pay_fee_config', 'payment_cd');
INSERT INTO `t_dict` VALUES ('234', '2100', '后付费', '后付费', '2020-05-12 15:43:12', 'pay_fee_config', 'payment_cd');
INSERT INTO `t_dict` VALUES ('235', '1', '上报设备', '上报设备信息', '2020-06-05 00:14:54', 'machine_translate', 'machine_cmd');
INSERT INTO `t_dict` VALUES ('236', '2', '重启', '重启设备', '2020-06-05 00:14:54', 'machine_translate', 'machine_cmd');
INSERT INTO `t_dict` VALUES ('237', '3', '设置', '设置配置', '2020-06-05 00:14:54', 'machine_translate', 'machine_cmd');
INSERT INTO `t_dict` VALUES ('238', '4', '升级', '升级配置', '2020-06-05 00:14:54', 'machine_translate', 'machine_cmd');
INSERT INTO `t_dict` VALUES ('239', '5', '开门', '开门', '2020-06-05 00:14:54', 'machine_translate', 'machine_cmd');
INSERT INTO `t_dict` VALUES ('240', '101', '增加更新人脸', '增加更新人脸', '2020-06-05 00:14:54', 'machine_translate', 'machine_cmd');
INSERT INTO `t_dict` VALUES ('241', '102', '删除人脸', '删除人脸', '2020-06-05 00:14:54', 'machine_translate', 'machine_cmd');
INSERT INTO `t_dict` VALUES ('242', '103', '清空人脸', '清空人脸', '2020-06-05 00:14:54', 'machine_translate', 'machine_cmd');
INSERT INTO `t_dict` VALUES ('243', '40000', '命令执行成功', '命令执行成功', '2019-11-10 22:17:20', 'machine_translate', 'state');
INSERT INTO `t_dict` VALUES ('244', '50000', '命令执行失败', '命令执行失败', '2019-11-10 22:17:20', 'machine_translate', 'state');
INSERT INTO `t_dict` VALUES ('245', '6', '受控', '受控模式', '2020-06-05 00:14:54', 'machine_translate', 'machine_cmd');
INSERT INTO `t_dict` VALUES ('246', '12000', '员工图片', '员工图片', '2019-11-11 21:54:14', 'file_rel', 'rel_type_cd');
INSERT INTO `t_dict` VALUES ('247', '9997', '考勤机', '考勤机', '2020-06-07 14:18:28', 'machine', 'machine_type_cd');
INSERT INTO `t_dict` VALUES ('248', '13000', '投诉图片', '投诉图片', '2019-11-11 21:54:14', 'file_rel', 'rel_type_cd');
INSERT INTO `t_dict` VALUES ('249', 'APP', '业主版APP注册', '业主版APP注册', '2019-12-23 21:12:55', 'owner_app_user', 'app_type');
INSERT INTO `t_dict` VALUES ('250', 'WECHAT_MINA', '微信小程序', '微信小程序', '2019-12-23 21:12:55', 'owner_app_user', 'app_type');
INSERT INTO `t_dict` VALUES ('251', 'WECHAT', '微信公众号', '微信公众号', '2019-12-23 21:12:55', 'owner_app_user', 'app_type');
INSERT INTO `t_dict` VALUES ('252', '1000', '微信小程序', '微信小程序', '2020-06-15 10:05:08', 'small_wechat', 'wechat_type');
INSERT INTO `t_dict` VALUES ('253', '1100', '微信公众号', '微信公众号', '2020-06-15 10:05:25', 'small_wechat', 'wechat_type');
INSERT INTO `t_dict` VALUES ('254', '100201911001', '微信open_id', '微信open_id', '2019-09-19 11:37:50', 'u_user', 'spec_cd');
INSERT INTO `t_dict` VALUES ('255', '100202061602', '用户临时key', '用户每次登录后刷新', '2019-09-19 11:37:50', 'u_user', 'spec_cd');
INSERT INTO `t_dict` VALUES ('256', '10001', '投诉建议', '投诉建议', '2019-09-19 11:37:50', 'workflow', 'flow_type');
INSERT INTO `t_dict` VALUES ('258', '30003', '采购', '采购', '2019-09-19 11:37:50', 'workflow', 'flow_type');
INSERT INTO `t_dict` VALUES ('259', '33001', '令牌(Token)', '微信公众号token', '2019-09-19 11:37:50', 'small_wechat_attr', 'spec_cd');
INSERT INTO `t_dict` VALUES ('260', '33002', '欠费推送模板ID', '公众号欠费推送模板ID', '2019-09-19 11:37:50', 'small_wechat_attr', 'spec_cd');
INSERT INTO `t_dict` VALUES ('261', 'top', '顶级菜单', '顶级菜单', '2019-09-19 11:37:50', 'wechat_menu', 'menu_type');
INSERT INTO `t_dict` VALUES ('262', 'view', '链接', '链接', '2019-09-19 11:37:50', 'wechat_menu', 'menu_type');
INSERT INTO `t_dict` VALUES ('263', 'miniprogram', '小程序', '小程序', '2019-09-19 11:37:50', 'wechat_menu', 'menu_type');
INSERT INTO `t_dict` VALUES ('266', '888800010008', '停车费', '停车费', '2019-10-30 20:57:36', 'pay_fee_config', 'fee_type_cd');
INSERT INTO `t_dict` VALUES ('267', '888800010009', '煤气费', '煤气费', '2019-10-30 20:57:36', 'pay_fee_config', 'fee_type_cd');
INSERT INTO `t_dict` VALUES ('268', '888800010011', '取暖费', '取暖费', '2019-10-30 20:57:36', 'pay_fee_config', 'fee_type_cd');
INSERT INTO `t_dict` VALUES ('269', '888800010012', '维修费', '维修费', '2019-10-30 20:57:36', 'pay_fee_config', 'fee_type_cd');
INSERT INTO `t_dict` VALUES ('270', '888800010013', '服务费', '服务费', '2019-10-30 20:57:36', 'pay_fee_config', 'fee_type_cd');
INSERT INTO `t_dict` VALUES ('271', '888800010014', '其他', '其他', '2019-10-30 20:57:36', 'pay_fee_config', 'fee_type_cd');
INSERT INTO `t_dict` VALUES ('272', '888800010007', '临时车费用', '临时车费用', '2020-01-27 21:23:41', 'pay_fee_config', 'fee_type_cd');
INSERT INTO `t_dict` VALUES ('273', '100', '抢单', '抢单', '2020-01-27 21:23:41', 'r_repair_setting', 'repair_way');
INSERT INTO `t_dict` VALUES ('274', '200', '指派', '指派', '2020-01-27 21:23:41', 'r_repair_setting', 'repair_way');
INSERT INTO `t_dict` VALUES ('275', '300', '轮训', '轮训', '2020-01-27 21:23:41', 'r_repair_setting', 'repair_way');
INSERT INTO `t_dict` VALUES ('276', '9999', '在线', '在线', '2020-01-27 21:23:41', 'r_repair_type_user', 'state');
INSERT INTO `t_dict` VALUES ('277', '8888', '离线', '离线', '2020-01-27 21:23:41', 'r_repair_type_user', 'state');
INSERT INTO `t_dict` VALUES ('279', '1100', '接单', '接单', '2019-10-18 22:30:06', 'r_repair_pool', 'state');
INSERT INTO `t_dict` VALUES ('280', '1200', '退单', '退单', '2019-10-18 22:30:06', 'r_repair_pool', 'state');
INSERT INTO `t_dict` VALUES ('281', '1300', '转单', '转单', '2019-10-18 22:30:06', 'r_repair_pool', 'state');
INSERT INTO `t_dict` VALUES ('282', '1400', '申请支付', '申请支付', '2019-10-18 22:30:06', 'r_repair_pool', 'state');
INSERT INTO `t_dict` VALUES ('283', '1500', '支付失败', '支付失败', '2019-10-18 22:30:06', 'r_repair_pool', 'state');
INSERT INTO `t_dict` VALUES ('284', '1700', '待评价', '待评价', '2019-10-18 22:30:06', 'r_repair_pool', 'state');
INSERT INTO `t_dict` VALUES ('285', '1800', '电话回访', '电话回访', '2019-10-18 22:30:06', 'r_repair_pool', 'state');
INSERT INTO `t_dict` VALUES ('286', '1900', '办理完成', '办理完成', '2019-10-18 22:30:06', 'r_repair_pool', 'state');
INSERT INTO `t_dict` VALUES ('287', '2000', '未办理结单', '未办理结单', '2019-10-18 22:30:06', 'r_repair_pool', 'state');
INSERT INTO `t_dict` VALUES ('288', '10001', '处理中', '处理中', '2019-10-19 23:34:56', 'r_repair_user', 'state');
INSERT INTO `t_dict` VALUES ('289', '10002', '结单', '结单', '2019-10-19 23:35:29', 'r_repair_user', 'state');
INSERT INTO `t_dict` VALUES ('290', '10003', '退单', '退单', '2019-10-19 23:36:04', 'r_repair_user', 'state');
INSERT INTO `t_dict` VALUES ('291', '10004', '转单', '转单', '2020-06-29 16:01:51', 'r_repair_user', 'state');
INSERT INTO `t_dict` VALUES ('292', '10005', '提交', '提交', '2020-06-29 16:01:51', 'r_repair_user', 'state');
INSERT INTO `t_dict` VALUES ('293', '390001', '报修单ID', '报修单ID', '2020-01-30 17:09:43', 'pay_fee_attrs', 'spec_cd');
INSERT INTO `t_dict` VALUES ('294', '4004', '动态费用', '动态费用', '2020-01-30 17:09:43', 'pay_fee_config', 'computing_formula');
INSERT INTO `t_dict` VALUES ('295', '001', '都不回访', '都不回访', '2020-01-27 21:23:41', 'r_repair_setting', 'return_visit_flag');
INSERT INTO `t_dict` VALUES ('296', '002', '已评价不回访', '已评价不回访', '2020-01-27 21:23:41', 'r_repair_setting', 'return_visit_flag');
INSERT INTO `t_dict` VALUES ('297', '003', '都回访', '都回访', '2020-01-27 21:23:41', 'r_repair_setting', 'return_visit_flag');
INSERT INTO `t_dict` VALUES ('298', '001', '小区', '小区', '2019-10-18 22:30:06', 'r_repair_pool', 'repair_obj_type');
INSERT INTO `t_dict` VALUES ('299', '002', '楼栋', '楼栋', '2019-10-18 22:30:06', 'r_repair_pool', 'repair_obj_type');
INSERT INTO `t_dict` VALUES ('300', '003', '单元', '单元', '2019-10-18 22:30:06', 'r_repair_pool', 'repair_obj_type');
INSERT INTO `t_dict` VALUES ('301', '004', '房屋', '房屋', '2019-10-18 22:30:06', 'r_repair_pool', 'repair_obj_type');
INSERT INTO `t_dict` VALUES ('302', '14000', '维修图片', '维修图片', '2019-11-11 21:54:14', 'file_rel', 'rel_type_cd');
INSERT INTO `t_dict` VALUES ('303', '1000', '小区', '小区', '2019-11-11 21:54:14', 'community_location', 'location_type');
INSERT INTO `t_dict` VALUES ('304', '2000', '单元', '单元', '2019-11-11 21:54:14', 'community_location', 'location_type');
INSERT INTO `t_dict` VALUES ('305', '3000', '房屋', '房屋', '2019-11-11 21:54:14', 'community_location', 'location_type');
INSERT INTO `t_dict` VALUES ('306', '10001', '报修单评价', '报修单评价', '2019-11-11 21:54:14', 'appraise', 'obj_type');
INSERT INTO `t_dict` VALUES ('307', 'http://community-service', '资产服务(service-community)', '资产服务(service-community)', '2019-11-11 21:54:14', 'c_service', 'url');
INSERT INTO `t_dict` VALUES ('308', 'http://common-service', '公共配置服务(service-common)', '公共配置服务(service-common)', '2019-11-11 21:54:14', 'c_service', 'url');
INSERT INTO `t_dict` VALUES ('309', 'http://store-service', '商户服务(service-store)', '商户服务(service-store)', '2019-11-11 21:54:14', 'c_service', 'url');
INSERT INTO `t_dict` VALUES ('310', 'http://user-service', '用户服务(service-user)', '用户服务(service-user)', '2019-11-11 21:54:14', 'c_service', 'url');
INSERT INTO `t_dict` VALUES ('311', 'http://fee-service', '费用服务(service-fee)', '费用服务(service-fee)', '2019-11-11 21:54:14', 'c_service', 'url');
INSERT INTO `t_dict` VALUES ('312', 'http://job-service', '定时服务(service-job)', '定时服务(service-job)', '2019-11-11 21:54:14', 'c_service', 'url');
INSERT INTO `t_dict` VALUES ('313', '40004', '物品领用', '物品领用', '2019-09-19 11:37:50', 'workflow', 'flow_type');
INSERT INTO `t_dict` VALUES ('314', '1001', '普通角色', '普通角色', '2019-09-19 11:37:50', 'workflow_step_staff', 'staff_role');
INSERT INTO `t_dict` VALUES ('315', '2002', '采购人员', '采购人员', '2019-09-19 11:37:50', 'workflow_step_staff', 'staff_role');
INSERT INTO `t_dict` VALUES ('316', '3003', '物品管理员', '物品管理员', '2019-09-19 11:37:50', 'workflow_step_staff', 'staff_role');
INSERT INTO `t_dict` VALUES ('317', '33003', '物业管理通知', '物业管理通知', '2020-07-20 11:05:44', 'small_wechat_attr', 'spec_cd');
INSERT INTO `t_dict` VALUES ('318', '1000', '业主通知', '业主通知', '2020-07-20 11:05:44', 'n_notice', 'notice_type_cd');
INSERT INTO `t_dict` VALUES ('319', '1001', '员工通知', '员工通知', '2020-07-20 11:05:44', 'n_notice', 'notice_type_cd');
INSERT INTO `t_dict` VALUES ('320', '1002', '小区通知', '小区通知', '2020-07-20 11:05:44', 'n_notice', 'notice_type_cd');
INSERT INTO `t_dict` VALUES ('321', '1003', '业主微信', '业主微信', '2020-07-20 11:05:44', 'n_notice', 'notice_type_cd');
INSERT INTO `t_dict` VALUES ('322', '1000', '待通知', '待通知', '2020-07-20 11:05:44', 'n_notice', 'state');
INSERT INTO `t_dict` VALUES ('323', '2000', '通知中', '通知中', '2020-07-20 11:05:44', 'n_notice', 'state');
INSERT INTO `t_dict` VALUES ('324', '3000', '通知完成', '通知完成', '2020-07-20 11:05:44', 'n_notice', 'state');
INSERT INTO `t_dict` VALUES ('325', '3344', '整租', '整租', '2020-07-20 11:05:44', 'renting_config', 'renting_type');
INSERT INTO `t_dict` VALUES ('326', '4455', '合租', '合租', '2020-07-20 11:05:44', 'renting_config', 'renting_type');
INSERT INTO `t_dict` VALUES ('327', '1001', '固定值', '固定值', '2020-07-20 11:05:44', 'renting_config', 'renting_formula');
INSERT INTO `t_dict` VALUES ('328', '2002', '每月租金比例', '每月租金比例', '2020-07-20 11:05:44', 'renting_config', 'renting_formula');
INSERT INTO `t_dict` VALUES ('329', '1001', '正常', '正常', '2019-10-15 09:47:21', 'owner_car', 'state');
INSERT INTO `t_dict` VALUES ('330', '2002', '欠费', '欠费', '2019-10-15 09:47:21', 'owner_car', 'state');
INSERT INTO `t_dict` VALUES ('331', '3003', '车位释放', '正常', '2019-10-15 09:47:21', 'owner_car', 'state');
INSERT INTO `t_dict` VALUES ('332', '4455', '车辆信息', '车辆信息', '2020-09-01 09:03:56', 'machine_translate', 'type_cd');
INSERT INTO `t_dict` VALUES ('333', '201', '增加更新车辆', '增加更新车辆', '2020-09-01 09:07:47', 'machine_translate', 'machine_cmd');
INSERT INTO `t_dict` VALUES ('334', '202', '删除车辆', '删除车辆', '2020-09-01 09:08:08', 'machine_translate', 'machine_cmd');
INSERT INTO `t_dict` VALUES ('335', '15000', '车辆图片', '车辆图片', '2020-09-01 10:35:17', 'file_rel', 'rel_type_cd');
INSERT INTO `t_dict` VALUES ('336', '888800010015', '水费', '水费', '2019-10-30 20:57:36', 'pay_fee_config', 'fee_type_cd');
INSERT INTO `t_dict` VALUES ('337', '888800010016', '电费', '电费', '2019-10-30 20:57:36', 'pay_fee_config', 'fee_type_cd');
INSERT INTO `t_dict` VALUES ('338', '5005', '(本期度数-上期度数)*单价+附加费', '(本期度数-上期度数)*单价+附加费', '2020-01-30 17:09:43', 'pay_fee_config', 'computing_formula');
INSERT INTO `t_dict` VALUES ('339', '888800010017', '公摊费', '公摊费', '2019-10-30 20:57:36', 'pay_fee_config', 'fee_type_cd');
INSERT INTO `t_dict` VALUES ('340', '390002', '导入费用名称', '导入费用名称', '2020-01-30 17:09:43', 'pay_fee_attrs', 'spec_cd');
INSERT INTO `t_dict` VALUES ('341', '390003', '公摊用量', '公摊用量', '2020-01-30 17:09:43', 'pay_fee_attrs', 'spec_cd');
INSERT INTO `t_dict` VALUES ('342', '390004', '公摊总用量', '公摊总用量', '2020-01-30 17:09:43', 'pay_fee_attrs', 'spec_cd');
INSERT INTO `t_dict` VALUES ('343', '390005', '公摊公式', '公摊公式', '2020-01-30 17:09:43', 'pay_fee_attrs', 'spec_cd');
INSERT INTO `t_dict` VALUES ('344', '1001', '业主提交', '业主提交', '2020-01-30 17:09:43', 'renting_pool_flow', 'state');
INSERT INTO `t_dict` VALUES ('345', '2002', '运营通过', '运营团队通过', '2020-01-30 17:09:43', 'renting_pool_flow', 'state');
INSERT INTO `t_dict` VALUES ('346', '3003', '运营审核不通过', '运营审核不通过', '2020-01-30 17:09:43', 'renting_pool_flow', 'state');
INSERT INTO `t_dict` VALUES ('347', '0', '提交中', '提交中', '2020-09-12 18:45:32', 'renting_pool', 'state');
INSERT INTO `t_dict` VALUES ('348', '1', '平台确认', '平台确认', '2020-09-12 18:45:45', 'renting_pool', 'state');
INSERT INTO `t_dict` VALUES ('349', '2', '预约看房', '预约看房', '2020-09-12 18:45:56', 'renting_pool', 'state');
INSERT INTO `t_dict` VALUES ('350', '3', '租客待支付', '待支付', '2020-09-12 18:46:10', 'renting_pool', 'state');
INSERT INTO `t_dict` VALUES ('351', '4', '申请合同', '申请合同', '2020-09-12 18:46:26', 'renting_pool', 'state');
INSERT INTO `t_dict` VALUES ('352', '5', '运营团队确认', '运营团队确认', '2020-09-12 18:46:39', 'renting_pool', 'state');
INSERT INTO `t_dict` VALUES ('353', '6', '完成', '完成', '2020-09-12 18:46:51', 'renting_pool', 'state');
INSERT INTO `t_dict` VALUES ('354', '1001', '押一付一', '押一付一', '2020-09-12 18:46:51', 'renting_pool', 'payment_type');
INSERT INTO `t_dict` VALUES ('355', '2002', '押一付三', '押一付三', '2020-09-12 18:46:51', 'renting_pool', 'payment_type');
INSERT INTO `t_dict` VALUES ('356', '3003', '押一付六', '押一付六', '2020-09-12 18:46:51', 'renting_pool', 'payment_type');
INSERT INTO `t_dict` VALUES ('357', '1001', '未租房', '未租房', '2020-09-12 18:46:51', 'renting_appointment', 'state');
INSERT INTO `t_dict` VALUES ('358', '2002', '租房失败', '租房失败', '2020-09-12 18:46:51', 'renting_appointment', 'state');
INSERT INTO `t_dict` VALUES ('359', '3003', '租房成功', '租房成功', '2020-09-12 18:46:51', 'renting_appointment', 'state');
INSERT INTO `t_dict` VALUES ('360', '4004', '确定租房', '确定租房', '2020-09-15 16:45:35', 'renting_pool_flow', 'state');
INSERT INTO `t_dict` VALUES ('361', '7', '业主待支付', '业主待支付', '2020-09-12 18:46:10', 'renting_pool', 'state');
INSERT INTO `t_dict` VALUES ('362', '888800010000', '系统费用', '系统费用', '2019-10-30 20:57:36', 'pay_fee_config', 'fee_type_cd');
INSERT INTO `t_dict` VALUES ('363', '888800010001', '物业费', '物业费', '2019-10-30 20:57:36', 'pay_fee_config', 'fee_type_cd_show');
INSERT INTO `t_dict` VALUES ('364', '888800010006', '押金', '押金', '2020-05-12 15:43:12', 'pay_fee_config', 'fee_type_cd_show');
INSERT INTO `t_dict` VALUES ('365', '888800010008', '停车费', '停车费', '2019-10-30 20:57:36', 'pay_fee_config', 'fee_type_cd_show');
INSERT INTO `t_dict` VALUES ('366', '888800010009', '煤气费', '煤气费', '2019-10-30 20:57:36', 'pay_fee_config', 'fee_type_cd_show');
INSERT INTO `t_dict` VALUES ('367', '888800010011', '取暖费', '取暖费', '2019-10-30 20:57:36', 'pay_fee_config', 'fee_type_cd_show');
INSERT INTO `t_dict` VALUES ('368', '888800010012', '维修费', '维修费', '2019-10-30 20:57:36', 'pay_fee_config', 'fee_type_cd_show');
INSERT INTO `t_dict` VALUES ('369', '888800010013', '服务费', '服务费', '2019-10-30 20:57:36', 'pay_fee_config', 'fee_type_cd_show');
INSERT INTO `t_dict` VALUES ('370', '888800010014', '其他', '其他', '2019-10-30 20:57:36', 'pay_fee_config', 'fee_type_cd_show');
INSERT INTO `t_dict` VALUES ('371', '888800010015', '水费', '水费', '2019-10-30 20:57:36', 'pay_fee_config', 'fee_type_cd_show');
INSERT INTO `t_dict` VALUES ('372', '888800010016', '电费', '电费', '2019-10-30 20:57:36', 'pay_fee_config', 'fee_type_cd_show');
INSERT INTO `t_dict` VALUES ('373', '1001', '物业审核', '物业审核', '2019-10-30 20:57:36', 'contract_type', 'audit');
INSERT INTO `t_dict` VALUES ('374', '2002', '不审核', '不审核', '2019-10-30 20:57:36', 'contract_type', 'audit');
INSERT INTO `t_dict` VALUES ('375', '3003', 'admin审核', 'admin审核', '2019-10-30 20:57:36', 'contract_type', 'audit');
INSERT INTO `t_dict` VALUES ('376', '4004', '代理商审核', '代理商审核', '2019-10-30 20:57:36', 'contract_type', 'audit');
INSERT INTO `t_dict` VALUES ('377', '11', '待审核', '待审核', '2019-10-30 20:57:36', 'contract', 'state');
INSERT INTO `t_dict` VALUES ('378', '22', '审核通过', '审核通过', '2019-10-30 20:57:36', 'contract', 'state');
INSERT INTO `t_dict` VALUES ('379', '33', '审核失败', '审核失败', '2019-10-30 20:57:36', 'contract', 'state');
INSERT INTO `t_dict` VALUES ('380', '44', '手工停止', '手工停止', '2019-10-30 20:57:36', 'contract', 'state');
INSERT INTO `t_dict` VALUES ('381', '2002', '未销售', '未销售', '2019-10-30 20:57:36', 'building_room', 'state');
INSERT INTO `t_dict` VALUES ('382', '2001', '已入住', '已入住', '2019-10-30 20:57:36', 'building_room', 'state');
INSERT INTO `t_dict` VALUES ('383', '2003', '已交房', '已交房', '2019-10-30 20:57:36', 'building_room', 'state');
INSERT INTO `t_dict` VALUES ('384', '2005', '已装修', '已装修', '2019-10-30 20:57:36', 'building_room', 'state');
INSERT INTO `t_dict` VALUES ('385', '2004', '未入住', '未入住', '2019-10-30 20:57:36', 'building_room', 'state');
INSERT INTO `t_dict` VALUES ('386', '1010', '托收中', '托收中', '2019-10-30 20:57:36', 'fee_manual_collection', 'state');
INSERT INTO `t_dict` VALUES ('387', '2020', '托收结束', '托收结束', '2019-10-30 20:57:36', 'fee_manual_collection', 'state');
INSERT INTO `t_dict` VALUES ('388', '3030', '托收失败', '托收失败', '2019-10-30 20:57:36', 'fee_manual_collection', 'state');
INSERT INTO `t_dict` VALUES ('389', '1010', '托收中', '托收中', '2019-10-30 20:57:36', 'fee_manual_collection_detail', 'state');
INSERT INTO `t_dict` VALUES ('390', '2020', '已缴费', '已缴费', '2019-10-30 20:57:36', 'fee_manual_collection_detail', 'state');
INSERT INTO `t_dict` VALUES ('391', '3030', '作废', '作废', '2019-10-30 20:57:36', 'fee_manual_collection_detail', 'state');
INSERT INTO `t_dict` VALUES ('392', '16000', '租赁图片', '租赁图片', '2020-09-01 10:35:17', 'file_rel', 'rel_type_cd');
INSERT INTO `t_dict` VALUES ('393', 'http://goods-service', '商品服务(service-goods)', '商品服务(service-goods)', '2019-11-11 21:54:14', 'c_service', 'url');
INSERT INTO `t_dict` VALUES ('394', '17000', '商品封面', '商品封面', '2020-09-01 10:35:17', 'file_rel', 'rel_type_cd');
INSERT INTO `t_dict` VALUES ('395', '18000', '商品轮播', '商品轮播', '2020-09-01 10:35:17', 'file_rel', 'rel_type_cd');
INSERT INTO `t_dict` VALUES ('396', '1001', '未上架', '未上架', '2020-09-01 10:35:17', 'product', 'state');
INSERT INTO `t_dict` VALUES ('397', '2002', '上架', '上架', '2020-09-01 10:35:17', 'product', 'state');
INSERT INTO `t_dict` VALUES ('398', '6006', '用量*单价+附加费', '(本期度数-上期度数)*单价+附加费', '2020-01-30 17:09:43', 'pay_fee_config', 'computing_formula');
INSERT INTO `t_dict` VALUES ('399', '390006', '用量', '用量', '2020-01-30 17:09:43', 'pay_fee_attrs', 'spec_cd');
INSERT INTO `t_dict` VALUES ('400', 'http://report-service', '报表服务(report-service)', '报表服务(report-service)', '2019-11-11 21:54:14', 'c_service', 'url');
INSERT INTO `t_dict` VALUES ('401', '1400', '正常', '正常', '2020-05-12 13:46:12', 'pay_fee_detail', 'state');
INSERT INTO `t_dict` VALUES ('402', '8800012001', '推荐产品', '推荐产品', '2020-05-12 13:46:12', 'product_label', 'label_cd');
INSERT INTO `t_dict` VALUES ('403', '1001', '未购买', '未购买', '2020-05-12 13:46:12', 'store_order_cart', 'state');
INSERT INTO `t_dict` VALUES ('404', '2002', '待发货', '待发货', '2020-05-12 13:46:12', 'store_order_cart', 'state');
INSERT INTO `t_dict` VALUES ('405', '3003', '待收货', '待收货', '2020-05-12 13:46:12', 'store_order_cart', 'state');
INSERT INTO `t_dict` VALUES ('406', '4004', '待评价', '待评价', '2020-05-12 13:46:12', 'store_order_cart', 'state');
INSERT INTO `t_dict` VALUES ('407', '5005', '申请退款', '申请退款', '2020-05-12 13:46:12', 'store_order_cart', 'state');
INSERT INTO `t_dict` VALUES ('408', '6006', '退货成功', '退货成功', '2020-05-12 13:46:12', 'store_order_cart', 'state');
INSERT INTO `t_dict` VALUES ('409', '7007', '已退款', '已退款', '2020-05-12 13:46:12', 'store_order_cart', 'state');
INSERT INTO `t_dict` VALUES ('410', '1700', '同步成功', '同步成功', '2019-12-01 14:46:47', 'machine', 'state');
INSERT INTO `t_dict` VALUES ('411', 'APP', '业主版APP注册', '业主版APP注册', '2019-12-23 21:12:55', 'staff_app_auth', 'app_type');
INSERT INTO `t_dict` VALUES ('412', 'WECHAT_MINA', '微信小程序', '微信小程序', '2019-12-23 21:12:55', 'staff_app_auth', 'app_type');
INSERT INTO `t_dict` VALUES ('413', 'WECHAT', '微信公众号', '微信公众号', '2019-12-23 21:12:55', 'staff_app_auth', 'app_type');
INSERT INTO `t_dict` VALUES ('414', '33004', '业主缴费成功通知', '业主缴费成功通知', '2020-12-14 11:15:38', 'small_wechat_attr', 'spec_cd');
INSERT INTO `t_dict` VALUES ('415', '33005', '业主费用到期通知', '业主费用到期通知', '2020-12-14 11:33:14', 'small_wechat_attr', 'spec_cd');
INSERT INTO `t_dict` VALUES ('416', '301', '添加设备', '添加设备', '2020-09-01 09:08:08', 'machine_translate', 'machine_cmd');
INSERT INTO `t_dict` VALUES ('417', '302', '编辑设备', '编辑设备', '2020-09-01 09:08:08', 'machine_translate', 'machine_cmd');
INSERT INTO `t_dict` VALUES ('418', '303', '删除设备', '删除设备', '2020-09-01 09:08:08', 'machine_translate', 'machine_cmd');
INSERT INTO `t_dict` VALUES ('419', '401', '添加小区', '添加小区', '2020-09-01 09:08:08', 'machine_translate', 'machine_cmd');
INSERT INTO `t_dict` VALUES ('420', '402', '编辑小区', '编辑小区', '2020-09-01 09:08:08', 'machine_translate', 'machine_cmd');
INSERT INTO `t_dict` VALUES ('421', '403', '删除小区', '删除小区', '2020-09-01 09:08:08', 'machine_translate', 'machine_cmd');
INSERT INTO `t_dict` VALUES ('422', '501', '添加业主人脸', '添加业主人脸', '2020-09-01 09:08:08', 'machine_translate', 'machine_cmd');
INSERT INTO `t_dict` VALUES ('423', '502', '编辑业主人脸', '编辑业主人脸', '2020-09-01 09:08:08', 'machine_translate', 'machine_cmd');
INSERT INTO `t_dict` VALUES ('424', '503', '删除业主人脸', '删除业主人脸', '2020-09-01 09:08:08', 'machine_translate', 'machine_cmd');
INSERT INTO `t_dict` VALUES ('425', '60000', '同步失败', '同步失败', '2019-11-10 22:17:01', 'machine_translate', 'state');
INSERT INTO `t_dict` VALUES ('426', '3344', '设备信息', '设备信息', '2020-09-01 09:03:56', 'machine_translate', 'type_cd');
INSERT INTO `t_dict` VALUES ('427', '1', '现金', '现金', '2020-12-18 10:12:43', 'pay_fee_detail', 'prime_rate');
INSERT INTO `t_dict` VALUES ('428', '2', 'POS刷卡', 'POS刷卡', '2020-12-18 10:13:45', 'pay_fee_detail', 'prime_rate');
INSERT INTO `t_dict` VALUES ('429', '3', '微信二维码', '微信二维码', '2020-12-18 10:14:34', 'pay_fee_detail', 'prime_rate');
INSERT INTO `t_dict` VALUES ('430', '4', '支付宝二维码', '支付宝二维码', '2020-12-18 10:15:10', 'pay_fee_detail', 'prime_rate');
INSERT INTO `t_dict` VALUES ('431', '5', '微信公众号支付', '微信公众号支付', '2020-12-18 10:16:00', 'pay_fee_detail', 'prime_rate');
INSERT INTO `t_dict` VALUES ('432', '1', '申请验房', '申请验房', '2019-10-18 22:30:06', 'apply_room_discount', 'state');
INSERT INTO `t_dict` VALUES ('433', '2', '验房通过', '验房通过', '2019-10-18 22:30:06', 'apply_room_discount', 'state');
INSERT INTO `t_dict` VALUES ('434', '3', '验房不通过', '验房不通过', '2019-10-18 22:30:06', 'apply_room_discount', 'state');
INSERT INTO `t_dict` VALUES ('435', '4', '审批通过', '审批通过', '2019-10-18 22:30:06', 'apply_room_discount', 'state');
INSERT INTO `t_dict` VALUES ('436', '5', '审批不通过', '审批不通过', '2019-10-18 22:30:06', 'apply_room_discount', 'state');
INSERT INTO `t_dict` VALUES ('437', '6', '微信小程序支付', '微信小程序支付', '2020-12-18 17:52:39', 'pay_fee_detail', 'prime_rate');
INSERT INTO `t_dict` VALUES ('438', '600311000001', '管理员', '管理员', '2019-10-06 09:46:12', 's_store_user', 'rel_cd');
INSERT INTO `t_dict` VALUES ('439', '600311000002', '普通员工', '普通员工', '2019-10-06 09:46:12', 's_store_user', 'rel_cd');
INSERT INTO `t_dict` VALUES ('440', '4000', '停车场', '停车场', '2019-11-11 21:54:14', 'community_location', 'location_type');
INSERT INTO `t_dict` VALUES ('441', '2233', '停车场信息', '停车场信息', '2020-09-01 09:03:56', 'machine_translate', 'type_cd');
INSERT INTO `t_dict` VALUES ('442', '601', '添加停车场', '添加停车场', '2020-09-01 09:08:08', 'machine_translate', 'machine_cmd');
INSERT INTO `t_dict` VALUES ('443', '602', '编辑停车场', '编辑停车场', '2020-09-01 09:08:08', 'machine_translate', 'machine_cmd');
INSERT INTO `t_dict` VALUES ('444', '603', '删除停车场', '删除停车场', '2020-09-01 09:08:08', 'machine_translate', 'machine_cmd');
INSERT INTO `t_dict` VALUES ('445', '701', '添加车辆', '添加车辆', '2020-09-01 09:08:08', 'machine_translate', 'machine_cmd');
INSERT INTO `t_dict` VALUES ('446', '702', '编辑车辆', '编辑车辆', '2020-09-01 09:08:08', 'machine_translate', 'machine_cmd');
INSERT INTO `t_dict` VALUES ('447', '703', '删除车辆', '删除车辆', '2020-09-01 09:08:08', 'machine_translate', 'machine_cmd');
INSERT INTO `t_dict` VALUES ('449', '9995', '第三方道闸平台', '第三方道闸平台', '2020-01-25 20:59:00', 'machine', 'machine_type_cd');
INSERT INTO `t_dict` VALUES ('450', '9904', '电动车', '电动车', '2019-10-15 09:47:21', 'owner_car', 'car_type');
INSERT INTO `t_dict` VALUES ('451', '9905', '三轮车', '三轮车', '2019-10-15 09:47:21', 'owner_car', 'car_type');
INSERT INTO `t_dict` VALUES ('452', '1010301', '业主房屋', '业主房屋', '2019-10-30 20:57:36', 'building_room', 'room_type');
INSERT INTO `t_dict` VALUES ('453', '2020602', '商铺', '商铺', '2019-10-30 20:57:36', 'building_room', 'room_type');
INSERT INTO `t_dict` VALUES ('454', '2006', '已出租', '已出租', '2019-10-30 20:57:36', 'building_room', 'state');
INSERT INTO `t_dict` VALUES ('455', '2007', '已出售', '已出售', '2019-10-30 20:57:36', 'building_room', 'state');
INSERT INTO `t_dict` VALUES ('456', '2008', '空闲', '空闲', '2019-10-30 20:57:36', 'building_room', 'state');
INSERT INTO `t_dict` VALUES ('457', '801', '添加车辆名单', '添加车辆名单', '2020-09-01 09:08:08', 'machine_translate', 'machine_cmd');
INSERT INTO `t_dict` VALUES ('458', '803', '删除车辆名单', '删除车辆名单', '2020-09-01 09:08:08', 'machine_translate', 'machine_cmd');
INSERT INTO `t_dict` VALUES ('459', '390007', '业主ID', '业主ID', '2020-01-30 17:09:43', 'pay_fee_attrs', 'spec_cd');
INSERT INTO `t_dict` VALUES ('460', '390008', '业主名称', '业主名称', '2020-01-30 17:09:43', 'pay_fee_attrs', 'spec_cd');
INSERT INTO `t_dict` VALUES ('461', '390009', '业主联系方式', '业主联系方式', '2020-01-30 17:09:43', 'pay_fee_attrs', 'spec_cd');
INSERT INTO `t_dict` VALUES ('462', '33006', '空置房审批流程通知', '空置房审批流程通知', '2020-12-14 11:15:38', 'small_wechat_attr', 'spec_cd');
INSERT INTO `t_dict` VALUES ('463', '33007', '空置房审批结果通知', '空置房审批结果通知', '2020-12-14 11:15:38', 'small_wechat_attr', 'spec_cd');
INSERT INTO `t_dict` VALUES ('464', '33008', '业主报修工单通知', '业主报修工单通知', '2020-12-14 11:15:38', 'small_wechat_attr', 'spec_cd');
INSERT INTO `t_dict` VALUES ('465', '33009', '工单派单和转单给维修师傅通知', '工单派单和转单给维修师傅通知', '2020-12-14 11:15:38', 'small_wechat_attr', 'spec_cd');
INSERT INTO `t_dict` VALUES ('466', '33010', '工单派单和抢单提醒给业主通知', '工单派单和抢单提醒给业主通知', '2020-12-14 11:15:38', 'small_wechat_attr', 'spec_cd');
INSERT INTO `t_dict` VALUES ('467', '33011', '工单维修完成通知', '工单维修完成通知', '2020-12-14 11:15:38', 'small_wechat_attr', 'spec_cd');
INSERT INTO `t_dict` VALUES ('468', '9901', '家用小汽车', '家用小汽车', '2019-10-15 09:47:21', 'temp_car_fee_config', 'car_type');
INSERT INTO `t_dict` VALUES ('469', '9902', '客车', '客车', '2019-10-15 09:47:21', 'temp_car_fee_config', 'car_type');
INSERT INTO `t_dict` VALUES ('470', '9903', '货车', '货车', '2019-10-15 09:47:21', 'temp_car_fee_config', 'car_type');
INSERT INTO `t_dict` VALUES ('471', '9904', '电动车', '电动车', '2019-10-15 09:47:21', 'temp_car_fee_config', 'car_type');
INSERT INTO `t_dict` VALUES ('472', '9905', '三轮车', '三轮车', '2019-10-15 09:47:21', 'temp_car_fee_config', 'car_type');
INSERT INTO `t_dict` VALUES ('473', '901', '添加临时车费用', '添加临时车费用', '2020-09-01 09:08:08', 'machine_translate', 'machine_cmd');
INSERT INTO `t_dict` VALUES ('474', '902', '编辑临时车费用', '编辑临时车费用', '2020-09-01 09:08:08', 'machine_translate', 'machine_cmd');
INSERT INTO `t_dict` VALUES ('475', '903', '删除临时车费用', '删除临时车费用', '2020-09-01 09:08:08', 'machine_translate', 'machine_cmd');
INSERT INTO `t_dict` VALUES ('476', '1122', '临时车费用', '临时车费用', '2020-09-01 09:03:56', 'machine_translate', 'type_cd');
INSERT INTO `t_dict` VALUES ('477', '10000', '上午上班打卡', '上午上班打卡', '2020-06-05 00:14:54', 'attendance_classes_attr', 'spec_cd');
INSERT INTO `t_dict` VALUES ('478', '20000', '下午下班打卡', '下午下班打卡', '2020-06-05 00:14:54', 'attendance_classes_attr', 'spec_cd');
INSERT INTO `t_dict` VALUES ('479', '11000', '中午下班打卡', '中午下班打卡', '2020-06-05 00:14:54', 'attendance_classes_attr', 'spec_cd');
INSERT INTO `t_dict` VALUES ('480', '21000', '中午上班打卡', '中午上班打卡', '2020-06-05 00:14:54', 'attendance_classes_attr', 'spec_cd');
INSERT INTO `t_dict` VALUES ('481', '12000', '晚上上班打卡', '晚上上班打卡', '2020-06-05 00:14:54', 'attendance_classes_attr', 'spec_cd');
INSERT INTO `t_dict` VALUES ('482', '22000', '晚上下班打卡', '晚上下班打卡', '2020-06-05 00:14:54', 'attendance_classes_attr', 'spec_cd');
INSERT INTO `t_dict` VALUES ('483', '5000', '部门', '部门', '2019-11-11 21:54:14', 'community_location', 'location_type');
INSERT INTO `t_dict` VALUES ('484', '10000', '未考勤', '未考勤', '2020-06-05 00:14:54', 'attendance_classes_task', 'state');
INSERT INTO `t_dict` VALUES ('485', '20000', '考勤中', '考勤中', '2020-06-05 00:14:54', 'attendance_classes_task', 'state');
INSERT INTO `t_dict` VALUES ('486', '30000', '考勤完成', '考勤完成', '2020-06-05 00:14:54', 'attendance_classes_task', 'state');
INSERT INTO `t_dict` VALUES ('487', '10000', '未考勤', '未考勤', '2020-06-05 00:14:54', 'attendance_classes_task_detail', 'state');
INSERT INTO `t_dict` VALUES ('488', '30000', '正常考勤', '正常考勤', '2020-06-05 00:14:54', 'attendance_classes_task_detail', 'state');
INSERT INTO `t_dict` VALUES ('489', '40000', '迟到', '迟到', '2020-06-05 00:14:54', 'attendance_classes_task_detail', 'state');
INSERT INTO `t_dict` VALUES ('490', '50000', '早退', '早退', '2020-06-05 00:14:54', 'attendance_classes_task_detail', 'state');
INSERT INTO `t_dict` VALUES ('491', '60000', '免考勤', '免考勤', '2020-06-05 00:14:54', 'attendance_classes_task_detail', 'state');
INSERT INTO `t_dict` VALUES ('492', '10006', '已派单', '派单', '2021-02-02 16:39:13', 'r_repair_user', 'state');
INSERT INTO `t_dict` VALUES ('493', '1001', '业主问卷', '业主问卷', '2021-02-02 16:39:13', 'question_answer', 'qa_type');
INSERT INTO `t_dict` VALUES ('494', '2002', '员工自评', '员工自评', '2021-02-02 16:39:13', 'question_answer', 'qa_type');
INSERT INTO `t_dict` VALUES ('495', '3003', '业主投票', '业主投票', '2021-02-02 16:39:13', 'question_answer', 'qa_type');
INSERT INTO `t_dict` VALUES ('496', '4004', '员工投票', '员工投票', '2021-02-02 16:39:13', 'question_answer', 'qa_type');
INSERT INTO `t_dict` VALUES ('497', '7007', '自定义公式', '自定义公式', '2020-01-30 17:09:43', 'pay_fee_config', 'computing_formula');
INSERT INTO `t_dict` VALUES ('498', '48001', '商户正常状态', '商户正常状态', '2021-02-02 16:39:13', 's_store', 'state');
INSERT INTO `t_dict` VALUES ('499', '48002', '限制商户登录', '限制商户登录', '2021-02-02 16:39:13', 's_store', 'state');
INSERT INTO `t_dict` VALUES ('500', '48000', '商户待审核', '商户待审核', '2021-02-02 16:39:13', 's_store', 'state');
INSERT INTO `t_dict` VALUES ('501', '48003', '商户审核失败', '商户审核失败', '2021-02-02 16:39:13', 's_store', 'state');
INSERT INTO `t_dict` VALUES ('502', '2009', '装修中', '装修中', '2021-02-18 16:47:36', 'building_room', 'state');
INSERT INTO `t_dict` VALUES ('503', '1000', '待审核', '待审核', '2021-02-20 16:10:12', 'room_renovation', 'state');
INSERT INTO `t_dict` VALUES ('504', '2000', '审核不通过', '审核不通过', '2021-02-20 16:10:12', 'room_renovation', 'state');
INSERT INTO `t_dict` VALUES ('505', '3000', '装修中', '装修中', '2021-02-20 16:10:12', 'room_renovation', 'state');
INSERT INTO `t_dict` VALUES ('506', '4000', '待验收', '待验收', '2021-02-20 16:10:12', 'room_renovation', 'state');
INSERT INTO `t_dict` VALUES ('507', '5000', '验收成功', '验收成功', '2021-02-20 16:10:12', 'room_renovation', 'state');
INSERT INTO `t_dict` VALUES ('508', '6000', '验收失败', '验收失败', '2021-02-20 16:10:12', 'room_renovation', 'state');
INSERT INTO `t_dict` VALUES ('509', '1000', '待审核', '待审核', '2021-02-20 16:10:12', 'room_renovation_record', 'state');
INSERT INTO `t_dict` VALUES ('510', '2000', '审核不通过', '审核不通过', '2021-02-20 16:10:12', 'room_renovation_record', 'state');
INSERT INTO `t_dict` VALUES ('511', '3000', '装修中', '装修中', '2021-02-20 16:10:12', 'room_renovation_record', 'state');
INSERT INTO `t_dict` VALUES ('512', '4000', '待验收', '待验收', '2021-02-20 16:10:12', 'room_renovation_record', 'state');
INSERT INTO `t_dict` VALUES ('513', '5000', '验收成功', '验收成功', '2021-02-20 16:10:12', 'room_renovation_record', 'state');
INSERT INTO `t_dict` VALUES ('514', '6000', '验收失败', '验收失败', '2021-02-20 16:10:12', 'room_renovation_record', 'state');
INSERT INTO `t_dict` VALUES ('515', '19000', '装修图片', '装修图片', '2021-02-23 09:15:15', 'file_rel', 'rel_type_cd');
INSERT INTO `t_dict` VALUES ('516', '21000', '装修视频', '装修视频', '2021-02-23 09:16:13', 'file_rel', 'rel_type_cd');
INSERT INTO `t_dict` VALUES ('517', '33012', '装修通知-装修申请提醒给业主通知', '装修通知-装修申请提醒给业主通知', '2021-02-23 14:53:50', 'small_wechat_attr', 'spec_cd');
INSERT INTO `t_dict` VALUES ('518', '33013', '装修通知-装修申请提醒给物业人员审核通知', '装修通知-装修申请提醒给物业人员审核通知', '2021-02-23 14:53:50', 'small_wechat_attr', 'spec_cd');
INSERT INTO `t_dict` VALUES ('519', '33014', '装修通知-装修申请审核结果提醒业主通知', '装修通知-装修申请审核结果提醒业主通知', '2021-02-23 14:53:50', 'small_wechat_attr', 'spec_cd');
INSERT INTO `t_dict` VALUES ('520', '33015', '装修通知-装修验收结果提醒业主通知', '装修通知-装修验收结果提醒业主通知', '2021-02-23 14:53:50', 'small_wechat_attr', 'spec_cd');
INSERT INTO `t_dict` VALUES ('525', '001', '提交', '提交', '2021-02-23 14:53:50', 's_shop', 'state');
INSERT INTO `t_dict` VALUES ('526', '002', '审核通过', '审核通过', '2021-02-23 14:53:50', 's_shop', 'state');
INSERT INTO `t_dict` VALUES ('527', '003', '审核不通过', '审核不通过', '2021-02-23 14:53:50', 's_shop', 'state');
INSERT INTO `t_dict` VALUES ('528', '10021', '待审核', '待审核', '2021-02-23 14:53:50', 'main_category_product', 'state');
INSERT INTO `t_dict` VALUES ('529', '20041', '审核通过', '审核通过', '2021-02-23 14:53:50', 'main_category_product', 'state');
INSERT INTO `t_dict` VALUES ('530', '30052', '审核失败', '审核失败', '2021-02-23 14:53:50', 'main_category_product', 'state');
INSERT INTO `t_dict` VALUES ('531', '12001', '待审核', '待审核', '2021-02-23 14:53:50', 's_shop_community', 'state');
INSERT INTO `t_dict` VALUES ('532', '24002', '审核通过', '审核通过', '2021-02-23 14:53:50', 's_shop_community', 'state');
INSERT INTO `t_dict` VALUES ('533', '48004', '审核失败', '审核失败', '2021-02-23 14:53:50', 's_shop_community', 'state');
INSERT INTO `t_dict` VALUES ('534', '1001', '一级', '一级', '2021-04-28 10:20:13', 's_shop_vip_level', 'vip_level');
INSERT INTO `t_dict` VALUES ('535', '2002', '二级', '二级', '2021-04-28 10:20:13', 's_shop_vip_level', 'vip_level');
INSERT INTO `t_dict` VALUES ('536', '3003', '三级', '三级', '2021-04-28 10:20:13', 's_shop_vip_level', 'vip_level');
INSERT INTO `t_dict` VALUES ('537', '2003', '现金账户', '现金账户', '2019-11-11 21:54:14', 'shop_vip_account', 'acct_type');
INSERT INTO `t_dict` VALUES ('538', '2004', '积分账户', '积分账户', '2019-11-11 21:54:14', 'shop_vip_account', 'acct_type');
INSERT INTO `t_dict` VALUES ('539', '2005', '优惠券账户', '优惠券账户', '2019-11-11 21:54:14', 'shop_vip_account', 'acct_type');
INSERT INTO `t_dict` VALUES ('540', '2006', '金币账户', '金币账户', '2019-11-11 21:54:14', 'shop_vip_account', 'acct_type');
INSERT INTO `t_dict` VALUES ('541', '1001', '退货申请', '退货申请', '2021-02-23 14:53:50', 'store_order_cart_return', 'state');
INSERT INTO `t_dict` VALUES ('542', '2002', '退货成功', '退货成功', '2021-02-23 14:53:50', 'store_order_cart_return', 'state');
INSERT INTO `t_dict` VALUES ('543', '3003', '退货失败', '退货失败', '2021-02-23 14:53:50', 'store_order_cart_return', 'state');
INSERT INTO `t_dict` VALUES ('544', '8008', '已评价', '已评价', '2020-05-12 13:46:12', 'store_order_cart', 'state');
INSERT INTO `t_dict` VALUES ('545', '9009', '退货失败', '退货失败', '2020-05-12 13:46:12', 'store_order_cart', 'state');
INSERT INTO `t_dict` VALUES ('546', '1001', '家政', '家政', '2020-05-12 13:46:12', 'housekeeping_type', 'typeCd');
INSERT INTO `t_dict` VALUES ('547', '2002', '商城', '商城', '2020-05-12 13:46:12', 'housekeeping_type', 'typeCd');
INSERT INTO `t_dict` VALUES ('548', '34004', '超市', '超市', '2021-02-23 14:53:50', 's_shop', 'stop_type');
INSERT INTO `t_dict` VALUES ('549', '34005', '餐厅', '餐厅', '2021-02-23 14:53:50', 's_shop', 'stop_type');
INSERT INTO `t_dict` VALUES ('550', '34006', '菜铺', '菜铺', '2021-02-23 14:53:50', 's_shop', 'stop_type');
INSERT INTO `t_dict` VALUES ('551', '34007', '药店', '药店', '2021-02-23 14:53:50', 's_shop', 'stop_type');
INSERT INTO `t_dict` VALUES ('552', '34008', '母婴', '母婴', '2021-02-23 14:53:50', 's_shop', 'stop_type');
INSERT INTO `t_dict` VALUES ('553', '34009', '家政', '家政', '2021-02-23 14:53:50', 's_shop', 'stop_type');
