-- Table structure for act_ge_property
-- ----------------------------
CREATE TABLE `act_ge_property` (
  `NAME_` varchar(64) COLLATE utf8_bin NOT NULL DEFAULT '',
  `VALUE_` varchar(300) COLLATE utf8_bin DEFAULT NULL,
  `REV_` int(11) DEFAULT NULL,
  PRIMARY KEY (`NAME_`)
) ENGINE=InnoDB DEFAULT CHARSET=utf8 COLLATE=utf8_bin;

-- ----------------------------
-- Records of act_ge_property
-- ----------------------------
INSERT INTO `act_ge_property` VALUES ('cfg.execution-related-entities-count', 'false', '1');
INSERT INTO `act_ge_property` VALUES ('next.dbid', '80001', '33');
INSERT INTO `act_ge_property` VALUES ('schema.history', 'create(6.0.0.4)', '1');
INSERT INTO `act_ge_property` VALUES ('schema.version', '6.0.0.4', '1');

-- ----------------------------
-- Table structure for act_hi_actinst
-- ----------------------------
CREATE TABLE `act_hi_actinst` (
  `ID_` varchar(64) COLLATE utf8_bin NOT NULL,
  `PROC_DEF_ID_` varchar(64) COLLATE utf8_bin NOT NULL,
  `PROC_INST_ID_` varchar(64) COLLATE utf8_bin NOT NULL,
  `EXECUTION_ID_` varchar(64) COLLATE utf8_bin NOT NULL,
  `ACT_ID_` varchar(255) COLLATE utf8_bin NOT NULL,
  `TASK_ID_` varchar(64) COLLATE utf8_bin DEFAULT NULL,
  `CALL_PROC_INST_ID_` varchar(64) COLLATE utf8_bin DEFAULT NULL,
  `ACT_NAME_` varchar(255) COLLATE utf8_bin DEFAULT NULL,
  `ACT_TYPE_` varchar(255) COLLATE utf8_bin NOT NULL,
  `ASSIGNEE_` varchar(255) COLLATE utf8_bin DEFAULT NULL,
  `START_TIME_` datetime(3) NOT NULL,
  `END_TIME_` datetime(3) DEFAULT NULL,
  `DURATION_` bigint(20) DEFAULT NULL,
  `DELETE_REASON_` varchar(4000) COLLATE utf8_bin DEFAULT NULL,
  `TENANT_ID_` varchar(255) COLLATE utf8_bin DEFAULT '',
  PRIMARY KEY (`ID_`),
  KEY `ACT_IDX_HI_ACT_INST_START` (`START_TIME_`) USING BTREE,
  KEY `ACT_IDX_HI_ACT_INST_END` (`END_TIME_`) USING BTREE,
  KEY `ACT_IDX_HI_ACT_INST_PROCINST` (`PROC_INST_ID_`,`ACT_ID_`) USING BTREE,
  KEY `ACT_IDX_HI_ACT_INST_EXEC` (`EXECUTION_ID_`,`ACT_ID_`) USING BTREE
) ENGINE=InnoDB DEFAULT CHARSET=utf8 COLLATE=utf8_bin;

-- ----------------------------
-- Records of act_hi_actinst
-- ----------------------------
INSERT INTO `act_hi_actinst` VALUES ('17513', 'complaint:2:17506', '17508', '17512', '_2', null, null, 'StartEvent', 'startEvent', null, '2019-11-03 13:01:54.658', '2019-11-03 13:01:54.660', '2', null, '');
INSERT INTO `act_hi_actinst` VALUES ('17514', 'complaint:2:17506', '17508', '17512', '_3', '17515', null, 'complaitUser', 'userTask', null, '2019-11-03 13:01:54.663', null, null, null, '');
INSERT INTO `act_hi_actinst` VALUES ('17521', 'complaint:2:17506', '17516', '17520', '_2', null, null, 'StartEvent', 'startEvent', null, '2019-11-03 13:12:11.693', '2019-11-03 13:12:11.693', '0', null, '');
INSERT INTO `act_hi_actinst` VALUES ('17522', 'complaint:2:17506', '17516', '17520', '_3', '17523', null, 'complaitUser', 'userTask', null, '2019-11-03 13:12:11.693', null, null, null, '');
INSERT INTO `act_hi_actinst` VALUES ('17532', 'complaint:2:17506', '17527', '17531', '_2', null, null, 'StartEvent', 'startEvent', null, '2019-11-03 15:56:07.727', '2019-11-03 15:56:07.727', '0', null, '');
INSERT INTO `act_hi_actinst` VALUES ('17533', 'complaint:2:17506', '17527', '17531', '_3', '17534', null, 'complaitUser', 'userTask', null, '2019-11-03 15:56:07.727', null, null, null, '');
INSERT INTO `act_hi_actinst` VALUES ('20006', 'complaint:2:17506', '20001', '20005', '_2', null, null, 'StartEvent', 'startEvent', null, '2019-11-03 20:51:36.353', '2019-11-03 20:51:36.356', '3', null, '');
INSERT INTO `act_hi_actinst` VALUES ('20007', 'complaint:2:17506', '20001', '20005', '_3', '20008', null, 'complaitUser', 'userTask', null, '2019-11-03 20:51:36.358', null, null, null, '');
INSERT INTO `act_hi_actinst` VALUES ('22506', 'complaint:2:17506', '22501', '22505', '_2', null, null, 'StartEvent', 'startEvent', null, '2019-11-03 20:55:23.168', '2019-11-03 20:55:23.170', '2', null, '');
INSERT INTO `act_hi_actinst` VALUES ('22507', 'complaint:2:17506', '22501', '22505', '_3', '22508', null, 'complaitUser', 'userTask', null, '2019-11-03 20:55:23.172', null, null, null, '');
INSERT INTO `act_hi_actinst` VALUES ('25014', 'complaint:3:25006', '25008', '25013', '_2', null, null, 'StartEvent', 'startEvent', null, '2019-11-04 14:12:34.618', '2019-11-04 14:12:34.620', '2', null, '');
INSERT INTO `act_hi_actinst` VALUES ('25015', 'complaint:3:25006', '25008', '25013', '_7', '25016', null, 'complaint', 'userTask', '30518940136629616640', '2019-11-04 14:12:34.622', '2019-11-04 14:12:34.944', '322', null, '');
INSERT INTO `act_hi_actinst` VALUES ('25020', 'complaint:3:25006', '25008', '25013', '_3', '25021', null, 'complaitDealUser', 'userTask', null, '2019-11-04 14:12:34.944', '2019-11-04 23:10:34.636', '32279692', null, '');
INSERT INTO `act_hi_actinst` VALUES ('25031', 'complaint:3:25006', '25025', '25030', '_2', null, null, 'StartEvent', 'startEvent', null, '2019-11-04 14:15:13.958', '2019-11-04 14:15:13.958', '0', null, '');
INSERT INTO `act_hi_actinst` VALUES ('25032', 'complaint:3:25006', '25025', '25030', '_7', '25033', null, 'complaint', 'userTask', '30518940136629616640', '2019-11-04 14:15:13.958', '2019-11-04 14:15:14.027', '69', null, '');
INSERT INTO `act_hi_actinst` VALUES ('25037', 'complaint:3:25006', '25025', '25030', '_3', '25038', null, 'complaitDealUser', 'userTask', null, '2019-11-04 14:15:14.027', '2019-11-04 23:14:36.155', '32362128', null, '');
INSERT INTO `act_hi_actinst` VALUES ('27503', 'complaint:3:25006', '25008', '25013', '_4', null, null, 'EndEvent', 'endEvent', null, '2019-11-04 23:10:34.640', '2019-11-04 23:10:34.640', '0', null, '');
INSERT INTO `act_hi_actinst` VALUES ('27510', 'complaint:3:25006', '27504', '27509', '_2', null, null, 'StartEvent', 'startEvent', null, '2019-11-04 23:13:47.110', '2019-11-04 23:13:47.110', '0', null, '');
INSERT INTO `act_hi_actinst` VALUES ('27511', 'complaint:3:25006', '27504', '27509', '_7', '27512', null, 'complaint', 'userTask', '30518940136629616640', '2019-11-04 23:13:47.110', '2019-11-04 23:13:47.281', '171', null, '');
INSERT INTO `act_hi_actinst` VALUES ('27516', 'complaint:3:25006', '27504', '27509', '_3', '27517', null, 'complaitDealUser', 'userTask', null, '2019-11-04 23:13:47.281', '2019-11-04 23:20:14.619', '387338', null, '');
INSERT INTO `act_hi_actinst` VALUES ('27523', 'complaint:3:25006', '25025', '25030', '_4', null, null, 'EndEvent', 'endEvent', null, '2019-11-04 23:14:36.155', '2019-11-04 23:14:36.155', '0', null, '');
INSERT INTO `act_hi_actinst` VALUES ('30007', 'complaint:3:25006', '30001', '30006', '_2', null, null, 'StartEvent', 'startEvent', null, '2019-11-04 23:20:03.281', '2019-11-04 23:20:03.283', '2', null, '');
INSERT INTO `act_hi_actinst` VALUES ('30008', 'complaint:3:25006', '30001', '30006', '_7', '30009', null, 'complaint', 'userTask', '30518940136629616640', '2019-11-04 23:20:03.285', '2019-11-04 23:20:03.557', '272', null, '');
INSERT INTO `act_hi_actinst` VALUES ('30013', 'complaint:3:25006', '30001', '30006', '_3', '30014', null, 'complaitDealUser', 'userTask', null, '2019-11-04 23:20:03.558', '2019-11-04 23:25:46.263', '342705', null, '');
INSERT INTO `act_hi_actinst` VALUES ('30020', 'complaint:3:25006', '27504', '27509', '_4', null, null, 'EndEvent', 'endEvent', null, '2019-11-04 23:20:14.619', '2019-11-04 23:20:14.619', '0', null, '');
INSERT INTO `act_hi_actinst` VALUES ('30027', 'complaint:3:25006', '30021', '30026', '_2', null, null, 'StartEvent', 'startEvent', null, '2019-11-04 23:25:29.266', '2019-11-04 23:25:29.266', '0', null, '');
INSERT INTO `act_hi_actinst` VALUES ('30028', 'complaint:3:25006', '30021', '30026', '_7', '30029', null, 'complaint', 'userTask', '30518940136629616640', '2019-11-04 23:25:29.266', '2019-11-04 23:25:29.317', '51', null, '');
INSERT INTO `act_hi_actinst` VALUES ('30033', 'complaint:3:25006', '30021', '30026', '_3', '30034', null, 'complaitDealUser', 'userTask', null, '2019-11-04 23:25:29.317', '2019-11-04 23:39:47.426', '858109', null, '');
INSERT INTO `act_hi_actinst` VALUES ('30040', 'complaint:3:25006', '30001', '30006', '_4', null, null, 'EndEvent', 'endEvent', null, '2019-11-04 23:25:46.263', '2019-11-04 23:25:46.263', '0', null, '');
INSERT INTO `act_hi_actinst` VALUES ('32507', 'complaint:3:25006', '32501', '32506', '_2', null, null, 'StartEvent', 'startEvent', null, '2019-11-04 23:39:35.802', '2019-11-04 23:39:35.804', '2', null, '');
INSERT INTO `act_hi_actinst` VALUES ('32508', 'complaint:3:25006', '32501', '32506', '_7', '32509', null, 'complaint', 'userTask', '30518940136629616640', '2019-11-04 23:39:35.806', '2019-11-04 23:39:36.074', '268', null, '');
INSERT INTO `act_hi_actinst` VALUES ('32513', 'complaint:3:25006', '32501', '32506', '_3', '32514', null, 'complaitDealUser', 'userTask', null, '2019-11-04 23:39:36.074', '2019-11-04 23:43:57.978', '261904', null, '');
INSERT INTO `act_hi_actinst` VALUES ('32520', 'complaint:3:25006', '30021', '30026', '_4', null, null, 'EndEvent', 'endEvent', null, '2019-11-04 23:39:47.426', '2019-11-04 23:39:47.426', '0', null, '');
INSERT INTO `act_hi_actinst` VALUES ('32527', 'complaint:3:25006', '32521', '32526', '_2', null, null, 'StartEvent', 'startEvent', null, '2019-11-04 23:43:03.905', '2019-11-04 23:43:03.905', '0', null, '');
INSERT INTO `act_hi_actinst` VALUES ('32528', 'complaint:3:25006', '32521', '32526', '_7', '32529', null, 'complaint', 'userTask', '30518940136629616640', '2019-11-04 23:43:03.905', '2019-11-04 23:43:03.953', '48', null, '');
INSERT INTO `act_hi_actinst` VALUES ('32533', 'complaint:3:25006', '32521', '32526', '_3', '32534', null, 'complaitDealUser', 'userTask', null, '2019-11-04 23:43:03.953', '2019-11-04 23:53:41.114', '637161', null, '');
INSERT INTO `act_hi_actinst` VALUES ('32540', 'complaint:3:25006', '32501', '32506', '_4', null, null, 'EndEvent', 'endEvent', null, '2019-11-04 23:43:57.978', '2019-11-04 23:43:57.979', '1', null, '');
INSERT INTO `act_hi_actinst` VALUES ('32547', 'complaint:3:25006', '32541', '32546', '_2', null, null, 'StartEvent', 'startEvent', null, '2019-11-04 23:46:03.330', '2019-11-04 23:46:03.331', '1', null, '');
INSERT INTO `act_hi_actinst` VALUES ('32548', 'complaint:3:25006', '32541', '32546', '_7', '32549', null, 'complaint', 'userTask', '30518940136629616640', '2019-11-04 23:46:03.331', '2019-11-04 23:46:03.375', '44', null, '');
INSERT INTO `act_hi_actinst` VALUES ('32553', 'complaint:3:25006', '32541', '32546', '_3', '32554', null, 'complaitDealUser', 'userTask', null, '2019-11-04 23:46:03.375', '2019-11-05 00:05:43.798', '1180423', null, '');
INSERT INTO `act_hi_actinst` VALUES ('32560', 'complaint:3:25006', '32521', '32526', '_4', null, null, 'EndEvent', 'endEvent', null, '2019-11-04 23:53:41.114', '2019-11-04 23:53:41.114', '0', null, '');
INSERT INTO `act_hi_actinst` VALUES ('35003', 'complaint:3:25006', '32541', '32546', '_4', null, null, 'EndEvent', 'endEvent', null, '2019-11-05 00:05:43.802', '2019-11-05 00:05:43.802', '0', null, '');
INSERT INTO `act_hi_actinst` VALUES ('35010', 'complaint:3:25006', '35004', '35009', '_2', null, null, 'StartEvent', 'startEvent', null, '2019-11-05 00:06:30.169', '2019-11-05 00:06:30.169', '0', null, '');
INSERT INTO `act_hi_actinst` VALUES ('35011', 'complaint:3:25006', '35004', '35009', '_7', '35012', null, 'complaint', 'userTask', '30518940136629616640', '2019-11-05 00:06:30.169', '2019-11-05 00:06:30.350', '181', null, '');
INSERT INTO `act_hi_actinst` VALUES ('35016', 'complaint:3:25006', '35004', '35009', '_3', '35017', null, 'complaitDealUser', 'userTask', null, '2019-11-05 00:06:30.350', '2019-11-05 00:06:40.195', '9845', null, '');
INSERT INTO `act_hi_actinst` VALUES ('35023', 'complaint:3:25006', '35004', '35009', '_4', null, null, 'EndEvent', 'endEvent', null, '2019-11-05 00:06:40.195', '2019-11-05 00:06:40.195', '0', null, '');
INSERT INTO `act_hi_actinst` VALUES ('37507', 'complaint:3:25006', '37501', '37506', '_2', null, null, 'StartEvent', 'startEvent', null, '2019-11-05 14:07:53.423', '2019-11-05 14:07:53.425', '2', null, '');
INSERT INTO `act_hi_actinst` VALUES ('37508', 'complaint:3:25006', '37501', '37506', '_7', '37509', null, 'complaint', 'userTask', '30518940136629616640', '2019-11-05 14:07:53.427', '2019-11-05 14:07:53.684', '257', null, '');
INSERT INTO `act_hi_actinst` VALUES ('37513', 'complaint:3:25006', '37501', '37506', '_3', '37514', null, 'complaitDealUser', 'userTask', null, '2019-11-05 14:07:53.684', '2019-11-05 14:09:01.617', '67933', null, '');
INSERT INTO `act_hi_actinst` VALUES ('37520', 'complaint:3:25006', '37501', '37506', '_4', null, null, 'EndEvent', 'endEvent', null, '2019-11-05 14:09:01.617', '2019-11-05 14:09:01.617', '0', null, '');
INSERT INTO `act_hi_actinst` VALUES ('40007', 'complaint:3:25006', '40001', '40006', '_2', null, null, 'StartEvent', 'startEvent', null, '2019-11-05 14:15:44.784', '2019-11-05 14:15:44.786', '2', null, '');
INSERT INTO `act_hi_actinst` VALUES ('40008', 'complaint:3:25006', '40001', '40006', '_7', '40009', null, 'complaint', 'userTask', '30518940136629616640', '2019-11-05 14:15:44.788', '2019-11-05 14:15:45.051', '263', null, '');
INSERT INTO `act_hi_actinst` VALUES ('40013', 'complaint:3:25006', '40001', '40006', '_3', '40014', null, 'complaitDealUser', 'userTask', null, '2019-11-05 14:15:45.051', '2019-11-05 14:17:06.849', '81798', null, '');
INSERT INTO `act_hi_actinst` VALUES ('40020', 'complaint:3:25006', '40001', '40006', '_4', null, null, 'EndEvent', 'endEvent', null, '2019-11-05 14:17:06.849', '2019-11-05 14:17:06.849', '0', null, '');
INSERT INTO `act_hi_actinst` VALUES ('40027', 'complaint:3:25006', '40021', '40026', '_2', null, null, 'StartEvent', 'startEvent', null, '2019-11-05 16:02:14.682', '2019-11-05 16:02:14.682', '0', null, '');
INSERT INTO `act_hi_actinst` VALUES ('40028', 'complaint:3:25006', '40021', '40026', '_7', '40029', null, 'complaint', 'userTask', '30518940136629616640', '2019-11-05 16:02:14.682', '2019-11-05 16:02:14.727', '45', null, '');
INSERT INTO `act_hi_actinst` VALUES ('40033', 'complaint:3:25006', '40021', '40026', '_3', '40034', null, 'complaitDealUser', 'userTask', null, '2019-11-05 16:02:14.727', '2019-11-05 22:39:57.488', '23862761', null, '');
INSERT INTO `act_hi_actinst` VALUES ('40045', 'complaint:3:25006', '40038', '40044', '_2', null, null, 'StartEvent', 'startEvent', null, '2019-11-05 22:26:46.144', '2019-11-05 22:26:46.144', '0', null, '');
INSERT INTO `act_hi_actinst` VALUES ('40046', 'complaint:3:25006', '40038', '40044', '_7', '40047', null, 'complaint', 'userTask', '30518940136629616640', '2019-11-05 22:26:46.144', '2019-11-05 22:26:46.196', '52', null, '');
INSERT INTO `act_hi_actinst` VALUES ('40051', 'complaint:3:25006', '40038', '40044', '_3', '40052', null, 'complaitDealUser', 'userTask', null, '2019-11-05 22:26:46.196', '2019-11-05 22:34:10.051', '443855', null, '');
INSERT INTO `act_hi_actinst` VALUES ('40057', 'complaint:3:25006', '40038', '40044', '_4', null, null, 'EndEvent', 'endEvent', null, '2019-11-05 22:34:10.051', '2019-11-05 22:34:10.051', '0', null, '');
INSERT INTO `act_hi_actinst` VALUES ('40060', 'complaint:3:25006', '40021', '40026', '_4', null, null, 'EndEvent', 'endEvent', null, '2019-11-05 22:39:57.488', '2019-11-05 22:39:57.488', '0', null, '');
INSERT INTO `act_hi_actinst` VALUES ('42514', 'complaint:4:42506', '42508', '42513', '_2', null, null, 'StartEvent', 'startEvent', null, '2019-11-05 22:53:12.277', '2019-11-05 22:53:12.279', '2', null, '');
INSERT INTO `act_hi_actinst` VALUES ('42515', 'complaint:4:42506', '42508', '42513', '_7', '42516', null, 'complaint', 'userTask', '30518940136629616640', '2019-11-05 22:53:12.281', '2019-11-05 22:53:12.507', '226', null, '');
INSERT INTO `act_hi_actinst` VALUES ('42520', 'complaint:4:42506', '42508', '42513', '_3', '42521', null, 'complaitDealUser', 'userTask', '30518940136629616640', '2019-11-05 22:53:12.507', '2019-11-05 22:53:27.599', '15092', null, '');
INSERT INTO `act_hi_actinst` VALUES ('42527', 'complaint:4:42506', '42508', '42513', '_4', null, null, 'EndEvent', 'endEvent', null, '2019-11-05 22:53:27.599', '2019-11-05 22:53:27.599', '0', null, '');
INSERT INTO `act_hi_actinst` VALUES ('42534', 'complaint:4:42506', '42528', '42533', '_2', null, null, 'StartEvent', 'startEvent', null, '2019-11-05 22:59:06.321', '2019-11-05 22:59:06.321', '0', null, '');
INSERT INTO `act_hi_actinst` VALUES ('42535', 'complaint:4:42506', '42528', '42533', '_7', '42536', null, 'complaint', 'userTask', '30518940136629616640', '2019-11-05 22:59:06.321', '2019-11-05 22:59:06.367', '46', null, '');
INSERT INTO `act_hi_actinst` VALUES ('42540', 'complaint:4:42506', '42528', '42533', '_3', '42541', null, 'complaitDealUser', 'userTask', '30518940136629616640', '2019-11-05 22:59:06.367', '2019-11-05 23:00:59.314', '112947', null, '');
INSERT INTO `act_hi_actinst` VALUES ('42547', 'complaint:4:42506', '42528', '42533', '_4', null, null, 'EndEvent', 'endEvent', null, '2019-11-05 23:00:59.314', '2019-11-05 23:00:59.314', '0', null, '');
INSERT INTO `act_hi_actinst` VALUES ('42555', 'complaint:4:42506', '42548', '42554', '_2', null, null, 'StartEvent', 'startEvent', null, '2019-11-05 23:07:01.681', '2019-11-05 23:07:01.681', '0', null, '');
INSERT INTO `act_hi_actinst` VALUES ('42556', 'complaint:4:42506', '42548', '42554', '_7', '42557', null, 'complaint', 'userTask', '30518940136629616640', '2019-11-05 23:07:01.682', '2019-11-05 23:07:01.741', '59', null, '');
INSERT INTO `act_hi_actinst` VALUES ('42561', 'complaint:4:42506', '42548', '42554', '_3', '42562', null, 'complaitDealUser', 'userTask', '30518940136629616640', '2019-11-05 23:07:01.741', '2019-11-05 23:07:27.006', '25265', null, '');
INSERT INTO `act_hi_actinst` VALUES ('42567', 'complaint:4:42506', '42548', '42554', '_4', null, null, 'EndEvent', 'endEvent', null, '2019-11-05 23:07:27.006', '2019-11-05 23:07:27.006', '0', null, '');
INSERT INTO `act_hi_actinst` VALUES ('45014', 'complaint:5:45006', '45008', '45013', '_2', null, null, 'StartEvent', 'startEvent', null, '2019-11-05 23:45:57.362', '2019-11-05 23:45:57.364', '2', null, '');
INSERT INTO `act_hi_actinst` VALUES ('45015', 'complaint:5:45006', '45008', '45013', '_7', '45016', null, 'complaint', 'userTask', '30518940136629616640', '2019-11-05 23:45:57.366', null, null, null, '');
INSERT INTO `act_hi_actinst` VALUES ('50014', 'complaint:7:50006', '50008', '50013', '_2', null, null, 'StartEvent', 'startEvent', null, '2019-11-06 00:48:12.659', '2019-11-06 00:48:12.661', '2', null, '');
INSERT INTO `act_hi_actinst` VALUES ('50015', 'complaint:7:50006', '50008', '50013', '_7', '50016', null, 'complaint', 'userTask', '30518940136629616640', '2019-11-06 00:48:12.663', '2019-11-06 00:48:12.912', '249', null, '');
INSERT INTO `act_hi_actinst` VALUES ('50020', 'complaint:7:50006', '50008', '50013', '_3', '50021', null, 'complaitDealUser', 'userTask', null, '2019-11-06 00:48:12.912', '2019-11-06 00:48:56.662', '43750', null, '');
INSERT INTO `act_hi_actinst` VALUES ('50027', 'complaint:7:50006', '50008', '50013', '_4', null, null, 'EndEvent', 'endEvent', null, '2019-11-06 00:48:56.662', '2019-11-06 00:48:56.662', '0', null, '');
INSERT INTO `act_hi_actinst` VALUES ('52507', 'complaint:7:50006', '52501', '52506', '_2', null, null, 'StartEvent', 'startEvent', null, '2019-11-06 01:09:06.539', '2019-11-06 01:09:06.541', '2', null, '');
INSERT INTO `act_hi_actinst` VALUES ('52508', 'complaint:7:50006', '52501', '52506', '_7', '52509', null, 'complaint', 'userTask', '30518940136629616640', '2019-11-06 01:09:06.543', '2019-11-06 01:09:07.095', '552', null, '');
INSERT INTO `act_hi_actinst` VALUES ('52514', 'complaint:7:50006', '52501', '52506', '_3', '52515', null, 'complaitDealUser', 'userTask', null, '2019-11-06 01:09:07.095', '2019-11-06 01:10:38.007', '90912', null, '');
INSERT INTO `act_hi_actinst` VALUES ('52522', 'complaint:7:50006', '52501', '52506', '_4', null, null, 'EndEvent', 'endEvent', null, '2019-11-06 01:10:38.007', '2019-11-06 01:10:38.007', '0', null, '');
INSERT INTO `act_hi_actinst` VALUES ('55007', 'complaint:7:50006', '55001', '55006', '_2', null, null, 'StartEvent', 'startEvent', null, '2019-11-06 01:31:21.986', '2019-11-06 01:31:21.988', '2', null, '');
INSERT INTO `act_hi_actinst` VALUES ('55008', 'complaint:7:50006', '55001', '55006', '_7', '55009', null, 'complaint', 'userTask', '30518940136629616640', '2019-11-06 01:31:21.990', '2019-11-06 01:31:22.379', '389', null, '');
INSERT INTO `act_hi_actinst` VALUES ('55013', 'complaint:7:50006', '55001', '55006', '_3', '55014', null, 'complaitDealUser', 'userTask', null, '2019-11-06 01:31:22.379', '2019-11-06 01:31:44.893', '22514', null, '');
INSERT INTO `act_hi_actinst` VALUES ('55020', 'complaint:7:50006', '55001', '55006', '_4', null, null, 'EndEvent', 'endEvent', null, '2019-11-06 01:31:44.893', '2019-11-06 01:31:44.893', '0', null, '');
INSERT INTO `act_hi_actinst` VALUES ('57507', 'complaint:7:50006', '57501', '57506', '_2', null, null, 'StartEvent', 'startEvent', null, '2019-11-06 01:38:45.391', '2019-11-06 01:38:45.393', '2', null, '');
INSERT INTO `act_hi_actinst` VALUES ('57508', 'complaint:7:50006', '57501', '57506', '_7', '57509', null, 'complaint', 'userTask', '30518940136629616640', '2019-11-06 01:38:45.395', '2019-11-06 01:38:45.951', '556', null, '');
INSERT INTO `act_hi_actinst` VALUES ('57515', 'complaint:7:50006', '57501', '57506', '_3', '57516', null, 'complaitDealUser', 'userTask', null, '2019-11-06 01:38:45.951', '2019-11-06 01:39:10.773', '24822', null, '');
INSERT INTO `act_hi_actinst` VALUES ('57524', 'complaint:7:50006', '57501', '57506', '_4', null, null, 'EndEvent', 'endEvent', null, '2019-11-06 01:39:10.773', '2019-11-06 01:39:10.773', '0', null, '');
INSERT INTO `act_hi_actinst` VALUES ('60007', 'complaint:7:50006', '60001', '60006', '_2', null, null, 'StartEvent', 'startEvent', null, '2019-11-06 01:46:06.382', '2019-11-06 01:46:06.384', '2', null, '');
INSERT INTO `act_hi_actinst` VALUES ('60008', 'complaint:7:50006', '60001', '60006', '_7', '60009', null, 'complaint', 'userTask', '30518940136629616640', '2019-11-06 01:46:06.386', '2019-11-06 01:46:06.738', '352', null, '');
INSERT INTO `act_hi_actinst` VALUES ('60013', 'complaint:7:50006', '60001', '60006', '_3', '60014', null, 'complaitDealUser', 'userTask', null, '2019-11-06 01:46:06.739', '2019-11-06 01:46:29.106', '22367', null, '');
INSERT INTO `act_hi_actinst` VALUES ('60021', 'complaint:7:50006', '60001', '60006', '_4', null, null, 'EndEvent', 'endEvent', null, '2019-11-06 01:46:29.106', '2019-11-06 01:46:29.106', '0', null, '');
INSERT INTO `act_hi_actinst` VALUES ('62507', 'complaint:7:50006', '62501', '62506', '_2', null, null, 'StartEvent', 'startEvent', null, '2019-11-06 11:29:40.630', '2019-11-06 11:29:40.632', '2', null, '');
INSERT INTO `act_hi_actinst` VALUES ('62508', 'complaint:7:50006', '62501', '62506', '_7', '62509', null, 'complaint', 'userTask', '30518940136629616640', '2019-11-06 11:29:40.634', '2019-11-06 11:29:41.179', '545', null, '');
INSERT INTO `act_hi_actinst` VALUES ('62513', 'complaint:7:50006', '62501', '62506', '_3', '62514', null, 'complaitDealUser', 'userTask', null, '2019-11-06 11:29:41.179', '2019-11-06 11:30:30.055', '48876', null, '');
INSERT INTO `act_hi_actinst` VALUES ('62520', 'complaint:7:50006', '62501', '62506', '_4', null, null, 'EndEvent', 'endEvent', null, '2019-11-06 11:30:30.055', '2019-11-06 11:30:30.055', '0', null, '');
INSERT INTO `act_hi_actinst` VALUES ('65014', 'complaint:8:65006', '65008', '65013', '_2', null, null, 'StartEvent', 'startEvent', null, '2019-11-07 13:49:14.255', '2019-11-07 13:49:14.257', '2', null, '');
INSERT INTO `act_hi_actinst` VALUES ('65015', 'complaint:8:65006', '65008', '65013', '_7', '65016', null, 'complaint', 'userTask', '30518940136629616640', '2019-11-07 13:49:14.259', '2019-11-07 13:49:14.523', '264', null, '');
INSERT INTO `act_hi_actinst` VALUES ('65021', 'complaint:8:65006', '65008', '65013', '_3', '65022', null, 'complaitDealUser', 'userTask', null, '2019-11-07 13:49:14.523', '2019-11-07 13:50:19.290', '64767', null, '');
INSERT INTO `act_hi_actinst` VALUES ('65028', 'complaint:8:65006', '65008', '65013', '_4', null, null, 'EndEvent', 'endEvent', null, '2019-11-07 13:50:19.290', '2019-11-07 13:50:19.290', '0', null, '');
INSERT INTO `act_hi_actinst` VALUES ('65035', 'complaint:8:65006', '65029', '65034', '_2', null, null, 'StartEvent', 'startEvent', null, '2019-11-11 13:46:44.330', '2019-11-11 13:46:44.330', '0', null, '');
INSERT INTO `act_hi_actinst` VALUES ('65036', 'complaint:8:65006', '65029', '65034', '_7', '65037', null, 'complaint', 'userTask', '30518940136629616640', '2019-11-11 13:46:44.330', '2019-11-11 13:46:44.481', '151', null, '');
INSERT INTO `act_hi_actinst` VALUES ('65042', 'complaint:8:65006', '65029', '65034', '_3', '65043', null, 'complaitDealUser', 'userTask', null, '2019-11-11 13:46:44.481', null, null, null, '');
INSERT INTO `act_hi_actinst` VALUES ('67523', 'complaint:8:65006', '67516', '67522', '_2', null, null, 'StartEvent', 'startEvent', null, '2019-11-21 16:03:03.428', '2019-11-21 16:03:03.428', '0', null, '');
INSERT INTO `act_hi_actinst` VALUES ('67524', 'complaint:8:65006', '67516', '67522', '_7', '67525', null, 'complaint', 'userTask', '302019111903710004', '2019-11-21 16:03:03.428', '2019-11-21 16:03:03.629', '201', null, '');
INSERT INTO `act_hi_actinst` VALUES ('67530', 'complaint:8:65006', '67516', '67522', '_3', '67531', null, 'complaitDealUser', 'userTask', null, '2019-11-21 16:03:03.629', null, null, null, '');
INSERT INTO `act_hi_actinst` VALUES ('72523', 'complaint:8:65006', '72516', '72522', '_2', null, null, 'StartEvent', 'startEvent', null, '2019-12-03 10:11:05.499', '2019-12-03 10:11:05.500', '1', null, '');
INSERT INTO `act_hi_actinst` VALUES ('72524', 'complaint:8:65006', '72516', '72522', '_7', '72525', null, 'complaint', 'userTask', '30518940136629616640', '2019-12-03 10:11:05.500', '2019-12-03 10:11:05.699', '199', null, '');
INSERT INTO `act_hi_actinst` VALUES ('72529', 'complaint:8:65006', '72516', '72522', '_3', '72530', null, 'complaitDealUser', 'userTask', null, '2019-12-03 10:11:05.699', null, null, null, '');
INSERT INTO `act_hi_actinst` VALUES ('75032', 'complaint:8:65006', '75026', '75031', '_2', null, null, 'StartEvent', 'startEvent', null, '2019-12-31 13:33:28.404', '2019-12-31 13:33:28.404', '0', null, '');
INSERT INTO `act_hi_actinst` VALUES ('75033', 'complaint:8:65006', '75026', '75031', '_7', '75034', null, 'complaint', 'userTask', '1292827282727', '2019-12-31 13:33:28.404', '2019-12-31 13:33:28.578', '174', null, '');
INSERT INTO `act_hi_actinst` VALUES ('75039', 'complaint:8:65006', '75026', '75031', '_3', '75040', null, 'complaitDealUser', 'userTask', null, '2019-12-31 13:33:28.578', null, null, null, '');
INSERT INTO `act_hi_actinst` VALUES ('75050', 'complaint:8:65006', '75044', '75049', '_2', null, null, 'StartEvent', 'startEvent', null, '2019-12-31 13:36:50.419', '2019-12-31 13:36:50.419', '0', null, '');
INSERT INTO `act_hi_actinst` VALUES ('75051', 'complaint:8:65006', '75044', '75049', '_7', '75052', null, 'complaint', 'userTask', '1292827282727', '2019-12-31 13:36:50.419', '2019-12-31 13:36:50.453', '34', null, '');
INSERT INTO `act_hi_actinst` VALUES ('75057', 'complaint:8:65006', '75044', '75049', '_3', '75058', null, 'complaitDealUser', 'userTask', null, '2019-12-31 13:36:50.453', null, null, null, '');
INSERT INTO `act_hi_actinst` VALUES ('75069', 'complaint:8:65006', '75062', '75068', '_2', null, null, 'StartEvent', 'startEvent', null, '2019-12-31 15:35:22.054', '2019-12-31 15:35:22.054', '0', null, '');
INSERT INTO `act_hi_actinst` VALUES ('75070', 'complaint:8:65006', '75062', '75068', '_7', '75071', null, 'complaint', 'userTask', '1292827282727', '2019-12-31 15:35:22.054', '2019-12-31 15:35:22.174', '120', null, '');
INSERT INTO `act_hi_actinst` VALUES ('75076', 'complaint:8:65006', '75062', '75068', '_3', '75077', null, 'complaitDealUser', 'userTask', null, '2019-12-31 15:35:22.175', null, null, null, '');
INSERT INTO `act_hi_actinst` VALUES ('75087', 'complaint:8:65006', '75081', '75086', '_2', null, null, 'StartEvent', 'startEvent', null, '2019-12-31 15:38:12.376', '2019-12-31 15:38:12.376', '0', null, '');
INSERT INTO `act_hi_actinst` VALUES ('75088', 'complaint:8:65006', '75081', '75086', '_7', '75089', null, 'complaint', 'userTask', '1292827282727', '2019-12-31 15:38:12.376', '2019-12-31 15:38:12.413', '37', null, '');
INSERT INTO `act_hi_actinst` VALUES ('7509', 'resourceEntry:1:7504', '7505', '7508', '_2', null, null, 'StartEvent', 'startEvent', null, '2019-10-23 20:56:01.912', '2019-10-23 20:56:01.914', '2', null, '');
INSERT INTO `act_hi_actinst` VALUES ('75094', 'complaint:8:65006', '75081', '75086', '_3', '75095', null, 'complaitDealUser', 'userTask', null, '2019-12-31 15:38:12.414', null, null, null, '');
INSERT INTO `act_hi_actinst` VALUES ('7510', 'resourceEntry:1:7504', '7505', '7508', '_3', '7511', null, 'department', 'userTask', null, '2019-10-23 20:56:01.916', '2019-10-23 20:58:50.079', '168163', null, '');
INSERT INTO `act_hi_actinst` VALUES ('7516', 'resourceEntry:1:7504', '7512', '7515', '_2', null, null, 'StartEvent', 'startEvent', null, '2019-10-23 20:57:33.841', '2019-10-23 20:57:33.841', '0', null, '');
INSERT INTO `act_hi_actinst` VALUES ('7517', 'resourceEntry:1:7504', '7512', '7515', '_3', '7518', null, 'department', 'userTask', null, '2019-10-23 20:57:33.841', null, null, null, '');
INSERT INTO `act_hi_actinst` VALUES ('7520', 'resourceEntry:1:7504', '7505', '7508', '_4', '7521', null, 'leader', 'userTask', null, '2019-10-23 20:58:50.079', '2019-10-23 20:58:50.157', '78', null, '');
INSERT INTO `act_hi_actinst` VALUES ('7522', 'resourceEntry:1:7504', '7505', '7508', '_5', null, null, 'EndEvent', 'endEvent', null, '2019-10-23 20:58:50.157', '2019-10-23 20:58:50.157', '0', null, '');
INSERT INTO `act_hi_actinst` VALUES ('77517', 'complaint:8:65006', '77511', '77516', '_2', null, null, 'StartEvent', 'startEvent', null, '2020-01-09 15:09:42.494', '2020-01-09 15:09:42.494', '0', null, '');
INSERT INTO `act_hi_actinst` VALUES ('77518', 'complaint:8:65006', '77511', '77516', '_7', '77519', null, 'complaint', 'userTask', '302019123177780006', '2020-01-09 15:09:42.494', '2020-01-09 15:09:42.689', '195', null, '');
INSERT INTO `act_hi_actinst` VALUES ('77524', 'complaint:8:65006', '77511', '77516', '_3', '77525', null, 'complaitDealUser', 'userTask', null, '2020-01-09 15:09:42.689', null, null, null, '');
INSERT INTO `act_hi_actinst` VALUES ('77536', 'complaint:8:65006', '77529', '77535', '_2', null, null, 'StartEvent', 'startEvent', null, '2020-01-09 20:56:38.661', '2020-01-09 20:56:38.661', '0', null, '');
INSERT INTO `act_hi_actinst` VALUES ('77537', 'complaint:8:65006', '77529', '77535', '_7', '77538', null, 'complaint', 'userTask', '302019112303150001', '2020-01-09 20:56:38.661', '2020-01-09 20:56:38.804', '143', null, '');
INSERT INTO `act_hi_actinst` VALUES ('77543', 'complaint:8:65006', '77529', '77535', '_3', '77544', null, 'complaitDealUser', 'userTask', null, '2020-01-09 20:56:38.804', null, null, null, '');
INSERT INTO `act_hi_actinst` VALUES ('77559', 'complaint:8:65006', '77553', '77558', '_2', null, null, 'StartEvent', 'startEvent', null, '2020-01-10 21:00:00.791', '2020-01-10 21:00:00.791', '0', null, '');
INSERT INTO `act_hi_actinst` VALUES ('77560', 'complaint:8:65006', '77553', '77558', '_7', '77561', null, 'complaint', 'userTask', '302020011038880018', '2020-01-10 21:00:00.791', '2020-01-10 21:00:00.918', '127', null, '');
INSERT INTO `act_hi_actinst` VALUES ('77566', 'complaint:8:65006', '77553', '77558', '_3', '77567', null, 'complaitDealUser', 'userTask', null, '2020-01-10 21:00:00.918', null, null, null, '');

-- ----------------------------
-- Table structure for act_hi_attachment
-- ----------------------------
CREATE TABLE `act_hi_attachment` (
  `ID_` varchar(64) COLLATE utf8_bin NOT NULL,
  `REV_` int(11) DEFAULT NULL,
  `USER_ID_` varchar(255) COLLATE utf8_bin DEFAULT NULL,
  `NAME_` varchar(255) COLLATE utf8_bin DEFAULT NULL,
  `DESCRIPTION_` varchar(4000) COLLATE utf8_bin DEFAULT NULL,
  `TYPE_` varchar(255) COLLATE utf8_bin DEFAULT NULL,
  `TASK_ID_` varchar(64) COLLATE utf8_bin DEFAULT NULL,
  `PROC_INST_ID_` varchar(64) COLLATE utf8_bin DEFAULT NULL,
  `URL_` varchar(4000) COLLATE utf8_bin DEFAULT NULL,
  `CONTENT_ID_` varchar(64) COLLATE utf8_bin DEFAULT NULL,
  `TIME_` datetime(3) DEFAULT NULL,
  PRIMARY KEY (`ID_`)
) ENGINE=InnoDB DEFAULT CHARSET=utf8 COLLATE=utf8_bin;

-- ----------------------------
-- Records of act_hi_attachment
-- ----------------------------

-- ----------------------------
-- Table structure for act_hi_comment
-- ----------------------------
CREATE TABLE `act_hi_comment` (
  `ID_` varchar(64) COLLATE utf8_bin NOT NULL,
  `TYPE_` varchar(255) COLLATE utf8_bin DEFAULT NULL,
  `TIME_` datetime(3) NOT NULL,
  `USER_ID_` varchar(255) COLLATE utf8_bin DEFAULT NULL,
  `TASK_ID_` varchar(64) COLLATE utf8_bin DEFAULT NULL,
  `PROC_INST_ID_` varchar(64) COLLATE utf8_bin DEFAULT NULL,
  `ACTION_` varchar(255) COLLATE utf8_bin DEFAULT NULL,
  `MESSAGE_` varchar(4000) COLLATE utf8_bin DEFAULT NULL,
  `FULL_MSG_` longblob,
  PRIMARY KEY (`ID_`)
) ENGINE=InnoDB DEFAULT CHARSET=utf8 COLLATE=utf8_bin;

-- ----------------------------
-- Records of act_hi_comment
-- ----------------------------
INSERT INTO `act_hi_comment` VALUES ('25018', 'comment', '2019-11-04 14:12:34.897', '30518940136629616640', '25016', '25008', 'AddComment', '提交', 0xE68F90E4BAA4);
INSERT INTO `act_hi_comment` VALUES ('25035', 'comment', '2019-11-04 14:15:14.009', '30518940136629616640', '25033', '25025', 'AddComment', '提交', 0xE68F90E4BAA4);
INSERT INTO `act_hi_comment` VALUES ('27501', 'comment', '2019-11-04 23:10:34.524', '302019110143040008', '25021', '25008', 'AddComment', '同意', 0xE5908CE6848F);
INSERT INTO `act_hi_comment` VALUES ('27514', 'comment', '2019-11-04 23:13:47.264', '30518940136629616640', '27512', '27504', 'AddComment', '提交', 0xE68F90E4BAA4);
INSERT INTO `act_hi_comment` VALUES ('27521', 'comment', '2019-11-04 23:14:36.137', '302019110143040008', '25038', '25025', 'AddComment', '同意', 0xE5908CE6848F);
INSERT INTO `act_hi_comment` VALUES ('30011', 'comment', '2019-11-04 23:20:03.511', '30518940136629616640', '30009', '30001', 'AddComment', '提交', 0xE68F90E4BAA4);
INSERT INTO `act_hi_comment` VALUES ('30018', 'comment', '2019-11-04 23:20:14.592', '302019110143040008', '27517', '27504', 'AddComment', '同意', 0xE5908CE6848F);
INSERT INTO `act_hi_comment` VALUES ('30031', 'comment', '2019-11-04 23:25:29.301', '30518940136629616640', '30029', '30021', 'AddComment', '提交', 0xE68F90E4BAA4);
INSERT INTO `act_hi_comment` VALUES ('30038', 'comment', '2019-11-04 23:25:46.246', '302019110143040008', '30014', '30001', 'AddComment', '同意', 0xE5908CE6848F);
INSERT INTO `act_hi_comment` VALUES ('32511', 'comment', '2019-11-04 23:39:36.030', '30518940136629616640', '32509', '32501', 'AddComment', '提交', 0xE68F90E4BAA4);
INSERT INTO `act_hi_comment` VALUES ('32518', 'comment', '2019-11-04 23:39:47.405', '302019110143040008', '30034', '30021', 'AddComment', '同意', 0xE5908CE6848F);
INSERT INTO `act_hi_comment` VALUES ('32531', 'comment', '2019-11-04 23:43:03.938', '30518940136629616640', '32529', '32521', 'AddComment', '提交', 0xE68F90E4BAA4);
INSERT INTO `act_hi_comment` VALUES ('32538', 'comment', '2019-11-04 23:43:57.962', '302019110143040008', '32514', '32501', 'AddComment', '同意', 0xE5908CE6848F);
INSERT INTO `act_hi_comment` VALUES ('32551', 'comment', '2019-11-04 23:46:03.360', '30518940136629616640', '32549', '32541', 'AddComment', '提交', 0xE68F90E4BAA4);
INSERT INTO `act_hi_comment` VALUES ('32558', 'comment', '2019-11-04 23:53:41.089', '302019110143040008', '32534', '32521', 'AddComment', '同意', 0xE5908CE6848F);
INSERT INTO `act_hi_comment` VALUES ('35001', 'comment', '2019-11-05 00:05:43.683', '302019110143040008', '32554', '32541', 'AddComment', '同意', 0xE5908CE6848F);
INSERT INTO `act_hi_comment` VALUES ('35014', 'comment', '2019-11-05 00:06:30.331', '30518940136629616640', '35012', '35004', 'AddComment', '提交', 0xE68F90E4BAA4);
INSERT INTO `act_hi_comment` VALUES ('35021', 'comment', '2019-11-05 00:06:40.172', '302019110143040008', '35017', '35004', 'AddComment', '同意', 0xE5908CE6848F);
INSERT INTO `act_hi_comment` VALUES ('37511', 'comment', '2019-11-05 14:07:53.642', '30518940136629616640', '37509', '37501', 'AddComment', '提交', 0xE68F90E4BAA4);
INSERT INTO `act_hi_comment` VALUES ('37518', 'comment', '2019-11-05 14:09:01.594', '302019110143040008', '37514', '37501', 'AddComment', '同意', 0xE5908CE6848F);
INSERT INTO `act_hi_comment` VALUES ('40011', 'comment', '2019-11-05 14:15:45.007', '30518940136629616640', '40009', '40001', 'AddComment', '提交', 0xE68F90E4BAA4);
INSERT INTO `act_hi_comment` VALUES ('40018', 'comment', '2019-11-05 14:17:06.827', '302019110143040008', '40014', '40001', 'AddComment', '同意', 0xE5908CE6848F);
INSERT INTO `act_hi_comment` VALUES ('40031', 'comment', '2019-11-05 16:02:14.713', '30518940136629616640', '40029', '40021', 'AddComment', '提交', 0xE68F90E4BAA4);
INSERT INTO `act_hi_comment` VALUES ('40049', 'comment', '2019-11-05 22:26:46.181', '30518940136629616640', '40047', '40038', 'AddComment', '提交', 0xE68F90E4BAA4);
INSERT INTO `act_hi_comment` VALUES ('40056', 'comment', '2019-11-05 22:34:10.034', '302019110143040008', '40052', '40038', 'AddComment', '同意', 0xE5908CE6848F);
INSERT INTO `act_hi_comment` VALUES ('40058', 'comment', '2019-11-05 22:39:57.472', '302019110143040008', '40034', '40021', 'AddComment', '同意', 0xE5908CE6848F);
INSERT INTO `act_hi_comment` VALUES ('42518', 'comment', '2019-11-05 22:53:12.459', '30518940136629616640', '42516', '42508', 'AddComment', '提交', 0xE68F90E4BAA4);
INSERT INTO `act_hi_comment` VALUES ('42525', 'comment', '2019-11-05 22:53:27.578', '302019110143040008', '42521', '42508', 'AddComment', '同意', 0xE5908CE6848F);
INSERT INTO `act_hi_comment` VALUES ('42538', 'comment', '2019-11-05 22:59:06.351', '30518940136629616640', '42536', '42528', 'AddComment', '提交', 0xE68F90E4BAA4);
INSERT INTO `act_hi_comment` VALUES ('42545', 'comment', '2019-11-05 23:00:59.296', '302019110143040008', '42541', '42528', 'AddComment', '同意', 0xE5908CE6848F);
INSERT INTO `act_hi_comment` VALUES ('42559', 'comment', '2019-11-05 23:07:01.725', '30518940136629616640', '42557', '42548', 'AddComment', '提交', 0xE68F90E4BAA4);
INSERT INTO `act_hi_comment` VALUES ('42566', 'comment', '2019-11-05 23:07:26.988', '302019110143040008', '42562', '42548', 'AddComment', '同意', 0xE5908CE6848F);
INSERT INTO `act_hi_comment` VALUES ('45018', 'comment', '2019-11-05 23:45:57.581', '30518940136629616640', '45016', '45008', 'AddComment', '提交', 0xE68F90E4BAA4);
INSERT INTO `act_hi_comment` VALUES ('50018', 'comment', '2019-11-06 00:48:12.870', '30518940136629616640', '50016', '50008', 'AddComment', '提交', 0xE68F90E4BAA4);
INSERT INTO `act_hi_comment` VALUES ('50025', 'comment', '2019-11-06 00:48:56.641', '302019110143040008', '50021', '50008', 'AddComment', '同意', 0xE5908CE6848F);
INSERT INTO `act_hi_comment` VALUES ('52511', 'comment', '2019-11-06 01:09:06.847', '30518940136629616640', '52509', '52501', 'AddComment', '提交', 0xE68F90E4BAA4);
INSERT INTO `act_hi_comment` VALUES ('52512', 'event', '2019-11-06 01:09:07.055', '30518940136629616640', '52509', null, 'AddUserLink', '30518940136629616640_|_assignee', null);
INSERT INTO `act_hi_comment` VALUES ('52519', 'comment', '2019-11-06 01:10:37.981', '302019110143040008', '52515', '52501', 'AddComment', '同意', 0xE5908CE6848F);
INSERT INTO `act_hi_comment` VALUES ('52520', 'event', '2019-11-06 01:10:37.987', '302019110143040008', '52515', null, 'AddUserLink', '302019110143040008_|_assignee', null);
INSERT INTO `act_hi_comment` VALUES ('55011', 'comment', '2019-11-06 01:31:22.308', '30518940136629616640', '55009', '55001', 'AddComment', '提交', 0xE68F90E4BAA4);
INSERT INTO `act_hi_comment` VALUES ('55018', 'comment', '2019-11-06 01:31:44.865', '302019110143040008', '55014', '55001', 'AddComment', '同意', 0xE5908CE6848F);
INSERT INTO `act_hi_comment` VALUES ('57511', 'comment', '2019-11-06 01:38:45.892', '30518940136629616640', '57509', '57501', 'AddComment', '提交', 0xE68F90E4BAA4);
INSERT INTO `act_hi_comment` VALUES ('57513', 'event', '2019-11-06 01:38:45.910', '30518940136629616640', '57509', null, 'AddUserLink', '30518940136629616640_|_candidate', null);
INSERT INTO `act_hi_comment` VALUES ('57520', 'comment', '2019-11-06 01:39:10.731', '302019110143040008', '57516', '57501', 'AddComment', '同意', 0xE5908CE6848F);
INSERT INTO `act_hi_comment` VALUES ('57523', 'event', '2019-11-06 01:39:10.740', '302019110143040008', '57516', null, 'AddUserLink', '302019110143040008_|_candidate', null);
INSERT INTO `act_hi_comment` VALUES ('60011', 'comment', '2019-11-06 01:46:06.693', '30518940136629616640', '60009', '60001', 'AddComment', '提交', 0xE68F90E4BAA4);
INSERT INTO `act_hi_comment` VALUES ('60020', 'comment', '2019-11-06 01:46:29.083', '302019110143040008', '60014', '60001', 'AddComment', '同意', 0xE5908CE6848F);
INSERT INTO `act_hi_comment` VALUES ('62511', 'comment', '2019-11-06 11:29:41.110', '30518940136629616640', '62509', '62501', 'AddComment', '提交', 0xE68F90E4BAA4);
INSERT INTO `act_hi_comment` VALUES ('62518', 'comment', '2019-11-06 11:30:30.025', '302019110143040008', '62514', '62501', 'AddComment', '同意', 0xE5908CE6848F);
INSERT INTO `act_hi_comment` VALUES ('62521', 'comment', '2019-11-06 15:13:03.028', '30518940136629616640', '45016', '45008', 'AddComment', '同意', 0xE5908CE6848F);
INSERT INTO `act_hi_comment` VALUES ('65018', 'comment', '2019-11-07 13:49:14.478', '30518940136629616640', '65016', '65008', 'AddComment', '提交', 0xE68F90E4BAA4);
INSERT INTO `act_hi_comment` VALUES ('65026', 'comment', '2019-11-07 13:50:19.251', '302019110143040008', '65022', '65008', 'AddComment', '同意', 0xE5908CE6848F);
INSERT INTO `act_hi_comment` VALUES ('65039', 'comment', '2019-11-11 13:46:44.446', '30518940136629616640', '65037', '65029', 'AddComment', '提交', 0xE68F90E4BAA4);
INSERT INTO `act_hi_comment` VALUES ('65047', 'comment', '2019-11-11 13:47:23.281', '30518940136629616640', '45016', '45008', 'AddComment', '同意', 0xE5908CE6848F);
INSERT INTO `act_hi_comment` VALUES ('65052', 'comment', '2019-11-11 13:47:46.613', '30518940136629616640', '45016', '45008', 'AddComment', '同意', 0xE5908CE6848F);
INSERT INTO `act_hi_comment` VALUES ('67501', 'comment', '2019-11-15 17:17:57.649', '30518940136629616640', '45016', '45008', 'AddComment', '同意', 0xE5908CE6848F);
INSERT INTO `act_hi_comment` VALUES ('67506', 'comment', '2019-11-16 15:24:21.882', '30518940136629616640', '45016', '45008', 'AddComment', '同意', 0xE5908CE6848F);
INSERT INTO `act_hi_comment` VALUES ('67511', 'comment', '2019-11-16 17:42:53.389', '30518940136629616640', '45016', '45008', 'AddComment', '33333333333333', 0x3333333333333333333333333333);
INSERT INTO `act_hi_comment` VALUES ('67527', 'comment', '2019-11-21 16:03:03.602', '302019111903710004', '67525', '67516', 'AddComment', '提交', 0xE68F90E4BAA4);
INSERT INTO `act_hi_comment` VALUES ('70001', 'comment', '2019-11-24 21:13:31.354', '30518940136629616640', '45016', '45008', 'AddComment', '同意', 0xE5908CE6848F);
INSERT INTO `act_hi_comment` VALUES ('70006', 'comment', '2019-11-25 15:20:46.406', '30518940136629616640', '45016', '45008', 'AddComment', '同意', 0xE5908CE6848F);
INSERT INTO `act_hi_comment` VALUES ('72501', 'comment', '2019-11-28 08:51:58.105', '30518940136629616640', '45016', '45008', 'AddComment', '同意', 0xE5908CE6848F);
INSERT INTO `act_hi_comment` VALUES ('72506', 'comment', '2019-11-28 17:03:44.170', '30518940136629616640', '45016', '45008', 'AddComment', '123', 0x313233);
INSERT INTO `act_hi_comment` VALUES ('72511', 'comment', '2019-11-29 12:18:35.918', '30518940136629616640', '45016', '45008', 'AddComment', '同意', 0xE5908CE6848F);
INSERT INTO `act_hi_comment` VALUES ('72526', 'comment', '2019-12-03 10:11:05.667', '30518940136629616640', '72525', '72516', 'AddComment', '提交', 0xE68F90E4BAA4);
INSERT INTO `act_hi_comment` VALUES ('72534', 'comment', '2019-12-03 20:50:33.038', '30518940136629616640', '45016', '45008', 'AddComment', '同意', 0xE5908CE6848F);
INSERT INTO `act_hi_comment` VALUES ('72539', 'comment', '2019-12-03 20:50:51.374', '30518940136629616640', '45016', '45008', 'AddComment', '同意', 0xE5908CE6848F);
INSERT INTO `act_hi_comment` VALUES ('72544', 'comment', '2019-12-04 14:03:49.962', '30518940136629616640', '45016', '45008', 'AddComment', '同意', 0xE5908CE6848F);
INSERT INTO `act_hi_comment` VALUES ('72549', 'comment', '2019-12-04 14:33:03.560', '30518940136629616640', '45016', '45008', 'AddComment', '同意', 0xE5908CE6848F);
INSERT INTO `act_hi_comment` VALUES ('72554', 'comment', '2019-12-07 11:48:08.410', '30518940136629616640', '45016', '45008', 'AddComment', '同意nmb、 ', 0xE5908CE6848F6E6D62E380810A);
INSERT INTO `act_hi_comment` VALUES ('72559', 'comment', '2019-12-07 11:48:27.570', '30518940136629616640', '45016', '45008', 'AddComment', '就是不想同意', 0xE5B0B1E698AFE4B88DE683B3E5908CE6848F);
INSERT INTO `act_hi_comment` VALUES ('72564', 'comment', '2019-12-07 15:58:00.496', '30518940136629616640', '45016', '45008', 'AddComment', '同意', 0xE5908CE6848F);
INSERT INTO `act_hi_comment` VALUES ('72569', 'comment', '2019-12-15 20:01:32.742', '30518940136629616640', '45016', '45008', 'AddComment', '同意', 0xE5908CE6848F);
INSERT INTO `act_hi_comment` VALUES ('72574', 'comment', '2019-12-15 20:01:53.907', '30518940136629616640', '45016', '45008', 'AddComment', '没钱', 0xE6B2A1E992B1);
INSERT INTO `act_hi_comment` VALUES ('72579', 'comment', '2019-12-16 16:06:08.345', '30518940136629616640', '45016', '45008', 'AddComment', '同意', 0xE5908CE6848F);
INSERT INTO `act_hi_comment` VALUES ('72584', 'comment', '2019-12-16 16:27:07.765', '30518940136629616640', '45016', '45008', 'AddComment', '同意', 0xE5908CE6848F);
INSERT INTO `act_hi_comment` VALUES ('72589', 'comment', '2019-12-16 16:40:03.270', '30518940136629616640', '45016', '45008', 'AddComment', '同意', 0xE5908CE6848F);
INSERT INTO `act_hi_comment` VALUES ('72594', 'comment', '2019-12-16 21:25:25.953', '30518940136629616640', '45016', '45008', 'AddComment', '同意', 0xE5908CE6848F);
INSERT INTO `act_hi_comment` VALUES ('75001', 'comment', '2019-12-24 22:03:46.113', '30518940136629616640', '45016', '45008', 'AddComment', '同意', 0xE5908CE6848F);
INSERT INTO `act_hi_comment` VALUES ('75006', 'comment', '2019-12-25 11:13:38.044', '30518940136629616640', '45016', '45008', 'AddComment', '同意', 0xE5908CE6848F);
INSERT INTO `act_hi_comment` VALUES ('75011', 'comment', '2019-12-30 15:02:09.881', '30518940136629616640', '45016', '45008', 'AddComment', '同意', 0xE5908CE6848F);
INSERT INTO `act_hi_comment` VALUES ('75016', 'comment', '2019-12-30 15:02:24.069', '30518940136629616640', '45016', '45008', 'AddComment', '同意', 0xE5908CE6848F);
INSERT INTO `act_hi_comment` VALUES ('75021', 'comment', '2019-12-30 22:55:29.500', '30518940136629616640', '45016', '45008', 'AddComment', '同意', 0xE5908CE6848F);
INSERT INTO `act_hi_comment` VALUES ('75036', 'comment', '2019-12-31 13:33:28.552', '1292827282727', '75034', '75026', 'AddComment', '提交', 0xE68F90E4BAA4);
INSERT INTO `act_hi_comment` VALUES ('75054', 'comment', '2019-12-31 13:36:50.444', '1292827282727', '75052', '75044', 'AddComment', '提交', 0xE68F90E4BAA4);
INSERT INTO `act_hi_comment` VALUES ('75073', 'comment', '2019-12-31 15:35:22.149', '1292827282727', '75071', '75062', 'AddComment', '提交', 0xE68F90E4BAA4);
INSERT INTO `act_hi_comment` VALUES ('75091', 'comment', '2019-12-31 15:38:12.404', '1292827282727', '75089', '75081', 'AddComment', '提交', 0xE68F90E4BAA4);
INSERT INTO `act_hi_comment` VALUES ('75099', 'comment', '2020-01-01 22:12:44.774', '30518940136629616640', '45016', '45008', 'AddComment', '同意', 0xE5908CE6848F);
INSERT INTO `act_hi_comment` VALUES ('77501', 'comment', '2020-01-02 09:09:32.371', '30518940136629616640', '45016', '45008', 'AddComment', '同意', 0xE5908CE6848F);
INSERT INTO `act_hi_comment` VALUES ('77506', 'comment', '2020-01-05 18:12:00.820', '30518940136629616640', '45016', '45008', 'AddComment', '同意', 0xE5908CE6848F);
INSERT INTO `act_hi_comment` VALUES ('77521', 'comment', '2020-01-09 15:09:42.662', '302019123177780006', '77519', '77511', 'AddComment', '提交', 0xE68F90E4BAA4);
INSERT INTO `act_hi_comment` VALUES ('77540', 'comment', '2020-01-09 20:56:38.778', '302019112303150001', '77538', '77529', 'AddComment', '提交', 0xE68F90E4BAA4);
INSERT INTO `act_hi_comment` VALUES ('77548', 'comment', '2020-01-10 15:17:43.872', '30518940136629616640', '45016', '45008', 'AddComment', '长得太丑', 0xE995BFE5BE97E5A4AAE4B891);
INSERT INTO `act_hi_comment` VALUES ('77563', 'comment', '2020-01-10 21:00:00.891', '302020011038880018', '77561', '77553', 'AddComment', '提交', 0xE68F90E4BAA4);
INSERT INTO `act_hi_comment` VALUES ('77571', 'comment', '2020-01-11 19:31:04.074', '30518940136629616640', '45016', '45008', 'AddComment', '同意', 0xE5908CE6848F);

-- ----------------------------
-- Table structure for act_hi_detail
-- ----------------------------
CREATE TABLE `act_hi_detail` (
  `ID_` varchar(64) COLLATE utf8_bin NOT NULL,
  `TYPE_` varchar(255) COLLATE utf8_bin NOT NULL,
  `PROC_INST_ID_` varchar(64) COLLATE utf8_bin DEFAULT NULL,
  `EXECUTION_ID_` varchar(64) COLLATE utf8_bin DEFAULT NULL,
  `TASK_ID_` varchar(64) COLLATE utf8_bin DEFAULT NULL,
  `ACT_INST_ID_` varchar(64) COLLATE utf8_bin DEFAULT NULL,
  `NAME_` varchar(255) COLLATE utf8_bin NOT NULL,
  `VAR_TYPE_` varchar(255) COLLATE utf8_bin DEFAULT NULL,
  `REV_` int(11) DEFAULT NULL,
  `TIME_` datetime(3) NOT NULL,
  `BYTEARRAY_ID_` varchar(64) COLLATE utf8_bin DEFAULT NULL,
  `DOUBLE_` double DEFAULT NULL,
  `LONG_` bigint(20) DEFAULT NULL,
  `TEXT_` varchar(4000) COLLATE utf8_bin DEFAULT NULL,
  `TEXT2_` varchar(4000) COLLATE utf8_bin DEFAULT NULL,
  PRIMARY KEY (`ID_`),
  KEY `ACT_IDX_HI_DETAIL_PROC_INST` (`PROC_INST_ID_`) USING BTREE,
  KEY `ACT_IDX_HI_DETAIL_ACT_INST` (`ACT_INST_ID_`) USING BTREE,
  KEY `ACT_IDX_HI_DETAIL_TIME` (`TIME_`) USING BTREE,
  KEY `ACT_IDX_HI_DETAIL_NAME` (`NAME_`) USING BTREE,
  KEY `ACT_IDX_HI_DETAIL_TASK_ID` (`TASK_ID_`) USING BTREE
) ENGINE=InnoDB DEFAULT CHARSET=utf8 COLLATE=utf8_bin;

-- ----------------------------
-- Records of act_hi_detail
-- ----------------------------

-- ----------------------------
-- Table structure for act_hi_identitylink
-- ----------------------------
CREATE TABLE `act_hi_identitylink` (
  `ID_` varchar(64) COLLATE utf8_bin NOT NULL DEFAULT '',
  `GROUP_ID_` varchar(255) COLLATE utf8_bin DEFAULT NULL,
  `TYPE_` varchar(255) COLLATE utf8_bin DEFAULT NULL,
  `USER_ID_` varchar(255) COLLATE utf8_bin DEFAULT NULL,
  `TASK_ID_` varchar(64) COLLATE utf8_bin DEFAULT NULL,
  `PROC_INST_ID_` varchar(64) COLLATE utf8_bin DEFAULT NULL,
  PRIMARY KEY (`ID_`),
  KEY `ACT_IDX_HI_IDENT_LNK_USER` (`USER_ID_`) USING BTREE,
  KEY `ACT_IDX_HI_IDENT_LNK_TASK` (`TASK_ID_`) USING BTREE,
  KEY `ACT_IDX_HI_IDENT_LNK_PROCINST` (`PROC_INST_ID_`) USING BTREE
) ENGINE=InnoDB DEFAULT CHARSET=utf8 COLLATE=utf8_bin;

-- ----------------------------
-- Records of act_hi_identitylink
-- ----------------------------
INSERT INTO `act_hi_identitylink` VALUES ('25017', null, 'participant', '30518940136629616640', null, '25008');
INSERT INTO `act_hi_identitylink` VALUES ('25034', null, 'participant', '30518940136629616640', null, '25025');
INSERT INTO `act_hi_identitylink` VALUES ('27502', null, 'participant', '302019110143040008', null, '25008');
INSERT INTO `act_hi_identitylink` VALUES ('27513', null, 'participant', '30518940136629616640', null, '27504');
INSERT INTO `act_hi_identitylink` VALUES ('27522', null, 'participant', '302019110143040008', null, '25025');
INSERT INTO `act_hi_identitylink` VALUES ('30010', null, 'participant', '30518940136629616640', null, '30001');
INSERT INTO `act_hi_identitylink` VALUES ('30019', null, 'participant', '302019110143040008', null, '27504');
INSERT INTO `act_hi_identitylink` VALUES ('30030', null, 'participant', '30518940136629616640', null, '30021');
INSERT INTO `act_hi_identitylink` VALUES ('30039', null, 'participant', '302019110143040008', null, '30001');
INSERT INTO `act_hi_identitylink` VALUES ('32510', null, 'participant', '30518940136629616640', null, '32501');
INSERT INTO `act_hi_identitylink` VALUES ('32519', null, 'participant', '302019110143040008', null, '30021');
INSERT INTO `act_hi_identitylink` VALUES ('32530', null, 'participant', '30518940136629616640', null, '32521');
INSERT INTO `act_hi_identitylink` VALUES ('32539', null, 'participant', '302019110143040008', null, '32501');
INSERT INTO `act_hi_identitylink` VALUES ('32550', null, 'participant', '30518940136629616640', null, '32541');
INSERT INTO `act_hi_identitylink` VALUES ('32559', null, 'participant', '302019110143040008', null, '32521');
INSERT INTO `act_hi_identitylink` VALUES ('35002', null, 'participant', '302019110143040008', null, '32541');
INSERT INTO `act_hi_identitylink` VALUES ('35013', null, 'participant', '30518940136629616640', null, '35004');
INSERT INTO `act_hi_identitylink` VALUES ('35022', null, 'participant', '302019110143040008', null, '35004');
INSERT INTO `act_hi_identitylink` VALUES ('37510', null, 'participant', '30518940136629616640', null, '37501');
INSERT INTO `act_hi_identitylink` VALUES ('37519', null, 'participant', '302019110143040008', null, '37501');
INSERT INTO `act_hi_identitylink` VALUES ('40010', null, 'participant', '30518940136629616640', null, '40001');
INSERT INTO `act_hi_identitylink` VALUES ('40019', null, 'participant', '302019110143040008', null, '40001');
INSERT INTO `act_hi_identitylink` VALUES ('40030', null, 'participant', '30518940136629616640', null, '40021');
INSERT INTO `act_hi_identitylink` VALUES ('40039', null, 'starter', '302019110143040008', null, '40038');
INSERT INTO `act_hi_identitylink` VALUES ('40048', null, 'participant', '30518940136629616640', null, '40038');
INSERT INTO `act_hi_identitylink` VALUES ('40059', null, 'participant', '302019110143040008', null, '40021');
INSERT INTO `act_hi_identitylink` VALUES ('42517', null, 'participant', '30518940136629616640', null, '42508');
INSERT INTO `act_hi_identitylink` VALUES ('42526', null, 'participant', '302019110143040008', null, '42508');
INSERT INTO `act_hi_identitylink` VALUES ('42537', null, 'participant', '30518940136629616640', null, '42528');
INSERT INTO `act_hi_identitylink` VALUES ('42546', null, 'participant', '302019110143040008', null, '42528');
INSERT INTO `act_hi_identitylink` VALUES ('42549', null, 'starter', '302019110143040008', null, '42548');
INSERT INTO `act_hi_identitylink` VALUES ('42558', null, 'participant', '30518940136629616640', null, '42548');
INSERT INTO `act_hi_identitylink` VALUES ('45017', null, 'participant', '30518940136629616640', null, '45008');
INSERT INTO `act_hi_identitylink` VALUES ('50017', null, 'participant', '30518940136629616640', null, '50008');
INSERT INTO `act_hi_identitylink` VALUES ('50026', null, 'participant', '302019110143040008', null, '50008');
INSERT INTO `act_hi_identitylink` VALUES ('52510', null, 'participant', '30518940136629616640', null, '52501');
INSERT INTO `act_hi_identitylink` VALUES ('52521', null, 'participant', '302019110143040008', null, '52501');
INSERT INTO `act_hi_identitylink` VALUES ('55010', null, 'participant', '30518940136629616640', null, '55001');
INSERT INTO `act_hi_identitylink` VALUES ('55019', null, 'participant', '302019110143040008', null, '55001');
INSERT INTO `act_hi_identitylink` VALUES ('57510', null, 'participant', '30518940136629616640', null, '57501');
INSERT INTO `act_hi_identitylink` VALUES ('57512', null, 'candidate', '30518940136629616640', '57509', null);
INSERT INTO `act_hi_identitylink` VALUES ('57521', null, 'candidate', '302019110143040008', '57516', null);
INSERT INTO `act_hi_identitylink` VALUES ('57522', null, 'participant', '302019110143040008', null, '57501');
INSERT INTO `act_hi_identitylink` VALUES ('60010', null, 'participant', '30518940136629616640', null, '60001');
INSERT INTO `act_hi_identitylink` VALUES ('60018', null, 'candidate', '302019110143040008', '60014', null);
INSERT INTO `act_hi_identitylink` VALUES ('60019', null, 'participant', '302019110143040008', null, '60001');
INSERT INTO `act_hi_identitylink` VALUES ('62510', null, 'participant', '30518940136629616640', null, '62501');
INSERT INTO `act_hi_identitylink` VALUES ('62519', null, 'participant', '302019110143040008', null, '62501');
INSERT INTO `act_hi_identitylink` VALUES ('65017', null, 'participant', '30518940136629616640', null, '65008');
INSERT INTO `act_hi_identitylink` VALUES ('65027', null, 'participant', '302019110143040008', null, '65008');
INSERT INTO `act_hi_identitylink` VALUES ('65038', null, 'participant', '30518940136629616640', null, '65029');
INSERT INTO `act_hi_identitylink` VALUES ('67517', null, 'starter', '30518940136629616640', null, '67516');
INSERT INTO `act_hi_identitylink` VALUES ('67526', null, 'participant', '302019111903710004', null, '67516');
INSERT INTO `act_hi_identitylink` VALUES ('72517', null, 'starter', '30518940136629616640', null, '72516');
INSERT INTO `act_hi_identitylink` VALUES ('75035', null, 'participant', '1292827282727', null, '75026');
INSERT INTO `act_hi_identitylink` VALUES ('75053', null, 'participant', '1292827282727', null, '75044');
INSERT INTO `act_hi_identitylink` VALUES ('75063', null, 'starter', '30518940136629616640', null, '75062');
INSERT INTO `act_hi_identitylink` VALUES ('75072', null, 'participant', '1292827282727', null, '75062');
INSERT INTO `act_hi_identitylink` VALUES ('75090', null, 'participant', '1292827282727', null, '75081');
INSERT INTO `act_hi_identitylink` VALUES ('77520', null, 'participant', '302019123177780006', null, '77511');
INSERT INTO `act_hi_identitylink` VALUES ('77530', null, 'starter', '302019123177780006', null, '77529');
INSERT INTO `act_hi_identitylink` VALUES ('77539', null, 'participant', '302019112303150001', null, '77529');
INSERT INTO `act_hi_identitylink` VALUES ('77562', null, 'participant', '302020011038880018', null, '77553');

-- ----------------------------
-- Table structure for act_hi_procinst
-- ----------------------------
CREATE TABLE `act_hi_procinst` (
  `ID_` varchar(64) COLLATE utf8_bin NOT NULL,
  `PROC_INST_ID_` varchar(64) COLLATE utf8_bin NOT NULL,
  `BUSINESS_KEY_` varchar(255) COLLATE utf8_bin DEFAULT NULL,
  `PROC_DEF_ID_` varchar(64) COLLATE utf8_bin NOT NULL,
  `START_TIME_` datetime(3) NOT NULL,
  `END_TIME_` datetime(3) DEFAULT NULL,
  `DURATION_` bigint(20) DEFAULT NULL,
  `START_USER_ID_` varchar(255) COLLATE utf8_bin DEFAULT NULL,
  `START_ACT_ID_` varchar(255) COLLATE utf8_bin DEFAULT NULL,
  `END_ACT_ID_` varchar(255) COLLATE utf8_bin DEFAULT NULL,
  `SUPER_PROCESS_INSTANCE_ID_` varchar(64) COLLATE utf8_bin DEFAULT NULL,
  `DELETE_REASON_` varchar(4000) COLLATE utf8_bin DEFAULT NULL,
  `TENANT_ID_` varchar(255) COLLATE utf8_bin DEFAULT '',
  `NAME_` varchar(255) COLLATE utf8_bin DEFAULT NULL,
  PRIMARY KEY (`ID_`),
  UNIQUE KEY `PROC_INST_ID_` (`PROC_INST_ID_`) USING BTREE,
  KEY `ACT_IDX_HI_PRO_INST_END` (`END_TIME_`) USING BTREE,
  KEY `ACT_IDX_HI_PRO_I_BUSKEY` (`BUSINESS_KEY_`) USING BTREE
) ENGINE=InnoDB DEFAULT CHARSET=utf8 COLLATE=utf8_bin;

-- ----------------------------
-- Records of act_hi_procinst
-- ----------------------------
INSERT INTO `act_hi_procinst` VALUES ('17508', '17508', null, 'complaint:2:17506', '2019-11-03 13:01:54.651', null, null, null, '_2', null, null, null, '', null);
INSERT INTO `act_hi_procinst` VALUES ('17516', '17516', null, 'complaint:2:17506', '2019-11-03 13:12:11.692', null, null, null, '_2', null, null, null, '', null);
INSERT INTO `act_hi_procinst` VALUES ('17527', '17527', null, 'complaint:2:17506', '2019-11-03 15:56:07.726', null, null, null, '_2', null, null, null, '', null);
INSERT INTO `act_hi_procinst` VALUES ('20001', '20001', null, 'complaint:2:17506', '2019-11-03 20:51:36.328', null, null, null, '_2', null, null, null, '', null);
INSERT INTO `act_hi_procinst` VALUES ('22501', '22501', null, 'complaint:2:17506', '2019-11-03 20:55:23.139', null, null, null, '_2', null, null, null, '', null);
INSERT INTO `act_hi_procinst` VALUES ('25008', '25008', '882019110459230001', 'complaint:3:25006', '2019-11-04 14:12:34.607', '2019-11-04 23:10:34.684', '32280077', null, '_2', '_4', null, null, '', null);
INSERT INTO `act_hi_procinst` VALUES ('25025', '25025', '882019110403960002', 'complaint:3:25006', '2019-11-04 14:15:13.957', '2019-11-04 23:14:36.171', '32362214', null, '_2', '_4', null, null, '', null);
INSERT INTO `act_hi_procinst` VALUES ('27504', '27504', '882019110471120001', 'complaint:3:25006', '2019-11-04 23:13:47.104', '2019-11-04 23:20:14.664', '387560', null, '_2', '_4', null, null, '', null);
INSERT INTO `act_hi_procinst` VALUES ('30001', '30001', '882019110442890001', 'complaint:3:25006', '2019-11-04 23:20:03.235', '2019-11-04 23:25:46.278', '343043', null, '_2', '_4', null, null, '', null);
INSERT INTO `act_hi_procinst` VALUES ('30021', '30021', '882019110459610001', 'complaint:3:25006', '2019-11-04 23:25:29.266', '2019-11-04 23:39:47.469', '858203', null, '_2', '_4', null, null, '', null);
INSERT INTO `act_hi_procinst` VALUES ('32501', '32501', '882019110419520002', 'complaint:3:25006', '2019-11-04 23:39:35.772', '2019-11-04 23:43:57.993', '262221', null, '_2', '_4', null, null, '', null);
INSERT INTO `act_hi_procinst` VALUES ('32521', '32521', '882019110442590003', 'complaint:3:25006', '2019-11-04 23:43:03.904', '2019-11-04 23:53:41.128', '637224', null, '_2', '_4', null, null, '', null);
INSERT INTO `act_hi_procinst` VALUES ('32541', '32541', '882019110498390004', 'complaint:3:25006', '2019-11-04 23:46:03.330', '2019-11-05 00:05:43.843', '1180513', null, '_2', '_4', null, null, '', null);
INSERT INTO `act_hi_procinst` VALUES ('35004', '35004', '882019110595480005', 'complaint:3:25006', '2019-11-05 00:06:30.163', '2019-11-05 00:06:40.214', '10051', null, '_2', '_4', null, null, '', null);
INSERT INTO `act_hi_procinst` VALUES ('37501', '37501', '882019110576470001', 'complaint:3:25006', '2019-11-05 14:07:53.401', '2019-11-05 14:09:01.662', '68261', null, '_2', '_4', null, null, '', null);
INSERT INTO `act_hi_procinst` VALUES ('40001', '40001', '882019110569340002', 'complaint:3:25006', '2019-11-05 14:15:44.759', '2019-11-05 14:17:06.886', '82127', null, '_2', '_4', null, null, '', null);
INSERT INTO `act_hi_procinst` VALUES ('40021', '40021', '882019110593000003', 'complaint:3:25006', '2019-11-05 16:02:14.681', '2019-11-05 22:39:57.499', '23862818', null, '_2', '_4', null, null, '', null);
INSERT INTO `act_hi_procinst` VALUES ('40038', '40038', '882019110590440008', 'complaint:3:25006', '2019-11-05 22:26:46.143', '2019-11-05 22:34:10.064', '443921', '302019110143040008', '_2', '_4', null, null, '', null);
INSERT INTO `act_hi_procinst` VALUES ('42508', '42508', '882019110544360009', 'complaint:4:42506', '2019-11-05 22:53:12.266', '2019-11-05 22:53:27.638', '15372', null, '_2', '_4', null, null, '', null);
INSERT INTO `act_hi_procinst` VALUES ('42528', '42528', '882019110521200010', 'complaint:4:42506', '2019-11-05 22:59:06.320', '2019-11-05 23:00:59.329', '113009', null, '_2', '_4', null, null, '', null);
INSERT INTO `act_hi_procinst` VALUES ('42548', '42548', '882019110580700011', 'complaint:4:42506', '2019-11-05 23:07:01.681', '2019-11-05 23:07:27.020', '25339', '302019110143040008', '_2', '_4', null, null, '', null);
INSERT INTO `act_hi_procinst` VALUES ('45008', '45008', '882019110564340012', 'complaint:5:45006', '2019-11-05 23:45:57.355', null, null, null, '_2', null, null, null, '', null);
INSERT INTO `act_hi_procinst` VALUES ('50008', '50008', '882019110611470015', 'complaint:7:50006', '2019-11-06 00:48:12.650', '2019-11-06 00:48:56.700', '44050', null, '_2', '_4', null, null, '', null);
INSERT INTO `act_hi_procinst` VALUES ('52501', '52501', '882019110627660016', 'complaint:7:50006', '2019-11-06 01:09:06.511', '2019-11-06 01:10:38.044', '91533', null, '_2', '_4', null, null, '', null);
INSERT INTO `act_hi_procinst` VALUES ('55001', '55001', '882019110601220017', 'complaint:7:50006', '2019-11-06 01:31:21.954', '2019-11-06 01:31:44.950', '22996', null, '_2', '_4', null, null, '', null);
INSERT INTO `act_hi_procinst` VALUES ('57501', '57501', '882019110676500020', 'complaint:7:50006', '2019-11-06 01:38:45.363', '2019-11-06 01:39:10.810', '25447', null, '_2', '_4', null, null, '', null);
INSERT INTO `act_hi_procinst` VALUES ('60001', '60001', '882019110670850021', 'complaint:7:50006', '2019-11-06 01:46:06.333', '2019-11-06 01:46:29.145', '22812', null, '_2', '_4', null, null, '', null);
INSERT INTO `act_hi_procinst` VALUES ('62501', '62501', '882019110697110024', 'complaint:7:50006', '2019-11-06 11:29:40.582', '2019-11-06 11:30:30.091', '49509', null, '_2', '_4', null, null, '', null);
INSERT INTO `act_hi_procinst` VALUES ('65008', '65008', '882019110747140029', 'complaint:8:65006', '2019-11-07 13:49:14.246', '2019-11-07 13:50:19.339', '65093', null, '_2', '_4', null, null, '', null);
INSERT INTO `act_hi_procinst` VALUES ('65029', '65029', '882019111111560007', 'complaint:8:65006', '2019-11-11 13:46:44.326', null, null, null, '_2', null, null, null, '', null);
INSERT INTO `act_hi_procinst` VALUES ('67516', '67516', '882019112179180006', 'complaint:8:65006', '2019-11-21 16:03:03.414', null, null, '30518940136629616640', '_2', null, null, null, '', null);
INSERT INTO `act_hi_procinst` VALUES ('72516', '72516', '882019120395700001', 'complaint:8:65006', '2019-12-03 10:11:05.488', null, null, '30518940136629616640', '_2', null, null, null, '', null);
INSERT INTO `act_hi_procinst` VALUES ('75026', '75026', '882019123138600003', 'complaint:8:65006', '2019-12-31 13:33:28.394', null, null, null, '_2', null, null, null, '', null);
INSERT INTO `act_hi_procinst` VALUES ('75044', '75044', '882019123143070004', 'complaint:8:65006', '2019-12-31 13:36:50.418', null, null, null, '_2', null, null, null, '', null);
INSERT INTO `act_hi_procinst` VALUES ('7505', '7505', null, 'resourceEntry:1:7504', '2019-10-23 20:56:01.908', '2019-10-23 20:58:50.197', '168289', null, '_2', '_5', null, null, '', null);
INSERT INTO `act_hi_procinst` VALUES ('75062', '75062', '882019123166980005', 'complaint:8:65006', '2019-12-31 15:35:22.051', null, null, '30518940136629616640', '_2', null, null, null, '', null);
INSERT INTO `act_hi_procinst` VALUES ('75081', '75081', '882019123178850006', 'complaint:8:65006', '2019-12-31 15:38:12.376', null, null, null, '_2', null, null, null, '', null);
INSERT INTO `act_hi_procinst` VALUES ('7512', '7512', null, 'resourceEntry:1:7504', '2019-10-23 20:57:33.841', null, null, null, '_2', null, null, null, '', null);
INSERT INTO `act_hi_procinst` VALUES ('77511', '77511', '882020010906900001', 'complaint:8:65006', '2020-01-09 15:09:42.483', null, null, null, '_2', null, null, null, '', null);
INSERT INTO `act_hi_procinst` VALUES ('77529', '77529', '882020010900570002', 'complaint:8:65006', '2020-01-09 20:56:38.655', null, null, '302019123177780006', '_2', null, null, null, '', null);
INSERT INTO `act_hi_procinst` VALUES ('77553', '77553', '882020011075380019', 'complaint:8:65006', '2020-01-10 21:00:00.788', null, null, null, '_2', null, null, null, '', null);

-- ----------------------------
-- Table structure for act_hi_taskinst
-- ----------------------------
CREATE TABLE `act_hi_taskinst` (
  `ID_` varchar(64) COLLATE utf8_bin NOT NULL,
  `PROC_DEF_ID_` varchar(64) COLLATE utf8_bin DEFAULT NULL,
  `TASK_DEF_KEY_` varchar(255) COLLATE utf8_bin DEFAULT NULL,
  `PROC_INST_ID_` varchar(64) COLLATE utf8_bin DEFAULT NULL,
  `EXECUTION_ID_` varchar(64) COLLATE utf8_bin DEFAULT NULL,
  `NAME_` varchar(255) COLLATE utf8_bin DEFAULT NULL,
  `PARENT_TASK_ID_` varchar(64) COLLATE utf8_bin DEFAULT NULL,
  `DESCRIPTION_` varchar(4000) COLLATE utf8_bin DEFAULT NULL,
  `OWNER_` varchar(255) COLLATE utf8_bin DEFAULT NULL,
  `ASSIGNEE_` varchar(255) COLLATE utf8_bin DEFAULT NULL,
  `START_TIME_` datetime(3) NOT NULL,
  `CLAIM_TIME_` datetime(3) DEFAULT NULL,
  `END_TIME_` datetime(3) DEFAULT NULL,
  `DURATION_` bigint(20) DEFAULT NULL,
  `DELETE_REASON_` varchar(4000) COLLATE utf8_bin DEFAULT NULL,
  `PRIORITY_` int(11) DEFAULT NULL,
  `DUE_DATE_` datetime(3) DEFAULT NULL,
  `FORM_KEY_` varchar(255) COLLATE utf8_bin DEFAULT NULL,
  `CATEGORY_` varchar(255) COLLATE utf8_bin DEFAULT NULL,
  `TENANT_ID_` varchar(255) COLLATE utf8_bin DEFAULT '',
  PRIMARY KEY (`ID_`),
  KEY `ACT_IDX_HI_TASK_INST_PROCINST` (`PROC_INST_ID_`) USING BTREE
) ENGINE=InnoDB DEFAULT CHARSET=utf8 COLLATE=utf8_bin;

-- ----------------------------
-- Records of act_hi_taskinst
-- ----------------------------
INSERT INTO `act_hi_taskinst` VALUES ('17515', 'complaint:2:17506', '_3', '17508', '17512', 'complaitUser', null, null, null, null, '2019-11-03 13:01:54.685', null, null, null, null, '50', null, null, null, '');
INSERT INTO `act_hi_taskinst` VALUES ('17523', 'complaint:2:17506', '_3', '17516', '17520', 'complaitUser', null, null, null, null, '2019-11-03 13:12:11.693', null, null, null, null, '50', null, null, null, '');
INSERT INTO `act_hi_taskinst` VALUES ('17534', 'complaint:2:17506', '_3', '17527', '17531', 'complaitUser', null, null, null, null, '2019-11-03 15:56:07.727', null, null, null, null, '50', null, null, null, '');
INSERT INTO `act_hi_taskinst` VALUES ('20008', 'complaint:2:17506', '_3', '20001', '20005', 'complaitUser', null, null, null, null, '2019-11-03 20:51:36.380', null, null, null, null, '50', null, null, null, '');
INSERT INTO `act_hi_taskinst` VALUES ('22508', 'complaint:2:17506', '_3', '22501', '22505', 'complaitUser', null, null, null, null, '2019-11-03 20:55:23.195', null, null, null, null, '50', null, null, null, '');
INSERT INTO `act_hi_taskinst` VALUES ('25016', 'complaint:3:25006', '_7', '25008', '25013', 'complaint', null, null, null, '30518940136629616640', '2019-11-04 14:12:34.645', null, '2019-11-04 14:12:34.934', '289', null, '50', null, null, null, '');
INSERT INTO `act_hi_taskinst` VALUES ('25021', 'complaint:3:25006', '_3', '25008', '25013', 'complaitDealUser', null, null, null, null, '2019-11-04 14:12:34.944', null, '2019-11-04 23:10:34.622', '32279678', null, '50', null, null, null, '');
INSERT INTO `act_hi_taskinst` VALUES ('25033', 'complaint:3:25006', '_7', '25025', '25030', 'complaint', null, null, null, '30518940136629616640', '2019-11-04 14:15:13.958', null, '2019-11-04 14:15:14.024', '66', null, '50', null, null, null, '');
INSERT INTO `act_hi_taskinst` VALUES ('25038', 'complaint:3:25006', '_3', '25025', '25030', 'complaitDealUser', null, null, null, null, '2019-11-04 14:15:14.027', null, '2019-11-04 23:14:36.152', '32362125', null, '50', null, null, null, '');
INSERT INTO `act_hi_taskinst` VALUES ('27512', 'complaint:3:25006', '_7', '27504', '27509', 'complaint', null, null, null, '30518940136629616640', '2019-11-04 23:13:47.131', null, '2019-11-04 23:13:47.279', '148', null, '50', null, null, null, '');
INSERT INTO `act_hi_taskinst` VALUES ('27517', 'complaint:3:25006', '_3', '27504', '27509', 'complaitDealUser', null, null, null, null, '2019-11-04 23:13:47.281', null, '2019-11-04 23:20:14.614', '387333', null, '50', null, null, null, '');
INSERT INTO `act_hi_taskinst` VALUES ('30009', 'complaint:3:25006', '_7', '30001', '30006', 'complaint', null, null, null, '30518940136629616640', '2019-11-04 23:20:03.307', null, '2019-11-04 23:20:03.548', '241', null, '50', null, null, null, '');
INSERT INTO `act_hi_taskinst` VALUES ('30014', 'complaint:3:25006', '_3', '30001', '30006', 'complaitDealUser', null, null, null, null, '2019-11-04 23:20:03.558', null, '2019-11-04 23:25:46.260', '342702', null, '50', null, null, null, '');
INSERT INTO `act_hi_taskinst` VALUES ('30029', 'complaint:3:25006', '_7', '30021', '30026', 'complaint', null, null, null, '30518940136629616640', '2019-11-04 23:25:29.266', null, '2019-11-04 23:25:29.315', '49', null, '50', null, null, null, '');
INSERT INTO `act_hi_taskinst` VALUES ('30034', 'complaint:3:25006', '_3', '30021', '30026', 'complaitDealUser', null, null, null, null, '2019-11-04 23:25:29.318', null, '2019-11-04 23:39:47.423', '858105', null, '50', null, null, null, '');
INSERT INTO `act_hi_taskinst` VALUES ('32509', 'complaint:3:25006', '_7', '32501', '32506', 'complaint', null, null, null, '30518940136629616640', '2019-11-04 23:39:35.828', null, '2019-11-04 23:39:36.065', '237', null, '50', null, null, null, '');
INSERT INTO `act_hi_taskinst` VALUES ('32514', 'complaint:3:25006', '_3', '32501', '32506', 'complaitDealUser', null, null, null, null, '2019-11-04 23:39:36.075', null, '2019-11-04 23:43:57.976', '261901', null, '50', null, null, null, '');
INSERT INTO `act_hi_taskinst` VALUES ('32529', 'complaint:3:25006', '_7', '32521', '32526', 'complaint', null, null, null, '30518940136629616640', '2019-11-04 23:43:03.905', null, '2019-11-04 23:43:03.951', '46', null, '50', null, null, null, '');
INSERT INTO `act_hi_taskinst` VALUES ('32534', 'complaint:3:25006', '_3', '32521', '32526', 'complaitDealUser', null, null, null, null, '2019-11-04 23:43:03.953', null, '2019-11-04 23:53:41.112', '637159', null, '50', null, null, null, '');
INSERT INTO `act_hi_taskinst` VALUES ('32549', 'complaint:3:25006', '_7', '32541', '32546', 'complaint', null, null, null, '30518940136629616640', '2019-11-04 23:46:03.331', null, '2019-11-04 23:46:03.373', '42', null, '50', null, null, null, '');
INSERT INTO `act_hi_taskinst` VALUES ('32554', 'complaint:3:25006', '_3', '32541', '32546', 'complaitDealUser', null, null, null, null, '2019-11-04 23:46:03.375', null, '2019-11-05 00:05:43.785', '1180410', null, '50', null, null, null, '');
INSERT INTO `act_hi_taskinst` VALUES ('35012', 'complaint:3:25006', '_7', '35004', '35009', 'complaint', null, null, null, '30518940136629616640', '2019-11-05 00:06:30.191', null, '2019-11-05 00:06:30.347', '156', null, '50', null, null, null, '');
INSERT INTO `act_hi_taskinst` VALUES ('35017', 'complaint:3:25006', '_3', '35004', '35009', 'complaitDealUser', null, null, null, null, '2019-11-05 00:06:30.350', null, '2019-11-05 00:06:40.190', '9840', null, '50', null, null, null, '');
INSERT INTO `act_hi_taskinst` VALUES ('37509', 'complaint:3:25006', '_7', '37501', '37506', 'complaint', null, null, null, '30518940136629616640', '2019-11-05 14:07:53.447', null, '2019-11-05 14:07:53.676', '229', null, '50', null, null, null, '');
INSERT INTO `act_hi_taskinst` VALUES ('37514', 'complaint:3:25006', '_3', '37501', '37506', 'complaitDealUser', null, null, null, null, '2019-11-05 14:07:53.685', null, '2019-11-05 14:09:01.615', '67930', null, '50', null, null, null, '');
INSERT INTO `act_hi_taskinst` VALUES ('40009', 'complaint:3:25006', '_7', '40001', '40006', 'complaint', null, null, null, '30518940136629616640', '2019-11-05 14:15:44.809', null, '2019-11-05 14:15:45.042', '233', null, '50', null, null, null, '');
INSERT INTO `act_hi_taskinst` VALUES ('40014', 'complaint:3:25006', '_3', '40001', '40006', 'complaitDealUser', null, null, null, null, '2019-11-05 14:15:45.051', null, '2019-11-05 14:17:06.846', '81795', null, '50', null, null, null, '');
INSERT INTO `act_hi_taskinst` VALUES ('40029', 'complaint:3:25006', '_7', '40021', '40026', 'complaint', null, null, null, '30518940136629616640', '2019-11-05 16:02:14.682', null, '2019-11-05 16:02:14.725', '43', null, '50', null, null, null, '');
INSERT INTO `act_hi_taskinst` VALUES ('40034', 'complaint:3:25006', '_3', '40021', '40026', 'complaitDealUser', null, null, null, null, '2019-11-05 16:02:14.727', null, '2019-11-05 22:39:57.486', '23862759', null, '50', null, null, null, '');
INSERT INTO `act_hi_taskinst` VALUES ('40047', 'complaint:3:25006', '_7', '40038', '40044', 'complaint', null, null, null, '30518940136629616640', '2019-11-05 22:26:46.144', null, '2019-11-05 22:26:46.194', '50', null, '50', null, null, null, '');
INSERT INTO `act_hi_taskinst` VALUES ('40052', 'complaint:3:25006', '_3', '40038', '40044', 'complaitDealUser', null, null, null, null, '2019-11-05 22:26:46.196', null, '2019-11-05 22:34:10.049', '443853', null, '50', null, null, null, '');
INSERT INTO `act_hi_taskinst` VALUES ('42516', 'complaint:4:42506', '_7', '42508', '42513', 'complaint', null, null, null, '30518940136629616640', '2019-11-05 22:53:12.303', null, '2019-11-05 22:53:12.498', '195', null, '50', null, null, null, '');
INSERT INTO `act_hi_taskinst` VALUES ('42521', 'complaint:4:42506', '_3', '42508', '42513', 'complaitDealUser', null, null, null, '30518940136629616640', '2019-11-05 22:53:12.507', null, '2019-11-05 22:53:27.596', '15089', null, '50', null, null, null, '');
INSERT INTO `act_hi_taskinst` VALUES ('42536', 'complaint:4:42506', '_7', '42528', '42533', 'complaint', null, null, null, '30518940136629616640', '2019-11-05 22:59:06.321', null, '2019-11-05 22:59:06.365', '44', null, '50', null, null, null, '');
INSERT INTO `act_hi_taskinst` VALUES ('42541', 'complaint:4:42506', '_3', '42528', '42533', 'complaitDealUser', null, null, null, '30518940136629616640', '2019-11-05 22:59:06.367', null, '2019-11-05 23:00:59.312', '112945', null, '50', null, null, null, '');
INSERT INTO `act_hi_taskinst` VALUES ('42557', 'complaint:4:42506', '_7', '42548', '42554', 'complaint', null, null, null, '30518940136629616640', '2019-11-05 23:07:01.682', null, '2019-11-05 23:07:01.738', '56', null, '50', null, null, null, '');
INSERT INTO `act_hi_taskinst` VALUES ('42562', 'complaint:4:42506', '_3', '42548', '42554', 'complaitDealUser', null, null, null, '302019110143040008', '2019-11-05 23:07:01.741', null, '2019-11-05 23:07:27.003', '25262', null, '50', null, null, null, '');
INSERT INTO `act_hi_taskinst` VALUES ('45016', 'complaint:5:45006', '_7', '45008', '45013', 'complaint', null, null, null, '30518940136629616640', '2019-11-05 23:45:57.398', '2019-11-06 15:13:03.034', null, null, null, '50', null, null, null, '');
INSERT INTO `act_hi_taskinst` VALUES ('50016', 'complaint:7:50006', '_7', '50008', '50013', 'complaint', null, null, null, '30518940136629616640', '2019-11-06 00:48:12.685', null, '2019-11-06 00:48:12.903', '218', null, '50', null, null, null, '');
INSERT INTO `act_hi_taskinst` VALUES ('50021', 'complaint:7:50006', '_3', '50008', '50013', 'complaitDealUser', null, null, null, null, '2019-11-06 00:48:12.912', null, '2019-11-06 00:48:56.660', '43748', null, '50', null, null, null, '');
INSERT INTO `act_hi_taskinst` VALUES ('52509', 'complaint:7:50006', '_7', '52501', '52506', 'complaint', null, null, null, '30518940136629616640', '2019-11-06 01:09:06.566', null, '2019-11-06 01:09:07.086', '520', null, '50', null, null, null, '');
INSERT INTO `act_hi_taskinst` VALUES ('52515', 'complaint:7:50006', '_3', '52501', '52506', 'complaitDealUser', null, null, null, null, '2019-11-06 01:09:07.096', null, '2019-11-06 01:10:38.004', '90908', null, '50', null, null, null, '');
INSERT INTO `act_hi_taskinst` VALUES ('55009', 'complaint:7:50006', '_7', '55001', '55006', 'complaint', null, null, null, '30518940136629616640', '2019-11-06 01:31:22.013', null, '2019-11-06 01:31:22.367', '354', null, '50', null, null, null, '');
INSERT INTO `act_hi_taskinst` VALUES ('55014', 'complaint:7:50006', '_3', '55001', '55006', 'complaitDealUser', null, null, null, null, '2019-11-06 01:31:22.379', null, '2019-11-06 01:31:44.890', '22511', null, '50', null, null, null, '');
INSERT INTO `act_hi_taskinst` VALUES ('57509', 'complaint:7:50006', '_7', '57501', '57506', 'complaint', null, null, null, '30518940136629616640', '2019-11-06 01:38:45.418', null, '2019-11-06 01:38:45.941', '523', null, '50', null, null, null, '');
INSERT INTO `act_hi_taskinst` VALUES ('57516', 'complaint:7:50006', '_3', '57501', '57506', 'complaitDealUser', null, null, null, null, '2019-11-06 01:38:45.951', null, '2019-11-06 01:39:10.771', '24820', null, '50', null, null, null, '');
INSERT INTO `act_hi_taskinst` VALUES ('60009', 'complaint:7:50006', '_7', '60001', '60006', 'complaint', null, null, null, '30518940136629616640', '2019-11-06 01:46:06.407', null, '2019-11-06 01:46:06.729', '322', null, '50', null, null, null, '');
INSERT INTO `act_hi_taskinst` VALUES ('60014', 'complaint:7:50006', '_3', '60001', '60006', 'complaitDealUser', null, null, null, null, '2019-11-06 01:46:06.739', null, '2019-11-06 01:46:29.103', '22364', null, '50', null, null, null, '');
INSERT INTO `act_hi_taskinst` VALUES ('62509', 'complaint:7:50006', '_7', '62501', '62506', 'complaint', null, null, null, '30518940136629616640', '2019-11-06 11:29:40.655', '2019-11-06 11:29:41.123', '2019-11-06 11:29:41.170', '515', null, '50', null, null, null, '');
INSERT INTO `act_hi_taskinst` VALUES ('62514', 'complaint:7:50006', '_3', '62501', '62506', 'complaitDealUser', null, null, null, null, '2019-11-06 11:29:41.180', '2019-11-06 11:30:30.030', '2019-11-06 11:30:30.052', '48872', null, '50', null, null, null, '');
INSERT INTO `act_hi_taskinst` VALUES ('65016', 'complaint:8:65006', '_7', '65008', '65013', 'complaint', null, null, null, '30518940136629616640', '2019-11-07 13:49:14.279', null, '2019-11-07 13:49:14.513', '234', null, '50', null, null, null, '');
INSERT INTO `act_hi_taskinst` VALUES ('65022', 'complaint:8:65006', '_3', '65008', '65013', 'complaitDealUser', null, null, null, '302019110143040008', '2019-11-07 13:49:14.523', null, '2019-11-07 13:50:19.287', '64764', null, '50', null, null, null, '');
INSERT INTO `act_hi_taskinst` VALUES ('65037', 'complaint:8:65006', '_7', '65029', '65034', 'complaint', null, null, null, '30518940136629616640', '2019-11-11 13:46:44.330', null, '2019-11-11 13:46:44.475', '145', null, '50', null, null, null, '');
INSERT INTO `act_hi_taskinst` VALUES ('65043', 'complaint:8:65006', '_3', '65029', '65034', 'complaitDealUser', null, null, null, null, '2019-11-11 13:46:44.481', null, null, null, null, '50', null, null, null, '');
INSERT INTO `act_hi_taskinst` VALUES ('67525', 'complaint:8:65006', '_7', '67516', '67522', 'complaint', null, null, null, '302019111903710004', '2019-11-21 16:03:03.428', null, '2019-11-21 16:03:03.624', '196', null, '50', null, null, null, '');
INSERT INTO `act_hi_taskinst` VALUES ('67531', 'complaint:8:65006', '_3', '67516', '67522', 'complaitDealUser', null, null, null, null, '2019-11-21 16:03:03.630', null, null, null, null, '50', null, null, null, '');
INSERT INTO `act_hi_taskinst` VALUES ('72525', 'complaint:8:65006', '_7', '72516', '72522', 'complaint', null, null, null, '30518940136629616640', '2019-12-03 10:11:05.503', null, '2019-12-03 10:11:05.692', '189', null, '50', null, null, null, '');
INSERT INTO `act_hi_taskinst` VALUES ('72530', 'complaint:8:65006', '_3', '72516', '72522', 'complaitDealUser', null, null, null, null, '2019-12-03 10:11:05.699', null, null, null, null, '50', null, null, null, '');
INSERT INTO `act_hi_taskinst` VALUES ('75034', 'complaint:8:65006', '_7', '75026', '75031', 'complaint', null, null, null, '1292827282727', '2019-12-31 13:33:28.404', null, '2019-12-31 13:33:28.572', '168', null, '50', null, null, null, '');
INSERT INTO `act_hi_taskinst` VALUES ('75040', 'complaint:8:65006', '_3', '75026', '75031', 'complaitDealUser', null, null, null, null, '2019-12-31 13:33:28.578', null, null, null, null, '50', null, null, null, '');
INSERT INTO `act_hi_taskinst` VALUES ('75052', 'complaint:8:65006', '_7', '75044', '75049', 'complaint', null, null, null, '1292827282727', '2019-12-31 13:36:50.419', null, '2019-12-31 13:36:50.452', '33', null, '50', null, null, null, '');
INSERT INTO `act_hi_taskinst` VALUES ('75058', 'complaint:8:65006', '_3', '75044', '75049', 'complaitDealUser', null, null, null, null, '2019-12-31 13:36:50.453', null, null, null, null, '50', null, null, null, '');
INSERT INTO `act_hi_taskinst` VALUES ('75071', 'complaint:8:65006', '_7', '75062', '75068', 'complaint', null, null, null, '1292827282727', '2019-12-31 15:35:22.054', null, '2019-12-31 15:35:22.169', '115', null, '50', null, null, null, '');
INSERT INTO `act_hi_taskinst` VALUES ('75077', 'complaint:8:65006', '_3', '75062', '75068', 'complaitDealUser', null, null, null, null, '2019-12-31 15:35:22.175', null, null, null, null, '50', null, null, null, '');
INSERT INTO `act_hi_taskinst` VALUES ('75089', 'complaint:8:65006', '_7', '75081', '75086', 'complaint', null, null, null, '1292827282727', '2019-12-31 15:38:12.376', null, '2019-12-31 15:38:12.412', '36', null, '50', null, null, null, '');
INSERT INTO `act_hi_taskinst` VALUES ('75095', 'complaint:8:65006', '_3', '75081', '75086', 'complaitDealUser', null, null, null, null, '2019-12-31 15:38:12.414', null, null, null, null, '50', null, null, null, '');
INSERT INTO `act_hi_taskinst` VALUES ('7511', 'resourceEntry:1:7504', '_3', '7505', '7508', 'department', null, null, null, null, '2019-10-23 20:56:01.938', null, '2019-10-23 20:58:50.070', '168132', null, '50', null, null, null, '');
INSERT INTO `act_hi_taskinst` VALUES ('7518', 'resourceEntry:1:7504', '_3', '7512', '7515', 'department', null, null, null, null, '2019-10-23 20:57:33.841', null, null, null, null, '50', null, null, null, '');
INSERT INTO `act_hi_taskinst` VALUES ('7521', 'resourceEntry:1:7504', '_4', '7505', '7508', 'leader', null, null, null, null, '2019-10-23 20:58:50.080', null, '2019-10-23 20:58:50.154', '74', null, '50', null, null, null, '');
INSERT INTO `act_hi_taskinst` VALUES ('77519', 'complaint:8:65006', '_7', '77511', '77516', 'complaint', null, null, null, '302019123177780006', '2020-01-09 15:09:42.494', null, '2020-01-09 15:09:42.683', '189', null, '50', null, null, null, '');
INSERT INTO `act_hi_taskinst` VALUES ('77525', 'complaint:8:65006', '_3', '77511', '77516', 'complaitDealUser', null, null, null, null, '2020-01-09 15:09:42.689', null, null, null, null, '50', null, null, null, '');
INSERT INTO `act_hi_taskinst` VALUES ('77538', 'complaint:8:65006', '_7', '77529', '77535', 'complaint', null, null, null, '302019112303150001', '2020-01-09 20:56:38.661', null, '2020-01-09 20:56:38.798', '137', null, '50', null, null, null, '');
INSERT INTO `act_hi_taskinst` VALUES ('77544', 'complaint:8:65006', '_3', '77529', '77535', 'complaitDealUser', null, null, null, null, '2020-01-09 20:56:38.804', null, null, null, null, '50', null, null, null, '');
INSERT INTO `act_hi_taskinst` VALUES ('77561', 'complaint:8:65006', '_7', '77553', '77558', 'complaint', null, null, null, '302020011038880018', '2020-01-10 21:00:00.791', null, '2020-01-10 21:00:00.912', '121', null, '50', null, null, null, '');
INSERT INTO `act_hi_taskinst` VALUES ('77567', 'complaint:8:65006', '_3', '77553', '77558', 'complaitDealUser', null, null, null, null, '2020-01-10 21:00:00.918', null, null, null, null, '50', null, null, null, '');

-- ----------------------------
-- Table structure for act_hi_varinst
-- ----------------------------
CREATE TABLE `act_hi_varinst` (
  `ID_` varchar(64) COLLATE utf8_bin NOT NULL,
  `PROC_INST_ID_` varchar(64) COLLATE utf8_bin DEFAULT NULL,
  `EXECUTION_ID_` varchar(64) COLLATE utf8_bin DEFAULT NULL,
  `TASK_ID_` varchar(64) COLLATE utf8_bin DEFAULT NULL,
  `NAME_` varchar(255) COLLATE utf8_bin NOT NULL,
  `VAR_TYPE_` varchar(100) COLLATE utf8_bin DEFAULT NULL,
  `REV_` int(11) DEFAULT NULL,
  `BYTEARRAY_ID_` varchar(64) COLLATE utf8_bin DEFAULT NULL,
  `DOUBLE_` double DEFAULT NULL,
  `LONG_` bigint(20) DEFAULT NULL,
  `TEXT_` varchar(4000) COLLATE utf8_bin DEFAULT NULL,
  `TEXT2_` varchar(4000) COLLATE utf8_bin DEFAULT NULL,
  `CREATE_TIME_` datetime(3) DEFAULT NULL,
  `LAST_UPDATED_TIME_` datetime(3) DEFAULT NULL,
  PRIMARY KEY (`ID_`),
  KEY `ACT_IDX_HI_PROCVAR_PROC_INST` (`PROC_INST_ID_`) USING BTREE,
  KEY `ACT_IDX_HI_PROCVAR_NAME_TYPE` (`NAME_`,`VAR_TYPE_`) USING BTREE,
  KEY `ACT_IDX_HI_PROCVAR_TASK_ID` (`TASK_ID_`) USING BTREE
) ENGINE=InnoDB DEFAULT CHARSET=utf8 COLLATE=utf8_bin;

-- ----------------------------
-- Records of act_hi_varinst
-- ----------------------------
INSERT INTO `act_hi_varinst` VALUES ('17510', '17508', '17508', null, 'complaintDto', 'serializable', '0', '17511', null, null, null, null, '2019-11-03 13:01:54.656', '2019-11-03 13:01:54.656');
INSERT INTO `act_hi_varinst` VALUES ('17518', '17516', '17516', null, 'complaintDto', 'serializable', '0', '17519', null, null, null, null, '2019-11-03 13:12:11.693', '2019-11-03 13:12:11.693');
INSERT INTO `act_hi_varinst` VALUES ('17525', '17516', '17516', null, '302019110143040008', 'serializable', '0', '17526', null, null, null, null, '2019-11-03 13:12:11.718', '2019-11-03 13:12:11.718');
INSERT INTO `act_hi_varinst` VALUES ('17529', '17527', '17527', null, 'complaintDto', 'serializable', '0', '17530', null, null, null, null, '2019-11-03 15:56:07.727', '2019-11-03 15:56:07.727');
INSERT INTO `act_hi_varinst` VALUES ('17536', '17527', '17527', null, '302019110143040008', 'serializable', '0', '17537', null, null, null, null, '2019-11-03 15:56:07.739', '2019-11-03 15:56:07.739');
INSERT INTO `act_hi_varinst` VALUES ('20003', '20001', '20001', null, 'complaintDto', 'serializable', '0', '20004', null, null, null, null, '2019-11-03 20:51:36.351', '2019-11-03 20:51:36.351');
INSERT INTO `act_hi_varinst` VALUES ('20010', '20001', '20001', null, '302019110143040008', 'serializable', '0', '20011', null, null, null, null, '2019-11-03 20:51:37.169', '2019-11-03 20:51:37.169');
INSERT INTO `act_hi_varinst` VALUES ('22503', '22501', '22501', null, 'complaintDto', 'serializable', '0', '22504', null, null, null, null, '2019-11-03 20:55:23.166', '2019-11-03 20:55:23.166');
INSERT INTO `act_hi_varinst` VALUES ('22510', '22501', '22501', null, '302019110143040008', 'serializable', '0', '22511', null, null, null, null, '2019-11-03 20:55:24.021', '2019-11-03 20:55:24.021');
INSERT INTO `act_hi_varinst` VALUES ('25010', '25008', '25008', null, 'complaintDto', 'serializable', '0', '25011', null, null, null, null, '2019-11-04 14:12:34.615', '2019-11-04 14:12:34.615');
INSERT INTO `act_hi_varinst` VALUES ('25012', '25008', '25008', null, 'userId', 'string', '0', null, null, null, '30518940136629616640', null, '2019-11-04 14:12:34.616', '2019-11-04 14:12:34.616');
INSERT INTO `act_hi_varinst` VALUES ('25019', '25008', '25008', null, 'auditCode', 'string', '1', null, null, null, '1100', null, '2019-11-04 14:12:34.917', '2019-11-04 23:10:34.604');
INSERT INTO `act_hi_varinst` VALUES ('25023', '25008', '25008', null, '302019110143040008', 'serializable', '0', '25024', null, null, null, null, '2019-11-04 14:12:35.514', '2019-11-04 14:12:35.514');
INSERT INTO `act_hi_varinst` VALUES ('25027', '25025', '25025', null, 'complaintDto', 'serializable', '0', '25028', null, null, null, null, '2019-11-04 14:15:13.957', '2019-11-04 14:15:13.957');
INSERT INTO `act_hi_varinst` VALUES ('25029', '25025', '25025', null, 'userId', 'string', '0', null, null, null, '30518940136629616640', null, '2019-11-04 14:15:13.957', '2019-11-04 14:15:13.957');
INSERT INTO `act_hi_varinst` VALUES ('25036', '25025', '25025', null, 'auditCode', 'string', '1', null, null, null, '1100', null, '2019-11-04 14:15:14.019', '2019-11-04 23:14:36.147');
INSERT INTO `act_hi_varinst` VALUES ('25040', '25025', '25025', null, '302019110143040008', 'serializable', '0', '25041', null, null, null, null, '2019-11-04 14:15:14.053', '2019-11-04 14:15:14.053');
INSERT INTO `act_hi_varinst` VALUES ('27506', '27504', '27504', null, 'complaintDto', 'serializable', '0', '27507', null, null, null, null, '2019-11-04 23:13:47.109', '2019-11-04 23:13:47.109');
INSERT INTO `act_hi_varinst` VALUES ('27508', '27504', '27504', null, 'userId', 'string', '0', null, null, null, '30518940136629616640', null, '2019-11-04 23:13:47.110', '2019-11-04 23:13:47.110');
INSERT INTO `act_hi_varinst` VALUES ('27515', '27504', '27504', null, 'auditCode', 'string', '1', null, null, null, '1100', null, '2019-11-04 23:13:47.273', '2019-11-04 23:20:14.608');
INSERT INTO `act_hi_varinst` VALUES ('27519', '27504', '27504', null, '302019110143040008', 'serializable', '0', '27520', null, null, null, null, '2019-11-04 23:13:47.417', '2019-11-04 23:13:47.417');
INSERT INTO `act_hi_varinst` VALUES ('30003', '30001', '30001', null, 'complaintDto', 'serializable', '0', '30004', null, null, null, null, '2019-11-04 23:20:03.279', '2019-11-04 23:20:03.279');
INSERT INTO `act_hi_varinst` VALUES ('30005', '30001', '30001', null, 'userId', 'string', '0', null, null, null, '30518940136629616640', null, '2019-11-04 23:20:03.279', '2019-11-04 23:20:03.279');
INSERT INTO `act_hi_varinst` VALUES ('30012', '30001', '30001', null, 'auditCode', 'string', '1', null, null, null, '1100', null, '2019-11-04 23:20:03.532', '2019-11-04 23:25:46.255');
INSERT INTO `act_hi_varinst` VALUES ('30016', '30001', '30001', null, '302019110143040008', 'serializable', '0', '30017', null, null, null, null, '2019-11-04 23:20:03.708', '2019-11-04 23:20:03.708');
INSERT INTO `act_hi_varinst` VALUES ('30023', '30021', '30021', null, 'complaintDto', 'serializable', '0', '30024', null, null, null, null, '2019-11-04 23:25:29.266', '2019-11-04 23:25:29.266');
INSERT INTO `act_hi_varinst` VALUES ('30025', '30021', '30021', null, 'userId', 'string', '0', null, null, null, '30518940136629616640', null, '2019-11-04 23:25:29.266', '2019-11-04 23:25:29.266');
INSERT INTO `act_hi_varinst` VALUES ('30032', '30021', '30021', null, 'auditCode', 'string', '1', null, null, null, '1100', null, '2019-11-04 23:25:29.310', '2019-11-04 23:39:47.418');
INSERT INTO `act_hi_varinst` VALUES ('30036', '30021', '30021', null, '302019110143040008', 'serializable', '0', '30037', null, null, null, null, '2019-11-04 23:25:29.344', '2019-11-04 23:25:29.344');
INSERT INTO `act_hi_varinst` VALUES ('32503', '32501', '32501', null, 'complaintDto', 'serializable', '0', '32504', null, null, null, null, '2019-11-04 23:39:35.800', '2019-11-04 23:39:35.800');
INSERT INTO `act_hi_varinst` VALUES ('32505', '32501', '32501', null, 'userId', 'string', '0', null, null, null, '30518940136629616640', null, '2019-11-04 23:39:35.800', '2019-11-04 23:39:35.800');
INSERT INTO `act_hi_varinst` VALUES ('32512', '32501', '32501', null, 'auditCode', 'string', '1', null, null, null, '1100', null, '2019-11-04 23:39:36.049', '2019-11-04 23:43:57.971');
INSERT INTO `act_hi_varinst` VALUES ('32516', '32501', '32501', null, '302019110143040008', 'serializable', '0', '32517', null, null, null, null, '2019-11-04 23:39:36.214', '2019-11-04 23:39:36.214');
INSERT INTO `act_hi_varinst` VALUES ('32523', '32521', '32521', null, 'complaintDto', 'serializable', '0', '32524', null, null, null, null, '2019-11-04 23:43:03.904', '2019-11-04 23:43:03.904');
INSERT INTO `act_hi_varinst` VALUES ('32525', '32521', '32521', null, 'userId', 'string', '0', null, null, null, '30518940136629616640', null, '2019-11-04 23:43:03.904', '2019-11-04 23:43:03.904');
INSERT INTO `act_hi_varinst` VALUES ('32532', '32521', '32521', null, 'auditCode', 'string', '1', null, null, null, '1100', null, '2019-11-04 23:43:03.946', '2019-11-04 23:53:41.108');
INSERT INTO `act_hi_varinst` VALUES ('32536', '32521', '32521', null, '302019110143040008', 'serializable', '0', '32537', null, null, null, null, '2019-11-04 23:43:03.978', '2019-11-04 23:43:03.978');
INSERT INTO `act_hi_varinst` VALUES ('32543', '32541', '32541', null, 'complaintDto', 'serializable', '0', '32544', null, null, null, null, '2019-11-04 23:46:03.330', '2019-11-04 23:46:03.330');
INSERT INTO `act_hi_varinst` VALUES ('32545', '32541', '32541', null, 'userId', 'string', '0', null, null, null, '30518940136629616640', null, '2019-11-04 23:46:03.330', '2019-11-04 23:46:03.330');
INSERT INTO `act_hi_varinst` VALUES ('32552', '32541', '32541', null, 'auditCode', 'string', '1', null, null, null, '1100', null, '2019-11-04 23:46:03.368', '2019-11-05 00:05:43.766');
INSERT INTO `act_hi_varinst` VALUES ('32556', '32541', '32541', null, '302019110143040008', 'serializable', '0', '32557', null, null, null, null, '2019-11-04 23:46:03.399', '2019-11-04 23:46:03.399');
INSERT INTO `act_hi_varinst` VALUES ('35006', '35004', '35004', null, 'complaintDto', 'serializable', '0', '35007', null, null, null, null, '2019-11-05 00:06:30.169', '2019-11-05 00:06:30.169');
INSERT INTO `act_hi_varinst` VALUES ('35008', '35004', '35004', null, 'userId', 'string', '0', null, null, null, '30518940136629616640', null, '2019-11-05 00:06:30.169', '2019-11-05 00:06:30.169');
INSERT INTO `act_hi_varinst` VALUES ('35015', '35004', '35004', null, 'auditCode', 'string', '1', null, null, null, '1100', null, '2019-11-05 00:06:30.341', '2019-11-05 00:06:40.184');
INSERT INTO `act_hi_varinst` VALUES ('35019', '35004', '35004', null, '302019110143040008', 'serializable', '0', '35020', null, null, null, null, '2019-11-05 00:06:30.492', '2019-11-05 00:06:30.492');
INSERT INTO `act_hi_varinst` VALUES ('37503', '37501', '37501', null, 'complaintDto', 'serializable', '0', '37504', null, null, null, null, '2019-11-05 14:07:53.421', '2019-11-05 14:07:53.421');
INSERT INTO `act_hi_varinst` VALUES ('37505', '37501', '37501', null, 'userId', 'string', '0', null, null, null, '30518940136629616640', null, '2019-11-05 14:07:53.421', '2019-11-05 14:07:53.421');
INSERT INTO `act_hi_varinst` VALUES ('37512', '37501', '37501', null, 'auditCode', 'string', '1', null, null, null, '1100', null, '2019-11-05 14:07:53.661', '2019-11-05 14:09:01.609');
INSERT INTO `act_hi_varinst` VALUES ('37516', '37501', '37501', null, '302019110143040008', 'serializable', '0', '37517', null, null, null, null, '2019-11-05 14:07:53.814', '2019-11-05 14:07:53.814');
INSERT INTO `act_hi_varinst` VALUES ('40003', '40001', '40001', null, 'complaintDto', 'serializable', '0', '40004', null, null, null, null, '2019-11-05 14:15:44.782', '2019-11-05 14:15:44.782');
INSERT INTO `act_hi_varinst` VALUES ('40005', '40001', '40001', null, 'userId', 'string', '0', null, null, null, '30518940136629616640', null, '2019-11-05 14:15:44.783', '2019-11-05 14:15:44.783');
INSERT INTO `act_hi_varinst` VALUES ('40012', '40001', '40001', null, 'auditCode', 'string', '1', null, null, null, '1100', null, '2019-11-05 14:15:45.027', '2019-11-05 14:17:06.841');
INSERT INTO `act_hi_varinst` VALUES ('40016', '40001', '40001', null, '302019110143040008', 'serializable', '0', '40017', null, null, null, null, '2019-11-05 14:15:45.191', '2019-11-05 14:15:45.191');
INSERT INTO `act_hi_varinst` VALUES ('40023', '40021', '40021', null, 'complaintDto', 'serializable', '0', '40024', null, null, null, null, '2019-11-05 16:02:14.682', '2019-11-05 16:02:14.682');
INSERT INTO `act_hi_varinst` VALUES ('40025', '40021', '40021', null, 'userId', 'string', '0', null, null, null, '30518940136629616640', null, '2019-11-05 16:02:14.682', '2019-11-05 16:02:14.682');
INSERT INTO `act_hi_varinst` VALUES ('40032', '40021', '40021', null, 'auditCode', 'string', '1', null, null, null, '1100', null, '2019-11-05 16:02:14.721', '2019-11-05 22:39:57.482');
INSERT INTO `act_hi_varinst` VALUES ('40036', '40021', '40021', null, '302019110143040008', 'serializable', '0', '40037', null, null, null, null, '2019-11-05 16:02:14.740', '2019-11-05 16:02:14.740');
INSERT INTO `act_hi_varinst` VALUES ('40041', '40038', '40038', null, 'complaintDto', 'serializable', '0', '40042', null, null, null, null, '2019-11-05 22:26:46.144', '2019-11-05 22:26:46.144');
INSERT INTO `act_hi_varinst` VALUES ('40043', '40038', '40038', null, 'userId', 'string', '0', null, null, null, '30518940136629616640', null, '2019-11-05 22:26:46.144', '2019-11-05 22:26:46.144');
INSERT INTO `act_hi_varinst` VALUES ('40050', '40038', '40038', null, 'auditCode', 'string', '1', null, null, null, '1100', null, '2019-11-05 22:26:46.190', '2019-11-05 22:34:10.045');
INSERT INTO `act_hi_varinst` VALUES ('40054', '40038', '40038', null, '302019110143040008', 'serializable', '0', '40055', null, null, null, null, '2019-11-05 22:26:46.214', '2019-11-05 22:26:46.214');
INSERT INTO `act_hi_varinst` VALUES ('42510', '42508', '42508', null, 'complaintDto', 'serializable', '0', '42511', null, null, null, null, '2019-11-05 22:53:12.274', '2019-11-05 22:53:12.274');
INSERT INTO `act_hi_varinst` VALUES ('42512', '42508', '42508', null, 'userId', 'string', '2', null, null, null, '302019110143040008', null, '2019-11-05 22:53:12.275', '2019-11-05 22:53:27.590');
INSERT INTO `act_hi_varinst` VALUES ('42519', '42508', '42508', null, 'auditCode', 'string', '1', null, null, null, '1100', null, '2019-11-05 22:53:12.481', '2019-11-05 22:53:27.591');
INSERT INTO `act_hi_varinst` VALUES ('42523', '42508', '42508', null, '302019110143040008', 'serializable', '0', '42524', null, null, null, null, '2019-11-05 22:53:13.077', '2019-11-05 22:53:13.077');
INSERT INTO `act_hi_varinst` VALUES ('42530', '42528', '42528', null, 'complaintDto', 'serializable', '0', '42531', null, null, null, null, '2019-11-05 22:59:06.321', '2019-11-05 22:59:06.321');
INSERT INTO `act_hi_varinst` VALUES ('42532', '42528', '42528', null, 'userId', 'string', '2', null, null, null, '302019110143040008', null, '2019-11-05 22:59:06.321', '2019-11-05 23:00:59.306');
INSERT INTO `act_hi_varinst` VALUES ('42539', '42528', '42528', null, 'auditCode', 'string', '1', null, null, null, '1100', null, '2019-11-05 22:59:06.360', '2019-11-05 23:00:59.307');
INSERT INTO `act_hi_varinst` VALUES ('42543', '42528', '42528', null, '302019110143040008', 'serializable', '0', '42544', null, null, null, null, '2019-11-05 22:59:06.396', '2019-11-05 22:59:06.396');
INSERT INTO `act_hi_varinst` VALUES ('42551', '42548', '42548', null, 'complaintDto', 'serializable', '0', '42552', null, null, null, null, '2019-11-05 23:07:01.681', '2019-11-05 23:07:01.681');
INSERT INTO `act_hi_varinst` VALUES ('42553', '42548', '42548', null, 'userId', 'string', '2', null, null, null, '302019110143040008', null, '2019-11-05 23:07:01.681', '2019-11-05 23:07:26.998');
INSERT INTO `act_hi_varinst` VALUES ('42560', '42548', '42548', null, 'auditCode', 'string', '1', null, null, null, '1100', null, '2019-11-05 23:07:01.734', '2019-11-05 23:07:26.999');
INSERT INTO `act_hi_varinst` VALUES ('42564', '42548', '42548', null, '302019110143040008', 'serializable', '0', '42565', null, null, null, null, '2019-11-05 23:07:01.764', '2019-11-05 23:07:01.764');
INSERT INTO `act_hi_varinst` VALUES ('45010', '45008', '45008', null, 'complaintDto', 'serializable', '0', '45011', null, null, null, null, '2019-11-05 23:45:57.360', '2019-11-05 23:45:57.360');
INSERT INTO `act_hi_varinst` VALUES ('45012', '45008', '45008', null, 'userId', 'string', '0', null, null, null, '30518940136629616640', null, '2019-11-05 23:45:57.361', '2019-11-05 23:45:57.361');
INSERT INTO `act_hi_varinst` VALUES ('50010', '50008', '50008', null, 'complaintDto', 'serializable', '0', '50011', null, null, null, null, '2019-11-06 00:48:12.657', '2019-11-06 00:48:12.657');
INSERT INTO `act_hi_varinst` VALUES ('50012', '50008', '50008', null, 'userId', 'string', '0', null, null, null, '30518940136629616640', null, '2019-11-06 00:48:12.658', '2019-11-06 00:48:12.658');
INSERT INTO `act_hi_varinst` VALUES ('50019', '50008', '50008', null, 'auditCode', 'string', '1', null, null, null, '1100', null, '2019-11-06 00:48:12.887', '2019-11-06 00:48:56.654');
INSERT INTO `act_hi_varinst` VALUES ('50023', '50008', '50008', null, '302019110143040008', 'serializable', '0', '50024', null, null, null, null, '2019-11-06 00:48:13.461', '2019-11-06 00:48:13.461');
INSERT INTO `act_hi_varinst` VALUES ('52503', '52501', '52501', null, 'complaintDto', 'serializable', '0', '52504', null, null, null, null, '2019-11-06 01:09:06.537', '2019-11-06 01:09:06.537');
INSERT INTO `act_hi_varinst` VALUES ('52505', '52501', '52501', null, 'userId', 'string', '0', null, null, null, '30518940136629616640', null, '2019-11-06 01:09:06.538', '2019-11-06 01:09:06.538');
INSERT INTO `act_hi_varinst` VALUES ('52513', '52501', '52501', null, 'auditCode', 'string', '1', null, null, null, '1100', null, '2019-11-06 01:09:07.069', '2019-11-06 01:10:37.999');
INSERT INTO `act_hi_varinst` VALUES ('52517', '52501', '52501', null, '302019110143040008', 'serializable', '0', '52518', null, null, null, null, '2019-11-06 01:09:07.633', '2019-11-06 01:09:07.633');
INSERT INTO `act_hi_varinst` VALUES ('55003', '55001', '55001', null, 'complaintDto', 'serializable', '0', '55004', null, null, null, null, '2019-11-06 01:31:21.984', '2019-11-06 01:31:21.984');
INSERT INTO `act_hi_varinst` VALUES ('55005', '55001', '55001', null, 'userId', 'string', '0', null, null, null, '30518940136629616640', null, '2019-11-06 01:31:21.984', '2019-11-06 01:31:21.984');
INSERT INTO `act_hi_varinst` VALUES ('55012', '55001', '55001', null, 'auditCode', 'string', '1', null, null, null, '1100', null, '2019-11-06 01:31:22.347', '2019-11-06 01:31:44.884');
INSERT INTO `act_hi_varinst` VALUES ('55016', '55001', '55001', null, '302019110143040008', 'serializable', '0', '55017', null, null, null, null, '2019-11-06 01:31:23.125', '2019-11-06 01:31:23.125');
INSERT INTO `act_hi_varinst` VALUES ('57503', '57501', '57501', null, 'complaintDto', 'serializable', '0', '57504', null, null, null, null, '2019-11-06 01:38:45.388', '2019-11-06 01:38:45.388');
INSERT INTO `act_hi_varinst` VALUES ('57505', '57501', '57501', null, 'userId', 'string', '0', null, null, null, '30518940136629616640', null, '2019-11-06 01:38:45.389', '2019-11-06 01:38:45.389');
INSERT INTO `act_hi_varinst` VALUES ('57514', '57501', '57501', null, 'auditCode', 'string', '1', null, null, null, '1100', null, '2019-11-06 01:38:45.928', '2019-11-06 01:39:10.765');
INSERT INTO `act_hi_varinst` VALUES ('57518', '57501', '57501', null, '302019110143040008', 'serializable', '0', '57519', null, null, null, null, '2019-11-06 01:38:46.536', '2019-11-06 01:38:46.536');
INSERT INTO `act_hi_varinst` VALUES ('60003', '60001', '60001', null, 'complaintDto', 'serializable', '0', '60004', null, null, null, null, '2019-11-06 01:46:06.379', '2019-11-06 01:46:06.379');
INSERT INTO `act_hi_varinst` VALUES ('60005', '60001', '60001', null, 'userId', 'string', '0', null, null, null, '30518940136629616640', null, '2019-11-06 01:46:06.380', '2019-11-06 01:46:06.380');
INSERT INTO `act_hi_varinst` VALUES ('60012', '60001', '60001', null, 'auditCode', 'string', '1', null, null, null, '1100', null, '2019-11-06 01:46:06.712', '2019-11-06 01:46:29.097');
INSERT INTO `act_hi_varinst` VALUES ('60016', '60001', '60001', null, '302019110143040008', 'serializable', '0', '60017', null, null, null, null, '2019-11-06 01:46:07.487', '2019-11-06 01:46:07.487');
INSERT INTO `act_hi_varinst` VALUES ('62503', '62501', '62501', null, 'complaintDto', 'serializable', '0', '62504', null, null, null, null, '2019-11-06 11:29:40.627', '2019-11-06 11:29:40.627');
INSERT INTO `act_hi_varinst` VALUES ('62505', '62501', '62501', null, 'userId', 'string', '0', null, null, null, '30518940136629616640', null, '2019-11-06 11:29:40.628', '2019-11-06 11:29:40.628');
INSERT INTO `act_hi_varinst` VALUES ('62512', '62501', '62501', null, 'auditCode', 'string', '1', null, null, null, '1100', null, '2019-11-06 11:29:41.155', '2019-11-06 11:30:30.046');
INSERT INTO `act_hi_varinst` VALUES ('62516', '62501', '62501', null, '302019110143040008', 'serializable', '0', '62517', null, null, null, null, '2019-11-06 11:29:41.711', '2019-11-06 11:29:41.711');
INSERT INTO `act_hi_varinst` VALUES ('65010', '65008', '65008', null, 'complaintDto', 'serializable', '0', '65011', null, null, null, null, '2019-11-07 13:49:14.253', '2019-11-07 13:49:14.253');
INSERT INTO `act_hi_varinst` VALUES ('65012', '65008', '65008', null, 'userId', 'string', '0', null, null, null, '30518940136629616640', null, '2019-11-07 13:49:14.253', '2019-11-07 13:49:14.253');
INSERT INTO `act_hi_varinst` VALUES ('65019', '65008', '65008', null, 'currentUserId', 'string', '1', null, null, null, '302019110143040008', null, '2019-11-07 13:49:14.497', '2019-11-07 13:50:19.275');
INSERT INTO `act_hi_varinst` VALUES ('65020', '65008', '65008', null, 'auditCode', 'string', '1', null, null, null, '1100', null, '2019-11-07 13:49:14.497', '2019-11-07 13:50:19.276');
INSERT INTO `act_hi_varinst` VALUES ('65024', '65008', '65008', null, '302019110143040008', 'serializable', '0', '65025', null, null, null, null, '2019-11-07 13:49:15.056', '2019-11-07 13:49:15.056');
INSERT INTO `act_hi_varinst` VALUES ('65031', '65029', '65029', null, 'complaintDto', 'serializable', '0', '65032', null, null, null, null, '2019-11-11 13:46:44.330', '2019-11-11 13:46:44.330');
INSERT INTO `act_hi_varinst` VALUES ('65033', '65029', '65029', null, 'userId', 'string', '0', null, null, null, '30518940136629616640', null, '2019-11-11 13:46:44.330', '2019-11-11 13:46:44.330');
INSERT INTO `act_hi_varinst` VALUES ('65040', '65029', '65029', null, 'currentUserId', 'string', '0', null, null, null, '30518940136629616640', null, '2019-11-11 13:46:44.464', '2019-11-11 13:46:44.464');
INSERT INTO `act_hi_varinst` VALUES ('65041', '65029', '65029', null, 'auditCode', 'string', '0', null, null, null, '10000', null, '2019-11-11 13:46:44.465', '2019-11-11 13:46:44.465');
INSERT INTO `act_hi_varinst` VALUES ('65045', '65029', '65029', null, '302019110143040008', 'serializable', '0', '65046', null, null, null, null, '2019-11-11 13:46:44.534', '2019-11-11 13:46:44.534');
INSERT INTO `act_hi_varinst` VALUES ('67519', '67516', '67516', null, 'complaintDto', 'serializable', '0', '67520', null, null, null, null, '2019-11-21 16:03:03.428', '2019-11-21 16:03:03.428');
INSERT INTO `act_hi_varinst` VALUES ('67521', '67516', '67516', null, 'userId', 'string', '0', null, null, null, '302019111903710004', null, '2019-11-21 16:03:03.428', '2019-11-21 16:03:03.428');
INSERT INTO `act_hi_varinst` VALUES ('67528', '67516', '67516', null, 'currentUserId', 'string', '0', null, null, null, '302019111903710004', null, '2019-11-21 16:03:03.614', '2019-11-21 16:03:03.614');
INSERT INTO `act_hi_varinst` VALUES ('67529', '67516', '67516', null, 'auditCode', 'string', '0', null, null, null, '10000', null, '2019-11-21 16:03:03.614', '2019-11-21 16:03:03.614');
INSERT INTO `act_hi_varinst` VALUES ('72519', '72516', '72516', null, 'complaintDto', 'serializable', '0', '72520', null, null, null, null, '2019-12-03 10:11:05.499', '2019-12-03 10:11:05.499');
INSERT INTO `act_hi_varinst` VALUES ('72521', '72516', '72516', null, 'userId', 'string', '0', null, null, null, '30518940136629616640', null, '2019-12-03 10:11:05.499', '2019-12-03 10:11:05.499');
INSERT INTO `act_hi_varinst` VALUES ('72527', '72516', '72516', null, 'currentUserId', 'string', '0', null, null, null, '30518940136629616640', null, '2019-12-03 10:11:05.681', '2019-12-03 10:11:05.681');
INSERT INTO `act_hi_varinst` VALUES ('72528', '72516', '72516', null, 'auditCode', 'string', '0', null, null, null, '10000', null, '2019-12-03 10:11:05.681', '2019-12-03 10:11:05.681');
INSERT INTO `act_hi_varinst` VALUES ('72532', '72516', '72516', null, '302019110143040008', 'serializable', '0', '72533', null, null, null, null, '2019-12-03 10:11:05.753', '2019-12-03 10:11:05.753');
INSERT INTO `act_hi_varinst` VALUES ('75028', '75026', '75026', null, 'complaintDto', 'serializable', '0', '75029', null, null, null, null, '2019-12-31 13:33:28.404', '2019-12-31 13:33:28.404');
INSERT INTO `act_hi_varinst` VALUES ('75030', '75026', '75026', null, 'userId', 'string', '0', null, null, null, '1292827282727', null, '2019-12-31 13:33:28.404', '2019-12-31 13:33:28.404');
INSERT INTO `act_hi_varinst` VALUES ('75037', '75026', '75026', null, 'currentUserId', 'string', '0', null, null, null, '1292827282727', null, '2019-12-31 13:33:28.563', '2019-12-31 13:33:28.563');
INSERT INTO `act_hi_varinst` VALUES ('75038', '75026', '75026', null, 'auditCode', 'string', '0', null, null, null, '10000', null, '2019-12-31 13:33:28.563', '2019-12-31 13:33:28.563');
INSERT INTO `act_hi_varinst` VALUES ('75042', '75026', '75026', null, '302019110143040008', 'serializable', '0', '75043', null, null, null, null, '2019-12-31 13:33:28.632', '2019-12-31 13:33:28.632');
INSERT INTO `act_hi_varinst` VALUES ('75046', '75044', '75044', null, 'complaintDto', 'serializable', '0', '75047', null, null, null, null, '2019-12-31 13:36:50.419', '2019-12-31 13:36:50.419');
INSERT INTO `act_hi_varinst` VALUES ('75048', '75044', '75044', null, 'userId', 'string', '0', null, null, null, '1292827282727', null, '2019-12-31 13:36:50.419', '2019-12-31 13:36:50.419');
INSERT INTO `act_hi_varinst` VALUES ('75055', '75044', '75044', null, 'currentUserId', 'string', '0', null, null, null, '1292827282727', null, '2019-12-31 13:36:50.449', '2019-12-31 13:36:50.449');
INSERT INTO `act_hi_varinst` VALUES ('75056', '75044', '75044', null, 'auditCode', 'string', '0', null, null, null, '10000', null, '2019-12-31 13:36:50.449', '2019-12-31 13:36:50.449');
INSERT INTO `act_hi_varinst` VALUES ('7506', '7505', '7505', null, 'employeeName', 'string', '0', null, null, null, '廉斌', null, '2019-10-23 20:56:01.910', '2019-10-23 20:56:01.910');
INSERT INTO `act_hi_varinst` VALUES ('75060', '75044', '75044', null, '302019110143040008', 'serializable', '0', '75061', null, null, null, null, '2019-12-31 13:36:50.471', '2019-12-31 13:36:50.471');
INSERT INTO `act_hi_varinst` VALUES ('75065', '75062', '75062', null, 'complaintDto', 'serializable', '0', '75066', null, null, null, null, '2019-12-31 15:35:22.054', '2019-12-31 15:35:22.054');
INSERT INTO `act_hi_varinst` VALUES ('75067', '75062', '75062', null, 'userId', 'string', '0', null, null, null, '1292827282727', null, '2019-12-31 15:35:22.054', '2019-12-31 15:35:22.054');
INSERT INTO `act_hi_varinst` VALUES ('7507', '7505', '7505', null, 'day', 'integer', '0', null, null, '10', '10', null, '2019-10-23 20:56:01.910', '2019-10-23 20:56:01.910');
INSERT INTO `act_hi_varinst` VALUES ('75074', '75062', '75062', null, 'currentUserId', 'string', '0', null, null, null, '1292827282727', null, '2019-12-31 15:35:22.159', '2019-12-31 15:35:22.159');
INSERT INTO `act_hi_varinst` VALUES ('75075', '75062', '75062', null, 'auditCode', 'string', '0', null, null, null, '10000', null, '2019-12-31 15:35:22.159', '2019-12-31 15:35:22.159');
INSERT INTO `act_hi_varinst` VALUES ('75079', '75062', '75062', null, '302019110143040008', 'serializable', '0', '75080', null, null, null, null, '2019-12-31 15:35:22.202', '2019-12-31 15:35:22.202');
INSERT INTO `act_hi_varinst` VALUES ('75083', '75081', '75081', null, 'complaintDto', 'serializable', '0', '75084', null, null, null, null, '2019-12-31 15:38:12.376', '2019-12-31 15:38:12.376');
INSERT INTO `act_hi_varinst` VALUES ('75085', '75081', '75081', null, 'userId', 'string', '0', null, null, null, '1292827282727', null, '2019-12-31 15:38:12.376', '2019-12-31 15:38:12.376');
INSERT INTO `act_hi_varinst` VALUES ('75092', '75081', '75081', null, 'currentUserId', 'string', '0', null, null, null, '1292827282727', null, '2019-12-31 15:38:12.410', '2019-12-31 15:38:12.410');
INSERT INTO `act_hi_varinst` VALUES ('75093', '75081', '75081', null, 'auditCode', 'string', '0', null, null, null, '10000', null, '2019-12-31 15:38:12.410', '2019-12-31 15:38:12.410');
INSERT INTO `act_hi_varinst` VALUES ('75097', '75081', '75081', null, '302019110143040008', 'serializable', '0', '75098', null, null, null, null, '2019-12-31 15:38:12.422', '2019-12-31 15:38:12.422');
INSERT INTO `act_hi_varinst` VALUES ('7513', '7512', '7512', null, 'employeeName', 'string', '0', null, null, null, '廉斌', null, '2019-10-23 20:57:33.841', '2019-10-23 20:57:33.841');
INSERT INTO `act_hi_varinst` VALUES ('7514', '7512', '7512', null, 'day', 'integer', '0', null, null, '10', '10', null, '2019-10-23 20:57:33.841', '2019-10-23 20:57:33.841');
INSERT INTO `act_hi_varinst` VALUES ('7519', '7505', '7505', null, 'result', 'integer', '1', null, null, '0', '0', null, '2019-10-23 20:58:50.058', '2019-10-23 20:58:50.150');
INSERT INTO `act_hi_varinst` VALUES ('77513', '77511', '77511', null, 'complaintDto', 'serializable', '0', '77514', null, null, null, null, '2020-01-09 15:09:42.493', '2020-01-09 15:09:42.493');
INSERT INTO `act_hi_varinst` VALUES ('77515', '77511', '77511', null, 'userId', 'string', '0', null, null, null, '302019123177780006', null, '2020-01-09 15:09:42.493', '2020-01-09 15:09:42.493');
INSERT INTO `act_hi_varinst` VALUES ('77522', '77511', '77511', null, 'currentUserId', 'string', '0', null, null, null, '302019123177780006', null, '2020-01-09 15:09:42.673', '2020-01-09 15:09:42.673');
INSERT INTO `act_hi_varinst` VALUES ('77523', '77511', '77511', null, 'auditCode', 'string', '0', null, null, null, '10000', null, '2020-01-09 15:09:42.673', '2020-01-09 15:09:42.673');
INSERT INTO `act_hi_varinst` VALUES ('77527', '77511', '77511', null, '302019110143040008', 'serializable', '0', '77528', null, null, null, null, '2020-01-09 15:09:42.746', '2020-01-09 15:09:42.746');
INSERT INTO `act_hi_varinst` VALUES ('77532', '77529', '77529', null, 'complaintDto', 'serializable', '0', '77533', null, null, null, null, '2020-01-09 20:56:38.660', '2020-01-09 20:56:38.660');
INSERT INTO `act_hi_varinst` VALUES ('77534', '77529', '77529', null, 'userId', 'string', '0', null, null, null, '302019112303150001', null, '2020-01-09 20:56:38.661', '2020-01-09 20:56:38.661');
INSERT INTO `act_hi_varinst` VALUES ('77541', '77529', '77529', null, 'currentUserId', 'string', '0', null, null, null, '302019112303150001', null, '2020-01-09 20:56:38.788', '2020-01-09 20:56:38.788');
INSERT INTO `act_hi_varinst` VALUES ('77542', '77529', '77529', null, 'auditCode', 'string', '0', null, null, null, '10000', null, '2020-01-09 20:56:38.788', '2020-01-09 20:56:38.788');
INSERT INTO `act_hi_varinst` VALUES ('77546', '77529', '77529', null, '302019110143040008', 'serializable', '0', '77547', null, null, null, null, '2020-01-09 20:56:38.840', '2020-01-09 20:56:38.840');
INSERT INTO `act_hi_varinst` VALUES ('77555', '77553', '77553', null, 'complaintDto', 'serializable', '0', '77556', null, null, null, null, '2020-01-10 21:00:00.791', '2020-01-10 21:00:00.791');
INSERT INTO `act_hi_varinst` VALUES ('77557', '77553', '77553', null, 'userId', 'string', '0', null, null, null, '302020011038880018', null, '2020-01-10 21:00:00.791', '2020-01-10 21:00:00.791');
INSERT INTO `act_hi_varinst` VALUES ('77564', '77553', '77553', null, 'currentUserId', 'string', '0', null, null, null, '302020011038880018', null, '2020-01-10 21:00:00.902', '2020-01-10 21:00:00.902');
INSERT INTO `act_hi_varinst` VALUES ('77565', '77553', '77553', null, 'auditCode', 'string', '0', null, null, null, '10000', null, '2020-01-10 21:00:00.902', '2020-01-10 21:00:00.902');
INSERT INTO `act_hi_varinst` VALUES ('77569', '77553', '77553', null, '302019110143040008', 'serializable', '0', '77570', null, null, null, null, '2020-01-10 21:00:00.947', '2020-01-10 21:00:00.947');

-- ----------------------------
-- Table structure for act_id_group
-- ----------------------------
CREATE TABLE `act_id_group` (
  `ID_` varchar(64) COLLATE utf8_bin NOT NULL DEFAULT '',
  `REV_` int(11) DEFAULT NULL,
  `NAME_` varchar(255) COLLATE utf8_bin DEFAULT NULL,
  `TYPE_` varchar(255) COLLATE utf8_bin DEFAULT NULL,
  PRIMARY KEY (`ID_`)
) ENGINE=InnoDB DEFAULT CHARSET=utf8 COLLATE=utf8_bin;

-- ----------------------------
-- Records of act_id_info
-- ----------------------------

-- ----------------------------
-- Table structure for act_id_membership
-- ----------------------------
CREATE TABLE `act_id_membership` (
  `USER_ID_` varchar(64) COLLATE utf8_bin NOT NULL DEFAULT '',
  `GROUP_ID_` varchar(64) COLLATE utf8_bin NOT NULL DEFAULT '',
  PRIMARY KEY (`USER_ID_`,`GROUP_ID_`),
  KEY `ACT_FK_MEMB_GROUP` (`GROUP_ID_`) USING BTREE,
  CONSTRAINT `act_id_membership_ibfk_1` FOREIGN KEY (`GROUP_ID_`) REFERENCES `act_id_group` (`ID_`),
  CONSTRAINT `act_id_membership_ibfk_2` FOREIGN KEY (`USER_ID_`) REFERENCES `act_id_user` (`ID_`)
) ENGINE=InnoDB DEFAULT CHARSET=utf8 COLLATE=utf8_bin;

-- ----------------------------
-- Records of act_id_user
-- ----------------------------

-- ----------------------------
-- Table structure for act_procdef_info
-- ----------------------------
CREATE TABLE `act_procdef_info` (
  `ID_` varchar(64) COLLATE utf8_bin NOT NULL,
  `PROC_DEF_ID_` varchar(64) COLLATE utf8_bin NOT NULL,
  `REV_` int(11) DEFAULT NULL,
  `INFO_JSON_ID_` varchar(64) COLLATE utf8_bin DEFAULT NULL,
  PRIMARY KEY (`ID_`),
  UNIQUE KEY `ACT_UNIQ_INFO_PROCDEF` (`PROC_DEF_ID_`) USING BTREE,
  KEY `ACT_IDX_INFO_PROCDEF` (`PROC_DEF_ID_`) USING BTREE,
  KEY `ACT_FK_INFO_JSON_BA` (`INFO_JSON_ID_`) USING BTREE,
  KEY `ACT_IDX_INFO_PROCDEF_ACT_PROCDEF_INFO` (`PROC_DEF_ID_`) USING BTREE,
  CONSTRAINT `act_procdef_info_ibfk_1` FOREIGN KEY (`INFO_JSON_ID_`) REFERENCES `act_ge_bytearray` (`ID_`),
  CONSTRAINT `act_procdef_info_ibfk_2` FOREIGN KEY (`PROC_DEF_ID_`) REFERENCES `act_re_procdef` (`ID_`)
) ENGINE=InnoDB DEFAULT CHARSET=utf8 COLLATE=utf8_bin;

-- ----------------------------
-- Table structure for act_ru_deadletter_job
-- ----------------------------
CREATE TABLE `act_ru_deadletter_job` (
  `ID_` varchar(64) COLLATE utf8_bin NOT NULL,
  `REV_` int(11) DEFAULT NULL,
  `TYPE_` varchar(255) COLLATE utf8_bin NOT NULL,
  `EXCLUSIVE_` tinyint(1) DEFAULT NULL,
  `EXECUTION_ID_` varchar(64) COLLATE utf8_bin DEFAULT NULL,
  `PROCESS_INSTANCE_ID_` varchar(64) COLLATE utf8_bin DEFAULT NULL,
  `PROC_DEF_ID_` varchar(64) COLLATE utf8_bin DEFAULT NULL,
  `EXCEPTION_STACK_ID_` varchar(64) COLLATE utf8_bin DEFAULT NULL,
  `EXCEPTION_MSG_` varchar(4000) COLLATE utf8_bin DEFAULT NULL,
  `DUEDATE_` timestamp(3) NULL DEFAULT NULL,
  `REPEAT_` varchar(255) COLLATE utf8_bin DEFAULT NULL,
  `HANDLER_TYPE_` varchar(255) COLLATE utf8_bin DEFAULT NULL,
  `HANDLER_CFG_` varchar(4000) COLLATE utf8_bin DEFAULT NULL,
  `TENANT_ID_` varchar(255) COLLATE utf8_bin DEFAULT '',
  PRIMARY KEY (`ID_`),
  KEY `ACT_FK_DEADLETTER_JOB_EXECUTION` (`EXECUTION_ID_`) USING BTREE,
  KEY `ACT_FK_DEADLETTER_JOB_PROCESS_INSTANCE` (`PROCESS_INSTANCE_ID_`) USING BTREE,
  KEY `ACT_FK_DEADLETTER_JOB_PROC_DEF` (`PROC_DEF_ID_`) USING BTREE,
  KEY `ACT_FK_DEADLETTER_JOB_EXCEPTION` (`EXCEPTION_STACK_ID_`) USING BTREE,
  CONSTRAINT `act_ru_deadletter_job_ibfk_1` FOREIGN KEY (`EXCEPTION_STACK_ID_`) REFERENCES `act_ge_bytearray` (`ID_`),
  CONSTRAINT `act_ru_deadletter_job_ibfk_2` FOREIGN KEY (`EXECUTION_ID_`) REFERENCES `act_ru_execution` (`ID_`),
  CONSTRAINT `act_ru_deadletter_job_ibfk_3` FOREIGN KEY (`PROCESS_INSTANCE_ID_`) REFERENCES `act_ru_execution` (`ID_`),
  CONSTRAINT `act_ru_deadletter_job_ibfk_4` FOREIGN KEY (`PROC_DEF_ID_`) REFERENCES `act_re_procdef` (`ID_`)
) ENGINE=InnoDB DEFAULT CHARSET=utf8 COLLATE=utf8_bin;

-- ----------------------------
-- Records of act_ru_deadletter_job
-- ----------------------------

-- ----------------------------
-- Table structure for act_ru_event_subscr
-- ----------------------------
CREATE TABLE `act_ru_event_subscr` (
  `ID_` varchar(64) COLLATE utf8_bin NOT NULL,
  `REV_` int(11) DEFAULT NULL,
  `EVENT_TYPE_` varchar(255) COLLATE utf8_bin NOT NULL,
  `EVENT_NAME_` varchar(255) COLLATE utf8_bin DEFAULT NULL,
  `EXECUTION_ID_` varchar(64) COLLATE utf8_bin DEFAULT NULL,
  `PROC_INST_ID_` varchar(64) COLLATE utf8_bin DEFAULT NULL,
  `ACTIVITY_ID_` varchar(64) COLLATE utf8_bin DEFAULT NULL,
  `CONFIGURATION_` varchar(255) COLLATE utf8_bin DEFAULT NULL,
  `CREATED_` timestamp(3) NOT NULL DEFAULT CURRENT_TIMESTAMP(3),
  `PROC_DEF_ID_` varchar(64) COLLATE utf8_bin DEFAULT NULL,
  `TENANT_ID_` varchar(255) COLLATE utf8_bin DEFAULT '',
  PRIMARY KEY (`ID_`),
  KEY `ACT_IDX_EVENT_SUBSCR_CONFIG_` (`CONFIGURATION_`) USING BTREE,
  KEY `ACT_FK_EVENT_EXEC` (`EXECUTION_ID_`) USING BTREE,
  KEY `ACT_IDX_EVENT_SUBSCR_CONFIG__ACT_RU_EVENT_SUBSCR` (`CONFIGURATION_`) USING BTREE,
  CONSTRAINT `act_ru_event_subscr_ibfk_1` FOREIGN KEY (`EXECUTION_ID_`) REFERENCES `act_ru_execution` (`ID_`)
) ENGINE=InnoDB DEFAULT CHARSET=utf8 COLLATE=utf8_bin;

-- ----------------------------
-- Records of act_ru_event_subscr
-- ----------------------------

-- ----------------------------
-- Table structure for act_ru_execution
-- ----------------------------
CREATE TABLE `act_ru_execution` (
  `ID_` varchar(64) COLLATE utf8_bin NOT NULL DEFAULT '',
  `REV_` int(11) DEFAULT NULL,
  `PROC_INST_ID_` varchar(64) COLLATE utf8_bin DEFAULT NULL,
  `BUSINESS_KEY_` varchar(255) COLLATE utf8_bin DEFAULT NULL,
  `PARENT_ID_` varchar(64) COLLATE utf8_bin DEFAULT NULL,
  `PROC_DEF_ID_` varchar(64) COLLATE utf8_bin DEFAULT NULL,
  `SUPER_EXEC_` varchar(64) COLLATE utf8_bin DEFAULT NULL,
  `ROOT_PROC_INST_ID_` varchar(64) COLLATE utf8_bin DEFAULT NULL,
  `ACT_ID_` varchar(255) COLLATE utf8_bin DEFAULT NULL,
  `IS_ACTIVE_` tinyint(4) DEFAULT NULL,
  `IS_CONCURRENT_` tinyint(4) DEFAULT NULL,
  `IS_SCOPE_` tinyint(4) DEFAULT NULL,
  `IS_EVENT_SCOPE_` tinyint(4) DEFAULT NULL,
  `IS_MI_ROOT_` tinyint(4) DEFAULT NULL,
  `SUSPENSION_STATE_` int(11) DEFAULT NULL,
  `CACHED_ENT_STATE_` int(11) DEFAULT NULL,
  `TENANT_ID_` varchar(255) COLLATE utf8_bin DEFAULT '',
  `NAME_` varchar(255) COLLATE utf8_bin DEFAULT NULL,
  `START_TIME_` datetime(3) DEFAULT NULL,
  `START_USER_ID_` varchar(255) COLLATE utf8_bin DEFAULT NULL,
  `LOCK_TIME_` timestamp(3) NULL DEFAULT NULL,
  `IS_COUNT_ENABLED_` tinyint(4) DEFAULT NULL,
  `EVT_SUBSCR_COUNT_` int(11) DEFAULT NULL,
  `TASK_COUNT_` int(11) DEFAULT NULL,
  `JOB_COUNT_` int(11) DEFAULT NULL,
  `TIMER_JOB_COUNT_` int(11) DEFAULT NULL,
  `SUSP_JOB_COUNT_` int(11) DEFAULT NULL,
  `DEADLETTER_JOB_COUNT_` int(11) DEFAULT NULL,
  `VAR_COUNT_` int(11) DEFAULT NULL,
  `ID_LINK_COUNT_` int(11) DEFAULT NULL,
  PRIMARY KEY (`ID_`),
  KEY `ACT_IDX_EXEC_BUSKEY` (`BUSINESS_KEY_`) USING BTREE,
  KEY `ACT_IDC_EXEC_ROOT` (`ROOT_PROC_INST_ID_`) USING BTREE,
  KEY `ACT_FK_EXE_PROCINST` (`PROC_INST_ID_`) USING BTREE,
  KEY `ACT_FK_EXE_PARENT` (`PARENT_ID_`) USING BTREE,
  KEY `ACT_FK_EXE_SUPER` (`SUPER_EXEC_`) USING BTREE,
  KEY `ACT_FK_EXE_PROCDEF` (`PROC_DEF_ID_`) USING BTREE,
  KEY `ACT_IDX_EXEC_BUSKEY_ACT_RU_EXECUTION` (`BUSINESS_KEY_`) USING BTREE,
  KEY `ACT_IDC_EXEC_ROOT_ACT_RU_EXECUTION` (`ROOT_PROC_INST_ID_`) USING BTREE,
  CONSTRAINT `act_ru_execution_ibfk_1` FOREIGN KEY (`PARENT_ID_`) REFERENCES `act_ru_execution` (`ID_`) ON DELETE CASCADE,
  CONSTRAINT `act_ru_execution_ibfk_2` FOREIGN KEY (`PROC_DEF_ID_`) REFERENCES `act_re_procdef` (`ID_`),
  CONSTRAINT `act_ru_execution_ibfk_3` FOREIGN KEY (`PROC_INST_ID_`) REFERENCES `act_ru_execution` (`ID_`) ON DELETE CASCADE ON UPDATE CASCADE,
  CONSTRAINT `act_ru_execution_ibfk_4` FOREIGN KEY (`SUPER_EXEC_`) REFERENCES `act_ru_execution` (`ID_`) ON DELETE CASCADE
) ENGINE=InnoDB DEFAULT CHARSET=utf8 COLLATE=utf8_bin;

-- ----------------------------
-- Records of act_ru_execution
-- ----------------------------
INSERT INTO `act_ru_execution` VALUES ('17508', '1', '17508', null, null, 'complaint:2:17506', null, '17508', null, '1', '0', '1', '0', '0', '1', null, '', null, '2019-11-03 13:01:54.651', null, null, '0', '0', '0', '0', '0', '0', '0', '0', '0');
INSERT INTO `act_ru_execution` VALUES ('17512', '1', '17508', null, '17508', 'complaint:2:17506', null, '17508', '_3', '1', '0', '0', '0', '0', '1', null, '', null, '2019-11-03 13:01:54.657', null, null, '0', '0', '0', '0', '0', '0', '0', '0', '0');
INSERT INTO `act_ru_execution` VALUES ('17516', '1', '17516', null, null, 'complaint:2:17506', null, '17516', null, '1', '0', '1', '0', '0', '1', null, '', null, '2019-11-03 13:12:11.692', null, null, '0', '0', '0', '0', '0', '0', '0', '0', '0');
INSERT INTO `act_ru_execution` VALUES ('17520', '1', '17516', null, '17516', 'complaint:2:17506', null, '17516', '_3', '1', '0', '0', '0', '0', '1', null, '', null, '2019-11-03 13:12:11.693', null, null, '0', '0', '0', '0', '0', '0', '0', '0', '0');
INSERT INTO `act_ru_execution` VALUES ('17527', '1', '17527', null, null, 'complaint:2:17506', null, '17527', null, '1', '0', '1', '0', '0', '1', null, '', null, '2019-11-03 15:56:07.726', null, null, '0', '0', '0', '0', '0', '0', '0', '0', '0');
INSERT INTO `act_ru_execution` VALUES ('17531', '1', '17527', null, '17527', 'complaint:2:17506', null, '17527', '_3', '1', '0', '0', '0', '0', '1', null, '', null, '2019-11-03 15:56:07.727', null, null, '0', '0', '0', '0', '0', '0', '0', '0', '0');
INSERT INTO `act_ru_execution` VALUES ('20001', '1', '20001', null, null, 'complaint:2:17506', null, '20001', null, '1', '0', '1', '0', '0', '1', null, '', null, '2019-11-03 20:51:36.328', null, null, '0', '0', '0', '0', '0', '0', '0', '0', '0');
INSERT INTO `act_ru_execution` VALUES ('20005', '1', '20001', null, '20001', 'complaint:2:17506', null, '20001', '_3', '1', '0', '0', '0', '0', '1', null, '', null, '2019-11-03 20:51:36.352', null, null, '0', '0', '0', '0', '0', '0', '0', '0', '0');
INSERT INTO `act_ru_execution` VALUES ('22501', '1', '22501', null, null, 'complaint:2:17506', null, '22501', null, '1', '0', '1', '0', '0', '1', null, '', null, '2019-11-03 20:55:23.139', null, null, '0', '0', '0', '0', '0', '0', '0', '0', '0');
INSERT INTO `act_ru_execution` VALUES ('22505', '1', '22501', null, '22501', 'complaint:2:17506', null, '22501', '_3', '1', '0', '0', '0', '0', '1', null, '', null, '2019-11-03 20:55:23.166', null, null, '0', '0', '0', '0', '0', '0', '0', '0', '0');
INSERT INTO `act_ru_execution` VALUES ('45008', '1', '45008', '882019110564340012', null, 'complaint:5:45006', null, '45008', null, '1', '0', '1', '0', '0', '1', null, '', null, '2019-11-05 23:45:57.355', null, null, '0', '0', '0', '0', '0', '0', '0', '0', '0');
INSERT INTO `act_ru_execution` VALUES ('45013', '1', '45008', null, '45008', 'complaint:5:45006', null, '45008', '_7', '1', '0', '0', '0', '0', '1', null, '', null, '2019-11-05 23:45:57.361', null, null, '0', '0', '0', '0', '0', '0', '0', '0', '0');
INSERT INTO `act_ru_execution` VALUES ('65029', '1', '65029', '882019111111560007', null, 'complaint:8:65006', null, '65029', null, '1', '0', '1', '0', '0', '1', null, '', null, '2019-11-11 13:46:44.326', null, null, '0', '0', '0', '0', '0', '0', '0', '0', '0');
INSERT INTO `act_ru_execution` VALUES ('65034', '2', '65029', null, '65029', 'complaint:8:65006', null, '65029', '_3', '1', '0', '0', '0', '0', '1', null, '', null, '2019-11-11 13:46:44.330', null, null, '0', '0', '0', '0', '0', '0', '0', '0', '0');
INSERT INTO `act_ru_execution` VALUES ('67516', '1', '67516', '882019112179180006', null, 'complaint:8:65006', null, '67516', null, '1', '0', '1', '0', '0', '1', null, '', null, '2019-11-21 16:03:03.414', '30518940136629616640', null, '0', '0', '0', '0', '0', '0', '0', '0', '0');
INSERT INTO `act_ru_execution` VALUES ('67522', '2', '67516', null, '67516', 'complaint:8:65006', null, '67516', '_3', '1', '0', '0', '0', '0', '1', null, '', null, '2019-11-21 16:03:03.428', null, null, '0', '0', '0', '0', '0', '0', '0', '0', '0');
INSERT INTO `act_ru_execution` VALUES ('72516', '1', '72516', '882019120395700001', null, 'complaint:8:65006', null, '72516', null, '1', '0', '1', '0', '0', '1', null, '', null, '2019-12-03 10:11:05.488', '30518940136629616640', null, '0', '0', '0', '0', '0', '0', '0', '0', '0');
INSERT INTO `act_ru_execution` VALUES ('72522', '2', '72516', null, '72516', 'complaint:8:65006', null, '72516', '_3', '1', '0', '0', '0', '0', '1', null, '', null, '2019-12-03 10:11:05.499', null, null, '0', '0', '0', '0', '0', '0', '0', '0', '0');
INSERT INTO `act_ru_execution` VALUES ('75026', '1', '75026', '882019123138600003', null, 'complaint:8:65006', null, '75026', null, '1', '0', '1', '0', '0', '1', null, '', null, '2019-12-31 13:33:28.394', null, null, '0', '0', '0', '0', '0', '0', '0', '0', '0');
INSERT INTO `act_ru_execution` VALUES ('75031', '2', '75026', null, '75026', 'complaint:8:65006', null, '75026', '_3', '1', '0', '0', '0', '0', '1', null, '', null, '2019-12-31 13:33:28.404', null, null, '0', '0', '0', '0', '0', '0', '0', '0', '0');
INSERT INTO `act_ru_execution` VALUES ('75044', '1', '75044', '882019123143070004', null, 'complaint:8:65006', null, '75044', null, '1', '0', '1', '0', '0', '1', null, '', null, '2019-12-31 13:36:50.418', null, null, '0', '0', '0', '0', '0', '0', '0', '0', '0');
INSERT INTO `act_ru_execution` VALUES ('75049', '2', '75044', null, '75044', 'complaint:8:65006', null, '75044', '_3', '1', '0', '0', '0', '0', '1', null, '', null, '2019-12-31 13:36:50.419', null, null, '0', '0', '0', '0', '0', '0', '0', '0', '0');
INSERT INTO `act_ru_execution` VALUES ('75062', '1', '75062', '882019123166980005', null, 'complaint:8:65006', null, '75062', null, '1', '0', '1', '0', '0', '1', null, '', null, '2019-12-31 15:35:22.051', '30518940136629616640', null, '0', '0', '0', '0', '0', '0', '0', '0', '0');
INSERT INTO `act_ru_execution` VALUES ('75068', '2', '75062', null, '75062', 'complaint:8:65006', null, '75062', '_3', '1', '0', '0', '0', '0', '1', null, '', null, '2019-12-31 15:35:22.054', null, null, '0', '0', '0', '0', '0', '0', '0', '0', '0');
INSERT INTO `act_ru_execution` VALUES ('75081', '1', '75081', '882019123178850006', null, 'complaint:8:65006', null, '75081', null, '1', '0', '1', '0', '0', '1', null, '', null, '2019-12-31 15:38:12.376', null, null, '0', '0', '0', '0', '0', '0', '0', '0', '0');
INSERT INTO `act_ru_execution` VALUES ('75086', '2', '75081', null, '75081', 'complaint:8:65006', null, '75081', '_3', '1', '0', '0', '0', '0', '1', null, '', null, '2019-12-31 15:38:12.376', null, null, '0', '0', '0', '0', '0', '0', '0', '0', '0');
INSERT INTO `act_ru_execution` VALUES ('7512', '1', '7512', null, null, 'resourceEntry:1:7504', null, '7512', null, '1', '0', '1', '0', '0', '1', null, '', null, '2019-10-23 20:57:33.841', null, null, '0', '0', '0', '0', '0', '0', '0', '0', '0');
INSERT INTO `act_ru_execution` VALUES ('7515', '1', '7512', null, '7512', 'resourceEntry:1:7504', null, '7512', '_3', '1', '0', '0', '0', '0', '1', null, '', null, '2019-10-23 20:57:33.841', null, null, '0', '0', '0', '0', '0', '0', '0', '0', '0');
INSERT INTO `act_ru_execution` VALUES ('77511', '1', '77511', '882020010906900001', null, 'complaint:8:65006', null, '77511', null, '1', '0', '1', '0', '0', '1', null, '', null, '2020-01-09 15:09:42.483', null, null, '0', '0', '0', '0', '0', '0', '0', '0', '0');
INSERT INTO `act_ru_execution` VALUES ('77516', '2', '77511', null, '77511', 'complaint:8:65006', null, '77511', '_3', '1', '0', '0', '0', '0', '1', null, '', null, '2020-01-09 15:09:42.494', null, null, '0', '0', '0', '0', '0', '0', '0', '0', '0');
INSERT INTO `act_ru_execution` VALUES ('77529', '1', '77529', '882020010900570002', null, 'complaint:8:65006', null, '77529', null, '1', '0', '1', '0', '0', '1', null, '', null, '2020-01-09 20:56:38.655', '302019123177780006', null, '0', '0', '0', '0', '0', '0', '0', '0', '0');
INSERT INTO `act_ru_execution` VALUES ('77535', '2', '77529', null, '77529', 'complaint:8:65006', null, '77529', '_3', '1', '0', '0', '0', '0', '1', null, '', null, '2020-01-09 20:56:38.661', null, null, '0', '0', '0', '0', '0', '0', '0', '0', '0');
INSERT INTO `act_ru_execution` VALUES ('77553', '1', '77553', '882020011075380019', null, 'complaint:8:65006', null, '77553', null, '1', '0', '1', '0', '0', '1', null, '', null, '2020-01-10 21:00:00.788', null, null, '0', '0', '0', '0', '0', '0', '0', '0', '0');
INSERT INTO `act_ru_execution` VALUES ('77558', '2', '77553', null, '77553', 'complaint:8:65006', null, '77553', '_3', '1', '0', '0', '0', '0', '1', null, '', null, '2020-01-10 21:00:00.791', null, null, '0', '0', '0', '0', '0', '0', '0', '0', '0');

-- ----------------------------
-- Table structure for act_ru_identitylink
-- ----------------------------
CREATE TABLE `act_ru_identitylink` (
  `ID_` varchar(64) COLLATE utf8_bin NOT NULL DEFAULT '',
  `REV_` int(11) DEFAULT NULL,
  `GROUP_ID_` varchar(255) COLLATE utf8_bin DEFAULT NULL,
  `TYPE_` varchar(255) COLLATE utf8_bin DEFAULT NULL,
  `USER_ID_` varchar(255) COLLATE utf8_bin DEFAULT NULL,
  `TASK_ID_` varchar(64) COLLATE utf8_bin DEFAULT NULL,
  `PROC_INST_ID_` varchar(64) COLLATE utf8_bin DEFAULT NULL,
  `PROC_DEF_ID_` varchar(64) COLLATE utf8_bin DEFAULT NULL,
  PRIMARY KEY (`ID_`),
  KEY `ACT_IDX_IDENT_LNK_USER` (`USER_ID_`) USING BTREE,
  KEY `ACT_IDX_IDENT_LNK_GROUP` (`GROUP_ID_`) USING BTREE,
  KEY `ACT_IDX_ATHRZ_PROCEDEF` (`PROC_DEF_ID_`) USING BTREE,
  KEY `ACT_FK_TSKASS_TASK` (`TASK_ID_`) USING BTREE,
  KEY `ACT_FK_IDL_PROCINST` (`PROC_INST_ID_`) USING BTREE,
  KEY `ACT_IDX_IDENT_LNK_USER_ACT_RU_IDENTITYLINK` (`USER_ID_`) USING BTREE,
  KEY `ACT_IDX_IDENT_LNK_GROUP_ACT_RU_IDENTITYLINK` (`GROUP_ID_`) USING BTREE,
  KEY `ACT_IDX_ATHRZ_PROCEDEF_ACT_RU_IDENTITYLINK` (`PROC_DEF_ID_`) USING BTREE,
  CONSTRAINT `act_ru_identitylink_ibfk_1` FOREIGN KEY (`PROC_DEF_ID_`) REFERENCES `act_re_procdef` (`ID_`),
  CONSTRAINT `act_ru_identitylink_ibfk_2` FOREIGN KEY (`PROC_INST_ID_`) REFERENCES `act_ru_execution` (`ID_`),
  CONSTRAINT `act_ru_identitylink_ibfk_3` FOREIGN KEY (`TASK_ID_`) REFERENCES `act_ru_task` (`ID_`)
) ENGINE=InnoDB DEFAULT CHARSET=utf8 COLLATE=utf8_bin;

-- ----------------------------
-- Records of act_ru_identitylink
-- ----------------------------
INSERT INTO `act_ru_identitylink` VALUES ('45017', '1', null, 'participant', '30518940136629616640', null, '45008', null);
INSERT INTO `act_ru_identitylink` VALUES ('65038', '1', null, 'participant', '30518940136629616640', null, '65029', null);
INSERT INTO `act_ru_identitylink` VALUES ('67517', '1', null, 'starter', '30518940136629616640', null, '67516', null);
INSERT INTO `act_ru_identitylink` VALUES ('67526', '1', null, 'participant', '302019111903710004', null, '67516', null);
INSERT INTO `act_ru_identitylink` VALUES ('72517', '1', null, 'starter', '30518940136629616640', null, '72516', null);
INSERT INTO `act_ru_identitylink` VALUES ('75035', '1', null, 'participant', '1292827282727', null, '75026', null);
INSERT INTO `act_ru_identitylink` VALUES ('75053', '1', null, 'participant', '1292827282727', null, '75044', null);
INSERT INTO `act_ru_identitylink` VALUES ('75063', '1', null, 'starter', '30518940136629616640', null, '75062', null);
INSERT INTO `act_ru_identitylink` VALUES ('75072', '1', null, 'participant', '1292827282727', null, '75062', null);
INSERT INTO `act_ru_identitylink` VALUES ('75090', '1', null, 'participant', '1292827282727', null, '75081', null);
INSERT INTO `act_ru_identitylink` VALUES ('77520', '1', null, 'participant', '302019123177780006', null, '77511', null);
INSERT INTO `act_ru_identitylink` VALUES ('77530', '1', null, 'starter', '302019123177780006', null, '77529', null);
INSERT INTO `act_ru_identitylink` VALUES ('77539', '1', null, 'participant', '302019112303150001', null, '77529', null);
INSERT INTO `act_ru_identitylink` VALUES ('77562', '1', null, 'participant', '302020011038880018', null, '77553', null);

-- ----------------------------
-- Table structure for act_ru_job
-- ----------------------------
CREATE TABLE `act_ru_job` (
  `ID_` varchar(64) COLLATE utf8_bin NOT NULL,
  `REV_` int(11) DEFAULT NULL,
  `TYPE_` varchar(255) COLLATE utf8_bin NOT NULL,
  `LOCK_EXP_TIME_` timestamp(3) NULL DEFAULT NULL,
  `LOCK_OWNER_` varchar(255) COLLATE utf8_bin DEFAULT NULL,
  `EXCLUSIVE_` tinyint(1) DEFAULT NULL,
  `EXECUTION_ID_` varchar(64) COLLATE utf8_bin DEFAULT NULL,
  `PROCESS_INSTANCE_ID_` varchar(64) COLLATE utf8_bin DEFAULT NULL,
  `PROC_DEF_ID_` varchar(64) COLLATE utf8_bin DEFAULT NULL,
  `RETRIES_` int(11) DEFAULT NULL,
  `EXCEPTION_STACK_ID_` varchar(64) COLLATE utf8_bin DEFAULT NULL,
  `EXCEPTION_MSG_` varchar(4000) COLLATE utf8_bin DEFAULT NULL,
  `DUEDATE_` timestamp(3) NULL DEFAULT NULL,
  `REPEAT_` varchar(255) COLLATE utf8_bin DEFAULT NULL,
  `HANDLER_TYPE_` varchar(255) COLLATE utf8_bin DEFAULT NULL,
  `HANDLER_CFG_` varchar(4000) COLLATE utf8_bin DEFAULT NULL,
  `TENANT_ID_` varchar(255) COLLATE utf8_bin DEFAULT '',
  PRIMARY KEY (`ID_`),
  KEY `ACT_FK_JOB_EXECUTION` (`EXECUTION_ID_`) USING BTREE,
  KEY `ACT_FK_JOB_PROCESS_INSTANCE` (`PROCESS_INSTANCE_ID_`) USING BTREE,
  KEY `ACT_FK_JOB_PROC_DEF` (`PROC_DEF_ID_`) USING BTREE,
  KEY `ACT_FK_JOB_EXCEPTION` (`EXCEPTION_STACK_ID_`) USING BTREE,
  CONSTRAINT `act_ru_job_ibfk_1` FOREIGN KEY (`EXCEPTION_STACK_ID_`) REFERENCES `act_ge_bytearray` (`ID_`),
  CONSTRAINT `act_ru_job_ibfk_2` FOREIGN KEY (`EXECUTION_ID_`) REFERENCES `act_ru_execution` (`ID_`),
  CONSTRAINT `act_ru_job_ibfk_3` FOREIGN KEY (`PROCESS_INSTANCE_ID_`) REFERENCES `act_ru_execution` (`ID_`),
  CONSTRAINT `act_ru_job_ibfk_4` FOREIGN KEY (`PROC_DEF_ID_`) REFERENCES `act_re_procdef` (`ID_`)
) ENGINE=InnoDB DEFAULT CHARSET=utf8 COLLATE=utf8_bin;

-- ----------------------------
-- Records of act_ru_job
-- ----------------------------

-- ----------------------------
-- Table structure for act_ru_suspended_job
-- ----------------------------
CREATE TABLE `act_ru_suspended_job` (
  `ID_` varchar(64) COLLATE utf8_bin NOT NULL,
  `REV_` int(11) DEFAULT NULL,
  `TYPE_` varchar(255) COLLATE utf8_bin NOT NULL,
  `EXCLUSIVE_` tinyint(1) DEFAULT NULL,
  `EXECUTION_ID_` varchar(64) COLLATE utf8_bin DEFAULT NULL,
  `PROCESS_INSTANCE_ID_` varchar(64) COLLATE utf8_bin DEFAULT NULL,
  `PROC_DEF_ID_` varchar(64) COLLATE utf8_bin DEFAULT NULL,
  `RETRIES_` int(11) DEFAULT NULL,
  `EXCEPTION_STACK_ID_` varchar(64) COLLATE utf8_bin DEFAULT NULL,
  `EXCEPTION_MSG_` varchar(4000) COLLATE utf8_bin DEFAULT NULL,
  `DUEDATE_` timestamp(3) NULL DEFAULT NULL,
  `REPEAT_` varchar(255) COLLATE utf8_bin DEFAULT NULL,
  `HANDLER_TYPE_` varchar(255) COLLATE utf8_bin DEFAULT NULL,
  `HANDLER_CFG_` varchar(4000) COLLATE utf8_bin DEFAULT NULL,
  `TENANT_ID_` varchar(255) COLLATE utf8_bin DEFAULT '',
  PRIMARY KEY (`ID_`),
  KEY `ACT_FK_SUSPENDED_JOB_EXECUTION` (`EXECUTION_ID_`) USING BTREE,
  KEY `ACT_FK_SUSPENDED_JOB_PROCESS_INSTANCE` (`PROCESS_INSTANCE_ID_`) USING BTREE,
  KEY `ACT_FK_SUSPENDED_JOB_PROC_DEF` (`PROC_DEF_ID_`) USING BTREE,
  KEY `ACT_FK_SUSPENDED_JOB_EXCEPTION` (`EXCEPTION_STACK_ID_`) USING BTREE,
  CONSTRAINT `act_ru_suspended_job_ibfk_1` FOREIGN KEY (`EXCEPTION_STACK_ID_`) REFERENCES `act_ge_bytearray` (`ID_`),
  CONSTRAINT `act_ru_suspended_job_ibfk_2` FOREIGN KEY (`EXECUTION_ID_`) REFERENCES `act_ru_execution` (`ID_`),
  CONSTRAINT `act_ru_suspended_job_ibfk_3` FOREIGN KEY (`PROCESS_INSTANCE_ID_`) REFERENCES `act_ru_execution` (`ID_`),
  CONSTRAINT `act_ru_suspended_job_ibfk_4` FOREIGN KEY (`PROC_DEF_ID_`) REFERENCES `act_re_procdef` (`ID_`)
) ENGINE=InnoDB DEFAULT CHARSET=utf8 COLLATE=utf8_bin;

-- ----------------------------
-- Records of act_ru_suspended_job
-- ----------------------------

-- ----------------------------
-- Table structure for act_ru_task
-- ----------------------------
CREATE TABLE `act_ru_task` (
  `ID_` varchar(64) COLLATE utf8_bin NOT NULL DEFAULT '',
  `REV_` int(11) DEFAULT NULL,
  `EXECUTION_ID_` varchar(64) COLLATE utf8_bin DEFAULT NULL,
  `PROC_INST_ID_` varchar(64) COLLATE utf8_bin DEFAULT NULL,
  `PROC_DEF_ID_` varchar(64) COLLATE utf8_bin DEFAULT NULL,
  `NAME_` varchar(255) COLLATE utf8_bin DEFAULT NULL,
  `PARENT_TASK_ID_` varchar(64) COLLATE utf8_bin DEFAULT NULL,
  `DESCRIPTION_` varchar(4000) COLLATE utf8_bin DEFAULT NULL,
  `TASK_DEF_KEY_` varchar(255) COLLATE utf8_bin DEFAULT NULL,
  `OWNER_` varchar(255) COLLATE utf8_bin DEFAULT NULL,
  `ASSIGNEE_` varchar(255) COLLATE utf8_bin DEFAULT NULL,
  `DELEGATION_` varchar(64) COLLATE utf8_bin DEFAULT NULL,
  `PRIORITY_` int(11) DEFAULT NULL,
  `CREATE_TIME_` timestamp(3) NULL DEFAULT NULL,
  `DUE_DATE_` datetime(3) DEFAULT NULL,
  `CATEGORY_` varchar(255) COLLATE utf8_bin DEFAULT NULL,
  `SUSPENSION_STATE_` int(11) DEFAULT NULL,
  `TENANT_ID_` varchar(255) COLLATE utf8_bin DEFAULT '',
  `FORM_KEY_` varchar(255) COLLATE utf8_bin DEFAULT NULL,
  `CLAIM_TIME_` datetime(3) DEFAULT NULL,
  PRIMARY KEY (`ID_`),
  KEY `ACT_IDX_TASK_CREATE` (`CREATE_TIME_`) USING BTREE,
  KEY `ACT_FK_TASK_EXE` (`EXECUTION_ID_`) USING BTREE,
  KEY `ACT_FK_TASK_PROCINST` (`PROC_INST_ID_`) USING BTREE,
  KEY `ACT_FK_TASK_PROCDEF` (`PROC_DEF_ID_`) USING BTREE,
  KEY `ACT_IDX_TASK_CREATE_ACT_RU_TASK` (`CREATE_TIME_`) USING BTREE,
  CONSTRAINT `act_ru_task_ibfk_1` FOREIGN KEY (`EXECUTION_ID_`) REFERENCES `act_ru_execution` (`ID_`),
  CONSTRAINT `act_ru_task_ibfk_2` FOREIGN KEY (`PROC_DEF_ID_`) REFERENCES `act_re_procdef` (`ID_`),
  CONSTRAINT `act_ru_task_ibfk_3` FOREIGN KEY (`PROC_INST_ID_`) REFERENCES `act_ru_execution` (`ID_`)
) ENGINE=InnoDB DEFAULT CHARSET=utf8 COLLATE=utf8_bin;

-- ----------------------------
-- Records of act_ru_task
-- ----------------------------
INSERT INTO `act_ru_task` VALUES ('20008', '1', '20005', '20001', 'complaint:2:17506', 'complaitUser', null, null, '_3', null, '30', null, '50', '2019-11-03 20:51:36.358', null, null, '1', '', null, null);
INSERT INTO `act_ru_task` VALUES ('22508', '1', '22505', '22501', 'complaint:2:17506', 'complaitUser', null, null, '_3', null, '30', null, '50', '2019-11-03 20:55:23.172', null, null, '1', '', null, null);
INSERT INTO `act_ru_task` VALUES ('45016', '2', '45013', '45008', 'complaint:5:45006', 'complaint', null, null, '_7', null, '30518940136629616640', null, '50', '2019-11-05 23:45:57.367', null, null, '1', '', null, '2019-11-06 15:13:03.034');
INSERT INTO `act_ru_task` VALUES ('65043', '1', '65034', '65029', 'complaint:8:65006', 'complaitDealUser', null, null, '_3', null, '302019110143040008', null, '50', '2019-11-11 13:46:44.481', null, null, '1', '', null, null);
INSERT INTO `act_ru_task` VALUES ('67531', '1', '67522', '67516', 'complaint:8:65006', 'complaitDealUser', null, null, '_3', null, null, null, '50', '2019-11-21 16:03:03.629', null, null, '1', '', null, null);
INSERT INTO `act_ru_task` VALUES ('72530', '1', '72522', '72516', 'complaint:8:65006', 'complaitDealUser', null, null, '_3', null, '302019110143040008', null, '50', '2019-12-03 10:11:05.699', null, null, '1', '', null, null);
INSERT INTO `act_ru_task` VALUES ('75040', '1', '75031', '75026', 'complaint:8:65006', 'complaitDealUser', null, null, '_3', null, '302019110143040008', null, '50', '2019-12-31 13:33:28.578', null, null, '1', '', null, null);
INSERT INTO `act_ru_task` VALUES ('75058', '1', '75049', '75044', 'complaint:8:65006', 'complaitDealUser', null, null, '_3', null, '302019110143040008', null, '50', '2019-12-31 13:36:50.453', null, null, '1', '', null, null);
INSERT INTO `act_ru_task` VALUES ('75077', '1', '75068', '75062', 'complaint:8:65006', 'complaitDealUser', null, null, '_3', null, '302019110143040008', null, '50', '2019-12-31 15:35:22.175', null, null, '1', '', null, null);
INSERT INTO `act_ru_task` VALUES ('75095', '1', '75086', '75081', 'complaint:8:65006', 'complaitDealUser', null, null, '_3', null, '302019110143040008', null, '50', '2019-12-31 15:38:12.414', null, null, '1', '', null, null);
INSERT INTO `act_ru_task` VALUES ('7518', '1', '7515', '7512', 'resourceEntry:1:7504', 'department', null, null, '_3', null, null, null, '50', '2019-10-23 20:57:33.841', null, null, '1', '', null, null);
INSERT INTO `act_ru_task` VALUES ('77525', '1', '77516', '77511', 'complaint:8:65006', 'complaitDealUser', null, null, '_3', null, '302019110143040008', null, '50', '2020-01-09 15:09:42.689', null, null, '1', '', null, null);
INSERT INTO `act_ru_task` VALUES ('77544', '1', '77535', '77529', 'complaint:8:65006', 'complaitDealUser', null, null, '_3', null, '302019110143040008', null, '50', '2020-01-09 20:56:38.804', null, null, '1', '', null, null);
INSERT INTO `act_ru_task` VALUES ('77567', '1', '77558', '77553', 'complaint:8:65006', 'complaitDealUser', null, null, '_3', null, '302019110143040008', null, '50', '2020-01-10 21:00:00.918', null, null, '1', '', null, null);

-- ----------------------------
-- Table structure for act_ru_timer_job
-- ----------------------------
CREATE TABLE `act_ru_timer_job` (
  `ID_` varchar(64) COLLATE utf8_bin NOT NULL,
  `REV_` int(11) DEFAULT NULL,
  `TYPE_` varchar(255) COLLATE utf8_bin NOT NULL,
  `LOCK_EXP_TIME_` timestamp(3) NULL DEFAULT NULL,
  `LOCK_OWNER_` varchar(255) COLLATE utf8_bin DEFAULT NULL,
  `EXCLUSIVE_` tinyint(1) DEFAULT NULL,
  `EXECUTION_ID_` varchar(64) COLLATE utf8_bin DEFAULT NULL,
  `PROCESS_INSTANCE_ID_` varchar(64) COLLATE utf8_bin DEFAULT NULL,
  `PROC_DEF_ID_` varchar(64) COLLATE utf8_bin DEFAULT NULL,
  `RETRIES_` int(11) DEFAULT NULL,
  `EXCEPTION_STACK_ID_` varchar(64) COLLATE utf8_bin DEFAULT NULL,
  `EXCEPTION_MSG_` varchar(4000) COLLATE utf8_bin DEFAULT NULL,
  `DUEDATE_` timestamp(3) NULL DEFAULT NULL,
  `REPEAT_` varchar(255) COLLATE utf8_bin DEFAULT NULL,
  `HANDLER_TYPE_` varchar(255) COLLATE utf8_bin DEFAULT NULL,
  `HANDLER_CFG_` varchar(4000) COLLATE utf8_bin DEFAULT NULL,
  `TENANT_ID_` varchar(255) COLLATE utf8_bin DEFAULT '',
  PRIMARY KEY (`ID_`),
  KEY `ACT_FK_TIMER_JOB_EXECUTION` (`EXECUTION_ID_`) USING BTREE,
  KEY `ACT_FK_TIMER_JOB_PROCESS_INSTANCE` (`PROCESS_INSTANCE_ID_`) USING BTREE,
  KEY `ACT_FK_TIMER_JOB_PROC_DEF` (`PROC_DEF_ID_`) USING BTREE,
  KEY `ACT_FK_TIMER_JOB_EXCEPTION` (`EXCEPTION_STACK_ID_`) USING BTREE,
  CONSTRAINT `act_ru_timer_job_ibfk_1` FOREIGN KEY (`EXCEPTION_STACK_ID_`) REFERENCES `act_ge_bytearray` (`ID_`),
  CONSTRAINT `act_ru_timer_job_ibfk_2` FOREIGN KEY (`EXECUTION_ID_`) REFERENCES `act_ru_execution` (`ID_`),
  CONSTRAINT `act_ru_timer_job_ibfk_3` FOREIGN KEY (`PROCESS_INSTANCE_ID_`) REFERENCES `act_ru_execution` (`ID_`),
  CONSTRAINT `act_ru_timer_job_ibfk_4` FOREIGN KEY (`PROC_DEF_ID_`) REFERENCES `act_re_procdef` (`ID_`)
) ENGINE=InnoDB DEFAULT CHARSET=utf8 COLLATE=utf8_bin;

-- ----------------------------
-- Records of act_ru_timer_job
-- ----------------------------

-- ----------------------------
-- Table structure for act_ru_variable
-- ----------------------------
CREATE TABLE `act_ru_variable` (
  `ID_` varchar(64) COLLATE utf8_bin NOT NULL,
  `REV_` int(11) DEFAULT NULL,
  `TYPE_` varchar(255) COLLATE utf8_bin NOT NULL,
  `NAME_` varchar(255) COLLATE utf8_bin NOT NULL,
  `EXECUTION_ID_` varchar(64) COLLATE utf8_bin DEFAULT NULL,
  `PROC_INST_ID_` varchar(64) COLLATE utf8_bin DEFAULT NULL,
  `TASK_ID_` varchar(64) COLLATE utf8_bin DEFAULT NULL,
  `BYTEARRAY_ID_` varchar(64) COLLATE utf8_bin DEFAULT NULL,
  `DOUBLE_` double DEFAULT NULL,
  `LONG_` bigint(20) DEFAULT NULL,
  `TEXT_` varchar(4000) COLLATE utf8_bin DEFAULT NULL,
  `TEXT2_` varchar(4000) COLLATE utf8_bin DEFAULT NULL,
  PRIMARY KEY (`ID_`),
  KEY `ACT_IDX_VARIABLE_TASK_ID` (`TASK_ID_`) USING BTREE,
  KEY `ACT_FK_VAR_EXE` (`EXECUTION_ID_`) USING BTREE,
  KEY `ACT_FK_VAR_PROCINST` (`PROC_INST_ID_`) USING BTREE,
  KEY `ACT_FK_VAR_BYTEARRAY` (`BYTEARRAY_ID_`) USING BTREE,
  KEY `ACT_IDX_VARIABLE_TASK_ID_ACT_RU_VARIABLE` (`TASK_ID_`) USING BTREE,
  CONSTRAINT `act_ru_variable_ibfk_1` FOREIGN KEY (`BYTEARRAY_ID_`) REFERENCES `act_ge_bytearray` (`ID_`),
  CONSTRAINT `act_ru_variable_ibfk_2` FOREIGN KEY (`EXECUTION_ID_`) REFERENCES `act_ru_execution` (`ID_`),
  CONSTRAINT `act_ru_variable_ibfk_3` FOREIGN KEY (`PROC_INST_ID_`) REFERENCES `act_ru_execution` (`ID_`)
) ENGINE=InnoDB DEFAULT CHARSET=utf8 COLLATE=utf8_bin;

-- ----------------------------
-- Records of act_ru_variable
-- ----------------------------
INSERT INTO `act_ru_variable` VALUES ('17510', '1', 'serializable', 'complaintDto', '17508', '17508', null, '17509', null, null, null, null);
INSERT INTO `act_ru_variable` VALUES ('17518', '1', 'serializable', 'complaintDto', '17516', '17516', null, '17517', null, null, null, null);
INSERT INTO `act_ru_variable` VALUES ('17525', '1', 'serializable', '302019110143040008', '17516', '17516', null, '17524', null, null, null, null);
INSERT INTO `act_ru_variable` VALUES ('17529', '1', 'serializable', 'complaintDto', '17527', '17527', null, '17528', null, null, null, null);
INSERT INTO `act_ru_variable` VALUES ('17536', '1', 'serializable', '302019110143040008', '17527', '17527', null, '17535', null, null, null, null);
INSERT INTO `act_ru_variable` VALUES ('20003', '1', 'serializable', 'complaintDto', '20001', '20001', null, '20002', null, null, null, null);
INSERT INTO `act_ru_variable` VALUES ('20010', '1', 'serializable', '302019110143040008', '20001', '20001', null, '20009', null, null, null, null);
INSERT INTO `act_ru_variable` VALUES ('22503', '1', 'serializable', 'complaintDto', '22501', '22501', null, '22502', null, null, null, null);
INSERT INTO `act_ru_variable` VALUES ('22510', '1', 'serializable', '302019110143040008', '22501', '22501', null, '22509', null, null, null, null);
INSERT INTO `act_ru_variable` VALUES ('45010', '1', 'serializable', 'complaintDto', '45008', '45008', null, '45009', null, null, null, null);
INSERT INTO `act_ru_variable` VALUES ('45012', '1', 'string', 'userId', '45008', '45008', null, null, null, null, '30518940136629616640', null);
INSERT INTO `act_ru_variable` VALUES ('65031', '1', 'serializable', 'complaintDto', '65029', '65029', null, '65030', null, null, null, null);
INSERT INTO `act_ru_variable` VALUES ('65033', '1', 'string', 'userId', '65029', '65029', null, null, null, null, '30518940136629616640', null);
INSERT INTO `act_ru_variable` VALUES ('65040', '1', 'string', 'currentUserId', '65029', '65029', null, null, null, null, '30518940136629616640', null);
INSERT INTO `act_ru_variable` VALUES ('65041', '1', 'string', 'auditCode', '65029', '65029', null, null, null, null, '10000', null);
INSERT INTO `act_ru_variable` VALUES ('65045', '1', 'serializable', '302019110143040008', '65029', '65029', null, '65044', null, null, null, null);
INSERT INTO `act_ru_variable` VALUES ('67519', '1', 'serializable', 'complaintDto', '67516', '67516', null, '67518', null, null, null, null);
INSERT INTO `act_ru_variable` VALUES ('67521', '1', 'string', 'userId', '67516', '67516', null, null, null, null, '302019111903710004', null);
INSERT INTO `act_ru_variable` VALUES ('67528', '1', 'string', 'currentUserId', '67516', '67516', null, null, null, null, '302019111903710004', null);
INSERT INTO `act_ru_variable` VALUES ('67529', '1', 'string', 'auditCode', '67516', '67516', null, null, null, null, '10000', null);
INSERT INTO `act_ru_variable` VALUES ('72519', '1', 'serializable', 'complaintDto', '72516', '72516', null, '72518', null, null, null, null);
INSERT INTO `act_ru_variable` VALUES ('72521', '1', 'string', 'userId', '72516', '72516', null, null, null, null, '30518940136629616640', null);
INSERT INTO `act_ru_variable` VALUES ('72527', '1', 'string', 'currentUserId', '72516', '72516', null, null, null, null, '30518940136629616640', null);
INSERT INTO `act_ru_variable` VALUES ('72528', '1', 'string', 'auditCode', '72516', '72516', null, null, null, null, '10000', null);
INSERT INTO `act_ru_variable` VALUES ('72532', '1', 'serializable', '302019110143040008', '72516', '72516', null, '72531', null, null, null, null);
INSERT INTO `act_ru_variable` VALUES ('75028', '1', 'serializable', 'complaintDto', '75026', '75026', null, '75027', null, null, null, null);
INSERT INTO `act_ru_variable` VALUES ('75030', '1', 'string', 'userId', '75026', '75026', null, null, null, null, '1292827282727', null);
INSERT INTO `act_ru_variable` VALUES ('75037', '1', 'string', 'currentUserId', '75026', '75026', null, null, null, null, '1292827282727', null);
INSERT INTO `act_ru_variable` VALUES ('75038', '1', 'string', 'auditCode', '75026', '75026', null, null, null, null, '10000', null);
INSERT INTO `act_ru_variable` VALUES ('75042', '1', 'serializable', '302019110143040008', '75026', '75026', null, '75041', null, null, null, null);
INSERT INTO `act_ru_variable` VALUES ('75046', '1', 'serializable', 'complaintDto', '75044', '75044', null, '75045', null, null, null, null);
INSERT INTO `act_ru_variable` VALUES ('75048', '1', 'string', 'userId', '75044', '75044', null, null, null, null, '1292827282727', null);
INSERT INTO `act_ru_variable` VALUES ('75055', '1', 'string', 'currentUserId', '75044', '75044', null, null, null, null, '1292827282727', null);
INSERT INTO `act_ru_variable` VALUES ('75056', '1', 'string', 'auditCode', '75044', '75044', null, null, null, null, '10000', null);
INSERT INTO `act_ru_variable` VALUES ('75060', '1', 'serializable', '302019110143040008', '75044', '75044', null, '75059', null, null, null, null);
INSERT INTO `act_ru_variable` VALUES ('75065', '1', 'serializable', 'complaintDto', '75062', '75062', null, '75064', null, null, null, null);
INSERT INTO `act_ru_variable` VALUES ('75067', '1', 'string', 'userId', '75062', '75062', null, null, null, null, '1292827282727', null);
INSERT INTO `act_ru_variable` VALUES ('75074', '1', 'string', 'currentUserId', '75062', '75062', null, null, null, null, '1292827282727', null);
INSERT INTO `act_ru_variable` VALUES ('75075', '1', 'string', 'auditCode', '75062', '75062', null, null, null, null, '10000', null);
INSERT INTO `act_ru_variable` VALUES ('75079', '1', 'serializable', '302019110143040008', '75062', '75062', null, '75078', null, null, null, null);
INSERT INTO `act_ru_variable` VALUES ('75083', '1', 'serializable', 'complaintDto', '75081', '75081', null, '75082', null, null, null, null);
INSERT INTO `act_ru_variable` VALUES ('75085', '1', 'string', 'userId', '75081', '75081', null, null, null, null, '1292827282727', null);
INSERT INTO `act_ru_variable` VALUES ('75092', '1', 'string', 'currentUserId', '75081', '75081', null, null, null, null, '1292827282727', null);
INSERT INTO `act_ru_variable` VALUES ('75093', '1', 'string', 'auditCode', '75081', '75081', null, null, null, null, '10000', null);
INSERT INTO `act_ru_variable` VALUES ('75097', '1', 'serializable', '302019110143040008', '75081', '75081', null, '75096', null, null, null, null);
INSERT INTO `act_ru_variable` VALUES ('7513', '1', 'string', 'employeeName', '7512', '7512', null, null, null, null, '廉斌', null);
INSERT INTO `act_ru_variable` VALUES ('7514', '1', 'integer', 'day', '7512', '7512', null, null, null, '10', '10', null);
INSERT INTO `act_ru_variable` VALUES ('77513', '1', 'serializable', 'complaintDto', '77511', '77511', null, '77512', null, null, null, null);
INSERT INTO `act_ru_variable` VALUES ('77515', '1', 'string', 'userId', '77511', '77511', null, null, null, null, '302019123177780006', null);
INSERT INTO `act_ru_variable` VALUES ('77522', '1', 'string', 'currentUserId', '77511', '77511', null, null, null, null, '302019123177780006', null);
INSERT INTO `act_ru_variable` VALUES ('77523', '1', 'string', 'auditCode', '77511', '77511', null, null, null, null, '10000', null);
INSERT INTO `act_ru_variable` VALUES ('77527', '1', 'serializable', '302019110143040008', '77511', '77511', null, '77526', null, null, null, null);
INSERT INTO `act_ru_variable` VALUES ('77532', '1', 'serializable', 'complaintDto', '77529', '77529', null, '77531', null, null, null, null);
INSERT INTO `act_ru_variable` VALUES ('77534', '1', 'string', 'userId', '77529', '77529', null, null, null, null, '302019112303150001', null);
INSERT INTO `act_ru_variable` VALUES ('77541', '1', 'string', 'currentUserId', '77529', '77529', null, null, null, null, '302019112303150001', null);
INSERT INTO `act_ru_variable` VALUES ('77542', '1', 'string', 'auditCode', '77529', '77529', null, null, null, null, '10000', null);
INSERT INTO `act_ru_variable` VALUES ('77546', '1', 'serializable', '302019110143040008', '77529', '77529', null, '77545', null, null, null, null);
INSERT INTO `act_ru_variable` VALUES ('77555', '1', 'serializable', 'complaintDto', '77553', '77553', null, '77554', null, null, null, null);
INSERT INTO `act_ru_variable` VALUES ('77557', '1', 'string', 'userId', '77553', '77553', null, null, null, null, '302020011038880018', null);
INSERT INTO `act_ru_variable` VALUES ('77564', '1', 'string', 'currentUserId', '77553', '77553', null, null, null, null, '302020011038880018', null);
INSERT INTO `act_ru_variable` VALUES ('77565', '1', 'string', 'auditCode', '77553', '77553', null, null, null, null, '10000', null);
INSERT INTO `act_ru_variable` VALUES ('77569', '1', 'serializable', '302019110143040008', '77553', '77553', null, '77568', null, null, null, null);

-- ----------------------------
-- Table structure for attr_spec
-- ----------------------------
CREATE TABLE `attr_spec` (
  `spec_cd` varchar(12) NOT NULL COMMENT '规格ID',
  `table_name` varchar(50) NOT NULL COMMENT '表名',
  `spec_name` varchar(100) NOT NULL COMMENT '规格名称',
  `spec_holdplace` varchar(100) NOT NULL COMMENT '字段填写说明',
  `required` varchar(2) NOT NULL COMMENT '是否必填 Y 必填，N非必填',
  `spec_show` varchar(2) NOT NULL COMMENT '是否展示',
  `spec_value_type` varchar(12) NOT NULL COMMENT '1001 字符串 2002 整数 3003 金额 4004 日期 5005 时间',
  `spec_type` varchar(12) NOT NULL COMMENT '2233 input 3344 select 4455 日期',
  `create_time` timestamp NOT NULL DEFAULT CURRENT_TIMESTAMP COMMENT '创建时间',
  `status_cd` varchar(2) NOT NULL DEFAULT '0' COMMENT '数据状态，详细参考c_status表，S 保存，0, 在用 1失效',
  `list_show` varchar(2) NOT NULL COMMENT '是否展示在list页面 Y 是 N 不是',
  UNIQUE KEY `spec_cd` (`spec_cd`) USING BTREE
) ENGINE=InnoDB DEFAULT CHARSET=utf8;

-- ----------------------------
-- Records of attr_spec
-- ----------------------------
INSERT INTO `attr_spec` VALUES ('081442370001', 'building_room_attr', '测试属性1', '必填，请填写测试属性1', 'N', 'Y', '1001', '2233', '2020-08-14 23:24:40', '1', 'Y');
INSERT INTO `attr_spec` VALUES ('081475250002', 'building_room_attr', '商品房', '必填，请选择房屋类型', 'Y', 'Y', '1001', '3344', '2020-08-14 23:45:45', '1', 'Y');
INSERT INTO `attr_spec` VALUES ('081606740011', 'building_owner_attr', '微信', '选填，请填写微信号', 'N', 'Y', '1001', '2233', '2020-08-16 12:58:29', '0', 'Y');
INSERT INTO `attr_spec` VALUES ('081623050012', 'building_owner_attr', '爱好', '选填', 'N', 'Y', '1001', '3344', '2020-08-16 12:59:02', '1', 'Y');
INSERT INTO `attr_spec` VALUES ('081623500015', 'building_room_attr', '商品房', '必填，请填写是否为商品房', 'Y', 'Y', '1001', '3344', '2020-08-16 16:50:41', '0', 'Y');
INSERT INTO `attr_spec` VALUES ('081681590010', 'building_owner_attr', 'QQ', '选填，请填写QQ', 'N', 'Y', '1001', '2233', '2020-08-16 12:41:07', '0', 'Y');
INSERT INTO `attr_spec` VALUES ('081688940018', 'building_room_attr', '商铺', '选填，是否为商铺', 'N', 'Y', '1001', '3344', '2020-08-16 16:51:41', '0', 'Y');
INSERT INTO `attr_spec` VALUES ('082999830016', 'building_owner_attr', '是否业主', '是否业主', 'N', 'Y', '1001', '3344', '2020-08-29 11:39:43', '1', 'Y');
INSERT INTO `attr_spec` VALUES ('2000908', 'building_room_attr', '是否商铺', '必填，是否为商铺', 'Y', 'Y', '1001', '3344', '2020-08-13 21:33:03', '1', 'Y');
INSERT INTO `attr_spec` VALUES ('9329000004', 'building_community_attr', '社区编码', '必填，请填写社区编码', 'Y', 'Y', '1001', '2233', '2020-11-27 11:13:30', '0', 'Y');

-- ----------------------------
-- Table structure for attr_value
-- ----------------------------
CREATE TABLE `attr_value` (
  `value_id` varchar(30) NOT NULL COMMENT '值ID',
  `spec_cd` varchar(12) NOT NULL COMMENT '规格ID',
  `value` varchar(200) NOT NULL COMMENT '值',
  `value_name` varchar(200) NOT NULL COMMENT '值名称，前台显示用',
  `value_show` varchar(2) NOT NULL COMMENT '选择时，是否显示在前台 Y显示 N不显示',
  `create_time` timestamp NOT NULL DEFAULT CURRENT_TIMESTAMP COMMENT '创建时间',
  `status_cd` varchar(2) NOT NULL DEFAULT '0' COMMENT '数据状态，详细参考c_status表，S 保存，0, 在用 1失效',
  UNIQUE KEY `value_id` (`value_id`) USING BTREE
) ENGINE=InnoDB DEFAULT CHARSET=utf8;

-- ----------------------------
-- Records of attr_value
-- ----------------------------
INSERT INTO `attr_value` VALUES ('1', '2000908', '1', '是', 'Y', '2020-08-14 09:33:32', '1');
INSERT INTO `attr_value` VALUES ('112020081400390004', '081475250002', '2', '否', 'Y', '2020-08-14 23:46:09', '1');
INSERT INTO `attr_value` VALUES ('112020081440200001', '081442370001', '3', '否', 'Y', '2020-08-14 23:35:53', '1');
INSERT INTO `attr_value` VALUES ('112020081441490003', '081475250002', '1', '是', 'Y', '2020-08-14 23:46:02', '1');
INSERT INTO `attr_value` VALUES ('112020081471550002', '081442370001', '1', '是', 'Y', '2020-08-14 23:25:01', '1');
INSERT INTO `attr_value` VALUES ('112020081602340014', '081623050012', '2', '篮球', 'Y', '2020-08-16 12:59:28', '1');
INSERT INTO `attr_value` VALUES ('112020081602700016', '081623500015', '1', '是', 'Y', '2020-08-16 16:50:54', '0');
INSERT INTO `attr_value` VALUES ('112020081615120017', '081623500015', '2', '否', 'Y', '2020-08-16 16:51:01', '0');
INSERT INTO `attr_value` VALUES ('112020081622380013', '081623050012', '1', '女人', 'Y', '2020-08-16 12:59:16', '1');
INSERT INTO `attr_value` VALUES ('112020081668020020', '081688940018', '2', '否', 'Y', '2020-08-16 16:51:59', '0');
INSERT INTO `attr_value` VALUES ('112020081699120019', '081688940018', '1', '是', 'Y', '2020-08-16 16:51:52', '0');
INSERT INTO `attr_value` VALUES ('112020082947120018', '082999830016', '2', '否', 'Y', '2020-08-29 11:40:48', '1');
INSERT INTO `attr_value` VALUES ('112020082963920017', '082999830016', '1', '是', 'Y', '2020-08-29 11:40:35', '1');
INSERT INTO `attr_value` VALUES ('2', '2000908', '2', '否', 'Y', '2020-08-14 09:33:46', '1');

-- ----------------------------
-- Table structure for business_community
-- ----------------------------
CREATE TABLE `business_community` (
  `community_id` varchar(30) NOT NULL COMMENT '小区ID',
  `b_id` varchar(30) NOT NULL COMMENT '业务Id',
  `name` varchar(100) NOT NULL COMMENT '小区名称',
  `address` varchar(200) NOT NULL COMMENT '小区地址',
  `city_code` varchar(12) NOT NULL COMMENT '根据定位获取城市编码',
  `nearby_landmarks` varchar(200) DEFAULT NULL COMMENT '地标，如王府井北60米',
  `map_x` varchar(20) NOT NULL COMMENT '地区 x坐标',
  `map_y` varchar(20) NOT NULL COMMENT '地区 y坐标',
  `month` int(11) NOT NULL COMMENT '月份',
  `create_time` timestamp NOT NULL DEFAULT CURRENT_TIMESTAMP COMMENT '创建时间',
  `operate` varchar(3) NOT NULL COMMENT '数据状态，添加ADD，修改MOD 删除DEL',
  `state` varchar(4) DEFAULT '1000' COMMENT '审核状态',
  `community_area` decimal(10,2) DEFAULT '0.00' COMMENT '小区面积',
  `tel` varchar(200) DEFAULT NULL COMMENT '联系方式',
  KEY `idx_business_community_id` (`community_id`) USING BTREE,
  KEY `idx_business_community_b_id` (`b_id`) USING BTREE
) ENGINE=InnoDB DEFAULT CHARSET=utf8;

-- ----------------------------
-- Records of business_community
-- ----------------------------
INSERT INTO `business_community` VALUES ('7020181217000002', '202020010405980112', '格兰小镇(西宁)', '青海省西宁市城中区申宁路6', '8630100', '安馨雅苑北100米', '102.909090', '', '1', '2020-01-04 09:37:32', 'DEl', '1100', '0.00', null);
INSERT INTO `business_community` VALUES ('7020181217000002', '202020010405980112', '格兰小镇(西宁)', '青海省西宁市城中区申宁路6', '8630100', '安馨雅苑北100米', '102.909090', '', '1', '2020-01-04 09:37:32', 'ADD', '1100', '0.00', null);
INSERT INTO `business_community` VALUES ('7020181217000002', '202020010677550180', '格兰小镇(西宁)', '青海省西宁市城中区申宁路6', '8630100', '安馨雅苑北100米', '102.909090', '', '1', '2020-01-06 11:23:09', 'DEl', '1100', '0.00', null);
INSERT INTO `business_community` VALUES ('7020181217000002', '202020010677550180', '格兰小镇(西宁)', '青海省西宁市城中区申宁路6', '8630100', '安馨雅苑北100米', '102.909090', '', '1', '2020-01-06 11:23:09', 'ADD', '1100', '0.00', null);
INSERT INTO `business_community` VALUES ('7020181217000002', '202020010628480182', '格兰小镇(西宁)', '青海省西宁市城中区申宁路6', '8630100', '安馨雅苑北100米', '102.909090', '', '1', '2020-01-06 11:23:20', 'DEl', '1100', '0.00', null);
INSERT INTO `business_community` VALUES ('7020181217000002', '202020010628480182', '格兰小镇(西宁)', '青海省西宁市城中区申宁路6', '8630100', '安馨雅苑北100米', '102.909090', '', '1', '2020-01-06 11:23:20', 'ADD', '1100', '0.00', null);
INSERT INTO `business_community` VALUES ('7020181217000002', '202020010681090184', '格兰小镇(西宁)', '青海省西宁市城中区申宁路6', '8630100', '安馨雅苑北100米', '102.909090', '', '1', '2020-01-06 11:23:32', 'DEl', '1100', '0.00', null);
INSERT INTO `business_community` VALUES ('7020181217000002', '202020010681090184', '格兰小镇(西宁)', '青海省西宁市城中区申宁路6', '8630100', '安馨雅苑北100米', '102.909090', '', '1', '2020-01-06 11:23:32', 'ADD', '1100', '0.00', null);
INSERT INTO `business_community` VALUES ('7020181217000002', '202020010625930186', '格兰小镇(西宁)', '青海省西宁市城中区申宁路6', '8630100', '安馨雅苑北100米', '102.909090', '', '1', '2020-01-06 11:24:04', 'DEl', '1100', '0.00', null);
INSERT INTO `business_community` VALUES ('7020181217000002', '202020010625930186', '格兰小镇(西宁)', '青海省西宁市城中区申宁路6', '8630100', '安馨雅苑北100米', '102.909090', '', '1', '2020-01-06 11:24:04', 'ADD', '1100', '0.00', null);
INSERT INTO `business_community` VALUES ('702020010725930008', '202020010772510271', '添加小区测试', '河北省邯郸市肥乡区我的小区', '130407', '我的小区', '101.33', '101.33', '1', '2020-01-07 14:37:32', 'ADD', '1000', '0.00', null);
INSERT INTO `business_community` VALUES ('7020181217000002', '202020010813480353', '格兰小镇(西宁)', '青海省西宁市城中区申宁路6', '8630100', '安馨雅苑北100米', '102.909090', '', '1', '2020-01-08 14:10:52', 'DEl', '1100', '0.00', null);
INSERT INTO `business_community` VALUES ('7020181217000002', '202020010813480353', '格兰小镇(西宁)', '青海省西宁市城中区申宁路6', '8630100', '安馨雅苑北100米', '102.909090', '', '1', '2020-01-08 14:10:52', 'ADD', '1100', '0.00', null);
INSERT INTO `business_community` VALUES ('7020181217000002', '202020010861270355', '格兰小镇(西宁)', '青海省西宁市城中区申宁路6', '8630100', '安馨雅苑北100米', '102.909090', '', '1', '2020-01-08 14:10:59', 'DEl', '1100', '0.00', null);
INSERT INTO `business_community` VALUES ('7020181217000002', '202020010861270355', '格兰小镇(西宁)', '青海省西宁市城中区申宁路6', '8630100', '安馨雅苑北100米', '102.909090', '', '1', '2020-01-08 14:10:59', 'ADD', '1100', '0.00', null);
INSERT INTO `business_community` VALUES ('702020012954631004', '202020012915941048', '蔚来城啊', '山东省德州市德州经济技术开发区广川大道和三八东路口', '371471', '长河公园', '101.33', '101.33', '1', '2020-01-29 15:36:31', 'ADD', '1000', '0.00', null);
INSERT INTO `business_community` VALUES ('702020012954631004', '202020012990721053', '蔚来城啊', '山东省德州市德州经济技术开发区广川大道和三八东路口', '371471', '长河公园', '101.33', '101.33', '1', '2020-01-29 15:43:28', 'DEl', '1000', '0.00', null);
INSERT INTO `business_community` VALUES ('702020012954631004', '202020012990721053', '蔚来城啊', '山东省德州市德州经济技术开发区广川大道和三八东路口', '371471', '长河公园', '101.33', '101.33', '1', '2020-01-29 15:43:28', 'ADD', '1100', '0.00', null);
INSERT INTO `business_community` VALUES ('2021010351260110', '202021010388401191', '潮白家园', '河北省廊坊市大厂回族自治县潮白新城', '131028', '万亩银杏林', '101.33', '101.33', '1', '2021-01-03 20:47:14', 'ADD', '1000', '0.00', null);
INSERT INTO `business_community` VALUES ('2021010351260110', '202021010379991199', '潮白家园', '河北省廊坊市大厂回族自治县潮白新城', '131028', '万亩银杏林', '101.33', '101.33', '1', '2021-01-03 20:53:17', 'DEl', '1000', null, null);
INSERT INTO `business_community` VALUES ('2021010351260110', '202021010379991199', '潮白家园', '河北省廊坊市大厂回族自治县潮白新城', '131028', '万亩银杏林', '101.33', '101.33', '1', '2021-01-03 20:53:17', 'ADD', '1100', '0.00', null);
INSERT INTO `business_community` VALUES ('2021010320440122', '202021010349741217', '学府小区', '河北省廊坊市大厂回族自治县潮白新城', '131028', '万亩银杏林', '101.33', '101.33', '1', '2021-01-03 21:00:00', 'ADD', '1000', '0.00', null);
INSERT INTO `business_community` VALUES ('2021010320440122', '202021010351761222', '学府小区', '河北省廊坊市大厂回族自治县潮白新城', '131028', '万亩银杏林', '101.33', '101.33', '1', '2021-01-03 21:00:27', 'DEl', '1000', null, null);
INSERT INTO `business_community` VALUES ('2021010320440122', '202021010351761222', '学府小区', '河北省廊坊市大厂回族自治县潮白新城', '131028', '万亩银杏林', '101.33', '101.33', '1', '2021-01-03 21:00:27', 'ADD', '1100', '0.00', null);
INSERT INTO `business_community` VALUES ('2021010584920646', '202021010531851927', '神正小区', '江西省南昌市青山湖区红谷滩双子塔旁', '360111', '双子塔', '101.33', '101.33', '1', '2021-01-05 10:08:51', 'ADD', '1000', '0.00', null);
INSERT INTO `business_community` VALUES ('2021010584920646', '202021010528511932', '神正小区', '江西省南昌市青山湖区红谷滩双子塔旁', '360111', '双子塔', '101.33', '101.33', '1', '2021-01-05 10:09:47', 'DEl', '1000', null, null);
INSERT INTO `business_community` VALUES ('2021010584920646', '202021010528511932', '神正小区', '江西省南昌市青山湖区红谷滩双子塔旁', '360111', '双子塔', '101.33', '101.33', '1', '2021-01-05 10:09:47', 'ADD', '1100', '0.00', null);
INSERT INTO `business_community` VALUES ('2021010556121064', '202021010557213635', '建业阳光城', '河南省驻马店市平舆县清河大道110号', '411723', '城市之心', '101.33', '101.33', '1', '2021-01-05 21:11:41', 'ADD', '1000', '0.00', null);
INSERT INTO `business_community` VALUES ('2021010556121064', '202021010548603640', '建业阳光城', '河南省驻马店市平舆县清河大道110号', '411723', '城市之心', '101.33', '101.33', '1', '2021-01-05 21:14:21', 'DEl', '1000', null, null);
INSERT INTO `business_community` VALUES ('2021010556121064', '202021010548603640', '建业阳光城', '河南省驻马店市平舆县清河大道110号', '411723', '城市之心', '101.33', '101.33', '1', '2021-01-05 21:14:21', 'ADD', '1100', '0.00', null);
INSERT INTO `business_community` VALUES ('2021010610591116', '202021010630483681', '固原测试小区', '宁夏回族自治区固原市原州区固原原州区', '640402', '北京路', '101.33', '101.33', '1', '2021-01-06 08:40:54', 'ADD', '1000', '0.00', null);
INSERT INTO `business_community` VALUES ('2021010610591116', '202021010671503686', '固原测试小区', '宁夏回族自治区固原市原州区固原原州区', '640402', '北京路', '101.33', '101.33', '1', '2021-01-06 08:41:16', 'DEl', '1000', null, null);
INSERT INTO `business_community` VALUES ('2021010610591116', '202021010671503686', '固原测试小区', '宁夏回族自治区固原市原州区固原原州区', '640402', '北京路', '101.33', '101.33', '1', '2021-01-06 08:41:16', 'ADD', '1100', '0.00', null);
INSERT INTO `business_community` VALUES ('2021010662991176', '202021010619914031', '德福中心', '贵州省贵阳市观山湖区观山湖区长岭南路', '520115', '德福中心', '101.33', '101.33', '1', '2021-01-06 09:50:27', 'ADD', '1000', '0.00', null);
INSERT INTO `business_community` VALUES ('2021010662991176', '202021010628924042', '德福中心', '贵州省贵阳市观山湖区观山湖区长岭南路', '520115', '德福中心', '101.33', '101.33', '1', '2021-01-06 09:52:11', 'DEl', '1000', null, null);
INSERT INTO `business_community` VALUES ('2021010662991176', '202021010628924042', '德福中心', '贵州省贵阳市观山湖区观山湖区长岭南路', '520115', '德福中心', '101.33', '101.33', '1', '2021-01-06 09:52:11', 'ADD', '1000', null, null);
INSERT INTO `business_community` VALUES ('2021010662991176', '202021010642104046', '德福中心', '贵州省贵阳市观山湖区观山湖区长岭南路', '520115', '德福中心', '101.33', '101.33', '1', '2021-01-06 09:52:55', 'DEl', '1000', null, null);
INSERT INTO `business_community` VALUES ('2021010662991176', '202021010642104046', '德福中心', '贵州省贵阳市观山湖区观山湖区长岭南路', '520115', '德福中心', '101.33', '101.33', '1', '2021-01-06 09:52:55', 'ADD', '1100', '0.00', null);
INSERT INTO `business_community` VALUES ('2021010662991176', '202021010605304223', '德福中心', '贵州省贵阳市观山湖区观山湖区长岭南路', '520115', '德福中心', '101.33', '101.33', '1', '2021-01-06 10:10:21', 'DEl', '1100', null, null);
INSERT INTO `business_community` VALUES ('2021010662991176', '202021010605304223', '德福中心', '贵州省贵阳市观山湖区观山湖区长岭南路', '520115', '德福中心', '101.33', '101.33', '1', '2021-01-06 10:10:21', 'ADD', '1100', '10000.00', null);
INSERT INTO `business_community` VALUES ('2020122519100142', '202021010611864734', '升龙天汇6号院', '河南省郑州市中原区升龙天汇6号院', '410102', '升龙天汇6号院', '101.33', '101.33', '1', '2021-01-06 13:20:05', 'DEl', '1100', null, null);
INSERT INTO `business_community` VALUES ('2020122519100142', '202021010611864734', '升龙天汇6号院', '河南省郑州市中原区升龙天汇6号院', '410102', '升龙天汇6号院', '101.33', '101.33', '1', '2021-01-06 13:20:05', 'ADD', '1100', '10000.00', null);
INSERT INTO `business_community` VALUES ('2021010627211402', '202021010639634836', '庙张社区', '北京省北京市石景山区光明路68号', '110107', '国贸大厦', '101.33', '101.33', '1', '2021-01-06 14:14:51', 'ADD', '1000', '0.00', null);
INSERT INTO `business_community` VALUES ('2021010627211402', '202021010635084846', '庙张社区', '北京省北京市石景山区光明路68号', '110107', '国贸大厦', '101.33', '101.33', '1', '2021-01-06 14:15:06', 'DEl', '1000', null, null);
INSERT INTO `business_community` VALUES ('2021010627211402', '202021010635084846', '庙张社区', '北京省北京市石景山区光明路68号', '110107', '国贸大厦', '101.33', '101.33', '1', '2021-01-06 14:15:06', 'ADD', '1100', '0.00', null);
INSERT INTO `business_community` VALUES ('2020121177440140', '202021010607014886', '测试小区1', '上海省上海市长宁区上海浦东新区1栋', '310105', '东方明珠', '101.33', '101.33', '1', '2021-01-06 14:28:03', 'DEl', '1100', null, null);
INSERT INTO `business_community` VALUES ('2020121177440140', '202021010607014886', '测试小区1', '上海省上海市长宁区上海浦东新区1栋', '310105', '东方明珠', '101.33', '101.33', '1', '2021-01-06 14:28:03', 'ADD', '1100', '0.00', null);
INSERT INTO `business_community` VALUES ('2021010881910214', '202021010808000403', 'lapple', '山西省太原市小店区lapple', '140105', 'lapple', '101.33', '101.33', '1', '2021-01-08 18:27:48', 'ADD', '1000', '0.00', null);
INSERT INTO `business_community` VALUES ('2021010881910214', '202021010836000408', 'lapple', '山西省太原市小店区lapple', '140105', 'lapple', '101.33', '101.33', '1', '2021-01-08 18:29:39', 'DEl', '1000', null, null);
INSERT INTO `business_community` VALUES ('2021010881910214', '202021010836000408', 'lapple', '山西省太原市小店区lapple', '140105', 'lapple', '101.33', '101.33', '1', '2021-01-08 18:29:39', 'ADD', '1100', '0.00', null);
INSERT INTO `business_community` VALUES ('2021011172600008', '202021011184381119', '张家口龙辰博鳌物流有限公司', '河北省张家口市万全区高新技术产业开发区煤机路12号', '130708', '龙辰博鳌', '101.33', '101.33', '1', '2021-01-11 21:14:27', 'ADD', '1000', '0.00', null);
INSERT INTO `business_community` VALUES ('2021011172600008', '202021011196381124', '张家口龙辰博鳌物流有限公司', '河北省张家口市万全区高新技术产业开发区煤机路12号', '130708', '龙辰博鳌', '101.33', '101.33', '1', '2021-01-11 21:14:57', 'DEl', '1000', null, null);
INSERT INTO `business_community` VALUES ('2021011172600008', '202021011196381124', '张家口龙辰博鳌物流有限公司', '河北省张家口市万全区高新技术产业开发区煤机路12号', '130708', '龙辰博鳌', '101.33', '101.33', '1', '2021-01-11 21:14:57', 'ADD', '1100', '0.00', null);
INSERT INTO `business_community` VALUES ('2021011220880008', '202021011263891243', '天天公寓', '上海省上海市徐汇区上海市蓬莱路', '310104', '欧尚超市', '101.33', '101.33', '1', '2021-01-12 11:22:46', 'ADD', '1000', '0.00', null);
INSERT INTO `business_community` VALUES ('2021011220880008', '202021011242401248', '天天公寓', '上海省上海市徐汇区上海市蓬莱路', '310104', '欧尚超市', '101.33', '101.33', '1', '2021-01-12 11:23:30', 'DEl', '1000', null, null);
INSERT INTO `business_community` VALUES ('2021011220880008', '202021011242401248', '天天公寓', '上海省上海市徐汇区上海市蓬莱路', '310104', '欧尚超市', '101.33', '101.33', '1', '2021-01-12 11:23:30', 'ADD', '1100', '0.00', null);
INSERT INTO `business_community` VALUES ('2021011220880008', '202021011227581255', '天天公寓', '上海省上海市徐汇区上海市蓬莱路', '310104', '欧尚超市', '101.33', '101.33', '1', '2021-01-12 11:26:19', 'DEl', '1100', null, null);
INSERT INTO `business_community` VALUES ('2021011220880008', '202021011227581255', '天天公寓', '上海省上海市徐汇区上海市蓬莱路', '310104', '欧尚超市', '101.33', '101.33', '1', '2021-01-12 11:26:19', 'ADD', '1100', '3680.00', null);
INSERT INTO `business_community` VALUES ('2021011341160186', '202021011396182290', '汽配园一期', '江苏省无锡市宜兴市徐舍', '320282', '徐舍', '101.33', '101.33', '1', '2021-01-13 13:48:59', 'ADD', '1000', '0.00', null);
INSERT INTO `business_community` VALUES ('2021011341160186', '202021011350922300', '汽配园一期', '江苏省无锡市宜兴市徐舍', '320282', '徐舍', '101.33', '101.33', '1', '2021-01-13 13:50:41', 'DEl', '1000', null, null);
INSERT INTO `business_community` VALUES ('2021011341160186', '202021011350922300', '汽配园一期', '江苏省无锡市宜兴市徐舍', '320282', '徐舍', '101.33', '101.33', '1', '2021-01-13 13:50:41', 'ADD', '1100', '0.00', null);
INSERT INTO `business_community` VALUES ('2021011341160186', '202021011325322351', '汽配园一期', '江苏省无锡市宜兴市徐舍', '320282', '徐舍', '101.33', '101.33', '1', '2021-01-13 13:56:31', 'DEl', '1100', null, null);
INSERT INTO `business_community` VALUES ('2021011341160186', '202021011325322351', '汽配园一期', '江苏省无锡市宜兴市徐舍', '320282', '徐舍', '101.33', '101.33', '1', '2021-01-13 13:56:31', 'ADD', '1100', '495.00', null);
INSERT INTO `business_community` VALUES ('2021011322790276', '202021011337582461', '恒大悦府', '河北省石家庄市新华区揭阳大道北', '130105', '泛亚大厦', '101.33', '101.33', '1', '2021-01-13 16:06:31', 'ADD', '1000', '0.00', null);
INSERT INTO `business_community` VALUES ('2021011322790276', '202021011341542470', '恒大悦府', '河北省石家庄市新华区揭阳大道北', '130105', '泛亚大厦', '101.33', '101.33', '1', '2021-01-13 16:14:12', 'DEl', '1000', null, null);
INSERT INTO `business_community` VALUES ('2021011322790276', '202021011341542470', '恒大悦府', '河北省石家庄市新华区揭阳大道北', '130105', '泛亚大厦', '101.33', '101.33', '1', '2021-01-13 16:14:12', 'ADD', '1100', '0.00', null);
INSERT INTO `business_community` VALUES ('2021011344730006', '202021011364904670', '迎秋里', '河北省秦皇岛市海港区迎宾路', '130302', '民政局', '101.33', '101.33', '1', '2021-01-13 16:54:02', 'ADD', '1000', '0.00', null);
INSERT INTO `business_community` VALUES ('2021011344730006', '202021011366504675', '迎秋里', '河北省秦皇岛市海港区迎宾路', '130302', '民政局', '101.33', '101.33', '1', '2021-01-13 16:54:22', 'DEl', '1000', null, null);
INSERT INTO `business_community` VALUES ('2020121527920100', '202021011443576997', '佳源居', '四川省成都市双流区四川成都', '510116', '四川成都', '101.33', '101.33', '1', '2021-01-14 09:54:58', 'DEl', '1100', null, null);
INSERT INTO `business_community` VALUES ('2020121527920100', '202021011443576997', '智慧园区', '四川省成都市双流区四川成都', '510116', '四川成都', '101.33', '101.33', '1', '2021-01-14 09:54:58', 'ADD', '1100', null, null);
INSERT INTO `business_community` VALUES ('2020121792640104', '202021011562610066', '山东测试小区名称', '山东省济南市历下区山东测试小区地址', '370102', '山东测试附近地标', '101.33', '101.33', '1', '2021-01-15 09:19:35', 'DEl', '1100', null, null);
INSERT INTO `business_community` VALUES ('2020121792640104', '202021011562610066', '山东测试小区名称', '山东省济南市历下区山东测试小区地址', '370102', '山东测试附近地标', '101.33', '101.33', '1', '2021-01-15 09:19:35', 'ADD', '1100', '2000.00', null);
INSERT INTO `business_community` VALUES ('2021011835510690', '202021011810630999', '街坊小区', '陕西省西安市新城区陕西省西安市新城区咸宁路108号', '610102', '幸福林带', '101.33', '101.33', '1', '2021-01-18 16:16:05', 'ADD', '1000', '0.00', null);
INSERT INTO `business_community` VALUES ('2021011835510690', '202021011836171004', '街坊小区', '陕西省西安市新城区陕西省西安市新城区咸宁路108号', '610102', '幸福林带', '101.33', '101.33', '1', '2021-01-18 16:17:10', 'DEl', '1000', null, null);
INSERT INTO `business_community` VALUES ('2021011835510690', '202021011836171004', '街坊小区', '陕西省西安市新城区陕西省西安市新城区咸宁路108号', '610102', '幸福林带', '101.33', '101.33', '1', '2021-01-18 16:17:10', 'ADD', '1100', '0.00', null);
INSERT INTO `business_community` VALUES ('2021011824590762', '202021011847291121', '陈美宝测试小区', '北京省北京市东城区故宫博物馆', '110101', '故宫风景区', '101.33', '101.33', '1', '2021-01-18 20:32:02', 'ADD', '1000', '0.00', null);
INSERT INTO `business_community` VALUES ('2021011824590762', '202021011857821136', '陈美宝测试小区', '北京省北京市东城区故宫博物馆', '110101', '故宫风景区', '101.33', '101.33', '1', '2021-01-18 21:08:41', 'DEl', '1000', null, null);
INSERT INTO `business_community` VALUES ('2021011852090776', '202021011830971154', '12', '河北省邯郸市肥乡区12', '130407', '12', '101.33', '101.33', '1', '2021-01-18 21:10:41', 'ADD', '1000', '0.00', null);
INSERT INTO `business_community` VALUES ('2021010627211402', '202021011853221173', '庙张社区', '北京省北京市石景山区光明路68号', '110107', '国贸大厦', '101.33', '101.33', '1', '2021-01-18 21:47:02', 'DEl', '1100', null, null);
INSERT INTO `business_community` VALUES ('2021010627211402', '202021011853221173', '庙张社区', '北京省北京市石景山区光明路68号', '110107', '国贸大厦', '101.33', '101.33', '1', '2021-01-18 21:47:02', 'ADD', '1100', '80.00', null);
INSERT INTO `business_community` VALUES ('2020123005630398', '202021011953071371', '2020-12-30 测试2', '北京省北京市丰台区2020-12-30 测试2', '110106', '2020-12-30 测试2', '101.33', '101.33', '1', '2021-01-19 12:44:09', 'DEl', '1100', null, null);
INSERT INTO `business_community` VALUES ('2020123005630398', '202021011953071371', '2020-12-30 测试2', '北京省北京市丰台区2020-12-30 测试2', '110106', '2020-12-30 测试2', '101.33', '101.33', '1', '2021-01-19 12:44:09', 'ADD', '1100', '400.00', null);
INSERT INTO `business_community` VALUES ('2020120761060138', '202021011914991616', '测试小区2', '河北省唐山市路北区112', '130203', '111', '101.33', '101.33', '1', '2021-01-19 17:54:44', 'DEl', '1100', null, null);
INSERT INTO `business_community` VALUES ('2020120761060138', '202021011914991616', '测试小区2', '河北省唐山市路北区112', '130203', '111', '101.33', '101.33', '1', '2021-01-19 17:54:44', 'ADD', '1000', '0.00', null);
INSERT INTO `business_community` VALUES ('2020121177440140', '202021011920281620', '测试小区1', '上海省上海市长宁区上海浦东新区1栋', '310105', '东方明珠', '101.33', '101.33', '1', '2021-01-19 17:55:00', 'DEl', '1100', null, null);
INSERT INTO `business_community` VALUES ('2020121177440140', '202021011920281620', '测试小区1', '上海省上海市长宁区上海浦东新区1栋', '310105', '东方明珠', '101.33', '101.33', '1', '2021-01-19 17:55:00', 'ADD', '1000', '0.00', null);
INSERT INTO `business_community` VALUES ('2020121402950276', '202021011929641622', '20201214小区', '河北省唐山市路北区20201214小区', '130203', '20201214小区', '101.33', '101.33', '1', '2021-01-19 17:55:03', 'DEl', '1100', null, null);
INSERT INTO `business_community` VALUES ('2020121402950276', '202021011929641622', '20201214小区', '河北省唐山市路北区20201214小区', '130203', '20201214小区', '101.33', '101.33', '1', '2021-01-19 17:55:03', 'ADD', '1000', '0.00', null);
INSERT INTO `business_community` VALUES ('2020121527920100', '202021011951041624', '智慧园区', '四川省成都市双流区四川成都', '510116', '四川成都', '101.33', '101.33', '1', '2021-01-19 17:55:04', 'DEl', '1100', null, null);
INSERT INTO `business_community` VALUES ('2020121527920100', '202021011951041624', '智慧园区', '四川省成都市双流区四川成都', '510116', '四川成都', '101.33', '101.33', '1', '2021-01-19 17:55:04', 'ADD', '1000', '100.00', null);
INSERT INTO `business_community` VALUES ('2020121792640104', '202021011900711642', '山东测试小区名称', '山东省济南市历下区山东测试小区地址', '370102', '山东测试附近地标', '101.33', '101.33', '1', '2021-01-19 17:55:42', 'DEl', '1100', null, null);
INSERT INTO `business_community` VALUES ('2020121792640104', '202021011900711642', '山东测试小区名称', '山东省济南市历下区山东测试小区地址', '370102', '山东测试附近地标', '101.33', '101.33', '1', '2021-01-19 17:55:42', 'ADD', '1000', '2000.00', null);
INSERT INTO `business_community` VALUES ('702020120307253112', '202021011932671656', '东方科技大厦', '广东省深圳市福田区重庆', '440304', '深圳湾', '101.33', '101.33', '1', '2021-01-19 17:56:18', 'DEl', '1100', null, null);
INSERT INTO `business_community` VALUES ('702020120307253112', '202021011932671656', '东方科技大厦', '广东省深圳市福田区重庆', '440304', '深圳湾', '101.33', '101.33', '1', '2021-01-19 17:56:18', 'ADD', '1000', '0.00', null);
INSERT INTO `business_community` VALUES ('2021011341160186', '202021011937711660', '汽配园一期', '江苏省无锡市宜兴市徐舍', '320282', '徐舍', '101.33', '101.33', '1', '2021-01-19 17:56:43', 'DEl', '1100', null, null);
INSERT INTO `business_community` VALUES ('2021011341160186', '202021011937711660', '汽配园一期', '江苏省无锡市宜兴市徐舍', '320282', '徐舍', '101.33', '101.33', '1', '2021-01-19 17:56:43', 'ADD', '1000', '495.00', null);
INSERT INTO `business_community` VALUES ('2020122322410628', '202021011900231668', '1', '河北省唐山市路北区1', '130203', '1', '101.33', '101.33', '1', '2021-01-19 17:57:20', 'DEl', '1100', null, null);
INSERT INTO `business_community` VALUES ('2020122322410628', '202021011900231668', '1', '河北省唐山市路北区1', '130203', '1', '101.33', '101.33', '1', '2021-01-19 17:57:20', 'ADD', '1000', '0.00', null);
INSERT INTO `business_community` VALUES ('2020122325160494', '202021011948601670', '测试116', '北京省北京市东城区测试116', '110101', '测试116', '101.33', '101.33', '1', '2021-01-19 17:57:26', 'DEl', '1100', null, null);
INSERT INTO `business_community` VALUES ('2020122325160494', '202021011948601670', '测试116', '北京省北京市东城区测试116', '110101', '测试116', '101.33', '101.33', '1', '2021-01-19 17:57:26', 'ADD', '1000', '0.00', null);
INSERT INTO `business_community` VALUES ('2020122334790466', '202021011937371674', '测试119', '北京省北京市东城区测试119', '110101', '测试119', '101.33', '101.33', '1', '2021-01-19 17:57:39', 'DEl', '1100', null, null);
INSERT INTO `business_community` VALUES ('2020122334790466', '202021011937371674', '测试119', '北京省北京市东城区测试119', '110101', '测试119', '101.33', '101.33', '1', '2021-01-19 17:57:39', 'ADD', '1000', '0.00', null);
INSERT INTO `business_community` VALUES ('2020122354260296', '202021011957791676', '叁尚', '山西省太原市小店区111', '140105', '111', '101.33', '101.33', '1', '2021-01-19 17:57:42', 'DEl', '1100', null, null);
INSERT INTO `business_community` VALUES ('2020122354260296', '202021011957791676', '叁尚', '山西省太原市小店区111', '140105', '111', '101.33', '101.33', '1', '2021-01-19 17:57:42', 'ADD', '1000', '0.00', null);
INSERT INTO `business_community` VALUES ('2020122370760634', '202021011965151678', 'qqq', '天津省天津市和平区111', '120101', '111', '101.33', '101.33', '1', '2021-01-19 17:57:45', 'DEl', '1100', null, null);
INSERT INTO `business_community` VALUES ('2020122370760634', '202021011965151678', 'qqq', '天津省天津市和平区111', '120101', '111', '101.33', '101.33', '1', '2021-01-19 17:57:45', 'ADD', '1000', '0.00', null);
INSERT INTO `business_community` VALUES ('2020122471920846', '202021011978471680', 'iot_小区', '黑龙江省大庆市大同区水电费', '230606', '水电费', '101.33', '101.33', '1', '2021-01-19 17:57:49', 'DEl', '1100', null, null);
INSERT INTO `business_community` VALUES ('2020122471920846', '202021011978471680', 'iot_小区', '黑龙江省大庆市大同区水电费', '230606', '水电费', '101.33', '101.33', '1', '2021-01-19 17:57:49', 'ADD', '1000', '400.00', null);
INSERT INTO `business_community` VALUES ('2020122519100142', '202021011980271682', '升龙天汇6号院', '河南省郑州市中原区升龙天汇6号院', '410102', '升龙天汇6号院', '101.33', '101.33', '1', '2021-01-19 17:57:52', 'DEl', '1100', null, null);
INSERT INTO `business_community` VALUES ('2020122519100142', '202021011980271682', '升龙天汇6号院', '河南省郑州市中原区升龙天汇6号院', '410102', '升龙天汇6号院', '101.33', '101.33', '1', '2021-01-19 17:57:52', 'ADD', '1000', '10000.00', null);
INSERT INTO `business_community` VALUES ('2020122575940334', '202021011987641686', '忆江南小区', '陕西省西安市长安区测试', '610116', '测试', '101.33', '101.33', '1', '2021-01-19 17:58:42', 'DEl', '1100', null, null);
INSERT INTO `business_community` VALUES ('2020122575940334', '202021011987641686', '忆江南小区', '陕西省西安市长安区测试', '610116', '测试', '101.33', '101.33', '1', '2021-01-19 17:58:42', 'ADD', '1000', '0.00', null);
INSERT INTO `business_community` VALUES ('2020122577160366', '202021011975431688', '测试测试123', '北京省北京市东城区12', '110101', '12', '101.33', '101.33', '1', '2021-01-19 17:58:48', 'DEl', '1100', null, null);
INSERT INTO `business_community` VALUES ('2020122577160366', '202021011975431688', '测试测试123', '北京省北京市东城区12', '110101', '12', '101.33', '101.33', '1', '2021-01-19 17:58:48', 'ADD', '1000', '0.00', null);
INSERT INTO `business_community` VALUES ('2020122812950864', '202021011932641690', '校优智能', '江西省九江市濂溪区江西省九江市安泰路一号校优智能', '360402', '校优智能', '101.33', '101.33', '1', '2021-01-19 17:58:51', 'DEl', '1100', null, null);
INSERT INTO `business_community` VALUES ('2020122812950864', '202021011932641690', '校优智能', '江西省九江市濂溪区江西省九江市安泰路一号校优智能', '360402', '校优智能', '101.33', '101.33', '1', '2021-01-19 17:58:51', 'ADD', '1000', '0.00', null);
INSERT INTO `business_community` VALUES ('2020122891461066', '202021011932171694', '美丽小区', '青海省西宁市城西区海湖新城', '630104', '歪歪楼', '101.33', '101.33', '1', '2021-01-19 17:58:59', 'DEl', '1100', null, null);
INSERT INTO `business_community` VALUES ('2020122891461066', '202021011932171694', '美丽小区', '青海省西宁市城西区海湖新城', '630104', '歪歪楼', '101.33', '101.33', '1', '2021-01-19 17:58:59', 'ADD', '1000', '0.00', null);
INSERT INTO `business_community` VALUES ('2020122903910166', '202021011953061696', 'hw', '天津省天津市和平区aaa', '120101', 'aa', '101.33', '101.33', '1', '2021-01-19 17:59:02', 'DEl', '1100', null, null);
INSERT INTO `business_community` VALUES ('2020122903910166', '202021011953061696', 'hw', '天津省天津市和平区aaa', '120101', 'aa', '101.33', '101.33', '1', '2021-01-19 17:59:02', 'ADD', '1000', '100.00', null);
INSERT INTO `business_community` VALUES ('2020123005630398', '202021011986221706', '2020-12-30 测试2', '北京省北京市丰台区2020-12-30 测试2', '110106', '2020-12-30 测试2', '101.33', '101.33', '1', '2021-01-19 17:59:20', 'DEl', '1100', null, null);
INSERT INTO `business_community` VALUES ('2020123005630398', '202021011986221706', '2020-12-30 测试2', '北京省北京市丰台区2020-12-30 测试2', '110106', '2020-12-30 测试2', '101.33', '101.33', '1', '2021-01-19 17:59:20', 'ADD', '1000', '400.00', null);
INSERT INTO `business_community` VALUES ('2020123095710362', '202021011977671710', '2020-12-30测试名称1', '北京省北京市东城区2020-12-30测试名称1', '110101', '2020-12-30测试名称1', '101.33', '101.33', '1', '2021-01-19 17:59:28', 'DEl', '1100', null, null);
INSERT INTO `business_community` VALUES ('2020123095710362', '202021011977671710', '2020-12-30测试名称1', '北京省北京市东城区2020-12-30测试名称1', '110101', '2020-12-30测试名称1', '101.33', '101.33', '1', '2021-01-19 17:59:28', 'ADD', '1000', '0.00', null);
INSERT INTO `business_community` VALUES ('2021010320440122', '202021011900821712', '学府小区', '河北省廊坊市大厂回族自治县潮白新城', '131028', '万亩银杏林', '101.33', '101.33', '1', '2021-01-19 17:59:31', 'DEl', '1100', null, null);
INSERT INTO `business_community` VALUES ('2021010320440122', '202021011900821712', '学府小区', '河北省廊坊市大厂回族自治县潮白新城', '131028', '万亩银杏林', '101.33', '101.33', '1', '2021-01-19 17:59:31', 'ADD', '1000', '0.00', null);
INSERT INTO `business_community` VALUES ('2021010351260110', '202021011992151716', '潮白家园', '河北省廊坊市大厂回族自治县潮白新城', '131028', '万亩银杏林', '101.33', '101.33', '1', '2021-01-19 17:59:39', 'DEl', '1100', null, null);
INSERT INTO `business_community` VALUES ('2021010351260110', '202021011992151716', '潮白家园', '河北省廊坊市大厂回族自治县潮白新城', '131028', '万亩银杏林', '101.33', '101.33', '1', '2021-01-19 17:59:39', 'ADD', '1000', '0.00', null);
INSERT INTO `business_community` VALUES ('2021010556121064', '202021011991701720', '建业阳光城', '河南省驻马店市平舆县清河大道110号', '411723', '城市之心', '101.33', '101.33', '1', '2021-01-19 17:59:46', 'DEl', '1100', null, null);
INSERT INTO `business_community` VALUES ('2021010556121064', '202021011991701720', '建业阳光城', '河南省驻马店市平舆县清河大道110号', '411723', '城市之心', '101.33', '101.33', '1', '2021-01-19 17:59:46', 'ADD', '1000', '0.00', null);
INSERT INTO `business_community` VALUES ('2021010584920646', '202021011907161722', '神正小区', '江西省南昌市青山湖区红谷滩双子塔旁', '360111', '双子塔', '101.33', '101.33', '1', '2021-01-19 17:59:49', 'DEl', '1100', null, null);
INSERT INTO `business_community` VALUES ('2021010584920646', '202021011907161722', '神正小区', '江西省南昌市青山湖区红谷滩双子塔旁', '360111', '双子塔', '101.33', '101.33', '1', '2021-01-19 17:59:49', 'ADD', '1000', '0.00', null);
INSERT INTO `business_community` VALUES ('2021010610591116', '202021011918851726', '固原测试小区', '宁夏回族自治区固原市原州区固原原州区', '640402', '北京路', '101.33', '101.33', '1', '2021-01-19 18:00:01', 'DEl', '1100', null, null);
INSERT INTO `business_community` VALUES ('2021010610591116', '202021011918851726', '固原测试小区', '宁夏回族自治区固原市原州区固原原州区', '640402', '北京路', '101.33', '101.33', '1', '2021-01-19 18:00:01', 'ADD', '1000', '0.00', null);
INSERT INTO `business_community` VALUES ('2021010627211402', '202021011911781728', '庙张社区', '北京省北京市石景山区光明路68号', '110107', '国贸大厦', '101.33', '101.33', '1', '2021-01-19 18:00:10', 'DEl', '1100', null, null);
INSERT INTO `business_community` VALUES ('2021010627211402', '202021011911781728', '庙张社区', '北京省北京市石景山区光明路68号', '110107', '国贸大厦', '101.33', '101.33', '1', '2021-01-19 18:00:10', 'ADD', '1000', '80.00', null);
INSERT INTO `business_community` VALUES ('2021010662991176', '202021011995291732', '德福中心', '贵州省贵阳市观山湖区观山湖区长岭南路', '520115', '德福中心', '101.33', '101.33', '1', '2021-01-19 18:00:22', 'DEl', '1100', null, null);
INSERT INTO `business_community` VALUES ('2021010662991176', '202021011995291732', '德福中心', '贵州省贵阳市观山湖区观山湖区长岭南路', '520115', '德福中心', '101.33', '101.33', '1', '2021-01-19 18:00:22', 'ADD', '1000', '10000.00', null);
INSERT INTO `business_community` VALUES ('2021010881910214', '202021011928731738', 'lapple', '山西省太原市小店区lapple', '140105', 'lapple', '101.33', '101.33', '1', '2021-01-19 18:00:43', 'DEl', '1100', null, null);
INSERT INTO `business_community` VALUES ('2021010881910214', '202021011928731738', 'lapple', '山西省太原市小店区lapple', '140105', 'lapple', '101.33', '101.33', '1', '2021-01-19 18:00:43', 'ADD', '1000', '0.00', null);
INSERT INTO `business_community` VALUES ('2021011172600008', '202021011933911740', '张家口龙辰博鳌物流有限公司', '河北省张家口市万全区高新技术产业开发区煤机路12号', '130708', '龙辰博鳌', '101.33', '101.33', '1', '2021-01-19 18:00:55', 'DEl', '1100', null, null);
INSERT INTO `business_community` VALUES ('2021011172600008', '202021011933911740', '张家口龙辰博鳌物流有限公司', '河北省张家口市万全区高新技术产业开发区煤机路12号', '130708', '龙辰博鳌', '101.33', '101.33', '1', '2021-01-19 18:00:55', 'ADD', '1000', '0.00', null);
INSERT INTO `business_community` VALUES ('2021011220880008', '202021011905781742', '天天公寓', '上海省上海市徐汇区上海市蓬莱路', '310104', '欧尚超市', '101.33', '101.33', '1', '2021-01-19 18:01:01', 'DEl', '1100', null, null);
INSERT INTO `business_community` VALUES ('2021011220880008', '202021011905781742', '天天公寓', '上海省上海市徐汇区上海市蓬莱路', '310104', '欧尚超市', '101.33', '101.33', '1', '2021-01-19 18:01:01', 'ADD', '1000', '3680.00', null);
INSERT INTO `business_community` VALUES ('2021011322790276', '202021011987091744', '恒大悦府', '河北省石家庄市新华区揭阳大道北', '130105', '泛亚大厦', '101.33', '101.33', '1', '2021-01-19 18:01:06', 'DEl', '1100', null, null);
INSERT INTO `business_community` VALUES ('2021011322790276', '202021011987091744', '恒大悦府', '河北省石家庄市新华区揭阳大道北', '130105', '泛亚大厦', '101.33', '101.33', '1', '2021-01-19 18:01:06', 'ADD', '1000', '0.00', null);
INSERT INTO `business_community` VALUES ('2021011835510690', '202021011993051750', '街坊小区', '陕西省西安市新城区陕西省西安市新城区咸宁路108号', '610102', '幸福林带', '101.33', '101.33', '1', '2021-01-19 18:01:24', 'DEl', '1100', null, null);
INSERT INTO `business_community` VALUES ('2021011835510690', '202021011993051750', '街坊小区', '陕西省西安市新城区陕西省西安市新城区咸宁路108号', '610102', '幸福林带', '101.33', '101.33', '1', '2021-01-19 18:01:24', 'ADD', '1000', '0.00', null);
INSERT INTO `business_community` VALUES ('2020120761060138', '202021011968231760', '测试小区2', '河北省唐山市路北区112', '130203', '111', '101.33', '101.33', '1', '2021-01-19 18:02:01', 'DEl', '1000', null, null);
INSERT INTO `business_community` VALUES ('2020121177440140', '202021011933571764', '测试小区1', '上海省上海市长宁区上海浦东新区1栋', '310105', '东方明珠', '101.33', '101.33', '1', '2021-01-19 18:02:08', 'DEl', '1000', null, null);
INSERT INTO `business_community` VALUES ('2020121402950276', '202021011997861768', '20201214小区', '河北省唐山市路北区20201214小区', '130203', '20201214小区', '101.33', '101.33', '1', '2021-01-19 18:02:10', 'DEl', '1000', null, null);
INSERT INTO `business_community` VALUES ('2020121792640104', '202021011934211784', '山东测试小区名称', '山东省济南市历下区山东测试小区地址', '370102', '山东测试附近地标', '101.33', '101.33', '1', '2021-01-19 18:02:50', 'DEl', '1000', null, null);
INSERT INTO `business_community` VALUES ('2020122322410628', '202021011912911796', '1', '河北省唐山市路北区1', '130203', '1', '101.33', '101.33', '1', '2021-01-19 18:03:09', 'DEl', '1000', null, null);
INSERT INTO `business_community` VALUES ('2020122325160494', '202021011918501798', '测试116', '北京省北京市东城区测试116', '110101', '测试116', '101.33', '101.33', '1', '2021-01-19 18:03:17', 'DEl', '1000', null, null);
INSERT INTO `business_community` VALUES ('2020122334790466', '202021011937001802', '测试119', '北京省北京市东城区测试119', '110101', '测试119', '101.33', '101.33', '1', '2021-01-19 18:03:23', 'DEl', '1000', null, null);
INSERT INTO `business_community` VALUES ('2020122354260296', '202021011970311804', '叁尚', '山西省太原市小店区111', '140105', '111', '101.33', '101.33', '1', '2021-01-19 18:03:27', 'DEl', '1000', null, null);
INSERT INTO `business_community` VALUES ('2020122370760634', '202021011960791806', 'qqq', '天津省天津市和平区111', '120101', '111', '101.33', '101.33', '1', '2021-01-19 18:03:30', 'DEl', '1000', null, null);
INSERT INTO `business_community` VALUES ('2020122471920846', '202021011970331808', 'iot_小区', '黑龙江省大庆市大同区水电费', '230606', '水电费', '101.33', '101.33', '1', '2021-01-19 18:03:36', 'DEl', '1000', null, null);
INSERT INTO `business_community` VALUES ('2020122519100142', '202021011995641810', '升龙天汇6号院', '河南省郑州市中原区升龙天汇6号院', '410102', '升龙天汇6号院', '101.33', '101.33', '1', '2021-01-19 18:04:07', 'DEl', '1000', null, null);
INSERT INTO `business_community` VALUES ('2020122575940334', '202021011960691814', '忆江南小区', '陕西省西安市长安区测试', '610116', '测试', '101.33', '101.33', '1', '2021-01-19 18:04:13', 'DEl', '1000', null, null);
INSERT INTO `business_community` VALUES ('2020122577160366', '202021011986231816', '测试测试123', '北京省北京市东城区12', '110101', '12', '101.33', '101.33', '1', '2021-01-19 18:04:15', 'DEl', '1000', null, null);
INSERT INTO `business_community` VALUES ('2020122812950864', '202021011986861818', '校优智能', '江西省九江市濂溪区江西省九江市安泰路一号校优智能', '360402', '校优智能', '101.33', '101.33', '1', '2021-01-19 18:04:18', 'DEl', '1000', null, null);
INSERT INTO `business_community` VALUES ('2020122891461066', '202021011921031822', '美丽小区', '青海省西宁市城西区海湖新城', '630104', '歪歪楼', '101.33', '101.33', '1', '2021-01-19 18:04:26', 'DEl', '1000', null, null);
INSERT INTO `business_community` VALUES ('2020122903910166', '202021011907231824', 'hw', '天津省天津市和平区aaa', '120101', 'aa', '101.33', '101.33', '1', '2021-01-19 18:04:28', 'DEl', '1000', null, null);
INSERT INTO `business_community` VALUES ('2020123005630398', '202021011984951834', '2020-12-30 测试2', '北京省北京市丰台区2020-12-30 测试2', '110106', '2020-12-30 测试2', '101.33', '101.33', '1', '2021-01-19 18:04:44', 'DEl', '1000', null, null);
INSERT INTO `business_community` VALUES ('2020123095710362', '202021011913731836', '2020-12-30测试名称1', '北京省北京市东城区2020-12-30测试名称1', '110101', '2020-12-30测试名称1', '101.33', '101.33', '1', '2021-01-19 18:04:49', 'DEl', '1000', null, null);
INSERT INTO `business_community` VALUES ('2021010320440122', '202021011902001838', '学府小区', '河北省廊坊市大厂回族自治县潮白新城', '131028', '万亩银杏林', '101.33', '101.33', '1', '2021-01-19 18:04:55', 'DEl', '1000', null, null);
INSERT INTO `business_community` VALUES ('2021010351260110', '202021011979221842', '潮白家园', '河北省廊坊市大厂回族自治县潮白新城', '131028', '万亩银杏林', '101.33', '101.33', '1', '2021-01-19 18:05:16', 'DEl', '1000', null, null);
INSERT INTO `business_community` VALUES ('2021010556121064', '202021011999191846', '建业阳光城', '河南省驻马店市平舆县清河大道110号', '411723', '城市之心', '101.33', '101.33', '1', '2021-01-19 18:05:23', 'DEl', '1000', null, null);
INSERT INTO `business_community` VALUES ('2021010584920646', '202021011901581848', '神正小区', '江西省南昌市青山湖区红谷滩双子塔旁', '360111', '双子塔', '101.33', '101.33', '1', '2021-01-19 18:05:29', 'DEl', '1000', null, null);
INSERT INTO `business_community` VALUES ('2021010610591116', '202021011972411850', '固原测试小区', '宁夏回族自治区固原市原州区固原原州区', '640402', '北京路', '101.33', '101.33', '1', '2021-01-19 18:05:34', 'DEl', '1000', null, null);
INSERT INTO `business_community` VALUES ('2021010627211402', '202021011919211854', '庙张社区', '北京省北京市石景山区光明路68号', '110107', '国贸大厦', '101.33', '101.33', '1', '2021-01-19 18:05:42', 'DEl', '1000', null, null);
INSERT INTO `business_community` VALUES ('2021010662991176', '202021011927191858', '德福中心', '贵州省贵阳市观山湖区观山湖区长岭南路', '520115', '德福中心', '101.33', '101.33', '1', '2021-01-19 18:05:52', 'DEl', '1000', null, null);
INSERT INTO `business_community` VALUES ('2021010881910214', '202021011929201864', 'lapple', '山西省太原市小店区lapple', '140105', 'lapple', '101.33', '101.33', '1', '2021-01-19 18:05:59', 'DEl', '1000', null, null);
INSERT INTO `business_community` VALUES ('2021011172600008', '202021011903731866', '张家口龙辰博鳌物流有限公司', '河北省张家口市万全区高新技术产业开发区煤机路12号', '130708', '龙辰博鳌', '101.33', '101.33', '1', '2021-01-19 18:06:21', 'DEl', '1000', null, null);
INSERT INTO `business_community` VALUES ('2021011220880008', '202021011958161868', '天天公寓', '上海省上海市徐汇区上海市蓬莱路', '310104', '欧尚超市', '101.33', '101.33', '1', '2021-01-19 18:06:24', 'DEl', '1000', null, null);
INSERT INTO `business_community` VALUES ('2021011322790276', '202021011923371870', '恒大悦府', '河北省石家庄市新华区揭阳大道北', '130105', '泛亚大厦', '101.33', '101.33', '1', '2021-01-19 18:06:27', 'DEl', '1000', null, null);
INSERT INTO `business_community` VALUES ('2021011341160186', '202021011970601872', '汽配园一期', '江苏省无锡市宜兴市徐舍', '320282', '徐舍', '101.33', '101.33', '1', '2021-01-19 18:06:30', 'DEl', '1000', null, null);
INSERT INTO `business_community` VALUES ('2021011835510690', '202021011961981882', '街坊小区', '陕西省西安市新城区陕西省西安市新城区咸宁路108号', '610102', '幸福林带', '101.33', '101.33', '1', '2021-01-19 18:06:44', 'DEl', '1000', null, null);
INSERT INTO `business_community` VALUES ('2021011852090776', '202021011957231884', '12', '河北省邯郸市肥乡区12', '130407', '12', '101.33', '101.33', '1', '2021-01-19 18:06:46', 'DEl', '1000', null, null);
INSERT INTO `business_community` VALUES ('702020120307253112', '202021011997811896', '东方科技大厦', '广东省深圳市福田区重庆', '440304', '深圳湾', '101.33', '101.33', '1', '2021-01-19 18:07:05', 'DEl', '1000', null, null);
INSERT INTO `business_community` VALUES ('2020121527920100', '202021012067611961', '智慧园区', '四川省成都市双流区四川成都', '510116', '四川成都', '101.33', '101.33', '1', '2021-01-20 10:10:29', 'DEl', '1000', null, null);
INSERT INTO `business_community` VALUES ('2020121527920100', '202021012067611961', '智慧园区', '四川省成都市双流区四川成都', '510116', '四川成都', '101.33', '101.33', '1', '2021-01-20 10:10:29', 'ADD', '1100', '100.00', null);
INSERT INTO `business_community` VALUES ('2020121527920100', '202021012015391971', '智慧园区', '四川省成都市双流区四川成都', '510116', '四川成都', '101.33', '101.33', '1', '2021-01-20 10:12:03', 'DEl', '1100', null, null);
INSERT INTO `business_community` VALUES ('2020121527920100', '202021012015391971', '智慧园区', '四川省成都市双流区四川成都', '510116', '四川成都', '101.33', '101.33', '1', '2021-01-20 10:12:03', 'ADD', '1100', '100.00', null);
INSERT INTO `business_community` VALUES ('2020121527920100', '202021012080231977', '智慧园区', '四川省成都市双流区四川成都', '510116', '四川成都', '101.33', '101.33', '1', '2021-01-20 10:32:07', 'DEl', '1100', null, null);
INSERT INTO `business_community` VALUES ('2020121527920100', '202021012080231977', '智慧园区', '四川省成都市双流区四川成都', '510116', '四川成都', '101.33', '101.33', '1', '2021-01-20 10:32:07', 'ADD', '1100', '200.00', null);
INSERT INTO `business_community` VALUES ('2020121527920100', '202021012008071991', '智慧园区', '四川省成都市双流区四川成都', '510116', '四川成都', '101.33', '101.33', '1', '2021-01-20 10:41:18', 'DEl', '1100', null, null);
INSERT INTO `business_community` VALUES ('2020121527920100', '202021012008071991', '智慧园区', '四川省成都市双流区四川成都', '510116', '四川成都', '101.33', '101.33', '1', '2021-01-20 10:41:18', 'ADD', '1100', '200.00', null);
INSERT INTO `business_community` VALUES ('2021012043791238', '202021012064532056', 'lym2', '天津省天津市河东区bbbbbbbbbbbbb', '120102', 'xy', '101.33', '101.33', '1', '2021-01-20 11:30:48', 'ADD', '1000', '0.00', null);
INSERT INTO `business_community` VALUES ('2021012043791238', '202021012052382072', 'lym2', '天津省天津市河东区bbbbbbbbbbbbb', '120102', 'xy', '101.33', '101.33', '1', '2021-01-20 11:31:35', 'DEl', '1000', null, null);
INSERT INTO `business_community` VALUES ('2021012043791238', '202021012052382072', 'lym2', '天津省天津市河东区bbbbbbbbbbbbb', '120102', 'xy', '101.33', '101.33', '1', '2021-01-20 11:31:35', 'ADD', '1100', '0.00', null);
INSERT INTO `business_community` VALUES ('2021012043791238', '202021012010012172', 'lym2', '天津省天津市河东区bbbbbbbbbbbbb', '120102', 'xy', '101.33', '101.33', '1', '2021-01-20 15:06:19', 'DEl', '1100', null, null);
INSERT INTO `business_community` VALUES ('2021012043791238', '202021012010012172', 'lym2', '天津省天津市河东区bbbbbbbbbbbbb', '120102', 'xy', '101.33', '101.33', '1', '2021-01-20 15:06:19', 'ADD', '1000', '0.00', null);
INSERT INTO `business_community` VALUES ('2021012043791238', '202021012071082178', 'lym2', '天津省天津市河东区bbbbbbbbbbbbb', '120102', 'xy', '101.33', '101.33', '1', '2021-01-20 15:06:33', 'DEl', '1000', null, null);
INSERT INTO `business_community` VALUES ('2021012079861404', '202021012026052367', '紫郡小区', '浙江省宁波市江北区亲戚', '330205', '亲戚', '101.33', '101.33', '1', '2021-01-20 16:32:57', 'ADD', '1000', '0.00', null);
INSERT INTO `business_community` VALUES ('2021012079861404', '202021012088892372', '紫郡小区', '浙江省宁波市江北区亲戚', '330205', '亲戚', '101.33', '101.33', '1', '2021-01-20 16:33:22', 'DEl', '1000', null, null);
INSERT INTO `business_community` VALUES ('2021012079861404', '202021012088892372', '紫郡小区', '浙江省宁波市江北区亲戚', '330205', '亲戚', '101.33', '101.33', '1', '2021-01-20 16:33:22', 'ADD', '1100', '0.00', null);
INSERT INTO `business_community` VALUES ('2021012140762310', '202021012196793051', '321', '北京省北京市西城区321', '110102', '321', '101.33', '101.33', '1', '2021-01-21 11:43:09', 'ADD', '1000', '0.00', null);
INSERT INTO `business_community` VALUES ('2021012140762310', '202021012111093056', '321', '北京省北京市西城区321', '110102', '321', '101.33', '101.33', '1', '2021-01-21 11:43:37', 'DEl', '1000', null, null);
INSERT INTO `business_community` VALUES ('2021012140762310', '202021012111093056', '321', '北京省北京市西城区321', '110102', '321', '101.33', '101.33', '1', '2021-01-21 11:43:37', 'ADD', '1100', '0.00', null);
INSERT INTO `business_community` VALUES ('2021012122242316', '202021012191143068', '石家庄小区', '河北省石家庄市长安区石家庄小区', '130102', '石家庄小区', '101.33', '101.33', '1', '2021-01-21 11:46:58', 'ADD', '1000', '0.00', null);
INSERT INTO `business_community` VALUES ('2021012122242316', '202021012188453073', '石家庄小区', '河北省石家庄市长安区石家庄小区', '130102', '石家庄小区', '101.33', '101.33', '1', '2021-01-21 11:47:13', 'DEl', '1000', null, null);
INSERT INTO `business_community` VALUES ('2021012122242316', '202021012188453073', '石家庄小区', '河北省石家庄市长安区石家庄小区', '130102', '石家庄小区', '101.33', '101.33', '1', '2021-01-21 11:47:13', 'ADD', '1100', '0.00', null);
INSERT INTO `business_community` VALUES ('2021012122242316', '202021012131743077', '石家庄小区', '河北省石家庄市长安区石家庄小区', '130102', '石家庄小区', '101.33', '101.33', '1', '2021-01-21 11:50:50', 'DEl', '1100', null, null);
INSERT INTO `business_community` VALUES ('2021012122242316', '202021012131743077', '石家庄小区', '河北省石家庄市长安区石家庄小区', '130102', '石家庄小区', '101.33', '101.33', '1', '2021-01-21 11:50:50', 'ADD', '1000', '0.00', null);
INSERT INTO `business_community` VALUES ('2021012122242316', '202021012131163086', '石家庄小区', '河北省石家庄市长安区石家庄小区', '130102', '石家庄小区', '101.33', '101.33', '1', '2021-01-21 11:53:04', 'DEl', '1000', null, null);
INSERT INTO `business_community` VALUES ('2021012122242316', '202021012131163086', '石家庄小区', '河北省石家庄市长安区石家庄小区', '130102', '石家庄小区', '101.33', '101.33', '1', '2021-01-21 11:53:04', 'ADD', '1100', '0.00', null);
INSERT INTO `business_community` VALUES ('2021012180202622', '202021012123103333', '竟陵小区', '北京省北京市西城区北京', '110102', '无', '101.33', '101.33', '1', '2021-01-21 16:05:57', 'ADD', '1000', '0.00', null);
INSERT INTO `business_community` VALUES ('2021012180202622', '202021012139773338', '竟陵小区', '北京省北京市西城区北京', '110102', '无', '101.33', '101.33', '1', '2021-01-21 16:07:09', 'DEl', '1000', null, null);
INSERT INTO `business_community` VALUES ('2021012180202622', '202021012139773338', '竟陵小区', '北京省北京市西城区北京', '110102', '无', '101.33', '101.33', '1', '2021-01-21 16:07:09', 'ADD', '1100', '0.00', null);
INSERT INTO `business_community` VALUES ('2021012115732778', '202021012157123447', '荣景苑B区', '上海省上海市松江区松江区汇泉路80弄', '310117', '中山路商业步行街', '101.33', '101.33', '1', '2021-01-21 18:39:32', 'ADD', '1000', '0.00', null);
INSERT INTO `business_community` VALUES ('2021012170222788', '202021012198563457', '荣景苑A区', '上海省上海市松江区上海市松江区松汇中路972弄', '310117', '中山步行街', '101.33', '101.33', '1', '2021-01-21 18:41:26', 'ADD', '1000', '0.00', null);
INSERT INTO `business_community` VALUES ('2021012115732778', '202021012132463462', '荣景苑B区', '上海省上海市松江区松江区汇泉路80弄', '310117', '中山路商业步行街', '101.33', '101.33', '1', '2021-01-21 18:41:39', 'DEl', '1000', null, null);
INSERT INTO `business_community` VALUES ('2021012115732778', '202021012132463462', '荣景苑B区', '上海省上海市松江区松江区汇泉路80弄', '310117', '中山路商业步行街', '101.33', '101.33', '1', '2021-01-21 18:41:39', 'ADD', '1100', '0.00', null);
INSERT INTO `business_community` VALUES ('2021012170222788', '202021012195313464', '荣景苑A区', '上海省上海市松江区上海市松江区松汇中路972弄', '310117', '中山步行街', '101.33', '101.33', '1', '2021-01-21 18:41:43', 'DEl', '1000', null, null);
INSERT INTO `business_community` VALUES ('2021012170222788', '202021012195313464', '荣景苑A区', '上海省上海市松江区上海市松江区松汇中路972弄', '310117', '中山步行街', '101.33', '101.33', '1', '2021-01-21 18:41:43', 'ADD', '1100', '0.00', null);
INSERT INTO `business_community` VALUES ('2021012115732778', '202021012103763487', '荣景苑B区', '上海省上海市松江区松江区汇泉路80弄', '310117', '中山路商业步行街', '101.33', '101.33', '1', '2021-01-21 18:49:15', 'DEl', '1100', null, null);
INSERT INTO `business_community` VALUES ('2021012115732778', '202021012103763487', '荣景苑B区', '上海省上海市松江区松江区汇泉路80弄', '310117', '中山路商业步行街', '101.33', '101.33', '1', '2021-01-21 18:49:15', 'ADD', '1100', '10000.00', null);
INSERT INTO `business_community` VALUES ('2021012170222788', '202021012168643489', '荣景苑A区', '上海省上海市松江区上海市松江区松汇中路972弄', '310117', '中山步行街', '101.33', '101.33', '1', '2021-01-21 18:49:23', 'DEl', '1100', null, null);
INSERT INTO `business_community` VALUES ('2021012170222788', '202021012168643489', '荣景苑A区', '上海省上海市松江区上海市松江区松汇中路972弄', '310117', '中山步行街', '101.33', '101.33', '1', '2021-01-21 18:49:23', 'ADD', '1100', '20000.00', null);
INSERT INTO `business_community` VALUES ('2021012222523156', '202021012233654322', '开心乐园', '河北省石家庄市桥西区东港里街八里庄路', '130104', '古城北巷口', '101.33', '101.33', '1', '2021-01-22 14:39:24', 'ADD', '1000', '0.00', null);
INSERT INTO `business_community` VALUES ('2021012222523156', '202021012231704329', '开心乐园', '河北省石家庄市桥西区东港里街八里庄路', '130104', '古城北巷口', '101.33', '101.33', '1', '2021-01-22 14:40:33', 'DEl', '1000', null, null);
INSERT INTO `business_community` VALUES ('2021012222523156', '202021012231704329', '开心乐园', '河北省石家庄市桥西区东港里街八里庄路', '130104', '古城北巷口', '101.33', '101.33', '1', '2021-01-22 14:40:33', 'ADD', '1100', '0.00', null);
INSERT INTO `business_community` VALUES ('2021012578990222', '202021012589245454', '2222222222222', 'undefinedwerewr', '0971', 'wrwr', '101.33', '101.33', '1', '2021-01-25 11:48:05', 'ADD', '1000', '0.00', null);
INSERT INTO `business_community` VALUES ('2021012646880078', '202021012607966365', '燕山小区', '河北省秦皇岛市海港区燕山大街', '130302', '燕山商务大厦', '101.33', '101.33', '1', '2021-01-26 15:09:14', 'ADD', '1000', '0.00', null);
INSERT INTO `business_community` VALUES ('2021012646880078', '202021012695906370', '燕山小区', '河北省秦皇岛市海港区燕山大街', '130302', '燕山商务大厦', '101.33', '101.33', '1', '2021-01-26 15:11:18', 'DEl', '1000', null, null);
INSERT INTO `business_community` VALUES ('2021012646880078', '202021012695906370', '燕山小区', '河北省秦皇岛市海港区燕山大街', '130302', '燕山商务大厦', '101.33', '101.33', '1', '2021-01-26 15:11:18', 'ADD', '1100', '0.00', null);
INSERT INTO `business_community` VALUES ('2021012612310196', '202021012686816761', '宝龙', '江苏省南京市高淳区宝龙', '320118', '宝龙', '101.33', '101.33', '1', '2021-01-26 16:41:17', 'ADD', '1000', '0.00', null);
INSERT INTO `business_community` VALUES ('2021012612310196', '202021012663166766', '宝龙', '江苏省南京市高淳区宝龙', '320118', '宝龙', '101.33', '101.33', '1', '2021-01-26 16:41:40', 'DEl', '1000', null, null);
INSERT INTO `business_community` VALUES ('2021012612310196', '202021012663166766', '宝龙', '江苏省南京市高淳区宝龙', '320118', '宝龙', '101.33', '101.33', '1', '2021-01-26 16:41:40', 'ADD', '1100', '0.00', null);
INSERT INTO `business_community` VALUES ('2021012612310196', '202021012660256768', '宝龙', '江苏省南京市高淳区宝龙', '320118', '宝龙', '101.33', '101.33', '1', '2021-01-26 16:42:15', 'DEl', '1100', null, null);
INSERT INTO `business_community` VALUES ('2021012612310196', '202021012660256768', '宝龙', '江苏省南京市高淳区宝龙', '320118', '宝龙', '101.33', '101.33', '1', '2021-01-26 16:42:15', 'ADD', '1000', '0.00', null);
INSERT INTO `business_community` VALUES ('2021012714410004', '202021012776676979', '投诉测试', '河北省唐山市古冶区青海', '130204', '青海', '101.33', '101.33', '1', '2021-01-27 12:37:19', 'ADD', '1000', '0.00', null);
INSERT INTO `business_community` VALUES ('2021012714410004', '202021012711306984', '投诉测试', '河北省唐山市古冶区青海', '130204', '青海', '101.33', '101.33', '1', '2021-01-27 12:37:29', 'DEl', '1000', null, null);
INSERT INTO `business_community` VALUES ('2021012714410004', '202021012711306984', '投诉测试', '河北省唐山市古冶区青海', '130204', '青海', '101.33', '101.33', '1', '2021-01-27 12:37:29', 'ADD', '1100', '0.00', null);
INSERT INTO `business_community` VALUES ('2021012983950588', '202021012945348082', '悟天小区', '江苏省常州市新北区常州市烽火路324号', '320411', '大润发', '101.33', '101.33', '1', '2021-01-29 17:18:52', 'ADD', '1000', '0.00', null);
INSERT INTO `business_community` VALUES ('2021012983950588', '202021012906018087', '悟天小区', '江苏省常州市新北区常州市烽火路324号', '320411', '大润发', '101.33', '101.33', '1', '2021-01-29 17:19:10', 'DEl', '1000', null, null);
INSERT INTO `business_community` VALUES ('2021012983950588', '202021012906018087', '悟天小区', '江苏省常州市新北区常州市烽火路324号', '320411', '大润发', '101.33', '101.33', '1', '2021-01-29 17:19:10', 'ADD', '1100', '0.00', null);
INSERT INTO `business_community` VALUES ('2021012983950588', '202021012904618096', '悟天小区', '江苏省常州市新北区常州市烽火路324号', '320411', '大润发', '101.33', '101.33', '1', '2021-01-29 17:21:01', 'DEl', '1100', null, null);
INSERT INTO `business_community` VALUES ('2021012983950588', '202021012904618096', '悟天小区', '江苏省常州市新北区常州市烽火路324号', '320411', '大润发', '101.33', '101.33', '1', '2021-01-29 17:21:01', 'ADD', '1100', '528.00', null);
INSERT INTO `business_community` VALUES ('702020020191163982', '202020020114497223', '愿景山水湾', '湖南省长沙市长沙县湘龙街道湘龙路', '430121', '步步高', '101.33', '101.33', '2', '2020-02-01 15:04:49', 'ADD', '1000', '0.00', null);
INSERT INTO `business_community` VALUES ('702020020191163982', '202020020129507228', '愿景山水湾', '湖南省长沙市长沙县湘龙街道湘龙路', '430121', '步步高', '101.33', '101.33', '2', '2020-02-01 15:05:13', 'DEl', '1000', '0.00', null);
INSERT INTO `business_community` VALUES ('702020020191163982', '202020020129507228', '愿景山水湾', '湖南省长沙市长沙县湘龙街道湘龙路', '430121', '步步高', '101.33', '101.33', '2', '2020-02-01 15:05:13', 'ADD', '1100', '0.00', null);
INSERT INTO `business_community` VALUES ('7020200203754831750', '20202002032132-18432', '九龙湖小区', '江苏省淮安市清江浦区明远路1号', '320812', '财经学院', '101.33', '101.33', '2', '2020-02-03 13:20:38', 'ADD', '1000', '0.00', null);
INSERT INTO `business_community` VALUES ('7020200203754831750', '20202002032416-18426', '九龙湖小区', '江苏省淮安市清江浦区明远路1号', '320812', '财经学院', '101.33', '101.33', '2', '2020-02-03 13:21:03', 'DEl', '1000', '0.00', null);
INSERT INTO `business_community` VALUES ('7020200203754831750', '20202002032416-18426', '九龙湖小区', '江苏省淮安市清江浦区明远路1号', '320812', '财经学院', '101.33', '101.33', '2', '2020-02-03 13:21:03', 'ADD', '1100', '0.00', null);
INSERT INTO `business_community` VALUES ('7020200203225731752', '20202002030101-18422', '测试2020', '北京省北京市西城区打算', '110102', '阿斯顿撒', '101.33', '101.33', '2', '2020-02-03 13:24:08', 'ADD', '1000', '0.00', null);
INSERT INTO `business_community` VALUES ('7020200203225731752', '20202002032523-18416', '测试2020', '北京省北京市西城区打算', '110102', '阿斯顿撒', '101.33', '101.33', '2', '2020-02-03 13:24:46', 'DEl', '1000', '0.00', null);
INSERT INTO `business_community` VALUES ('7020200203225731752', '20202002032523-18416', '测试2020', '北京省北京市西城区打算', '110102', '阿斯顿撒', '101.33', '101.33', '2', '2020-02-03 13:24:46', 'ADD', '1100', '0.00', null);
INSERT INTO `business_community` VALUES ('7020200203567031762', '20202002032358-18368', 'tes1', '江苏省常州市新北区abc', '320411', 'xuejia', '101.33', '101.33', '2', '2020-02-03 21:18:01', 'ADD', '1000', '0.00', null);
INSERT INTO `business_community` VALUES ('702020020422620012', '20202002044950-18281', '爱情公寓', '青海省西宁市城中区逯家寨南30号', '630103', '水上世界', '101.33', '101.33', '2', '2020-02-04 11:52:54', 'ADD', '1000', '0.00', null);
INSERT INTO `business_community` VALUES ('702020020422620012', '20202002049185-18275', '爱情公寓', '青海省西宁市城中区逯家寨南30号', '630103', '水上世界', '101.33', '101.33', '2', '2020-02-04 12:06:53', 'DEl', '1000', '0.00', null);
INSERT INTO `business_community` VALUES ('702020020422620012', '20202002049185-18275', '爱情公寓', '青海省西宁市城中区逯家寨南30号', '630103', '水上世界', '101.33', '101.33', '2', '2020-02-04 12:06:53', 'ADD', '1100', '0.00', null);
INSERT INTO `business_community` VALUES ('702020010725930008', '202020021030610497', '添加小区测试', '河北省邯郸市肥乡区我的小区', '130407', '我的小区', '101.33', '101.33', '2', '2020-02-10 10:35:31', 'DEl', '1000', '0.00', null);
INSERT INTO `business_community` VALUES ('702020010725930008', '202020021030610497', '添加小区测试', '河北省邯郸市肥乡区我的小区', '130407', '我的小区', '101.33', '101.33', '2', '2020-02-10 10:35:31', 'ADD', '1100', '0.00', null);
INSERT INTO `business_community` VALUES ('7020181217000002', '202020021328221235', '格兰小镇(西宁)', '青海省西宁市城中区申宁路6', '8630100', '安馨雅苑北100米', '102.909090', '', '2', '2020-02-13 16:32:33', 'DEl', '1100', '0.00', null);
INSERT INTO `business_community` VALUES ('7020181217000002', '202020021328221235', '格兰小镇(西宁)', '青海省西宁市城中区申宁路6', '8630100', '安馨雅苑北100米', '102.909090', '', '2', '2020-02-13 16:32:33', 'ADD', '1000', '0.00', null);
INSERT INTO `business_community` VALUES ('702020021558610130', '202020021525231770', '莲花大厦', '浙江省温州市鹿城区莲花路', '330302', '温州世贸大厦', '101.33', '101.33', '2', '2020-02-15 22:40:26', 'ADD', '1000', '0.00', null);
INSERT INTO `business_community` VALUES ('702020021558610130', '202020021541901787', '莲花大厦', '浙江省温州市鹿城区莲花路', '330302', '温州世贸大厦', '101.33', '101.33', '2', '2020-02-15 22:43:11', 'DEl', '1000', '0.00', null);
INSERT INTO `business_community` VALUES ('702020021558610130', '202020021541901787', '莲花大厦', '浙江省温州市鹿城区莲花路', '330302', '温州世贸大厦', '101.33', '101.33', '2', '2020-02-15 22:43:11', 'ADD', '1100', '0.00', null);
INSERT INTO `business_community` VALUES ('702020021772350024', '202020021777010059', '新甫小区', '山东省泰安市新泰市新甫路888号', '370982', '新泰市卫生防疫站', '101.33', '101.33', '2', '2020-02-17 10:05:40', 'ADD', '1000', '0.00', null);
INSERT INTO `business_community` VALUES ('7020181217000002', '202020021704440314', '格兰小镇(西宁)', '青海省西宁市城中区申宁路6', '8630100', '安馨雅苑北100米', '102.909090', '', '2', '2020-02-17 23:19:42', 'DEl', '1000', '0.00', null);
INSERT INTO `business_community` VALUES ('7020181217000002', '202020021704440314', '格兰小镇(西宁)', '青海省西宁市城中区申宁路6', '8630100', '安馨雅苑北100米', '102.909090', '', '2', '2020-02-17 23:19:42', 'ADD', '1100', '0.00', null);
INSERT INTO `business_community` VALUES ('702019073109590004', '202020021905120774', '江林新城', '西安市', '0971', '子午大道南三环', '101.33', '101.33', '2', '2020-02-19 17:54:08', 'DEl', '1100', '0.00', null);
INSERT INTO `business_community` VALUES ('702019073109590004', '202020021905120774', '江林新城', '西安市1', '0971', '子午大道南三环', '101.33', '101.33', '2', '2020-02-19 17:54:08', 'ADD', '1100', '0.00', null);
INSERT INTO `business_community` VALUES ('702020021558610130', '202020021911670787', '莲花大厦', '浙江省温州市鹿城区莲花路', '330302', '温州世贸大厦', '101.33', '101.33', '2', '2020-02-19 19:22:28', 'DEl', '1100', '0.00', null);
INSERT INTO `business_community` VALUES ('702020021558610130', '202020021911670787', '莲花大厦', '浙江省温州市鹿城区莲花路', '330302', '温州世贸大厦', '101.33', '101.33', '2', '2020-02-19 19:22:28', 'ADD', '1000', '0.00', null);
INSERT INTO `business_community` VALUES ('702020022156140024', '202020022140791169', '泰宏建业', '二七区人民路', '0971', '万达', '101.33', '101.33', '2', '2020-02-21 14:43:41', 'ADD', '1000', '0.00', null);
INSERT INTO `business_community` VALUES ('702020022156140024', '202020022197391180', '泰宏建业', '二七区人民路', '0971', '万达', '101.33', '101.33', '2', '2020-02-21 14:45:02', 'DEl', '1000', '0.00', null);
INSERT INTO `business_community` VALUES ('702020022156140024', '202020022197391180', '泰宏建业', '二七区人民路', '0971', '万达', '101.33', '101.33', '2', '2020-02-21 14:45:02', 'ADD', '1000', '0.00', null);
INSERT INTO `business_community` VALUES ('702020022156140024', '202020022154581182', '泰宏建业', '二七区人民路', '0971', '万达', '101.33', '101.33', '2', '2020-02-21 14:46:14', 'DEl', '1000', '0.00', null);
INSERT INTO `business_community` VALUES ('702020022156140024', '202020022154581182', '泰宏建业', '二七区人民路', '0971', '万达', '101.33', '101.33', '2', '2020-02-21 14:46:14', 'ADD', '1100', '0.00', null);
INSERT INTO `business_community` VALUES ('702020022387950034', '202020022314680606', '金帆小区', '湖南省长沙市开福区德雅路1420号', '430105', '麦德龙超市', '101.33', '101.33', '2', '2020-02-23 15:15:54', 'ADD', '1000', '0.00', null);
INSERT INTO `business_community` VALUES ('702020022387950034', '202020022354960617', '金帆小区', '湖南省长沙市开福区德雅路1420号', '430105', '麦德龙超市', '101.33', '101.33', '2', '2020-02-23 15:16:06', 'DEl', '1000', '0.00', null);
INSERT INTO `business_community` VALUES ('702020022387950034', '202020022354960617', '金帆小区', '湖南省长沙市开福区德雅路1420号', '430105', '麦德龙超市', '101.33', '101.33', '2', '2020-02-23 15:16:06', 'ADD', '1100', '0.00', null);
INSERT INTO `business_community` VALUES ('702020022437750048', '202020022409180833', '山水家园', '河北省石家庄市长安区北二环', '130102', '汽车城', '101.33', '101.33', '2', '2020-02-24 12:04:03', 'ADD', '1000', '0.00', null);
INSERT INTO `business_community` VALUES ('702020021558610130', '202020022542071200', '莲花大厦', '浙江省温州市鹿城区莲花路', '330302', '温州世贸大厦', '101.33', '101.33', '2', '2020-02-25 09:57:15', 'DEl', '1000', '0.00', null);
INSERT INTO `business_community` VALUES ('702020021558610130', '202020022542071200', '莲花大厦', '浙江省温州市鹿城区莲花路', '330302', '温州世贸大厦', '101.33', '101.33', '2', '2020-02-25 09:57:15', 'ADD', '1100', '0.00', null);
INSERT INTO `business_community` VALUES ('702020022651470010', '202020022694311645', '家属院001', '陕西省咸阳市渭城区陕西省咸阳市渭城区', '610404', '火车道', '101.33', '101.33', '2', '2020-02-26 16:01:41', 'ADD', '1000', '0.00', null);
INSERT INTO `business_community` VALUES ('702020022633070022', '202020022696981667', '家属院002', 'undefined渭城区光明路', '0971', '火车道', '101.33', '101.33', '2', '2020-02-26 16:49:44', 'ADD', '1000', '0.00', null);
INSERT INTO `business_community` VALUES ('2021012612310196', '202021020167359089', '宝龙', '江苏省南京市高淳区宝龙', '320118', '宝龙', '101.33', '101.33', '2', '2021-02-01 14:04:28', 'DEl', '1000', null, null);
INSERT INTO `business_community` VALUES ('2021012612310196', '202021020167359089', '宝龙', '江苏省南京市高淳区宝龙', '320118', '宝龙', '101.33', '101.33', '2', '2021-02-01 14:04:28', 'ADD', '1100', '0.00', null);
INSERT INTO `business_community` VALUES ('2021012122242316', '202021020159339280', '石家庄小区', '河北省石家庄市长安区石家庄小区', '130102', '石家庄小区', '101.33', '101.33', '2', '2021-02-01 16:40:03', 'DEl', '1100', null, null);
INSERT INTO `business_community` VALUES ('2021012122242316', '202021020159339280', '石家庄小区', '河北省石家庄市长安区石家庄小区', '130102', '石家庄小区', '101.33', '101.33', '2', '2021-02-01 16:40:03', 'ADD', '1100', '12312312.00', null);
INSERT INTO `business_community` VALUES ('2021021975870072', '202021021943370149', 'zzzzz', '浙江省杭州市滨江区zzzz', '330108', 'zzz', '101.33', '101.33', '2', '2021-02-19 10:40:36', 'ADD', '1000', '0.00', null);
INSERT INTO `business_community` VALUES ('2021021975870072', '202021021979590154', 'zzzzz', '浙江省杭州市滨江区zzzz', '330108', 'zzz', '101.33', '101.33', '2', '2021-02-19 10:40:56', 'DEl', '1000', null, null);
INSERT INTO `business_community` VALUES ('2021021975870072', '202021021979590154', 'zzzzz', '浙江省杭州市滨江区zzzz', '330108', 'zzz', '101.33', '101.33', '2', '2021-02-19 10:40:56', 'ADD', '1100', '0.00', null);
INSERT INTO `business_community` VALUES ('2021021975870072', '202021021999760156', 'zzzzz', '浙江省杭州市滨江区zzzz', '330108', 'zzz', '101.33', '101.33', '2', '2021-02-19 10:41:07', 'DEl', '1100', null, null);
INSERT INTO `business_community` VALUES ('2021021975870072', '202021021999760156', 'zzzzz', '浙江省杭州市滨江区zzzz', '330108', 'zzz', '101.33', '101.33', '2', '2021-02-19 10:41:07', 'ADD', '1000', '0.00', null);
INSERT INTO `business_community` VALUES ('2021021975870072', '202021021962540168', 'zzzzz', '浙江省杭州市滨江区zzzz', '330108', 'zzz', '101.33', '101.33', '2', '2021-02-19 11:11:29', 'DEl', '1000', null, null);
INSERT INTO `business_community` VALUES ('2021021975870072', '202021021962540168', 'zzzzz', '浙江省杭州市滨江区zzzz', '330108', 'zzz', '101.33', '101.33', '2', '2021-02-19 11:11:29', 'ADD', '1200', '0.00', null);
INSERT INTO `business_community` VALUES ('2020121527920100', '202021022116860886', '智慧园区', '四川省成都市双流区四川成都', '510116', '四川成都', '101.33', '101.33', '2', '2021-02-21 10:39:17', 'DEl', '1100', null, null);
INSERT INTO `business_community` VALUES ('2020121527920100', '202021022116860886', '智慧园区', '四川省成都市双流区四川成都', '510116', '四川成都', '101.33', '101.33', '2', '2021-02-21 10:39:17', 'ADD', '1000', '200.00', null);
INSERT INTO `business_community` VALUES ('2020121527920100', '202021022138730953', '智慧园区', '四川省成都市双流区四川成都', '510116', '四川成都', '101.33', '101.33', '2', '2021-02-21 20:08:15', 'DEl', '1000', null, null);
INSERT INTO `business_community` VALUES ('2020121527920100', '202021022138730953', '智慧园区', '四川省成都市双流区四川成都', '510116', '四川成都', '101.33', '101.33', '2', '2021-02-21 20:08:15', 'ADD', '1100', '200.00', null);
INSERT INTO `business_community` VALUES ('2021012122242316', '202021022210261085', '石家庄小区', '河北省石家庄市长安区石家庄小区', '130102', '石家庄小区', '101.33', '101.33', '2', '2021-02-22 14:10:57', 'DEl', '1100', null, null);
INSERT INTO `business_community` VALUES ('2021012122242316', '202021022210261085', '石家庄小区', '河北省石家庄市长安区石家庄小区', '130102', '石家庄小区', '101.33', '101.33', '2', '2021-02-22 14:10:57', 'ADD', '1100', '12312312.00', null);
INSERT INTO `business_community` VALUES ('2020121527920100', '202021022286751181', '智慧园区', '四川省成都市双流区四川成都', '510116', '四川成都', '101.33', '101.33', '2', '2021-02-22 15:46:48', 'DEl', '1100', null, null);
INSERT INTO `business_community` VALUES ('2020121527920100', '202021022286751181', '智慧园区', '四川省成都市双流区四川成都', '510116', '四川成都', '101.33', '101.33', '2', '2021-02-22 15:46:48', 'ADD', '1100', null, null);
INSERT INTO `business_community` VALUES ('2020121527920100', '202021022367811497', '智慧园区', '四川省成都市双流区四川成都', '510116', '四川成都', '101.33', '101.33', '2', '2021-02-23 09:05:31', 'DEl', '1100', null, null);
INSERT INTO `business_community` VALUES ('2020121527920100', '202021022367811497', '智慧园区', '四川省成都市双流区四川成都', '510116', '四川成都', '101.33', '101.33', '2', '2021-02-23 09:05:31', 'ADD', '1000', '200.00', null);
INSERT INTO `business_community` VALUES ('2020121527920100', '202021022341741499', '智慧园区', '四川省成都市双流区四川成都', '510116', '四川成都', '101.33', '101.33', '2', '2021-02-23 09:05:39', 'DEl', '1000', null, null);
INSERT INTO `business_community` VALUES ('2020121527920100', '202021022341741499', '智慧园区', '四川省成都市双流区四川成都', '510116', '四川成都', '101.33', '101.33', '2', '2021-02-23 09:05:39', 'ADD', '1100', '200.00', null);
INSERT INTO `business_community` VALUES ('2021022676460024', '202021022669752482', '小区名称', '北京省北京市东城区小区地址', '110101', '小区地标', '101.33', '101.33', '2', '2021-02-26 12:51:43', 'ADD', '1000', '0.00', null);
INSERT INTO `business_community` VALUES ('2021022676460024', '202021022603882487', '小区名称', '北京省北京市东城区小区地址', '110101', '小区地标', '101.33', '101.33', '2', '2021-02-26 12:52:12', 'DEl', '1000', null, null);
INSERT INTO `business_community` VALUES ('2021022676460024', '202021022603882487', '小区名称', '北京省北京市东城区小区地址', '110101', '小区地标', '101.33', '101.33', '2', '2021-02-26 12:52:12', 'ADD', '1100', '0.00', null);
INSERT INTO `business_community` VALUES ('2021022852480022', '202021022837162936', '湖东社区', '内蒙古自治区呼伦贝尔市满洲里市湖东社区', '150781', 'hdsq', '101.33', '101.33', '2', '2021-02-28 10:51:21', 'ADD', '1000', '0.00', null);
INSERT INTO `business_community` VALUES ('2021022852480022', '202021022820812941', '湖东社区', '内蒙古自治区呼伦贝尔市满洲里市湖东社区', '150781', 'hdsq', '101.33', '101.33', '2', '2021-02-28 10:51:46', 'DEl', '1000', null, null);
INSERT INTO `business_community` VALUES ('2021022852480022', '202021022820812941', '湖东社区', '内蒙古自治区呼伦贝尔市满洲里市湖东社区', '150781', 'hdsq', '101.33', '101.33', '2', '2021-02-28 10:51:46', 'ADD', '1100', '0.00', null);
INSERT INTO `business_community` VALUES ('702020030219230014', '202020030234460877', '嘿嘿哈哈', '北京省北京市西城区阿斯顿撒奥所', '110102', '奥术大师多', '101.33', '101.33', '3', '2020-03-02 12:01:17', 'ADD', '1000', '0.00', null);
INSERT INTO `business_community` VALUES ('702020030219230014', '202020030235190888', '嘿嘿哈哈', '北京省北京市西城区阿斯顿撒奥所', '110102', '奥术大师多', '101.33', '101.33', '3', '2020-03-02 12:01:58', 'DEl', '1000', '0.00', null);
INSERT INTO `business_community` VALUES ('702020030219230014', '202020030235190888', '嘿嘿哈哈', '北京省北京市西城区阿斯顿撒奥所', '110102', '奥术大师多', '101.33', '101.33', '3', '2020-03-02 12:01:58', 'ADD', '1100', '0.00', null);
INSERT INTO `business_community` VALUES ('702020030493890014', '202020030485071569', '侨香公馆', '广东省深圳市福田区侨香公馆', '440304', '深国投', '101.33', '101.33', '3', '2020-03-04 07:34:52', 'ADD', '1000', '0.00', null);
INSERT INTO `business_community` VALUES ('702020030493890014', '202020030446941580', '侨香公馆', '广东省深圳市福田区侨香公馆', '440304', '深国投', '101.33', '101.33', '3', '2020-03-04 07:35:16', 'DEl', '1000', '0.00', null);
INSERT INTO `business_community` VALUES ('702020030493890014', '202020030446941580', '侨香公馆', '广东省深圳市福田区侨香公馆', '440304', '深国投', '101.33', '101.33', '3', '2020-03-04 07:35:16', 'ADD', '1100', '0.00', null);
INSERT INTO `business_community` VALUES ('7020181217000002', '202020030935740771', '格兰小镇(西宁)', '青海省西宁市城中区申宁路6', '8630100', '安馨雅苑北100米', '102.909090', '', '3', '2020-03-09 16:12:22', 'DEl', '1100', '0.00', null);
INSERT INTO `business_community` VALUES ('7020181217000002', '202020030935740771', '格兰小镇(西宁)', '青海省西宁市城中区申宁路6', '8630100', '安馨雅苑北100米', '102.909090', '', '3', '2020-03-09 16:12:22', 'ADD', '1100', '0.00', null);
INSERT INTO `business_community` VALUES ('7020181217000002', '202020030993330773', '格兰小镇(西宁)', '青海省西宁市城中区申宁路6', '8630100', '安馨雅苑北100米', '102.909090', '', '3', '2020-03-09 16:12:29', 'DEl', '1100', '0.00', null);
INSERT INTO `business_community` VALUES ('7020181217000002', '202020030993330773', '格兰小镇(西宁)', '青海省西宁市城中区申宁路6', '8630100', '安馨雅苑北100米', '102.909090', '', '3', '2020-03-09 16:12:29', 'ADD', '1100', '0.00', null);
INSERT INTO `business_community` VALUES ('702020031131150018', '202020031119490058', '和平里小区', '北京省北京市东城区hepingli', '110101', '撒打算', '101.33', '101.33', '3', '2020-03-11 14:43:58', 'ADD', '1000', '0.00', null);
INSERT INTO `business_community` VALUES ('702020031131150018', '202020031119470069', '和平里小区', '北京省北京市东城区hepingli', '110101', '撒打算', '101.33', '101.33', '3', '2020-03-11 14:44:46', 'DEl', '1000', '0.00', null);
INSERT INTO `business_community` VALUES ('702020031131150018', '202020031119470069', '和平里小区', '北京省北京市东城区hepingli', '110101', '撒打算', '101.33', '101.33', '3', '2020-03-11 14:44:46', 'ADD', '1100', '0.00', null);
INSERT INTO `business_community` VALUES ('702020031165030032', '202020031161920094', '大红门小区', '北京省北京市东城区大红门', '110101', '大红门', '101.33', '101.33', '3', '2020-03-11 14:55:26', 'ADD', '1000', '0.00', null);
INSERT INTO `business_community` VALUES ('702020031165030032', '202020031135700105', '大红门小区', '北京省北京市东城区大红门', '110101', '大红门', '101.33', '101.33', '3', '2020-03-11 14:55:48', 'DEl', '1000', '0.00', null);
INSERT INTO `business_community` VALUES ('702020031165030032', '202020031135700105', '大红门小区', '北京省北京市东城区大红门', '110101', '大红门', '101.33', '101.33', '3', '2020-03-11 14:55:48', 'ADD', '1100', '0.00', null);
INSERT INTO `business_community` VALUES ('7020181217000002', '202020031102770338', '格兰小镇(西宁)', '青海省西宁市城中区申宁路6', '8630100', '安馨雅苑北100米', '102.909090', '', '3', '2020-03-11 23:14:15', 'DEl', '1100', '0.00', null);
INSERT INTO `business_community` VALUES ('7020181217000002', '202020031102770338', '格兰小镇(西宁)', '青海省西宁市城中区申宁路6', '8630100', '安馨雅苑北100米', '102.909090', '', '3', '2020-03-11 23:14:15', 'ADD', '1100', '0.00', null);
INSERT INTO `business_community` VALUES ('7020181217000002', '202020031207200469', '格兰小镇(西宁)', '青海省西宁市城中区申宁路6', '8630100', '安馨雅苑北100米', '102.909090', '', '3', '2020-03-12 14:29:55', 'DEl', '1100', '0.00', null);
INSERT INTO `business_community` VALUES ('7020181217000002', '202020031207200469', '格兰小镇(西宁)', '青海省西宁市城中区申宁路6', '8630100', '安馨雅苑北100米', '102.909090', '', '3', '2020-03-12 14:29:55', 'ADD', '1100', '0.00', null);
INSERT INTO `business_community` VALUES ('702020031204850074', '202020031209340471', 'afda', '河北省邢台市柏乡县1233121', '130524', '132', '101.33', '101.33', '3', '2020-03-12 14:34:23', 'ADD', '1000', '0.00', null);
INSERT INTO `business_community` VALUES ('702020031204850074', '202020031254670482', 'afda', '河北省邢台市柏乡县1233121', '130524', '132', '101.33', '101.33', '3', '2020-03-12 14:35:04', 'DEl', '1000', '0.00', null);
INSERT INTO `business_community` VALUES ('702020031204850074', '202020031254670482', 'afda', '河北省邢台市柏乡县1233121', '130524', '132', '101.33', '101.33', '3', '2020-03-12 14:35:04', 'ADD', '1100', '0.00', null);
INSERT INTO `business_community` VALUES ('7020181217000002', '202020031394200843', '格兰小镇(西宁)', '青海省西宁市城中区申宁路6', '8630100', '安馨雅苑北100米', '102.909090', '', '3', '2020-03-13 11:46:44', 'DEl', '1100', '0.00', null);
INSERT INTO `business_community` VALUES ('7020181217000002', '202020031394200843', '格兰小镇(西宁)', '青海省西宁市城中区申宁路6', '8630100', '安馨雅苑北100米', '102.909090', '', '3', '2020-03-13 11:46:44', 'ADD', '1000', '0.00', null);
INSERT INTO `business_community` VALUES ('7020181217000002', '202020031318640845', '格兰小镇(西宁)', '青海省西宁市城中区申宁路6', '8630100', '安馨雅苑北100米', '102.909090', '', '3', '2020-03-13 11:46:47', 'DEl', '1000', '0.00', null);
INSERT INTO `business_community` VALUES ('7020181217000002', '202020031318640845', '格兰小镇(西宁)', '青海省西宁市城中区申宁路6', '8630100', '安馨雅苑北100米', '102.909090', '', '3', '2020-03-13 11:46:47', 'ADD', '1000', '0.00', null);
INSERT INTO `business_community` VALUES ('7020181217000002', '202020031344970847', '格兰小镇(西宁)', '青海省西宁市城中区申宁路6', '8630100', '安馨雅苑北100米', '102.909090', '', '3', '2020-03-13 11:46:49', 'DEl', '1000', '0.00', null);
INSERT INTO `business_community` VALUES ('7020181217000002', '202020031344970847', '格兰小镇(西宁)', '青海省西宁市城中区申宁路6', '8630100', '安馨雅苑北100米', '102.909090', '', '3', '2020-03-13 11:46:49', 'ADD', '1000', '0.00', null);
INSERT INTO `business_community` VALUES ('7020181217000002', '202020031308760855', '格兰小镇(西宁)', '青海省西宁市城中区申宁路6', '8630100', '安馨雅苑北100米', '102.909090', '', '3', '2020-03-13 11:50:21', 'DEl', '1000', '0.00', null);
INSERT INTO `business_community` VALUES ('7020181217000002', '202020031308760855', '格兰小镇(西宁)', '青海省西宁市城中区申宁路6', '8630100', '安馨雅苑北100米', '102.909090', '', '3', '2020-03-13 11:50:21', 'ADD', '1100', '0.00', null);
INSERT INTO `business_community` VALUES ('7020181217000002', '202020031392320857', '格兰小镇(西宁)', '青海省西宁市城中区申宁路6', '8630100', '安馨雅苑北100米', '102.909090', '', '3', '2020-03-13 11:50:25', 'DEl', '1100', '0.00', null);
INSERT INTO `business_community` VALUES ('7020181217000002', '202020031392320857', '格兰小镇(西宁)', '青海省西宁市城中区申宁路6', '8630100', '安馨雅苑北100米', '102.909090', '', '3', '2020-03-13 11:50:25', 'ADD', '1100', '0.00', null);
INSERT INTO `business_community` VALUES ('7020181217000002', '202020031361000863', '格兰小镇(西宁)', '青海省西宁市城中区申宁路6', '8630100', '安馨雅苑北100米', '102.909090', '', '3', '2020-03-13 11:50:54', 'DEl', '1100', '0.00', null);
INSERT INTO `business_community` VALUES ('7020181217000002', '202020031361000863', '格兰小镇(西宁)', '青海省西宁市城中区申宁路6', '8630100', '安馨雅苑北100米', '102.909090', '', '3', '2020-03-13 11:50:54', 'ADD', '1100', '0.00', null);
INSERT INTO `business_community` VALUES ('702020031314830090', '202020031336500867', '幸福小区', '安徽省合肥市合肥新站高新技术产业开发区555', '340173', '555', '101.33', '101.33', '3', '2020-03-13 11:54:05', 'ADD', '1000', '0.00', null);
INSERT INTO `business_community` VALUES ('702020031314830090', '202020031343880878', '幸福小区', '安徽省合肥市合肥新站高新技术产业开发区555', '340173', '555', '101.33', '101.33', '3', '2020-03-13 11:56:14', 'DEl', '1000', '0.00', null);
INSERT INTO `business_community` VALUES ('702020031314830090', '202020031343880878', '幸福小区', '安徽省合肥市合肥新站高新技术产业开发区555', '340173', '555', '101.33', '101.33', '3', '2020-03-13 11:56:14', 'ADD', '1100', '0.00', null);
INSERT INTO `business_community` VALUES ('7020181217000002', '202020031526830144', '格兰小镇(西宁)', '青海省西宁市城中区申宁路6', '8630100', '安馨雅苑北100米', '102.909090', '', '3', '2020-03-15 17:09:16', 'DEl', '1100', '0.00', null);
INSERT INTO `business_community` VALUES ('7020181217000002', '202020031526830144', '格兰小镇(西宁)', '青海省西宁市城中区申宁路6', '8630100', '安馨雅苑北100米', '102.909090', '', '3', '2020-03-15 17:09:16', 'ADD', '1100', '0.00', null);
INSERT INTO `business_community` VALUES ('7020181217000002', '202020031567800146', '格兰小镇(西宁)', '青海省西宁市城中区申宁路6', '8630100', '安馨雅苑北100米', '102.909090', '', '3', '2020-03-15 17:09:38', 'DEl', '1100', '0.00', null);
INSERT INTO `business_community` VALUES ('7020181217000002', '202020031567800146', '格兰小镇(西宁)', '青海省西宁市城中区申宁路6', '8630100', '安馨雅苑北100米', '102.909090', '', '3', '2020-03-15 17:09:38', 'ADD', '1100', '0.00', null);
INSERT INTO `business_community` VALUES ('7020181217000002', '202020031815560945', '格兰小镇(西宁)', '青海省西宁市城中区申宁路6', '8630100', '安馨雅苑北100米', '102.909090', '', '3', '2020-03-18 14:52:29', 'DEl', '1100', '0.00', null);
INSERT INTO `business_community` VALUES ('7020181217000002', '202020031815560945', '格兰小镇(西宁)', '青海省西宁市城中区申宁路6', '8630100', '安馨雅苑北100米', '102.909090', '', '3', '2020-03-18 14:52:29', 'ADD', '1100', '0.00', null);
INSERT INTO `business_community` VALUES ('702020031916910034', '202020031988011132', '和美小区小区', '中环南路', '0971', '11', '101.33', '101.33', '3', '2020-03-19 11:25:17', 'ADD', '1000', '0.00', null);
INSERT INTO `business_community` VALUES ('7020181217000002', '202020031987731143', '格兰小镇(西宁)', '青海省西宁市城中区申宁路6', '8630100', '安馨雅苑北100米', '102.909090', '', '3', '2020-03-19 11:26:12', 'DEl', '1100', '0.00', null);
INSERT INTO `business_community` VALUES ('7020181217000002', '202020031987731143', '格兰小镇(西宁)', '青海省西宁市城中区申宁路6', '8630100', '安馨雅苑北100米', '102.909090', '', '3', '2020-03-19 11:26:12', 'ADD', '1100', '0.00', null);
INSERT INTO `business_community` VALUES ('7020181217000002', '202020031936771145', '格兰小镇(西宁)', '青海省西宁市城中区申宁路6', '8630100', '安馨雅苑北100米', '102.909090', '', '3', '2020-03-19 11:26:22', 'DEl', '1100', '0.00', null);
INSERT INTO `business_community` VALUES ('7020181217000002', '202020031936771145', '格兰小镇(西宁)', '青海省西宁市城中区申宁路6', '8630100', '安馨雅苑北100米', '102.909090', '', '3', '2020-03-19 11:26:22', 'ADD', '1100', '0.00', null);
INSERT INTO `business_community` VALUES ('7020181217000002', '202020031982551161', '格兰小镇(西宁)', '青海省西宁市城中区申宁路6', '8630100', '安馨雅苑北100米', '102.909090', '', '3', '2020-03-19 11:43:21', 'DEl', '1100', '0.00', null);
INSERT INTO `business_community` VALUES ('7020181217000002', '202020031982551161', '格兰小镇(西宁)', '青海省西宁市城中区申宁路6', '8630100', '安馨雅苑北100米', '102.909090', '', '3', '2020-03-19 11:43:21', 'ADD', '1100', '0.00', null);
INSERT INTO `business_community` VALUES ('702020031928110002', '202020031971980126', '狼狼阿狗', '北京省北京市东城区和平里', '110101', '萨达', '101.33', '101.33', '3', '2020-03-19 19:47:30', 'ADD', '1000', '0.00', null);
INSERT INTO `business_community` VALUES ('702020031928110002', '202020031902570137', '狼狼阿狗', '北京省北京市东城区和平里', '110101', '萨达', '101.33', '101.33', '3', '2020-03-19 19:47:48', 'DEl', '1000', '0.00', null);
INSERT INTO `business_community` VALUES ('702020031928110002', '202020031902570137', '狼狼阿狗', '北京省北京市东城区和平里', '110101', '萨达', '101.33', '101.33', '3', '2020-03-19 19:47:48', 'ADD', '1100', '0.00', null);
INSERT INTO `business_community` VALUES ('702020032037150014', '202020032096410429', '测试小区', '河北省唐山市路北区测试小区地址', '130203', '上海滩', '101.33', '101.33', '3', '2020-03-20 16:19:51', 'ADD', '1000', '0.00', null);
INSERT INTO `business_community` VALUES ('702020032293060004', '202020032264380861', '世融嘉城', '陕西省西安市雁塔区凤城四路与朱宏路十字', '610113', '陕西省西安市未央区凤城四路与朱宏路十字东南角', '101.33', '101.33', '3', '2020-03-22 16:42:51', 'ADD', '1000', '0.00', null);
INSERT INTO `business_community` VALUES ('702020032293060004', '202020032271100872', '世融嘉城', '陕西省西安市雁塔区凤城四路与朱宏路十字', '610113', '陕西省西安市未央区凤城四路与朱宏路十字东南角', '101.33', '101.33', '3', '2020-03-22 16:43:18', 'DEl', '1000', '0.00', null);
INSERT INTO `business_community` VALUES ('702020032293060004', '202020032271100872', '世融嘉城', '陕西省西安市雁塔区凤城四路与朱宏路十字', '610113', '陕西省西安市未央区凤城四路与朱宏路十字东南角', '101.33', '101.33', '3', '2020-03-22 16:43:18', 'ADD', '1100', '0.00', null);
INSERT INTO `business_community` VALUES ('7020181217000002', '202020032313371162', '格兰小镇(西宁)', '青海省西宁市城中区申宁路6', '8630100', '安馨雅苑北100米', '102.909090', '', '3', '2020-03-23 13:15:09', 'DEl', '1100', '0.00', null);
INSERT INTO `business_community` VALUES ('7020181217000002', '202020032313371162', '格兰小镇(西宁)', '青海省西宁市城中区申宁路6', '8630100', '安馨雅苑北100米', '102.909090', '', '3', '2020-03-23 13:15:09', 'ADD', '1100', '0.00', null);
INSERT INTO `business_community` VALUES ('7020181217000002', '202020032393861164', '格兰小镇(西宁)', '青海省西宁市城中区申宁路6', '8630100', '安馨雅苑北100米', '102.909090', '', '3', '2020-03-23 13:15:12', 'DEl', '1100', '0.00', null);
INSERT INTO `business_community` VALUES ('7020181217000002', '202020032393861164', '格兰小镇(西宁)', '青海省西宁市城中区申宁路6', '8630100', '安馨雅苑北100米', '102.909090', '', '3', '2020-03-23 13:15:12', 'ADD', '1100', '0.00', null);
INSERT INTO `business_community` VALUES ('7020181217000002', '202020032321691166', '格兰小镇(西宁)', '青海省西宁市城中区申宁路6', '8630100', '安馨雅苑北100米', '102.909090', '', '3', '2020-03-23 13:15:14', 'DEl', '1100', '0.00', null);
INSERT INTO `business_community` VALUES ('7020181217000002', '202020032321691166', '格兰小镇(西宁)', '青海省西宁市城中区申宁路6', '8630100', '安馨雅苑北100米', '102.909090', '', '3', '2020-03-23 13:15:14', 'ADD', '1100', '0.00', null);
INSERT INTO `business_community` VALUES ('7020181217000002', '202020032302001168', '格兰小镇(西宁)', '青海省西宁市城中区申宁路6', '8630100', '安馨雅苑北100米', '102.909090', '', '3', '2020-03-23 13:15:17', 'DEl', '1100', '0.00', null);
INSERT INTO `business_community` VALUES ('7020181217000002', '202020032302001168', '格兰小镇(西宁)', '青海省西宁市城中区申宁路6', '8630100', '安馨雅苑北100米', '102.909090', '', '3', '2020-03-23 13:15:17', 'ADD', '1100', '0.00', null);
INSERT INTO `business_community` VALUES ('7020181217000002', '202020032393881170', '格兰小镇(西宁)', '青海省西宁市城中区申宁路6', '8630100', '安馨雅苑北100米', '102.909090', '', '3', '2020-03-23 13:15:19', 'DEl', '1100', '0.00', null);
INSERT INTO `business_community` VALUES ('7020181217000002', '202020032393881170', '格兰小镇(西宁)', '青海省西宁市城中区申宁路6', '8630100', '安馨雅苑北100米', '102.909090', '', '3', '2020-03-23 13:15:19', 'ADD', '1100', '0.00', null);
INSERT INTO `business_community` VALUES ('702020032340220016', '202020032303101172', 'dsddddddddddddd', '天津省天津市东丽区ddddddd', '120110', 'dssssss', '101.33', '101.33', '3', '2020-03-23 13:16:17', 'ADD', '1000', '0.00', null);
INSERT INTO `business_community` VALUES ('702020032340220016', '202020032318411183', 'dsddddddddddddd', '天津省天津市东丽区ddddddd', '120110', 'dssssss', '101.33', '101.33', '3', '2020-03-23 13:16:31', 'DEl', '1000', '0.00', null);
INSERT INTO `business_community` VALUES ('702020032340220016', '202020032318411183', 'dsddddddddddddd', '天津省天津市东丽区ddddddddddddddddd', '120110', 'dssssss', '101.33', '101.33', '3', '2020-03-23 13:16:31', 'ADD', '1000', '0.00', null);
INSERT INTO `business_community` VALUES ('7020181217000002', '202020032338341218', '格兰小镇(西宁)', '青海省西宁市城中区申宁路6', '8630100', '安馨雅苑北100米', '102.909090', '', '3', '2020-03-23 14:31:30', 'DEl', '1100', '0.00', null);
INSERT INTO `business_community` VALUES ('7020181217000002', '202020032338341218', '格兰小镇(西宁)', '青海省西宁市城中区申宁路6', '8630100', '安馨雅苑北100米', '102.909090', '', '3', '2020-03-23 14:31:30', 'ADD', '1100', '0.00', null);
INSERT INTO `business_community` VALUES ('702020032330510030', '202020032397801220', '哇咔咔咔咔咔', '哇咔咔咔咔', '0971', '哇咔咔咔咔', '101.33', '101.33', '3', '2020-03-23 15:44:09', 'ADD', '1000', '0.00', null);
INSERT INTO `business_community` VALUES ('702020032330510030', '202020032300661231', '哇咔咔咔咔咔', '哇咔咔咔咔', '0971', '哇咔咔咔咔', '101.33', '101.33', '3', '2020-03-23 15:44:44', 'DEl', '1000', '0.00', null);
INSERT INTO `business_community` VALUES ('702020032330510030', '202020032300661231', '哇咔咔咔咔咔', '哇咔咔咔咔', '0971', '哇咔咔咔咔', '101.33', '101.33', '3', '2020-03-23 15:44:44', 'ADD', '1100', '0.00', null);
INSERT INTO `business_community` VALUES ('7020181217000002', '202020032417971825', '格兰小镇(西宁)', '青海省西宁市城中区申宁路6', '8630100', '安馨雅苑北100米', '102.909090', '', '3', '2020-03-24 14:01:18', 'DEl', '1100', '0.00', null);
INSERT INTO `business_community` VALUES ('7020181217000002', '202020032417971825', '格兰小镇(西宁)', '青海省西宁市城中区申宁路6', '8630100', '安馨雅苑北100米', '102.909090', '', '3', '2020-03-24 14:01:18', 'ADD', '1100', '0.00', null);
INSERT INTO `business_community` VALUES ('702020032037150014', '202020032419551835', '测试小区', '河北省唐山市路北区测试小区地址', '130203', '上海滩', '101.33', '101.33', '3', '2020-03-24 14:13:35', 'DEl', '1000', '0.00', null);
INSERT INTO `business_community` VALUES ('702020032037150014', '202020032419551835', '测试小区', '河北省唐山市路北区测试小区地址', '130203', '上海滩', '101.33', '101.33', '3', '2020-03-24 14:13:35', 'ADD', '1100', '0.00', null);
INSERT INTO `business_community` VALUES ('7020181217000002', '202020032444871849', '格兰小镇(西宁)', '青海省西宁市城中区申宁路6', '8630100', '安馨雅苑北100米', '102.909090', '', '3', '2020-03-24 14:15:53', 'DEl', '1100', '0.00', null);
INSERT INTO `business_community` VALUES ('7020181217000002', '202020032444871849', '格兰小镇(西宁)', '青海省西宁市城中区申宁路6', '8630100', '安馨雅苑北100米', '102.909090', '', '3', '2020-03-24 14:15:53', 'ADD', '1100', '0.00', null);
INSERT INTO `business_community` VALUES ('7020181217000002', '202020032573342229', '格兰小镇(西宁)', '青海省西宁市城中区申宁路6', '8630100', '安馨雅苑北100米', '102.909090', '', '3', '2020-03-25 10:07:32', 'DEl', '1100', '0.00', null);
INSERT INTO `business_community` VALUES ('7020181217000002', '202020032573342229', '格兰小镇(西宁)', '青海省西宁市城中区申宁路6', '8630100', '安馨雅苑北100米', '102.909090', '', '3', '2020-03-25 10:07:32', 'ADD', '1100', '0.00', null);
INSERT INTO `business_community` VALUES ('702020032525560018', '202020032542592256', '奥海-澜庭', '湖南省长沙市望城区黄金与银星交汇处', '430112', '黄金与银星交汇处', '101.33', '101.33', '3', '2020-03-25 10:29:51', 'ADD', '1000', '0.00', null);
INSERT INTO `business_community` VALUES ('702020032525560018', '202020032582082280', '奥海-澜庭', '湖南省长沙市望城区黄金与银星交汇处', '430112', '黄金与银星交汇处', '101.33', '101.33', '3', '2020-03-25 10:41:43', 'DEl', '1000', '0.00', null);
INSERT INTO `business_community` VALUES ('702020032525560018', '202020032582082280', '奥海-澜庭', '湖南省长沙市望城区黄金与银星交汇处', '430112', '黄金与银星交汇处', '101.33', '101.33', '3', '2020-03-25 10:41:43', 'ADD', '1100', '0.00', null);
INSERT INTO `business_community` VALUES ('702020032566560032', '202020032567202294', '悦丽海湾', '北京省北京市朝阳区北京朝阳悦丽海湾', '110105', '建筑物', '101.33', '101.33', '3', '2020-03-25 10:42:52', 'ADD', '1000', '0.00', null);
INSERT INTO `business_community` VALUES ('702020032570430050', '202020032552132484', '三丰大厦', '内蒙古自治区呼和浩特市呼和浩特金海工业园区内蒙古', '150171', '大草原', '101.33', '101.33', '3', '2020-03-25 14:58:31', 'ADD', '1000', '0.00', null);
INSERT INTO `business_community` VALUES ('702020032566560032', '202020032526952495', '悦丽海湾', '北京省北京市朝阳区北京朝阳悦丽海湾', '110105', '建筑物', '101.33', '101.33', '3', '2020-03-25 15:02:10', 'DEl', '1000', '0.00', null);
INSERT INTO `business_community` VALUES ('702020032566560032', '202020032526952495', '悦丽海湾', '北京省北京市朝阳区北京朝阳悦丽海湾', '110105', '建筑物', '101.33', '101.33', '3', '2020-03-25 15:02:10', 'ADD', '1100', '0.00', null);
INSERT INTO `business_community` VALUES ('702020032570430050', '202020032505642497', '三丰大厦', '内蒙古自治区呼和浩特市呼和浩特金海工业园区内蒙古', '150171', '大草原', '101.33', '101.33', '3', '2020-03-25 15:03:10', 'DEl', '1000', '0.00', null);
INSERT INTO `business_community` VALUES ('702020032570430050', '202020032505642497', '三丰大厦', '内蒙古自治区呼和浩特市呼和浩特金海工业园区内蒙古', '150171', '大草原', '101.33', '101.33', '3', '2020-03-25 15:03:10', 'ADD', '1100', '0.00', null);
INSERT INTO `business_community` VALUES ('7020181217000002', '202020032502782570', '格兰小镇(西宁)', '青海省西宁市城中区申宁路6', '8630100', '安馨雅苑北100米', '102.909090', '', '3', '2020-03-25 15:55:15', 'DEl', '1100', '0.00', null);
INSERT INTO `business_community` VALUES ('7020181217000002', '202020032502782570', '格兰小镇(西宁)', '青海省西宁市城中区申宁路6', '8630100', '安馨雅苑北100米', '102.909090', '', '3', '2020-03-25 15:55:15', 'ADD', '1100', '0.00', null);
INSERT INTO `business_community` VALUES ('702020022651470010', '202020032568382576', '家属院001', '陕西省咸阳市渭城区陕西省咸阳市渭城区', '610404', '火车道', '101.33', '101.33', '3', '2020-03-25 15:55:47', 'DEl', '1000', '0.00', null);
INSERT INTO `business_community` VALUES ('702020022651470010', '202020032568382576', '家属院001', '陕西省咸阳市渭城区陕西省咸阳市渭城区', '610404', '火车道', '101.33', '101.33', '3', '2020-03-25 15:55:47', 'ADD', '1100', '0.00', null);
INSERT INTO `business_community` VALUES ('7020181217000002', '202020032517392808', '格兰小镇(西宁)', '青海省西宁市城中区申宁路6', '8630100', '安馨雅苑北100米', '102.909090', '', '3', '2020-03-25 22:34:12', 'DEl', '1100', '0.00', null);
INSERT INTO `business_community` VALUES ('7020181217000002', '202020032517392808', '格兰小镇(西宁)', '青海省西宁市城中区申宁路6', '8630100', '安馨雅苑北100米', '102.909090', '', '3', '2020-03-25 22:34:12', 'ADD', '1100', '0.00', null);
INSERT INTO `business_community` VALUES ('7020181217000002', '202020032762130677', '格兰小镇(西宁)', '青海省西宁市城中区申宁路6', '8630100', '安馨雅苑北100米', '102.909090', '', '3', '2020-03-27 08:34:29', 'DEl', '1100', '0.00', null);
INSERT INTO `business_community` VALUES ('7020181217000002', '202020032762130677', '格兰小镇(西宁)', '青海省西宁市城中区申宁路6', '8630100', '安馨雅苑北100米', '102.909090', '', '3', '2020-03-27 08:34:29', 'ADD', '1100', '0.00', null);
INSERT INTO `business_community` VALUES ('7020181217000002', '202020032701510679', '格兰小镇(西宁)', '青海省西宁市城中区申宁路6', '8630100', '安馨雅苑北100米', '102.909090', '', '3', '2020-03-27 08:34:45', 'DEl', '1100', '0.00', null);
INSERT INTO `business_community` VALUES ('7020181217000002', '202020032701510679', '格兰小镇(西宁)', '青海省西宁市城中区申宁路6', '8630100', '安馨雅苑北100米', '102.909090', '', '3', '2020-03-27 08:34:45', 'ADD', '1000', '0.00', null);
INSERT INTO `business_community` VALUES ('7020181217000002', '202020032770570681', '格兰小镇(西宁)', '青海省西宁市城中区申宁路6', '8630100', '安馨雅苑北100米', '102.909090', '', '3', '2020-03-27 08:34:59', 'DEl', '1000', '0.00', null);
INSERT INTO `business_community` VALUES ('7020181217000002', '202020032770570681', '格兰小镇(西宁)', '青海省西宁市城中区申宁路6', '8630100', '安馨雅苑北100米', '102.909090', '', '3', '2020-03-27 08:34:59', 'ADD', '1100', '0.00', null);
INSERT INTO `business_community` VALUES ('7020181217000002', '202020032749240683', '格兰小镇(西宁)', '青海省西宁市城中区申宁路6', '8630100', '安馨雅苑北100米', '102.909090', '', '3', '2020-03-27 08:35:10', 'DEl', '1100', '0.00', null);
INSERT INTO `business_community` VALUES ('7020181217000002', '202020032749240683', '格兰小镇(西宁)', '青海省西宁市城中区申宁路6', '8630100', '安馨雅苑北100米', '102.909090', '', '3', '2020-03-27 08:35:10', 'ADD', '1000', '0.00', null);
INSERT INTO `business_community` VALUES ('7020181217000002', '202020032777720685', '格兰小镇(西宁)', '青海省西宁市城中区申宁路6', '8630100', '安馨雅苑北100米', '102.909090', '', '3', '2020-03-27 08:35:25', 'DEl', '1000', '0.00', null);
INSERT INTO `business_community` VALUES ('7020181217000002', '202020032777720685', '格兰小镇(西宁)', '青海省西宁市城中区申宁路6', '8630100', '安馨雅苑北100米', '102.909090', '', '3', '2020-03-27 08:35:25', 'ADD', '1100', '0.00', null);
INSERT INTO `business_community` VALUES ('7020181217000002', '202020032788220687', '格兰小镇(西宁)', '青海省西宁市城中区申宁路6', '8630100', '安馨雅苑北100米', '102.909090', '', '3', '2020-03-27 08:35:35', 'DEl', '1100', '0.00', null);
INSERT INTO `business_community` VALUES ('7020181217000002', '202020032788220687', '格兰小镇(西宁)', '青海省西宁市城中区申宁路6', '8630100', '安馨雅苑北100米', '102.909090', '', '3', '2020-03-27 08:35:35', 'ADD', '1100', '0.00', null);
INSERT INTO `business_community` VALUES ('702020032722620024', '202020032740800689', '智慧欧巴', '河北省唐山市路南区666', '130202', '666', '101.33', '101.33', '3', '2020-03-27 08:37:13', 'ADD', '1000', '0.00', null);
INSERT INTO `business_community` VALUES ('702020032722620024', '202020032745380700', '智慧欧巴', '河北省唐山市路南区666', '130202', '666', '101.33', '101.33', '3', '2020-03-27 08:37:41', 'DEl', '1000', '0.00', null);
INSERT INTO `business_community` VALUES ('702020032722620024', '202020032745380700', '智慧欧巴', '河北省唐山市路南区666', '130202', '666', '101.33', '101.33', '3', '2020-03-27 08:37:41', 'ADD', '1000', '0.00', null);
INSERT INTO `business_community` VALUES ('702020032722620024', '202020032747000702', '智慧欧巴', '河北省唐山市路南区666', '130202', '666', '101.33', '101.33', '3', '2020-03-27 08:38:01', 'DEl', '1000', '0.00', null);
INSERT INTO `business_community` VALUES ('702020032722620024', '202020032747000702', '智慧欧巴', '河北省唐山市路南区666', '130202', '666', '101.33', '101.33', '3', '2020-03-27 08:38:01', 'ADD', '1100', '0.00', null);
INSERT INTO `business_community` VALUES ('702020032852850002', '202020032859370038', '再睡以防', '山东省烟台市烟台高新技术产业开发区路东6号', '370671', '可可西里', '101.33', '101.33', '3', '2020-03-28 01:27:50', 'ADD', '1000', '0.00', null);
INSERT INTO `business_community` VALUES ('7020181217000002', '202020032821060325', '格兰小镇(西宁)', '青海省西宁市城中区申宁路6', '8630100', '安馨雅苑北100米', '102.909090', '', '3', '2020-03-28 20:11:59', 'DEl', '1100', '0.00', null);
INSERT INTO `business_community` VALUES ('7020181217000002', '202020032821060325', '格兰小镇(西宁)', '青海省西宁市城中区申宁路6', '8630100', '安馨雅苑北100米', '102.909090', '', '3', '2020-03-28 20:11:59', 'ADD', '1100', '0.00', null);
INSERT INTO `business_community` VALUES ('702020033168940002', '202020033166491334', '平安小区', '山西省忻州市五台县平安大道', '140922', '平安商厦', '101.33', '101.33', '3', '2020-03-31 10:04:16', 'ADD', '1000', '0.00', null);
INSERT INTO `business_community` VALUES ('702020033168940002', '202020033148901419', '平安小区', '山西省忻州市五台县平安大道', '140922', '平安商厦', '101.33', '101.33', '3', '2020-03-31 10:52:40', 'DEl', '1000', '0.00', null);
INSERT INTO `business_community` VALUES ('702020033168940002', '202020033148901419', '平安小区', '山西省忻州市五台县平安大道', '140922', '平安商厦', '101.33', '101.33', '3', '2020-03-31 10:52:40', 'ADD', '1100', '0.00', null);
INSERT INTO `business_community` VALUES ('702020033153940018', '202020033155931516', '测试小区（假的）', '内蒙古自治区乌海市乌达区挖单广场测试小区', '150304', '夏都', '101.33', '101.33', '3', '2020-03-31 14:26:21', 'ADD', '1000', '0.00', null);
INSERT INTO `business_community` VALUES ('2021012140762310', '202021030131493348', '321', '北京省北京市西城区321', '110102', '321', '101.33', '101.33', '3', '2021-03-01 09:11:47', 'DEl', '1100', null, null);
INSERT INTO `business_community` VALUES ('2021012140762310', '202021030131493348', '321', '北京省北京市西城区321', '110102', '321', '101.33', '101.33', '3', '2021-03-01 09:11:47', 'ADD', '1100', '10000.00', null);
INSERT INTO `business_community` VALUES ('2021030106170218', '202021030138783499', '智慧园林', '山西省晋城市阳城县火车站附近', '140522', '火车站', '101.33', '101.33', '3', '2021-03-01 14:00:51', 'ADD', '1000', '0.00', null);
INSERT INTO `business_community` VALUES ('2021030110580380', '202021030174413685', 'Young小区', '天津省天津市和平区无名路250号', '120101', '家乐福100m', '101.33', '101.33', '3', '2021-03-01 21:16:14', 'ADD', '1000', '0.00', null);
INSERT INTO `business_community` VALUES ('2021030110580380', '202021030102113690', 'Young小区', '天津省天津市和平区无名路250号', '120101', '家乐福100m', '101.33', '101.33', '3', '2021-03-01 21:16:44', 'DEl', '1000', null, null);
INSERT INTO `business_community` VALUES ('2021030110580380', '202021030102113690', 'Young小区', '天津省天津市和平区无名路250号', '120101', '家乐福100m', '101.33', '101.33', '3', '2021-03-01 21:16:44', 'ADD', '1100', '0.00', null);
INSERT INTO `business_community` VALUES ('2021012180202622', '202021030134463732', '竟陵小区', '北京省北京市西城区北京', '110102', '无', '101.33', '101.33', '3', '2021-03-01 22:54:10', 'DEl', '1100', null, null);
INSERT INTO `business_community` VALUES ('2021012180202622', '202021030134463732', '竟陵小区', '北京省北京市西城区北京', '110102', '无', '101.33', '101.33', '3', '2021-03-01 22:54:10', 'ADD', '1100', '10000.00', null);
INSERT INTO `business_community` VALUES ('2021030221420610', '202021030236964151', '青苹果乐园', '北京省北京市东城区解放路188号', '110101', '万达广场', '101.33', '101.33', '3', '2021-03-02 18:13:52', 'ADD', '1000', '0.00', null);
INSERT INTO `business_community` VALUES ('2021030221420610', '202021030282854159', '青苹果乐园', '北京省北京市东城区解放路188号', '110101', '万达广场', '101.33', '101.33', '3', '2021-03-02 18:14:14', 'DEl', '1000', null, null);
INSERT INTO `business_community` VALUES ('2021030221420610', '202021030282854159', '青苹果乐园', '北京省北京市东城区解放路188号', '110101', '万达广场', '101.33', '101.33', '3', '2021-03-02 18:14:14', 'ADD', '1100', '0.00', null);
INSERT INTO `business_community` VALUES ('2021030221420610', '202021030261944164', '青苹果乐园', '北京省北京市东城区解放路188号', '110101', '万达广场', '101.33', '101.33', '3', '2021-03-02 18:14:28', 'DEl', '1100', null, null);
INSERT INTO `business_community` VALUES ('2021030221420610', '202021030261944164', '青苹果乐园', '北京省北京市东城区解放路188号', '110101', '万达广场', '101.33', '101.33', '3', '2021-03-02 18:14:28', 'ADD', '1000', '0.00', null);
INSERT INTO `business_community` VALUES ('2021030221420610', '202021030229964166', '青苹果乐园', '北京省北京市东城区解放路188号', '110101', '万达广场', '101.33', '101.33', '3', '2021-03-02 18:14:36', 'DEl', '1000', null, null);
INSERT INTO `business_community` VALUES ('2021030221420610', '202021030229964166', '青苹果乐园', '北京省北京市东城区解放路188号', '110101', '万达广场', '101.33', '101.33', '3', '2021-03-02 18:14:36', 'ADD', '1100', '0.00', null);
INSERT INTO `business_community` VALUES ('2021030221420610', '202021030275114232', '青苹果乐园', '北京省北京市东城区解放路188号', '110101', '万达广场', '101.33', '101.33', '3', '2021-03-02 18:47:56', 'DEl', '1100', null, null);
INSERT INTO `business_community` VALUES ('2021030221420610', '202021030275114232', '青苹果乐园', '北京省北京市东城区解放路188号', '110101', '万达广场', '101.33', '101.33', '3', '2021-03-02 18:47:56', 'ADD', '1100', '32.58', null);
INSERT INTO `business_community` VALUES ('2021030397370360', '202021030305805593', '1', '河北省石家庄市长安区11', '130102', '11', '101.33', '101.33', '3', '2021-03-03 17:26:22', 'ADD', '1000', '0.00', null);
INSERT INTO `business_community` VALUES ('2021030397370360', '202021030369465598', '1', '河北省石家庄市长安区11', '130102', '11', '101.33', '101.33', '3', '2021-03-03 17:26:59', 'DEl', '1000', null, null);
INSERT INTO `business_community` VALUES ('2021030397370360', '202021030369465598', '11111111', '河北省石家庄市长安区11', '130102', '11', '101.33', '101.33', '3', '2021-03-03 17:26:59', 'ADD', '1000', null, null);
INSERT INTO `business_community` VALUES ('2021030374370370', '202021030372955605', '89898989', '北京省北京市东城区125646', '110101', '6463', '101.33', '101.33', '3', '2021-03-03 17:28:03', 'ADD', '1000', '0.00', null);
INSERT INTO `business_community` VALUES ('2021030106170218', '202021030425546234', '智慧园林', '山西省晋城市阳城县火车站附近', '140522', '火车站', '101.33', '101.33', '3', '2021-03-04 17:45:36', 'DEl', '1000', null, null);
INSERT INTO `business_community` VALUES ('2021030106170218', '202021030425546234', '智慧园林', '山西省晋城市阳城县火车站附近', '140522', '火车站', '101.33', '101.33', '3', '2021-03-04 17:45:36', 'ADD', '1100', '0.00', null);
INSERT INTO `business_community` VALUES ('2021030374370370', '202021030414566236', '89898989', '北京省北京市东城区125646', '110101', '6463', '101.33', '101.33', '3', '2021-03-04 17:45:42', 'DEl', '1000', null, null);
INSERT INTO `business_community` VALUES ('2021030374370370', '202021030414566236', '89898989', '北京省北京市东城区125646', '110101', '6463', '101.33', '101.33', '3', '2021-03-04 17:45:42', 'ADD', '1100', '0.00', null);
INSERT INTO `business_community` VALUES ('2021030397370360', '202021030589080209', '11111111', '河北省石家庄市长安区11', '130102', '11', '101.33', '101.33', '3', '2021-03-05 15:54:16', 'DEl', '1000', null, null);
INSERT INTO `business_community` VALUES ('2021030397370360', '202021030589080209', '11111111', '河北省石家庄市长安区11', '130102', '11', '101.33', '101.33', '3', '2021-03-05 15:54:16', 'ADD', '1100', '0.00', null);
INSERT INTO `business_community` VALUES ('2021030771620084', '202021030707870739', '喜马拉雅', '河北省邢台市柏乡县河北省邢台市', '130524', '2', '101.33', '101.33', '3', '2021-03-07 10:59:45', 'ADD', '1000', '0.00', null);
INSERT INTO `business_community` VALUES ('2021030865420230', '202021030830670967', '666', '广东省广州市荔湾区广钢小区', '440103', '广钢新城', '101.33', '101.33', '3', '2021-03-08 10:57:45', 'ADD', '1000', '0.00', null);
INSERT INTO `business_community` VALUES ('2021030865420230', '202021030853810988', '666', '广东省广州市荔湾区广钢小区', '440103', '广钢新城', '101.33', '101.33', '3', '2021-03-08 11:00:22', 'DEl', '1000', null, null);
INSERT INTO `business_community` VALUES ('2021030865420230', '202021030853810988', '666', '广东省广州市荔湾区广钢小区', '440103', '广钢新城', '101.33', '101.33', '3', '2021-03-08 11:00:22', 'ADD', '1100', '0.00', null);
INSERT INTO `business_community` VALUES ('2021030823290012', '202021030852451017', '八方小区A区', '湖南省长沙市岳麓区湖南省长沙市岳麓区八方小区A区(含光路南170米)', '430104', '岳麓区人民政府', '101.33', '101.33', '3', '2021-03-08 12:35:41', 'ADD', '1000', '0.00', null);
INSERT INTO `business_community` VALUES ('2021030823290012', '202021030938781604', '八方小区A区', '湖南省长沙市岳麓区湖南省长沙市岳麓区八方小区A区(含光路南170米)', '430104', '岳麓区人民政府', '101.33', '101.33', '3', '2021-03-09 16:27:41', 'DEl', '1000', null, null);
INSERT INTO `business_community` VALUES ('2021030823290012', '202021030938781604', '八方小区A区', '湖南省长沙市岳麓区湖南省长沙市岳麓区八方小区A区(含光路南170米)', '430104', '岳麓区人民政府', '101.33', '101.33', '3', '2021-03-09 16:27:41', 'ADD', '1100', '0.00', null);
INSERT INTO `business_community` VALUES ('2021030924990208', '202021030961921627', '学测试2', '天津省天津市河东区sdf', '120102', 'sdf', '101.33', '101.33', '3', '2021-03-09 16:51:07', 'ADD', '1000', '0.00', null);
INSERT INTO `business_community` VALUES ('2021030937360220', '202021030957161641', '账册1', '天津省天津市和平区水电费', '120101', '水电费', '101.33', '101.33', '3', '2021-03-09 16:54:21', 'ADD', '1000', '0.00', null);
INSERT INTO `business_community` VALUES ('2021031063190136', '202021031010812005', '普宁小区', '广东省揭阳市普宁市测试', '445281', '普宁铁山兰', '101.33', '101.33', '3', '2021-03-10 17:44:47', 'ADD', '1000', '0.00', null);
INSERT INTO `business_community` VALUES ('2021031063190136', '202021031038522010', '普宁小区', '广东省揭阳市普宁市测试', '445281', '普宁铁山兰', '101.33', '101.33', '3', '2021-03-10 17:44:59', 'DEl', '1000', null, null);
INSERT INTO `business_community` VALUES ('2021031063190136', '202021031038522010', '普宁小区', '广东省揭阳市普宁市测试', '445281', '普宁铁山兰', '101.33', '101.33', '3', '2021-03-10 17:44:59', 'ADD', '1100', '0.00', null);
INSERT INTO `business_community` VALUES ('2021021975870072', '202021031140642524', 'zzzzz', '浙江省杭州市滨江区zzzz', '330108', 'zzz', '101.33', '101.33', '3', '2021-03-11 16:34:32', 'DEl', '1200', null, null);
INSERT INTO `business_community` VALUES ('2021021975870072', '202021031140642524', 'zzzzz', '浙江省杭州市滨江区zzzz', '330108', 'zzz', '101.33', '101.33', '3', '2021-03-11 16:34:32', 'ADD', '1000', '0.00', null);
INSERT INTO `business_community` VALUES ('2021012079861404', '202021031196892526', '紫郡小区', '浙江省宁波市江北区亲戚', '330205', '亲戚', '101.33', '101.33', '3', '2021-03-11 16:34:39', 'DEl', '1100', null, null);
INSERT INTO `business_community` VALUES ('2021012079861404', '202021031196892526', '紫郡小区', '浙江省宁波市江北区亲戚', '330205', '亲戚', '101.33', '101.33', '3', '2021-03-11 16:34:39', 'ADD', '1000', '0.00', null);
INSERT INTO `business_community` VALUES ('2021012079861404', '202021031179902528', '紫郡小区', '浙江省宁波市江北区亲戚', '330205', '亲戚', '101.33', '101.33', '3', '2021-03-11 16:34:42', 'DEl', '1000', null, null);
INSERT INTO `business_community` VALUES ('2021012079861404', '202021031179902528', '紫郡小区', '浙江省宁波市江北区亲戚', '330205', '亲戚', '101.33', '101.33', '3', '2021-03-11 16:34:42', 'ADD', '1000', null, null);
INSERT INTO `business_community` VALUES ('2021031643450020', '202021031654060004', '新田360', '河南省郑州市二七区郑州二七区铭功路83号', '410103', '新田360', '101.33', '101.33', '3', '2021-03-16 10:44:32', 'DEl', '1000', null, null);
INSERT INTO `business_community` VALUES ('2021031658470010', '202021031626180010', '新田360', '河南省郑州市二七区郑州二七区铭功路83号', '410103', '新田360', '101.33', '101.33', '3', '2021-03-16 10:44:45', 'DEl', '1000', null, null);
INSERT INTO `business_community` VALUES ('2021031658470010', '202021031626180010', '新田360', '河南省郑州市二七区郑州二七区铭功路83号', '410103', '新田360', '101.33', '101.33', '3', '2021-03-16 10:44:45', 'ADD', '1100', '0.00', null);
INSERT INTO `business_community` VALUES ('2021012079861404', '202021031688580650', '紫郡小区', '浙江省宁波市江北区亲戚', '330205', '亲戚', '101.33', '101.33', '3', '2021-03-16 14:59:37', 'DEl', '1000', null, null);
INSERT INTO `business_community` VALUES ('2021012079861404', '202021031688580650', '紫郡小区', '浙江省宁波市江北区亲戚', '330205', '亲戚', '101.33', '101.33', '3', '2021-03-16 14:59:37', 'ADD', '1100', '0.00', null);
INSERT INTO `business_community` VALUES ('2021031655480010', '202021031638580718', 'cdfsdf', '天津省天津市河东区sdf ', '120102', 'sdf', '101.33', '101.33', '3', '2021-03-16 16:48:30', 'ADD', '1000', '0.00', null);
INSERT INTO `business_community` VALUES ('2021031807630062', '202021031813002316', '123213', '河北省石家庄市长安区12312', '130102', '123', '101.33', '101.33', '3', '2021-03-18 10:17:22', 'ADD', '1000', '0.00', '');
INSERT INTO `business_community` VALUES ('2020121527920100', '202021031958692826', '智慧园区', '四川省成都市双流区四川成都', '510116', '四川成都', '101.33', '101.33', '3', '2021-03-19 16:16:05', 'DEl', '1100', null, null);
INSERT INTO `business_community` VALUES ('2020121527920100', '202021031958692826', '北航智慧社区', '四川省成都市双流区四川成都', '510116', '四川成都', '101.33', '101.33', '3', '2021-03-19 16:16:05', 'ADD', '1100', null, null);
INSERT INTO `business_community` VALUES ('2021031995653702', '202021031944404735', 'kong', '河北省秦皇岛市山海关区11', '130303', '11', '101.33', '101.33', '3', '2021-03-19 23:24:10', 'ADD', '1000', '0.00', '11');
INSERT INTO `business_community` VALUES ('2021031995653702', '202021031947894740', 'kong', '河北省秦皇岛市山海关区11', '130303', '11', '101.33', '101.33', '3', '2021-03-19 23:24:55', 'DEl', '1000', null, null);
INSERT INTO `business_community` VALUES ('2021031995653702', '202021031947894740', 'kong', '河北省秦皇岛市山海关区11', '130303', '11', '101.33', '101.33', '3', '2021-03-19 23:24:55', 'ADD', '1100', '0.00', null);
INSERT INTO `business_community` VALUES ('2021031995653702', '202021031980994742', 'kong', '河北省秦皇岛市山海关区11', '130303', '11', '101.33', '101.33', '3', '2021-03-19 23:25:28', 'DEl', '1100', null, null);
INSERT INTO `business_community` VALUES ('2021031995653702', '202021031980994742', 'kong', '河北省秦皇岛市山海关区11', '130303', '11', '101.33', '101.33', '3', '2021-03-19 23:25:28', 'ADD', '1000', '0.00', null);
INSERT INTO `business_community` VALUES ('2021031995653702', '202021031948414744', 'kong', '河北省秦皇岛市山海关区11', '130303', '11', '101.33', '101.33', '3', '2021-03-19 23:26:18', 'DEl', '1000', null, null);
INSERT INTO `business_community` VALUES ('2021031995653702', '202021031948414744', 'kong', '河北省秦皇岛市山海关区11', '130303', '11', '101.33', '101.33', '3', '2021-03-19 23:26:18', 'ADD', '1100', '0.00', null);
INSERT INTO `business_community` VALUES ('2020121527920100', '202021032046295142', '北航智慧社区', '四川省成都市双流区四川成都', '510116', '四川成都', '101.33', '101.33', '3', '2021-03-20 17:10:07', 'DEl', '1100', null, null);
INSERT INTO `business_community` VALUES ('2020121527920100', '202021032046295142', '北航智慧社区', '四川省成都市双流区四川成都', '510116', '四川成都', '101.33', '101.33', '3', '2021-03-20 17:10:07', 'ADD', '1000', '200.00', null);
INSERT INTO `business_community` VALUES ('2020121527920100', '202021032022735144', '北航智慧社区', '四川省成都市双流区四川成都', '510116', '四川成都', '101.33', '101.33', '3', '2021-03-20 17:10:44', 'DEl', '1000', null, null);
INSERT INTO `business_community` VALUES ('2020121527920100', '202021032022735144', '北航智慧社区', '四川省成都市双流区四川成都', '510116', '四川成都', '101.33', '101.33', '3', '2021-03-20 17:10:44', 'ADD', '1100', '200.00', null);
INSERT INTO `business_community` VALUES ('2021030771620084', '202021032106886058', '喜马拉雅', '河北省邢台市柏乡县河北省邢台市', '130524', '2', '101.33', '101.33', '3', '2021-03-21 10:44:15', 'DEl', '1000', null, null);
INSERT INTO `business_community` VALUES ('2021030771620084', '202021032106886058', '喜马拉雅', '河北省邢台市柏乡县河北省邢台市', '130524', '2', '101.33', '101.33', '3', '2021-03-21 10:44:15', 'ADD', '1100', '0.00', null);
INSERT INTO `business_community` VALUES ('2021030924990208', '202021032108356060', '学测试2', '天津省天津市河东区sdf', '120102', 'sdf', '101.33', '101.33', '3', '2021-03-21 10:44:32', 'DEl', '1000', null, null);
INSERT INTO `business_community` VALUES ('2021030924990208', '202021032108356060', '学测试2', '天津省天津市河东区sdf', '120102', 'sdf', '101.33', '101.33', '3', '2021-03-21 10:44:32', 'ADD', '1100', '0.00', null);
INSERT INTO `business_community` VALUES ('2021021975870072', '202021032239570158', 'zzzzz', '浙江省杭州市滨江区zzzz', '330108', 'zzz', '101.33', '101.33', '3', '2021-03-22 08:27:18', 'DEl', '1000', null, null);
INSERT INTO `business_community` VALUES ('2021032222330126', '202021032215070227', '新泰小区', '湖南省株洲市天元区天台路', '430211', '湖南工业大学', '101.33', '101.33', '3', '2021-03-22 11:42:57', 'ADD', '1000', '0.00', '');
INSERT INTO `business_community` VALUES ('2021032222330126', '202021032248890232', '新泰小区', '湖南省株洲市天元区天台路', '430211', '湖南工业大学', '101.33', '101.33', '3', '2021-03-22 11:48:09', 'DEl', '1000', null, null);
INSERT INTO `business_community` VALUES ('2021032222330126', '202021032248890232', '新泰小区', '湖南省株洲市天元区天台路', '430211', '湖南工业大学', '101.33', '101.33', '3', '2021-03-22 11:48:09', 'ADD', '1100', '0.00', null);
INSERT INTO `business_community` VALUES ('2020121527920100', '202021032241250272', '北航智慧社区', '四川省成都市双流区四川成都', '510116', '四川成都', '101.33', '101.33', '3', '2021-03-22 15:00:21', 'DEl', '1100', null, null);
INSERT INTO `business_community` VALUES ('2020121527920100', '202021032241250272', '北航智慧社区', '四川省成都市双流区四川成都', '510116', '四川成都', '101.33', '101.33', '3', '2021-03-22 15:00:21', 'ADD', '', '200.00', '213');
INSERT INTO `business_community` VALUES ('2020121527920100', '202021032257410274', '北航智慧社区', '四川省成都市双流区四川成都', '510116', '四川成都', '101.33', '101.33', '3', '2021-03-22 15:00:27', 'DEl', '1100', null, null);
INSERT INTO `business_community` VALUES ('2020121527920100', '202021032257410274', '北航智慧社区', '四川省成都市双流区四川成都', '510116', '四川成都', '101.33', '101.33', '3', '2021-03-22 15:00:27', 'ADD', '', '200.00', '111111111111');
INSERT INTO `business_community` VALUES ('2021032397850328', '202021032364770535', '北京北辰', '北京省北京市东城区北京北辰', '110101', '1000,1000', '101.33', '101.33', '3', '2021-03-23 10:47:26', 'ADD', '1000', '0.00', '13212211221');
INSERT INTO `business_community` VALUES ('2021032397850328', '202021032395910543', '北京北辰', '北京省北京市东城区北京北辰', '110101', '1000,1000', '101.33', '101.33', '3', '2021-03-23 10:51:21', 'DEl', '1000', null, null);
INSERT INTO `business_community` VALUES ('2021032397850328', '202021032395910543', '北京北辰', '北京省北京市东城区北京北辰', '110101', '1000,1000', '101.33', '101.33', '3', '2021-03-23 10:51:21', 'ADD', '1100', '0.00', null);
INSERT INTO `business_community` VALUES ('2020121527920100', '202021032429371020', '北航智慧社区', '四川省成都市双流区四川成都', '510116', '四川成都', '101.33', '101.33', '3', '2021-03-24 14:00:07', 'DEl', '1100', null, null);
INSERT INTO `business_community` VALUES ('2020121527920100', '202021032429371020', '北航智慧社区', '四川省成都市双流区四川成都', '510116', '四川成都', '101.33', '101.33', '3', '2021-03-24 14:00:07', 'ADD', '', '200.00', '');
INSERT INTO `business_community` VALUES ('2021032429650186', '202021032404651153', '324测试小区lc', '北京省北京市西城区324测试小区lc', '110102', '324测试小区lc', '101.33', '101.33', '3', '2021-03-24 16:49:59', 'ADD', '1000', '0.00', '1');
INSERT INTO `business_community` VALUES ('2021032429650186', '202021032495661158', '324测试小区lc', '北京省北京市西城区324测试小区lc', '110102', '324测试小区lc', '101.33', '101.33', '3', '2021-03-24 16:50:29', 'DEl', '1000', null, null);
INSERT INTO `business_community` VALUES ('2021032429650186', '202021032495661158', '324测试小区lc', '北京省北京市西城区324测试小区lc', '110102', '324测试小区lc', '101.33', '101.33', '3', '2021-03-24 16:50:29', 'ADD', '1100', '0.00', null);
INSERT INTO `business_community` VALUES ('2020121527920100', '202021032553331497', '北航智慧社区', '四川省成都市双流区四川成都', '510116', '四川成都', '101.33', '101.33', '3', '2021-03-25 14:33:42', 'DEl', '1100', null, null);
INSERT INTO `business_community` VALUES ('2020121527920100', '202021032553331497', '北航智慧社区', '四川省成都市双流区四川成都', '510116', '四川成都', '101.33', '101.33', '3', '2021-03-25 14:33:42', 'ADD', '1100', null, null);
INSERT INTO `business_community` VALUES ('2020121527920100', '202021032564021540', '北航智慧社区', '四川省成都市双流区四川成都', '510116', '四川成都', '101.33', '101.33', '3', '2021-03-25 16:11:15', 'DEl', '1100', null, null);
INSERT INTO `business_community` VALUES ('2020121527920100', '202021032564021540', '北航智慧社区', '四川省成都市双流区四川成都', '510116', '四川成都', '101.33', '101.33', '3', '2021-03-25 16:11:15', 'ADD', '1100', null, null);
INSERT INTO `business_community` VALUES ('2021032429650186', '202021032687641812', '324测试小区lc', '北京省北京市西城区324测试小区lc', '110102', '324测试小区lc', '101.33', '101.33', '3', '2021-03-26 10:11:59', 'DEl', '1100', null, null);
INSERT INTO `business_community` VALUES ('2021032429650186', '202021032687641812', '324测试小区lc', '北京省北京市西城区324测试小区lc', '110102', '324测试小区lc', '101.33', '101.33', '3', '2021-03-26 10:11:59', 'ADD', '', '0.00', '');
INSERT INTO `business_community` VALUES ('2020121527920100', '202021032681181841', '北航智慧社区', '四川省成都市双流区四川成都', '510116', '四川成都', '101.33', '101.33', '3', '2021-03-26 10:42:17', 'DEl', '1100', null, null);
INSERT INTO `business_community` VALUES ('2020121527920100', '202021032681181841', '北航智慧社区', '四川省成都市双流区四川成都', '510116', '四川成都', '101.33', '101.33', '3', '2021-03-26 10:42:17', 'ADD', '1000', '200.00', null);
INSERT INTO `business_community` VALUES ('2021032620440022', '202021032615241951', '建工小区', '湖南省长沙市天心区建工小区', '430103', '建工小区', '101.33', '101.33', '3', '2021-03-26 14:38:23', 'ADD', '1000', '0.00', null);
INSERT INTO `business_community` VALUES ('2021032620440022', '202021032687641956', '建工小区', '湖南省长沙市天心区建工小区', '430103', '建工小区', '101.33', '101.33', '3', '2021-03-26 14:38:50', 'DEl', '1000', null, null);
INSERT INTO `business_community` VALUES ('2021032620440022', '202021032687641956', '建工小区', '湖南省长沙市天心区建工小区', '430103', '建工小区', '101.33', '101.33', '3', '2021-03-26 14:38:50', 'ADD', '1100', '0.00', null);
INSERT INTO `business_community` VALUES ('2021032665310054', '202021032636372014', '建工小区01', '湖南省长沙市天心区建工新城', '430103', '建工新城', '101.33', '101.33', '3', '2021-03-26 15:09:47', 'ADD', '1000', '0.00', null);
INSERT INTO `business_community` VALUES ('2021032665310054', '202021032699932019', '建工小区01', '湖南省长沙市天心区建工新城', '430103', '建工新城', '101.33', '101.33', '3', '2021-03-26 15:10:00', 'DEl', '1000', null, null);
INSERT INTO `business_community` VALUES ('2021032665310054', '202021032699932019', '建工小区01', '湖南省长沙市天心区建工新城', '430103', '建工新城', '101.33', '101.33', '3', '2021-03-26 15:10:00', 'ADD', '1100', '0.00', null);
INSERT INTO `business_community` VALUES ('2020121527920100', '202021032961420490', '北航智慧社区', '四川省成都市双流区四川成都', '510116', '四川成都', '101.33', '101.33', '3', '2021-03-29 05:22:07', 'DEl', '1000', null, null);
INSERT INTO `business_community` VALUES ('2021031641950160', '202021032938130496', '德商国际', '四川省成都市武侯区益州大道北段1480号', '510107', '奥克斯', '101.33', '101.33', '3', '2021-03-29 05:22:18', 'DEl', '1000', null, null);
INSERT INTO `business_community` VALUES ('2021030937360220', '202021032914580504', '账册1', '天津省天津市和平区水电费', '120101', '水电费', '101.33', '101.33', '3', '2021-03-29 05:23:37', 'DEl', '1000', null, null);
INSERT INTO `business_community` VALUES ('2021033019490252', '202021033073080964', '邻里苑', '上海省上海市闵行区莘庄沪闵公路5600弄88支弄', '310112', '莘庄地铁站，凯德龙之梦，仲盛世界', '101.33', '101.33', '3', '2021-03-30 10:04:33', 'ADD', '1000', '0.00', '18516710928');
INSERT INTO `business_community` VALUES ('2021033019490252', '202021033018250975', '邻里苑', '上海省上海市闵行区莘庄沪闵公路5600弄88支弄', '310112', '莘庄地铁站，凯德龙之梦，仲盛世界', '101.33', '101.33', '3', '2021-03-30 10:06:55', 'DEl', '1000', null, null);
INSERT INTO `business_community` VALUES ('2021033019490252', '202021033018250975', '邻里苑', '上海省上海市闵行区莘庄沪闵公路5600弄88支弄', '310112', '莘庄地铁站，凯德龙之梦，仲盛世界', '101.33', '101.33', '3', '2021-03-30 10:06:55', 'ADD', '1100', '0.00', null);
INSERT INTO `business_community` VALUES ('2021033121480162', '202021033174871846', '中环新天地', '贵州省贵阳市观山湖区贵阳市观山湖区中环新天地', '520115', '中环新天地', '101.33', '101.33', '3', '2021-03-31 15:52:21', 'ADD', '1000', '0.00', '13211321132');
INSERT INTO `business_community` VALUES ('2021033121480162', '202021033133511851', '中环新天地', '贵州省贵阳市观山湖区贵阳市观山湖区中环新天地', '520115', '中环新天地', '101.33', '101.33', '3', '2021-03-31 15:54:42', 'DEl', '1000', null, null);
INSERT INTO `business_community` VALUES ('2021033121480162', '202021033133511851', '中环新天地', '贵州省贵阳市观山湖区贵阳市观山湖区中环新天地', '520115', '中环新天地', '101.33', '101.33', '3', '2021-03-31 15:54:42', 'ADD', '1100', '0.00', null);
INSERT INTO `business_community` VALUES ('2021033121480162', '202021033198062405', '中环新天地', '贵州省贵阳市观山湖区贵阳市观山湖区中环新天地', '520115', '中环新天地', '101.33', '101.33', '3', '2021-03-31 17:10:40', 'DEl', '1100', null, null);
INSERT INTO `business_community` VALUES ('2021033121480162', '202021033198062405', '中环新天地', '贵州省贵阳市观山湖区贵阳市观山湖区中环新天地', '520115', '中环新天地', '101.33', '101.33', '3', '2021-03-31 17:10:40', 'ADD', '', '3000.00', '');
INSERT INTO `business_community` VALUES ('2021033121480162', '202021033100422407', '中环新天地', '贵州省贵阳市观山湖区贵阳市观山湖区中环新天地', '520115', '中环新天地', '101.33', '101.33', '3', '2021-03-31 17:12:10', 'DEl', '1100', null, null);
INSERT INTO `business_community` VALUES ('2021033121480162', '202021033100422407', '中环新天地', '贵州省贵阳市观山湖区', '520115', '中环新天地', '101.33', '101.33', '3', '2021-03-31 17:12:10', 'ADD', '1100', null, null);
INSERT INTO `business_community` VALUES ('2021033121480162', '202021033135152409', '中环新天地', '贵州省贵阳市观山湖区', '520115', '中环新天地', '101.33', '101.33', '3', '2021-03-31 17:13:29', 'DEl', '1100', null, null);
INSERT INTO `business_community` VALUES ('2021033121480162', '202021033135152409', '中环新天地', '贵州省贵阳市观山湖区', '520115', '沃尔玛超市', '101.33', '101.33', '3', '2021-03-31 17:13:29', 'ADD', '1100', null, null);
INSERT INTO `business_community` VALUES ('702020040180070034', '202020040119771990', '新校区小区', '山西省太原市万柏林区西名路', '140109', '矿', '101.33', '101.33', '4', '2020-04-01 09:59:22', 'ADD', '1000', '0.00', null);
INSERT INTO `business_community` VALUES ('702020040180070034', '202020040102642001', '新校区小区', '山西省太原市万柏林区西名路', '140109', '矿', '101.33', '101.33', '4', '2020-04-01 09:59:50', 'DEl', '1000', '0.00', null);
INSERT INTO `business_community` VALUES ('702020040180070034', '202020040102642001', '新校区小区', '山西省太原市万柏林区西名路', '140109', '矿', '101.33', '101.33', '4', '2020-04-01 09:59:50', 'ADD', '1100', '0.00', null);
INSERT INTO `business_community` VALUES ('702020040119450056', '202020040187462061', '新新小区', '山西省太原市万柏林区台子街', '140109', '戏台子', '101.33', '101.33', '4', '2020-04-01 10:17:50', 'ADD', '1000', '0.00', null);
INSERT INTO `business_community` VALUES ('702020040119450056', '202020040190972072', '新新小区', '山西省太原市万柏林区台子街', '140109', '戏台子', '101.33', '101.33', '4', '2020-04-01 10:18:33', 'DEl', '1000', '0.00', null);
INSERT INTO `business_community` VALUES ('702020040119450056', '202020040190972072', '新新小区', '山西省太原市万柏林区台子街', '140109', '戏台子', '101.33', '101.33', '4', '2020-04-01 10:18:33', 'ADD', '1100', '0.00', null);
INSERT INTO `business_community` VALUES ('702020040147700064', '202020040143242092', '新三小区', '山西省太原市尖草坪区尖草坪', '140108', '尖草', '101.33', '101.33', '4', '2020-04-01 10:25:38', 'ADD', '1000', '0.00', null);
INSERT INTO `business_community` VALUES ('702020040147700064', '202020040100102103', '新三小区', '山西省太原市尖草坪区尖草坪', '140108', '尖草', '101.33', '101.33', '4', '2020-04-01 10:26:10', 'DEl', '1000', '0.00', null);
INSERT INTO `business_community` VALUES ('702020040147700064', '202020040100102103', '新三小区', '山西省太原市尖草坪区尖草坪', '140108', '尖草', '101.33', '101.33', '4', '2020-04-01 10:26:10', 'ADD', '1100', '0.00', null);
INSERT INTO `business_community` VALUES ('702020040199350092', '202020040149332326', '新四小区', '山西省大同市城区城东', '140202', '古城', '101.33', '101.33', '4', '2020-04-01 14:58:05', 'ADD', '1000', '0.00', null);
INSERT INTO `business_community` VALUES ('702020040199350092', '202020040139702337', '新四小区', '山西省大同市城区城东', '140202', '古城', '101.33', '101.33', '4', '2020-04-01 14:58:40', 'DEl', '1000', '0.00', null);
INSERT INTO `business_community` VALUES ('702020040199350092', '202020040139702337', '新四小区', '山西省大同市城区城东', '140202', '古城', '101.33', '101.33', '4', '2020-04-01 14:58:40', 'ADD', '1100', '0.00', null);
INSERT INTO `business_community` VALUES ('702020040164790100', '202020040108052357', '新五小区', '山西省阳泉市城区矿', '140302', '跨过', '101.33', '101.33', '4', '2020-04-01 15:09:11', 'ADD', '1000', '0.00', null);
INSERT INTO `business_community` VALUES ('702020040164790100', '202020040155882368', '新五小区', '山西省阳泉市城区矿', '140302', '跨过', '101.33', '101.33', '4', '2020-04-01 15:09:23', 'DEl', '1000', '0.00', null);
INSERT INTO `business_community` VALUES ('702020040164790100', '202020040155882368', '新五小区', '山西省阳泉市城区矿', '140302', '跨过', '101.33', '101.33', '4', '2020-04-01 15:09:23', 'ADD', '1100', '0.00', null);
INSERT INTO `business_community` VALUES ('702020040168820110', '202020040119312481', '不许入驻小区', '北京省北京市朝阳区的的的', '110105', '啊啊啊', '101.33', '101.33', '4', '2020-04-01 17:30:51', 'ADD', '1000', '0.00', null);
INSERT INTO `business_community` VALUES ('702020040168820110', '202020040110272492', '不许入驻小区', '北京省北京市朝阳区的的的', '110105', '啊啊啊', '101.33', '101.33', '4', '2020-04-01 17:31:54', 'DEl', '1000', '0.00', null);
INSERT INTO `business_community` VALUES ('702020040168820110', '202020040110272492', '不许入驻小区', '北京省北京市朝阳区的的的', '110105', '啊啊啊', '101.33', '101.33', '4', '2020-04-01 17:31:54', 'ADD', '1200', '0.00', null);
INSERT INTO `business_community` VALUES ('702020040168820110', '202020040195882494', '不许入驻小区', '北京省北京市朝阳区的的的', '110105', '啊啊啊', '101.33', '101.33', '4', '2020-04-01 17:32:32', 'DEl', '1200', '0.00', null);
INSERT INTO `business_community` VALUES ('702020040168820110', '202020040195882494', '不许入驻小区', '北京省北京市朝阳区的的的', '110105', '啊啊啊', '101.33', '101.33', '4', '2020-04-01 17:32:32', 'ADD', '1200', '0.00', null);
INSERT INTO `business_community` VALUES ('7020181217000002', '202020040137000020', '格兰小镇(西宁)', '青海省西宁市城中区申宁路6', '8630100', '安馨雅苑北100米', '102.909090', '', '4', '2020-04-01 19:53:09', 'DEl', '1100', '0.00', null);
INSERT INTO `business_community` VALUES ('7020181217000002', '202020040137000020', '格兰小镇(西宁)', '青海省西宁市城中区申宁路6', '8630100', '安馨雅苑北100米', '102.909090', '', '4', '2020-04-01 19:53:09', 'ADD', '1100', '0.00', null);
INSERT INTO `business_community` VALUES ('7020181217000002', '202020040190650022', '格兰小镇(西宁)', '青海省西宁市城中区申宁路6', '8630100', '安馨雅苑北100米', '102.909090', '', '4', '2020-04-01 19:53:26', 'DEl', '1100', '0.00', null);
INSERT INTO `business_community` VALUES ('7020181217000002', '202020040190650022', '格兰小镇(西宁)', '青海省西宁市城中区申宁路6', '8630100', '安馨雅苑北100米', '102.909090', '', '4', '2020-04-01 19:53:26', 'ADD', '1100', '0.00', null);
INSERT INTO `business_community` VALUES ('702020040295580024', '202020040293410245', '光明小区', '江苏省南通市港闸区光明小区', '320611', '光明小区', '101.33', '101.33', '4', '2020-04-02 09:54:59', 'ADD', '1000', '0.00', null);
INSERT INTO `business_community` VALUES ('702020040295580024', '202020040247330256', '光明小区', '江苏省南通市港闸区光明小区', '320611', '光明小区', '101.33', '101.33', '4', '2020-04-02 09:55:44', 'DEl', '1000', '0.00', null);
INSERT INTO `business_community` VALUES ('702020040295580024', '202020040247330256', '光明小区', '江苏省南通市港闸区光明小区', '320611', '光明小区', '101.33', '101.33', '4', '2020-04-02 09:55:44', 'ADD', '1100', '0.00', null);
INSERT INTO `business_community` VALUES ('702020040201600034', '202020040259470288', 'nic的测试小区1', '吉林省长春市南关区南关区地址1', '220102', '地标建筑1', '101.33', '101.33', '4', '2020-04-02 10:12:01', 'ADD', '1000', '0.00', null);
INSERT INTO `business_community` VALUES ('702020040201600034', '202020040299560299', 'nic的测试小区1', '吉林省长春市南关区南关区地址1', '220102', '地标建筑1', '101.33', '101.33', '4', '2020-04-02 10:13:18', 'DEl', '1000', '0.00', null);
INSERT INTO `business_community` VALUES ('702020040201600034', '202020040299560299', 'nic的测试小区1', '吉林省长春市南关区南关区地址1', '220102', '地标建筑1', '101.33', '101.33', '4', '2020-04-02 10:13:18', 'ADD', '1100', '0.00', null);
INSERT INTO `business_community` VALUES ('702020040299300048', '202020040211830322', 'hdfghjklkjhg', '天津省天津市河东区太原南中环街', '120102', 'hhg', '101.33', '101.33', '4', '2020-04-02 10:21:17', 'ADD', '1000', '0.00', null);
INSERT INTO `business_community` VALUES ('702020040147700064', '202020040231790378', '新三小区', '山西省太原市尖草坪区尖草坪', '140108', '尖草', '101.33', '101.33', '4', '2020-04-02 10:33:50', 'DEl', '1100', '0.00', null);
INSERT INTO `business_community` VALUES ('702020040147700064', '202020040231790378', '新三小区', '山西省太原市尖草坪区尖草坪', '140108', '尖草', '101.33', '101.33', '4', '2020-04-02 10:33:50', 'ADD', '1100', '0.00', null);
INSERT INTO `business_community` VALUES ('7020181217000002', '202020040237810392', '格兰小镇(西宁)', '青海省西宁市城中区申宁路6', '8630100', '安馨雅苑北100米', '102.909090', '', '4', '2020-04-02 10:38:35', 'DEl', '1100', '0.00', null);
INSERT INTO `business_community` VALUES ('7020181217000002', '202020040237810392', '格兰小镇(西宁)', '青海省西宁市城中区申宁路6', '8630100', '安馨雅苑北100米', '102.909090', '', '4', '2020-04-02 10:38:35', 'ADD', '1100', '0.00', null);
INSERT INTO `business_community` VALUES ('7020181217000002', '202020040201470394', '格兰小镇(西宁)', '青海省西宁市城中区申宁路6', '8630100', '安馨雅苑北100米', '102.909090', '', '4', '2020-04-02 10:38:46', 'DEl', '1100', '0.00', null);
INSERT INTO `business_community` VALUES ('7020181217000002', '202020040201470394', '格兰小镇(西宁)', '青海省西宁市城中区申宁路6', '8630100', '安馨雅苑北100米', '102.909090', '', '4', '2020-04-02 10:38:46', 'ADD', '1100', '0.00', null);
INSERT INTO `business_community` VALUES ('7020181217000002', '202020040245620396', '格兰小镇(西宁)', '青海省西宁市城中区申宁路6', '8630100', '安馨雅苑北100米', '102.909090', '', '4', '2020-04-02 10:38:55', 'DEl', '1100', '0.00', null);
INSERT INTO `business_community` VALUES ('7020181217000002', '202020040245620396', '格兰小镇(西宁)', '青海省西宁市城中区申宁路6', '8630100', '安馨雅苑北100米', '102.909090', '', '4', '2020-04-02 10:38:55', 'ADD', '1100', '0.00', null);
INSERT INTO `business_community` VALUES ('7020181217000002', '202020040296350398', '格兰小镇(西宁)', '青海省西宁市城中区申宁路6', '8630100', '安馨雅苑北100米', '102.909090', '', '4', '2020-04-02 10:39:19', 'DEl', '1100', '0.00', null);
INSERT INTO `business_community` VALUES ('7020181217000002', '202020040296350398', '格兰小镇(西宁)', '青海省西宁市城中区申宁路6', '8630100', '安馨雅苑北100米', '102.909090', '', '4', '2020-04-02 10:39:19', 'ADD', '1100', '0.00', null);
INSERT INTO `business_community` VALUES ('7020181217000002', '202020040265210404', '格兰小镇(西宁)', '青海省西宁市城中区申宁路6', '8630100', '安馨雅苑北100米', '102.909090', '', '4', '2020-04-02 10:42:23', 'DEl', '1100', '0.00', null);
INSERT INTO `business_community` VALUES ('7020181217000002', '202020040265210404', '格兰小镇(西宁)', '青海省西宁市城中区申宁路6', '8630100', '安馨雅苑北100米', '102.909090', '', '4', '2020-04-02 10:42:23', 'ADD', '1100', '0.00', null);
INSERT INTO `business_community` VALUES ('7020181217000002', '202020040241010406', '格兰小镇(西宁)', '青海省西宁市城中区申宁路6', '8630100', '安馨雅苑北100米', '102.909090', '', '4', '2020-04-02 10:42:36', 'DEl', '1100', '0.00', null);
INSERT INTO `business_community` VALUES ('7020181217000002', '202020040241010406', '格兰小镇(西宁)', '青海省西宁市城中区申宁路6', '8630100', '安馨雅苑北100米', '102.909090', '', '4', '2020-04-02 10:42:36', 'ADD', '1100', '0.00', null);
INSERT INTO `business_community` VALUES ('702020040268770068', '202020040234340408', '管理员小区添加测试', '天津省天津市河东区YES', '120102', 'sssssssssssssss', '101.33', '101.33', '4', '2020-04-02 10:43:38', 'ADD', '1000', '0.00', null);
INSERT INTO `business_community` VALUES ('702020040268770068', '202020040206430419', '管理员小区添加测试', '天津省天津市河东区YES', '120102', 'sssssssssssssss', '101.33', '101.33', '4', '2020-04-02 10:44:13', 'DEl', '1000', '0.00', null);
INSERT INTO `business_community` VALUES ('702020040268770068', '202020040206430419', '管理员小区添加测试', '天津省天津市河东区YES', '120102', 'sssssssssssssss', '101.33', '101.33', '4', '2020-04-02 10:44:13', 'ADD', '1100', '0.00', null);
INSERT INTO `business_community` VALUES ('702020040268770068', '202020040264450421', '管理员小区添加测试', '天津省天津市河东区YES', '120102', 'sssssssssssssss', '101.33', '101.33', '4', '2020-04-02 10:44:31', 'DEl', '1100', '0.00', null);
INSERT INTO `business_community` VALUES ('702020040268770068', '202020040264450421', '管理员小区添加测试', '天津省天津市河东区YES', '120102', 'sssssssssssssss', '101.33', '101.33', '4', '2020-04-02 10:44:31', 'ADD', '1000', '0.00', null);
INSERT INTO `business_community` VALUES ('702020040268770068', '202020040252160423', '管理员小区添加测试', '天津省天津市河东区YES', '120102', 'sssssssssssssss', '101.33', '101.33', '4', '2020-04-02 10:44:45', 'DEl', '1000', '0.00', null);
INSERT INTO `business_community` VALUES ('702020040268770068', '202020040252160423', '管理员小区添加测试', '天津省天津市河东区YES', '120102', 'sssssssssssssss', '101.33', '101.33', '4', '2020-04-02 10:44:45', 'ADD', '1100', '0.00', null);
INSERT INTO `business_community` VALUES ('7020181217000002', '202020040283680465', '格兰小镇(西宁)', '青海省西宁市城中区申宁路6', '8630100', '安馨雅苑北100米', '102.909090', '', '4', '2020-04-02 11:02:11', 'DEl', '1100', '0.00', null);
INSERT INTO `business_community` VALUES ('7020181217000002', '202020040283680465', '格兰小镇(西宁)', '青海省西宁市城中区申宁路6', '8630100', '安馨雅苑北100米', '102.909090', '', '4', '2020-04-02 11:02:11', 'ADD', '1100', '0.00', null);
INSERT INTO `business_community` VALUES ('702020040319140098', '202020040372300934', '测试小区名', '山西省太原市小店区测试', '140105', '测试', '101.33', '101.33', '4', '2020-04-03 13:02:14', 'ADD', '1000', '0.00', null);
INSERT INTO `business_community` VALUES ('702020040366720114', '202020040313231107', 'dailis的', '北京省北京市东城区啊啊啊', '110101', '啊啊啊', '101.33', '101.33', '4', '2020-04-03 15:46:57', 'ADD', '1000', '0.00', null);
INSERT INTO `business_community` VALUES ('702020040366720114', '202020040329171129', 'dailis的', '北京省北京市东城区啊啊啊', '110101', '啊啊啊', '101.33', '101.33', '4', '2020-04-03 15:51:03', 'DEl', '1000', '0.00', null);
INSERT INTO `business_community` VALUES ('702020040366720114', '202020040329171129', 'dailis的', '北京省北京市东城区啊啊啊', '110101', '啊啊啊', '101.33', '101.33', '4', '2020-04-03 15:51:03', 'ADD', '1100', '0.00', null);
INSERT INTO `business_community` VALUES ('7020181217000002', '202020040307481264', '格兰小镇(西宁)', '青海省西宁市城中区申宁路6', '8630100', '安馨雅苑北100米', '102.909090', '', '4', '2020-04-03 19:27:35', 'DEl', '1100', '0.00', null);
INSERT INTO `business_community` VALUES ('7020181217000002', '202020040307481264', '格兰小镇(西宁)', '青海省西宁市城中区申宁路6', '8630100', '安馨雅苑北100米', '102.909090', '', '4', '2020-04-03 19:27:35', 'ADD', '1000', '0.00', null);
INSERT INTO `business_community` VALUES ('702020040419710008', '202020040402860095', '尚进医院', '123', '0971', '123', '101.33', '101.33', '4', '2020-04-04 22:47:08', 'ADD', '1000', '0.00', null);
INSERT INTO `business_community` VALUES ('702020040419710008', '202020040441120106', '尚进医院', '123', '0971', '123', '101.33', '101.33', '4', '2020-04-04 22:48:11', 'DEl', '1000', '0.00', null);
INSERT INTO `business_community` VALUES ('702020040419710008', '202020040441120106', '尚进医院', '123', '0971', '123', '101.33', '101.33', '4', '2020-04-04 22:48:11', 'ADD', '1100', '0.00', null);
INSERT INTO `business_community` VALUES ('702020022633070022', '202020040868551328', '家属院002', 'undefined渭城区光明路', '0971', '火车道', '101.33', '101.33', '4', '2020-04-08 16:21:46', 'DEl', '1000', '0.00', null);
INSERT INTO `business_community` VALUES ('702020022633070022', '202020040868551328', '家属院002', 'undefined渭城区光明路', '0971', '火车道', '101.33', '101.33', '4', '2020-04-08 16:21:47', 'ADD', '1200', '0.00', null);
INSERT INTO `business_community` VALUES ('702020040319140098', '202020040965681758', '测试小区名', '山西省太原市小店区测试', '140105', '测试', '101.33', '101.33', '4', '2020-04-09 12:24:19', 'DEl', '1000', '0.00', null);
INSERT INTO `business_community` VALUES ('702020040319140098', '202020040965681758', '测试小区名', '山西省太原市小店区测试', '140105', '测试', '101.33', '101.33', '4', '2020-04-09 12:24:19', 'ADD', '1100', '0.00', null);
INSERT INTO `business_community` VALUES ('702020040991640008', '202020040926220025', '老大运维', '青海省西宁市城东区城东区', '630102', '陈宫去', '101.33', '101.33', '4', '2020-04-09 15:24:09', 'ADD', '1000', '0.00', null);
INSERT INTO `business_community` VALUES ('702020040991640008', '202020040933670036', '老大运维', '青海省西宁市城东区城东区', '630102', '陈宫去', '101.33', '101.33', '4', '2020-04-09 15:24:17', 'DEl', '1000', '0.00', null);
INSERT INTO `business_community` VALUES ('702020040991640008', '202020040933670036', '老大运维', '青海省西宁市城东区城东区', '630102', '陈宫去', '101.33', '101.33', '4', '2020-04-09 15:24:17', 'ADD', '1100', '0.00', null);
INSERT INTO `business_community` VALUES ('702020040915370028', '202020040973110141', '代理商添加的', '北京省北京市东城区大红门', '110101', '阿萨德', '101.33', '101.33', '4', '2020-04-09 17:05:22', 'ADD', '1000', '0.00', null);
INSERT INTO `business_community` VALUES ('702020040915370028', '202020040982010192', '代理商添加的', '北京省北京市东城区大红门', '110101', '阿萨德', '101.33', '101.33', '4', '2020-04-09 17:07:12', 'DEl', '1000', '0.00', null);
INSERT INTO `business_community` VALUES ('702020040915370028', '202020040982010192', '代理商添加的', '北京省北京市东城区大红门', '110101', '阿萨德', '101.33', '101.33', '4', '2020-04-09 17:07:12', 'ADD', '1100', '0.00', null);
INSERT INTO `business_community` VALUES ('7020181217000002', '202020041003230436', '格兰小镇(西宁)', '青海省西宁市城中区申宁路6', '8630100', '安馨雅苑北100米', '102.909090', '', '4', '2020-04-10 09:40:52', 'DEl', '1000', '0.00', null);
INSERT INTO `business_community` VALUES ('7020181217000002', '202020041003230436', '格兰小镇(西宁)', '青海省西宁市城中区申宁路6', '8630100', '安馨雅苑北100米', '102.909090', '', '4', '2020-04-10 09:40:52', 'ADD', '1100', '0.00', null);
INSERT INTO `business_community` VALUES ('7020181217000002', '202020041046570438', '格兰小镇(西宁)', '青海省西宁市城中区申宁路6', '8630100', '安馨雅苑北100米', '102.909090', '', '4', '2020-04-10 09:40:59', 'DEl', '1100', '0.00', null);
INSERT INTO `business_community` VALUES ('7020181217000002', '202020041046570438', '格兰小镇(西宁)', '青海省西宁市城中区申宁路6', '8630100', '安馨雅苑北100米', '102.909090', '', '4', '2020-04-10 09:40:59', 'ADD', '1100', '0.00', null);
INSERT INTO `business_community` VALUES ('702020021772350024', '202020041030710442', '新甫小区', '山东省泰安市新泰市新甫路888号', '370982', '新泰市卫生防疫站', '101.33', '101.33', '4', '2020-04-10 09:41:20', 'DEl', '1000', '0.00', null);
INSERT INTO `business_community` VALUES ('702020021772350024', '202020041030710442', '新甫小区', '山东省泰安市新泰市新甫路888号', '370982', '新泰市卫生防疫站', '101.33', '101.33', '4', '2020-04-10 09:41:20', 'ADD', '1100', '0.00', null);
INSERT INTO `business_community` VALUES ('7020181217000002', '202020041081430444', '格兰小镇(西宁)', '青海省西宁市城中区申宁路6', '8630100', '安馨雅苑北100米', '102.909090', '', '4', '2020-04-10 09:41:25', 'DEl', '1100', '0.00', null);
INSERT INTO `business_community` VALUES ('7020181217000002', '202020041081430444', '格兰小镇(西宁)', '青海省西宁市城中区申宁路6', '8630100', '安馨雅苑北100米', '102.909090', '', '4', '2020-04-10 09:41:25', 'ADD', '1100', '0.00', null);
INSERT INTO `business_community` VALUES ('702020041081820040', '202020041071680636', '我的确按时间到了', '天津省天津市南开区qqq', '120104', 'qqq', '101.33', '101.33', '4', '2020-04-10 14:42:12', 'ADD', '1000', '0.00', null);
INSERT INTO `business_community` VALUES ('702020041081820040', '202020041053100647', '我的确按时间到了', '天津省天津市南开区qqq', '120104', 'qqq', '101.33', '101.33', '4', '2020-04-10 14:43:00', 'DEl', '1000', '0.00', null);
INSERT INTO `business_community` VALUES ('702020041081820040', '202020041053100647', '我的确按时间到了', '天津省天津市南开区qqq', '120104', 'qqq', '101.33', '101.33', '4', '2020-04-10 14:43:00', 'ADD', '1100', '0.00', null);
INSERT INTO `business_community` VALUES ('702020041394570024', '202020041317411371', '大红门小区', '北京省北京市东城区大红门', '110101', '大红门', '101.33', '101.33', '4', '2020-04-13 15:22:34', 'ADD', '1000', '0.00', null);
INSERT INTO `business_community` VALUES ('702020041394570024', '202020041367361385', '大红门小区', '北京省北京市东城区大红门', '110101', '大红门', '101.33', '101.33', '4', '2020-04-13 15:22:55', 'DEl', '1000', '0.00', null);
INSERT INTO `business_community` VALUES ('702020041394570024', '202020041367361385', '大红门小区', '北京省北京市东城区大红门', '110101', '大红门', '101.33', '101.33', '4', '2020-04-13 15:22:55', 'ADD', '1100', '0.00', null);
INSERT INTO `business_community` VALUES ('702020041408320070', '202020041419171807', '卡圣诞节福克斯大吉', '天津省天津市和平区啊速度发斯蒂芬', '120101', '阿萨德会尽快', '101.33', '101.33', '4', '2020-04-14 09:15:35', 'ADD', '1000', '0.00', null);
INSERT INTO `business_community` VALUES ('702020041408320070', '202020041492540063', '卡圣诞节福克斯大吉', '天津省天津市和平区啊速度发斯蒂芬', '120101', '阿萨德会尽快', '101.33', '101.33', '4', '2020-04-14 15:55:03', 'DEl', '1000', '0.00', null);
INSERT INTO `business_community` VALUES ('702020041408320070', '202020041492540063', '卡圣诞节福克斯大吉', '天津省天津市和平区啊速度发斯蒂芬', '120101', '阿萨德会尽快', '101.33', '101.33', '4', '2020-04-14 15:55:03', 'ADD', '1100', '0.00', null);
INSERT INTO `business_community` VALUES ('702020041672930050', '202020041610540661', '中惠紫禁城', '青海省西宁市城东区青海省西宁市城东区', '630102', '万达广场', '101.33', '101.33', '4', '2020-04-16 14:27:32', 'ADD', '1000', '0.00', null);
INSERT INTO `business_community` VALUES ('702020041672930050', '202020041681530694', '中惠紫禁城', '青海省西宁市城东区青海省西宁市城东区', '630102', '万达广场', '101.33', '101.33', '4', '2020-04-16 15:01:58', 'DEl', '1000', '0.00', null);
INSERT INTO `business_community` VALUES ('702020041672930050', '202020041681530694', '中惠紫禁城', '青海省西宁市城东区青海省西宁市城东区', '630102', '万达广场', '101.33', '101.33', '4', '2020-04-16 15:01:58', 'ADD', '1100', '0.00', null);
INSERT INTO `business_community` VALUES ('702020041686460064', '202020041630160730', '宜家湘颂', '湖南省长沙市开福区陡岭路', '430105', 'aaa', '101.33', '101.33', '4', '2020-04-16 15:11:47', 'ADD', '1000', '0.00', null);
INSERT INTO `business_community` VALUES ('702020041686460064', '202020041615380798', '宜家湘颂', '湖南省长沙市开福区陡岭路', '430105', 'aaa', '101.33', '101.33', '4', '2020-04-16 15:31:37', 'DEl', '1000', '0.00', null);
INSERT INTO `business_community` VALUES ('702020041686460064', '202020041615380798', '宜家湘颂', '湖南省长沙市开福区陡岭路', '430105', 'aaa', '101.33', '101.33', '4', '2020-04-16 15:31:37', 'ADD', '1100', '0.00', null);
INSERT INTO `business_community` VALUES ('702020041656090086', '202020041666070839', 'liujiejiejie', '山西省长治市襄垣县啊啊撒啊啊啊啊', '140423', '啊啊啊啊啊啊啊啊啊', '101.33', '101.33', '4', '2020-04-16 16:04:01', 'ADD', '1000', '0.00', null);
INSERT INTO `business_community` VALUES ('702020041656090086', '202020041627330852', 'liujiejiejie', '山西省长治市襄垣县啊啊撒啊啊啊啊', '140423', '啊啊啊啊啊啊啊啊啊', '101.33', '101.33', '4', '2020-04-16 16:06:13', 'DEl', '1000', '0.00', null);
INSERT INTO `business_community` VALUES ('702020041656090086', '202020041627330852', 'liujiejiejie', '山西省长治市襄垣县啊啊撒啊啊啊啊', '140423', '啊啊啊啊啊啊啊啊啊', '101.33', '101.33', '4', '2020-04-16 16:06:13', 'ADD', '1100', '0.00', null);
INSERT INTO `business_community` VALUES ('702020041611590100', '202020041688370875', 'liujiejiejiejie', '山西省阳泉市矿区liuliuliuliu', '140303', 'liuliuliuliu', '101.33', '101.33', '4', '2020-04-16 16:16:15', 'ADD', '1000', '0.00', null);
INSERT INTO `business_community` VALUES ('702020041611590100', '202020041618380886', 'liujiejiejiejie', '山西省阳泉市矿区liuliuliuliu', '140303', 'liuliuliuliu', '101.33', '101.33', '4', '2020-04-16 16:16:45', 'DEl', '1000', '0.00', null);
INSERT INTO `business_community` VALUES ('702020041611590100', '202020041618380886', 'liujiejiejiejie', '山西省阳泉市矿区liuliuliuliu', '140303', 'liuliuliuliu', '101.33', '101.33', '4', '2020-04-16 16:16:45', 'ADD', '1100', '0.00', null);
INSERT INTO `business_community` VALUES ('702020041638100122', '202020041689920941', '宜家湘颂', '湖南省长沙市开福区gogogog', '430105', 'ggggg', '101.33', '101.33', '4', '2020-04-16 16:54:19', 'ADD', '1000', '0.00', null);
INSERT INTO `business_community` VALUES ('702020041638100122', '202020041647190952', '宜家湘颂', '湖南省长沙市开福区gogogog', '430105', 'ggggg', '101.33', '101.33', '4', '2020-04-16 16:55:29', 'DEl', '1000', '0.00', null);
INSERT INTO `business_community` VALUES ('702020041638100122', '202020041647190952', '宜家湘颂', '湖南省长沙市开福区gogogog', '430105', 'ggggg', '101.33', '101.33', '4', '2020-04-16 16:55:29', 'ADD', '1100', '0.00', null);
INSERT INTO `business_community` VALUES ('702020041638100122', '202020041640781009', '宜家湘颂', '湖南省长沙市开福区gogogog', '430105', 'ggggg', '101.33', '101.33', '4', '2020-04-16 18:04:12', 'DEl', '1100', '0.00', null);
INSERT INTO `business_community` VALUES ('702020041638100122', '202020041640781009', '宜家湘颂', '湖南省长沙市开福区', '430105', 'ggggg', '101.33', '101.33', '4', '2020-04-16 18:04:12', 'ADD', '1100', '0.00', null);
INSERT INTO `business_community` VALUES ('702020041610660140', '202020041687061020', '银座华府', '山东省青岛市李沧区山东省青岛市李沧区枣园路11号', '370213', '银座', '101.33', '101.33', '4', '2020-04-16 18:09:02', 'ADD', '1000', '0.00', null);
INSERT INTO `business_community` VALUES ('702020041610660140', '202020041690641031', '银座华府', '山东省青岛市李沧区山东省青岛市李沧区枣园路11号', '370213', '银座', '101.33', '101.33', '4', '2020-04-16 18:09:59', 'DEl', '1000', '0.00', null);
INSERT INTO `business_community` VALUES ('702020041610660140', '202020041690641031', '银座华府', '山东省青岛市李沧区山东省青岛市李沧区枣园路11号', '370213', '银座', '101.33', '101.33', '4', '2020-04-16 18:09:59', 'ADD', '1100', '0.00', null);
INSERT INTO `business_community` VALUES ('702020041638100122', '202020041693721073', '宜家湘颂', '湖南省长沙市开福区', '430105', 'ggggg', '101.33', '101.33', '4', '2020-04-16 18:14:55', 'DEl', '1100', '0.00', null);
INSERT INTO `business_community` VALUES ('702020041638100122', '202020041693721073', '宜家湘颂', '湖南省长沙市开福区', '430105', 'ggggg', '101.33', '101.33', '4', '2020-04-16 18:14:55', 'ADD', '1000', '0.00', null);
INSERT INTO `business_community` VALUES ('702020041686460064', '202020041684971075', '宜家湘颂', '湖南省长沙市开福区陡岭路', '430105', 'aaa', '101.33', '101.33', '4', '2020-04-16 18:14:58', 'DEl', '1100', '0.00', null);
INSERT INTO `business_community` VALUES ('702020041686460064', '202020041684971075', '宜家湘颂', '湖南省长沙市开福区陡岭路', '430105', 'aaa', '101.33', '101.33', '4', '2020-04-16 18:14:58', 'ADD', '1000', '0.00', null);
INSERT INTO `business_community` VALUES ('702020041638100122', '202020041631701077', '宜家湘颂', '湖南省长沙市开福区', '430105', 'ggggg', '101.33', '101.33', '4', '2020-04-16 18:15:11', 'DEl', '1000', '0.00', null);
INSERT INTO `business_community` VALUES ('702020041638100122', '202020041631701077', '宜家湘颂', '湖南省长沙市开福区', '430105', 'ggggg', '101.33', '101.33', '4', '2020-04-16 18:15:11', 'ADD', '1200', '0.00', null);
INSERT INTO `business_community` VALUES ('702020041686460064', '202020041636161079', '宜家湘颂', '湖南省长沙市开福区陡岭路', '430105', 'aaa', '101.33', '101.33', '4', '2020-04-16 18:15:15', 'DEl', '1000', '0.00', null);
INSERT INTO `business_community` VALUES ('702020041686460064', '202020041636161079', '宜家湘颂', '湖南省长沙市开福区陡岭路', '430105', 'aaa', '101.33', '101.33', '4', '2020-04-16 18:15:15', 'ADD', '1200', '0.00', null);
INSERT INTO `business_community` VALUES ('702020042138750010', '202020042161600294', '西府海棠', '北京省北京市丰台区西府', '110106', '海棠', '101.33', '101.33', '4', '2020-04-21 08:57:45', 'ADD', '1000', '0.00', null);
INSERT INTO `business_community` VALUES ('702020042138750010', '202020042124120305', '西府海棠', '北京省北京市丰台区西府', '110106', '海棠', '101.33', '101.33', '4', '2020-04-21 08:58:10', 'DEl', '1000', '0.00', null);
INSERT INTO `business_community` VALUES ('702020042138750010', '202020042124120305', '西府海棠', '北京省北京市丰台区西府', '110106', '海棠', '101.33', '101.33', '4', '2020-04-21 08:58:10', 'ADD', '1100', '0.00', null);
INSERT INTO `business_community` VALUES ('702020042166630032', '202020042102470548', '老九大玩法非法人', '四川省成都市锦江区吊袜带安抚', '510104', '阿瓦我发', '101.33', '101.33', '4', '2020-04-21 15:46:22', 'ADD', '1000', '0.00', null);
INSERT INTO `business_community` VALUES ('702020042166630032', '202020042109940559', '老九大玩法非法人', '四川省成都市锦江区吊袜带安抚', '510104', '阿瓦我发', '101.33', '101.33', '4', '2020-04-21 15:47:00', 'DEl', '1000', '0.00', null);
INSERT INTO `business_community` VALUES ('702020042166630032', '202020042109940559', '老九大玩法非法人', '四川省成都市锦江区吊袜带安抚', '510104', '阿瓦我发', '101.33', '101.33', '4', '2020-04-21 15:47:00', 'ADD', '1100', '0.00', null);
INSERT INTO `business_community` VALUES ('702020042143550052', '202020042132670635', '老九学堂', '嘻嘻嘻嘻嘻哈哈哈哈', '0971', '欢欢喜喜', '101.33', '101.33', '4', '2020-04-21 16:42:28', 'ADD', '1000', '0.00', null);
INSERT INTO `business_community` VALUES ('702020042140640070', '202020042121400716', '老九学堂', '四川省成都市青羊区嘻嘻哈哈', '510105', '哈哈嘻嘻', '101.33', '101.33', '4', '2020-04-21 19:46:56', 'ADD', '1000', '0.00', null);
INSERT INTO `business_community` VALUES ('702020042140640070', '202020042114440727', '老九学堂', '四川省成都市青羊区嘻嘻哈哈', '510105', '哈哈嘻嘻', '101.33', '101.33', '4', '2020-04-21 19:47:10', 'DEl', '1000', '0.00', null);
INSERT INTO `business_community` VALUES ('702020042140640070', '202020042114440727', '老九学堂', '四川省成都市青羊区嘻嘻哈哈', '510105', '哈哈嘻嘻', '101.33', '101.33', '4', '2020-04-21 19:47:10', 'ADD', '1100', '0.00', null);
INSERT INTO `business_community` VALUES ('702020042205570136', '202020042286831181', '老九学堂', '四川省达州市通川区老九学堂', '511702', '老九', '101.33', '101.33', '4', '2020-04-22 13:26:54', 'ADD', '1000', '0.00', null);
INSERT INTO `business_community` VALUES ('702020042205570136', '202020042299151194', '老九学堂', '四川省达州市通川区老九学堂', '511702', '老九', '101.33', '101.33', '4', '2020-04-22 13:27:08', 'DEl', '1000', '0.00', null);
INSERT INTO `business_community` VALUES ('702020042205570136', '202020042299151194', '老九学堂', '四川省达州市通川区老九学堂', '511702', '老九', '101.33', '101.33', '4', '2020-04-22 13:27:08', 'ADD', '1100', '0.00', null);
INSERT INTO `business_community` VALUES ('702020042297830160', '202020042237201333', '老九学堂', '四川省成都市锦江区老九学堂', '510104', '老九学堂', '101.33', '101.33', '4', '2020-04-22 16:21:10', 'ADD', '1000', '0.00', null);
INSERT INTO `business_community` VALUES ('702020042297830160', '202020042202371344', '老九学堂', '四川省成都市锦江区老九学堂', '510104', '老九学堂', '101.33', '101.33', '4', '2020-04-22 16:21:26', 'DEl', '1000', '0.00', null);
INSERT INTO `business_community` VALUES ('702020042297830160', '202020042202371344', '老九学堂', '四川省成都市锦江区老九学堂', '510104', '老九学堂', '101.33', '101.33', '4', '2020-04-22 16:21:26', 'ADD', '1100', '0.00', null);
INSERT INTO `business_community` VALUES ('702020042230420178', '202020042212901402', '马家花园', '黑龙江省哈尔滨市香坊区1', '230110', '1', '101.33', '101.33', '4', '2020-04-22 16:36:01', 'ADD', '1000', '0.00', null);
INSERT INTO `business_community` VALUES ('702020042230420178', '202020042206561415', '马家花园', '黑龙江省哈尔滨市香坊区1', '230110', '1', '101.33', '101.33', '4', '2020-04-22 16:37:57', 'DEl', '1000', '0.00', null);
INSERT INTO `business_community` VALUES ('702020042230420178', '202020042206561415', '马家花园', '黑龙江省哈尔滨市香坊区1', '230110', '1', '101.33', '101.33', '4', '2020-04-22 16:37:57', 'ADD', '1100', '0.00', null);
INSERT INTO `business_community` VALUES ('702020041686460064', '202020042492220254', '宜家湘颂', '湖南省长沙市开福区陡岭路', '430105', 'aaa', '101.33', '101.33', '4', '2020-04-24 01:04:06', 'DEl', '1200', '0.00', null);
INSERT INTO `business_community` VALUES ('702020041686460064', '202020042492220254', '宜家湘颂', '湖南省长沙市开福区陡岭路', '430105', 'aaa', '101.33', '101.33', '4', '2020-04-24 01:04:06', 'ADD', '1200', '0.00', null);
INSERT INTO `business_community` VALUES ('702020042497610018', '202020042461920334', '功能测试小区', '北京省北京市西城区地址地址地址地址地址地址', '110102', '地址地址地址地址地址地址地址地址地址地址地址地址地址地址地址地址地址地址地址地址地址地址地址地址', '101.33', '101.33', '4', '2020-04-24 09:50:16', 'ADD', '1000', '0.00', null);
INSERT INTO `business_community` VALUES ('702020042497610018', '202020042459480345', '功能测试小区', '北京省北京市西城区地址地址地址地址地址地址', '110102', '地址地址地址地址地址地址地址地址地址地址地址地址地址地址地址地址地址地址地址地址地址地址地址地址', '101.33', '101.33', '4', '2020-04-24 09:52:04', 'DEl', '1000', '0.00', null);
INSERT INTO `business_community` VALUES ('702020042497610018', '202020042459480345', '功能测试小区', '北京省北京市西城区地址地址地址地址地址地址', '110102', '地址地址地址地址地址地址地址地址地址地址地址地址地址地址地址地址地址地址地址地址地址地址地址地址', '101.33', '101.33', '4', '2020-04-24 09:52:04', 'ADD', '1100', '0.00', null);
INSERT INTO `business_community` VALUES ('702020042419630026', '202020042431700434', '平安家园', '河南省郑州市中原区中原区松山路130号', '410102', '万达广场', '101.33', '101.33', '4', '2020-04-24 11:07:07', 'ADD', '1000', '0.00', null);
INSERT INTO `business_community` VALUES ('702020042419630026', '202020042458340445', '平安家园', '河南省郑州市中原区中原区松山路130号', '410102', '万达广场', '101.33', '101.33', '4', '2020-04-24 11:11:11', 'DEl', '1000', '0.00', null);
INSERT INTO `business_community` VALUES ('702020042419630026', '202020042458340445', '平安家园', '河南省郑州市中原区中原区松山路130号', '410102', '万达广场', '101.33', '101.33', '4', '2020-04-24 11:11:11', 'ADD', '1100', '0.00', null);
INSERT INTO `business_community` VALUES ('702020041686460064', '202020042414440657', '宜家湘颂', '湖南省长沙市开福区陡岭路', '430105', 'aaa', '101.33', '101.33', '4', '2020-04-24 16:06:24', 'DEl', '1200', '0.00', null);
INSERT INTO `business_community` VALUES ('702020042801780008', '202020042805530364', '平安家园11', '北京省北京市东城区北影', '110101', '金融', '101.33', '101.33', '4', '2020-04-28 22:00:58', 'ADD', '1000', '0.00', null);
INSERT INTO `business_community` VALUES ('702020042801780008', '202020042800880377', '平安家园11', '北京省北京市东城区北影', '110101', '金融', '101.33', '101.33', '4', '2020-04-28 22:03:45', 'DEl', '1000', '0.00', null);
INSERT INTO `business_community` VALUES ('702020042801780008', '202020042800880377', '平安家园11', '北京省北京市东城区北影', '110101', '金融', '101.33', '101.33', '4', '2020-04-28 22:03:45', 'ADD', '1100', '0.00', null);
INSERT INTO `business_community` VALUES ('702020042909880020', '202020042935890463', 'A小区都懂得大道多', '湖北省武汉市洪山区都懂得都懂得都懂得多的', '420111', '都懂得都懂得都懂得多的', '101.33', '101.33', '4', '2020-04-29 10:54:46', 'ADD', '1000', '0.00', null);
INSERT INTO `business_community` VALUES ('702020042945040046', '202020042903040743', '测试one', '江苏省苏州市吴江区1', '320509', '1', '101.33', '101.33', '4', '2020-04-29 16:56:37', 'ADD', '1000', '0.00', null);
INSERT INTO `business_community` VALUES ('702020042945040046', '202020042978980754', '测试one', '江苏省苏州市吴江区1', '320509', '1', '101.33', '101.33', '4', '2020-04-29 16:57:05', 'DEl', '1000', '0.00', null);
INSERT INTO `business_community` VALUES ('702020042945040046', '202020042978980754', '测试one', '江苏省苏州市吴江区1', '320509', '1', '101.33', '101.33', '4', '2020-04-29 16:57:05', 'ADD', '1100', '0.00', null);
INSERT INTO `business_community` VALUES ('2021040761430112', '202021040797150979', '乡创云', '北京省北京市石景山区恶趣味群', '110107', '恶趣味群翁群翁群', '101.33', '101.33', '4', '2021-04-07 09:29:59', 'ADD', '1000', '0.00', '12232131233');
INSERT INTO `business_community` VALUES ('2021040761430112', '202021040783070984', '乡创云', '北京省北京市石景山区恶趣味群', '110107', '恶趣味群翁群翁群', '101.33', '101.33', '4', '2021-04-07 09:30:29', 'DEl', '1000', null, null);
INSERT INTO `business_community` VALUES ('2021040761430112', '202021040783070984', '乡创云', '北京省北京市石景山区恶趣味群', '110107', '恶趣味群翁群翁群', '101.33', '101.33', '4', '2021-04-07 09:30:29', 'ADD', '1100', '0.00', null);
INSERT INTO `business_community` VALUES ('2021040733150118', '202021040709790986', '乡创乡愁', '贵州省贵阳市观山湖区友山基金大厦', '520115', '五', '101.33', '101.33', '4', '2021-04-07 09:33:31', 'ADD', '1000', '0.00', '18198100188');
INSERT INTO `business_community` VALUES ('2021040733150118', '202021040762700994', '乡创乡愁', '贵州省贵阳市观山湖区友山基金大厦', '520115', '五', '101.33', '101.33', '4', '2021-04-07 09:33:50', 'DEl', '1000', null, null);
INSERT INTO `business_community` VALUES ('2021040733150118', '202021040762700994', '乡创乡愁', '贵州省贵阳市观山湖区友山基金大厦', '520115', '五', '101.33', '101.33', '4', '2021-04-07 09:33:50', 'ADD', '1100', '0.00', null);
INSERT INTO `business_community` VALUES ('2021040733150118', '202021040725181012', '乡创乡愁', '贵州省贵阳市观山湖区友山基金大厦', '520115', '五', '101.33', '101.33', '4', '2021-04-07 09:37:37', 'DEl', '1100', null, null);
INSERT INTO `business_community` VALUES ('2021040733150118', '202021040725181012', '乡创乡愁', '贵州省贵阳市观山湖区友山基金大厦', '520115', '五', '101.33', '101.33', '4', '2021-04-07 09:37:37', 'ADD', '1000', '0.00', null);
INSERT INTO `business_community` VALUES ('2021040754350004', '202021040798241311', '达达小区', '浙江省杭州市萧山区鸿宁路658号', '330109', '大老鹰', '101.33', '101.33', '4', '2021-04-07 23:11:01', 'ADD', '1000', '0.00', '15988483720');
INSERT INTO `business_community` VALUES ('2021040754350004', '202021040735921322', '达达小区', '浙江省杭州市萧山区鸿宁路658号', '330109', '大老鹰', '101.33', '101.33', '4', '2021-04-07 23:20:27', 'DEl', '1000', null, null);
INSERT INTO `business_community` VALUES ('2021040754350004', '202021040735921322', '达达小区', '浙江省杭州市萧山区鸿宁路658号', '330109', '大老鹰', '101.33', '101.33', '4', '2021-04-07 23:20:27', 'ADD', '1100', '0.00', null);
INSERT INTO `business_community` VALUES ('2021040761430112', '202021040844451530', '乡创云', '北京省北京市石景山区恶趣味群', '110107', '恶趣味群翁群翁群', '101.33', '101.33', '4', '2021-04-08 11:46:07', 'DEl', '1100', null, null);
INSERT INTO `business_community` VALUES ('2021040761430112', '202021040844451530', '乡创云', '北京省北京市石景山区恶趣味群', '110107', '恶趣味群翁群翁群', '101.33', '101.33', '4', '2021-04-08 11:46:07', 'ADD', '', '0.01', '');
INSERT INTO `business_community` VALUES ('2021040761430112', '202021040879141532', '乡创云', '北京省北京市石景山区恶趣味群', '110107', '恶趣味群翁群翁群', '101.33', '101.33', '4', '2021-04-08 11:46:14', 'DEl', '1100', null, null);
INSERT INTO `business_community` VALUES ('2021040761430112', '202021040879141532', '乡创云', '北京省北京市石景山区恶趣味群', '110107', '恶趣味群翁群翁群', '101.33', '101.33', '4', '2021-04-08 11:46:14', 'ADD', '', '0.00', '');
INSERT INTO `business_community` VALUES ('2021040761430112', '202021040845921534', '乡创云', '北京省北京市石景山区恶趣味群', '110107', '恶趣味群翁群翁群', '101.33', '101.33', '4', '2021-04-08 11:46:21', 'DEl', '1100', null, null);
INSERT INTO `business_community` VALUES ('2021040761430112', '202021040845921534', '乡创云', '北京省北京市石景山区恶趣味群', '110107', '恶趣味群翁群翁群', '101.33', '101.33', '4', '2021-04-08 11:46:21', 'ADD', '', '0.00', '');
INSERT INTO `business_community` VALUES ('2021040761430112', '202021040879361536', '乡创云', '北京省北京市石景山区恶趣味群', '110107', '恶趣味群翁群翁群', '101.33', '101.33', '4', '2021-04-08 11:46:38', 'DEl', '1100', null, null);
INSERT INTO `business_community` VALUES ('2021040761430112', '202021040879361536', '乡创云', '北京省北京市石景山区恶趣味群', '110107', '恶趣味群翁群翁群', '101.33', '101.33', '4', '2021-04-08 11:46:38', 'ADD', '', '0.02', '');
INSERT INTO `business_community` VALUES ('2021040761430112', '202021040841931538', '乡创云', '北京省北京市石景山区恶趣味群', '110107', '恶趣味群翁群翁群', '101.33', '101.33', '4', '2021-04-08 11:46:43', 'DEl', '1100', null, null);
INSERT INTO `business_community` VALUES ('2021040761430112', '202021040841931538', '乡创云', '北京省北京市石景山区恶趣味群', '110107', '恶趣味群翁群翁群', '101.33', '101.33', '4', '2021-04-08 11:46:43', 'ADD', '', '0.01', '');
INSERT INTO `business_community` VALUES ('2021040761430112', '202021040835571540', '乡创云', '北京省北京市石景山区恶趣味群', '110107', '恶趣味群翁群翁群', '101.33', '101.33', '4', '2021-04-08 11:46:47', 'DEl', '1100', null, null);
INSERT INTO `business_community` VALUES ('2021040761430112', '202021040835571540', '乡创云', '北京省北京市石景山区恶趣味群', '110107', '恶趣味群翁群翁群', '101.33', '101.33', '4', '2021-04-08 11:46:47', 'ADD', '', '0.00', '');
INSERT INTO `business_community` VALUES ('2021031615160324', '202021040863041749', 'cdfsdf', '天津省天津市河东区sdf ', '120102', 'sdf', '101.33', '101.33', '4', '2021-04-08 15:51:34', 'DEl', '1000', null, null);
INSERT INTO `business_community` VALUES ('2021031615160324', '202021040863041749', 'cdfsdf', '天津省天津市河东区sdf ', '120102', 'sdf', '101.33', '101.33', '4', '2021-04-08 15:51:34', 'ADD', '1100', '0.00', null);
INSERT INTO `business_community` VALUES ('2021031628940136', '202021040806721935', '德云社小区', '天津省天津市和平区滨江道211号', '120101', '滨江道211号', '101.33', '101.33', '4', '2021-04-08 20:30:29', 'DEl', '1000', null, null);
INSERT INTO `business_community` VALUES ('2021031628940136', '202021040806721935', '德云社小区', '天津省天津市和平区滨江道211号', '120101', '滨江道211号', '101.33', '101.33', '4', '2021-04-08 20:30:29', 'ADD', '1100', '0.00', null);
INSERT INTO `business_community` VALUES ('2021031645870204', '202021040842881939', '默认收费项小区', '北京省北京市东城区天安门', '110101', '天安门', '101.33', '101.33', '4', '2021-04-08 20:36:58', 'DEl', '1000', null, null);
INSERT INTO `business_community` VALUES ('2021031645870204', '202021040842881939', '默认收费项小区', '北京省北京市东城区天安门', '110101', '天安门', '101.33', '101.33', '4', '2021-04-08 20:36:58', 'ADD', '1200', '0.00', null);
INSERT INTO `business_community` VALUES ('2021031655480010', '202021040858821941', 'cdfsdf', '天津省天津市河东区sdf ', '120102', 'sdf', '101.33', '101.33', '4', '2021-04-08 20:37:31', 'DEl', '1000', null, null);
INSERT INTO `business_community` VALUES ('2021031655480010', '202021040858821941', 'cdfsdf', '天津省天津市河东区sdf ', '120102', 'sdf', '101.33', '101.33', '4', '2021-04-08 20:37:31', 'ADD', '1200', '0.00', null);
INSERT INTO `business_community` VALUES ('2021031668440154', '202021040854651943', '德商国际', '四川省成都市武侯区益州大道北段1480号', '510107', '奥克斯', '101.33', '101.33', '4', '2021-04-08 20:37:44', 'DEl', '1000', null, null);
INSERT INTO `business_community` VALUES ('2021031668440154', '202021040854651943', '德商国际', '四川省成都市武侯区益州大道北段1480号', '510107', '奥克斯', '101.33', '101.33', '4', '2021-04-08 20:37:44', 'ADD', '1200', '0.00', null);
INSERT INTO `business_community` VALUES ('2021031671690214', '202021040839501955', '默认收费项小区', '北京省北京市东城区天安门', '110101', '天安门', '101.33', '101.33', '4', '2021-04-08 20:56:46', 'DEl', '1000', null, null);
INSERT INTO `business_community` VALUES ('2021040903330084', '202021040952052110', '海菜江楠', '海南省海口市秀英区海南省海口市秀英区粤海大道', '460105', '海南省海口市秀英区粤海大道', '101.33', '101.33', '4', '2021-04-09 14:02:37', 'ADD', '1000', '0.00', '海南省海口市秀英区粤海大道');
INSERT INTO `business_community` VALUES ('2021040903330084', '202021040956262115', '海菜江楠', '海南省海口市秀英区海南省海口市秀英区粤海大道', '460105', '海南省海口市秀英区粤海大道', '101.33', '101.33', '4', '2021-04-09 14:03:31', 'DEl', '1000', null, null);
INSERT INTO `business_community` VALUES ('2021040903330084', '202021040956262115', '海菜江楠', '海南省海口市秀英区海南省海口市秀英区粤海大道', '460105', '海南省海口市秀英区粤海大道', '101.33', '101.33', '4', '2021-04-09 14:03:31', 'ADD', '1100', '0.00', null);
INSERT INTO `business_community` VALUES ('2021041033440056', '202021041026772710', '小区1', '北京省北京市东城区小区1', '110101', '小区1', '101.33', '101.33', '4', '2021-04-10 16:16:53', 'ADD', '1000', '0.00', '小区1');
INSERT INTO `business_community` VALUES ('2021041039200066', '202021041091832720', '小区111', '北京省北京市东城区小区111', '110101', '小区111', '101.33', '101.33', '4', '2021-04-10 16:17:40', 'ADD', '1000', '0.00', '小区111');
INSERT INTO `business_community` VALUES ('2021040754350004', '202021041350143987', '达达小区', '浙江省杭州市萧山区鸿宁路658号', '330109', '大老鹰', '101.33', '101.33', '4', '2021-04-13 16:14:08', 'DEl', '1100', null, null);
INSERT INTO `business_community` VALUES ('2021040754350004', '202021041350143987', '达达小区', '浙江省杭州市萧山区鸿宁路658号', '330109', '大老鹰', '101.33', '101.33', '4', '2021-04-13 16:14:08', 'ADD', '1100', null, null);
INSERT INTO `business_community` VALUES ('2021040754350004', '202021041373633989', '达达小区', '浙江省杭州市萧山区鸿宁路658号', '330109', '大老鹰', '101.33', '101.33', '4', '2021-04-13 16:14:18', 'DEl', '1100', null, null);
INSERT INTO `business_community` VALUES ('2021040754350004', '202021041373633989', '达达小区', '浙江省杭州市萧山区鸿宁路658号', '330109', '大老鹰', '101.33', '101.33', '4', '2021-04-13 16:14:18', 'ADD', '1000', '0.00', null);
INSERT INTO `business_community` VALUES ('2021040754350004', '202021041330843991', '达达小区', '浙江省杭州市萧山区鸿宁路658号', '330109', '大老鹰', '101.33', '101.33', '4', '2021-04-13 16:14:22', 'DEl', '1000', null, null);
INSERT INTO `business_community` VALUES ('2021040754350004', '202021041330843991', '达达小区', '浙江省杭州市萧山区鸿宁路658号', '330109', '大老鹰', '101.33', '101.33', '4', '2021-04-13 16:14:22', 'ADD', '1000', null, null);
INSERT INTO `business_community` VALUES ('2021040754350004', '202021041331983993', '达达小区', '浙江省杭州市萧山区鸿宁路658号', '330109', '大老鹰', '101.33', '101.33', '4', '2021-04-13 16:14:43', 'DEl', '1000', null, null);
INSERT INTO `business_community` VALUES ('2021040754350004', '202021041331983993', '达达小区', '浙江省杭州市萧山区鸿宁路658号', '330109', '大老鹰', '101.33', '101.33', '4', '2021-04-13 16:14:43', 'ADD', '1000', null, null);
INSERT INTO `business_community` VALUES ('2021031678380224', '202021041392073995', '默认收费项小区', '北京省北京市东城区天安门', '110101', '天安门1', '101.33', '101.33', '4', '2021-04-13 16:15:41', 'DEl', '1000', null, null);
INSERT INTO `business_community` VALUES ('2021031678380224', '202021041392073995', '默认收费项小区', '北京省北京市东城区天安门', '110101', '天安门1', '101.33', '101.33', '4', '2021-04-13 16:15:41', 'ADD', '1100', '0.00', null);
INSERT INTO `business_community` VALUES ('2021041377100078', '202021041347253997', 'text', '北京省北京市西城区zhangaijsa', '110102', '1111', '101.33', '101.33', '4', '2021-04-13 16:18:42', 'ADD', '1000', '0.00', '');
INSERT INTO `business_community` VALUES ('2021041377100078', '202021041336774002', 'text', '北京省北京市西城区zhangaijsa', '110102', '1111', '101.33', '101.33', '4', '2021-04-13 16:19:00', 'DEl', '1000', null, null);
INSERT INTO `business_community` VALUES ('2021041377100078', '202021041336774002', 'text', '北京省北京市西城区zhangaijsa', '110102', '1111', '101.33', '101.33', '4', '2021-04-13 16:19:00', 'ADD', '1100', '0.00', null);
INSERT INTO `business_community` VALUES ('2021041477610234', '202021041433254201', 'test', '北京省北京市丰台区天安门', '110106', '1', '101.33', '101.33', '4', '2021-04-14 10:46:49', 'ADD', '1000', '0.00', '2');
INSERT INTO `business_community` VALUES ('2021041477610234', '202021041423704206', 'test', '北京省北京市丰台区天安门', '110106', '1', '101.33', '101.33', '4', '2021-04-14 10:47:02', 'DEl', '1000', null, null);
INSERT INTO `business_community` VALUES ('2021041477610234', '202021041423704206', 'test', '北京省北京市丰台区天安门', '110106', '1', '101.33', '101.33', '4', '2021-04-14 10:47:02', 'ADD', '1100', '0.00', null);
INSERT INTO `business_community` VALUES ('2021041630470028', '202021041630374909', 'cxsc', '福建省泉州市惠安县asadsf', '350521', 'dfdfsd', '101.33', '101.33', '4', '2021-04-16 16:04:32', 'ADD', '1000', '0.00', 'vgdfg');
INSERT INTO `business_community` VALUES ('2021040754350004', '202021041627224914', '达达小区', '浙江省杭州市萧山区鸿宁路658号', '330109', '大老鹰', '101.33', '101.33', '4', '2021-04-16 16:06:37', 'DEl', '1000', null, null);
INSERT INTO `business_community` VALUES ('2021040754350004', '202021041627224914', '达达小区', '浙江省杭州市萧山区鸿宁路658号', '330109', '大老鹰', '101.33', '101.33', '4', '2021-04-16 16:06:37', 'ADD', '1100', '0.00', null);
INSERT INTO `business_community` VALUES ('2021041630470028', '202021041628884916', 'cxsc', '福建省泉州市惠安县asadsf', '350521', 'dfdfsd', '101.33', '101.33', '4', '2021-04-16 16:08:03', 'DEl', '1000', null, null);
INSERT INTO `business_community` VALUES ('2021041630470028', '202021041628884916', 'cxsc', '福建省泉州市惠安县asadsf', '350521', 'dfdfsd', '101.33', '101.33', '4', '2021-04-16 16:08:03', 'ADD', '1100', '0.00', null);
INSERT INTO `business_community` VALUES ('2021041680880036', '202021041654564918', 'qazxs', '北京省北京市东城区zsq', '110101', 'saa', '101.33', '101.33', '4', '2021-04-16 16:08:21', 'ADD', '1000', '0.00', 'aaa');
INSERT INTO `business_community` VALUES ('2021041680880036', '202021041658304923', 'qazxs', '北京省北京市东城区zsq', '110101', 'saa', '101.33', '101.33', '4', '2021-04-16 16:08:30', 'DEl', '1000', null, null);
INSERT INTO `business_community` VALUES ('2021041680880036', '202021041658304923', 'qazxs', '北京省北京市东城区zsq', '110101', 'saa', '101.33', '101.33', '4', '2021-04-16 16:08:30', 'ADD', '1100', '0.00', null);
INSERT INTO `business_community` VALUES ('2021042083670052', '202021042094185466', '去你妈的', '天津省天津市河西区选手达维', '120103', '的撒旦发', '101.33', '101.33', '4', '2021-04-20 14:53:31', 'ADD', '1000', '0.00', '13111111111');
INSERT INTO `business_community` VALUES ('2021042083670052', '202021042057455471', '去你妈的', '天津省天津市河西区选手达维', '120103', '的撒旦发', '101.33', '101.33', '4', '2021-04-20 14:53:49', 'DEl', '1000', null, null);
INSERT INTO `business_community` VALUES ('2021042083670052', '202021042057455471', '去你妈的', '天津省天津市河西区选手达维', '120103', '的撒旦发', '101.33', '101.33', '4', '2021-04-20 14:53:49', 'ADD', '1100', '0.00', null);
INSERT INTO `business_community` VALUES ('2021042212630282', '202021042285640818', 'test', '北京省北京市东城区东城', '110101', '东城', '101.33', '101.33', '4', '2021-04-22 15:13:38', 'ADD', '1000', '0.00', null);
INSERT INTO `business_community` VALUES ('2021042212630282', '202021042279160823', 'test', '北京省北京市东城区东城', '110101', '东城', '101.33', '101.33', '4', '2021-04-22 15:14:05', 'DEl', '1000', null, null);
INSERT INTO `business_community` VALUES ('2021042212630282', '202021042279160823', 'test', '北京省北京市东城区东城', '110101', '东城', '101.33', '101.33', '4', '2021-04-22 15:14:05', 'ADD', '1100', '0.00', null);
INSERT INTO `business_community` VALUES ('2021042230410286', '202021042231730827', 'test155', '北京省北京市东城区test155', '110101', 'test155', '101.33', '101.33', '4', '2021-04-22 15:16:12', 'ADD', '1000', '0.00', null);
INSERT INTO `business_community` VALUES ('2021042230410286', '202021042239280832', 'test155', '北京省北京市东城区test155', '110101', 'test155', '101.33', '101.33', '4', '2021-04-22 15:16:26', 'DEl', '1000', null, null);
INSERT INTO `business_community` VALUES ('2021042230410286', '202021042239280832', 'test155', '北京省北京市东城区test155', '110101', 'test155', '101.33', '101.33', '4', '2021-04-22 15:16:26', 'ADD', '1100', '0.00', null);
INSERT INTO `business_community` VALUES ('2021042350920006', '202021042399871536', '小区111', '北京省北京市东城区1', '110101', '2', '101.33', '101.33', '4', '2021-04-23 14:26:04', 'ADD', '1000', '0.00', '3');
INSERT INTO `business_community` VALUES ('2021042350920006', '202021042350401541', '小区111', '北京省北京市东城区1', '110101', '2', '101.33', '101.33', '4', '2021-04-23 14:26:25', 'DEl', '1000', null, null);
INSERT INTO `business_community` VALUES ('2021042350920006', '202021042350401541', '小区111', '北京省北京市东城区1', '110101', '2', '101.33', '101.33', '4', '2021-04-23 14:26:25', 'ADD', '1100', '0.00', null);
INSERT INTO `business_community` VALUES ('2021041033440056', '202021042342601558', '小区1', '北京省北京市东城区小区1', '110101', '小区1', '101.33', '101.33', '4', '2021-04-23 14:32:59', 'DEl', '1000', null, null);
INSERT INTO `business_community` VALUES ('2021041033440056', '202021042342601558', '小区1', '北京省北京市东城区小区1', '110101', '小区1', '101.33', '101.33', '4', '2021-04-23 14:32:59', 'ADD', '1100', '0.00', null);
INSERT INTO `business_community` VALUES ('2021041039200066', '202021042329531560', '小区111', '北京省北京市东城区小区111', '110101', '小区111', '101.33', '101.33', '4', '2021-04-23 14:33:06', 'DEl', '1000', null, null);
INSERT INTO `business_community` VALUES ('2021041039200066', '202021042329531560', '小区111', '北京省北京市东城区小区111', '110101', '小区111', '101.33', '101.33', '4', '2021-04-23 14:33:06', 'ADD', '1100', '0.00', null);
INSERT INTO `business_community` VALUES ('2021042626490620', '202021042605184400', '中国城', '北京省北京市朝阳区中国城', '110105', '中国城', '101.33', '101.33', '4', '2021-04-26 09:58:15', 'ADD', '1000', '0.00', '中国城');
INSERT INTO `business_community` VALUES ('2021042626490620', '202021042646764410', '中国城', '北京省北京市朝阳区中国城', '110105', '中国城', '101.33', '101.33', '4', '2021-04-26 09:59:30', 'DEl', '1000', null, null);
INSERT INTO `business_community` VALUES ('2021042626490620', '202021042646764410', '中国城', '北京省北京市朝阳区中国城', '110105', '中国城', '101.33', '101.33', '4', '2021-04-26 09:59:30', 'ADD', '1100', '0.00', null);
INSERT INTO `business_community` VALUES ('2021032397850328', '202021042673724463', '北京北辰', '北京省北京市东城区北京北辰', '110101', '1000,1000', '101.33', '101.33', '4', '2021-04-26 10:39:16', 'DEl', '1100', null, null);
INSERT INTO `business_community` VALUES ('2021032397850328', '202021042673724463', '北京北辰', '北京省北京市东城区北京北辰', '110101', '1000,1000', '101.33', '101.33', '4', '2021-04-26 10:39:16', 'ADD', '1100', '1000.00', null);
INSERT INTO `business_community` VALUES ('2021042687110164', '202021042607674766', '海尔绿城', '北京省北京市东城区奥体中路1号', '110101', '奥体中心', '101.33', '101.33', '4', '2021-04-26 15:44:00', 'ADD', '1000', '0.00', '');
INSERT INTO `business_community` VALUES ('2021042687110164', '202021042638814771', '海尔绿城', '北京省北京市东城区奥体中路1号', '110101', '奥体中心', '101.33', '101.33', '4', '2021-04-26 15:44:19', 'DEl', '1000', null, null);
INSERT INTO `business_community` VALUES ('2021042687110164', '202021042638814771', '海尔绿城', '北京省北京市东城区奥体中路1号', '110101', '奥体中心', '101.33', '101.33', '4', '2021-04-26 15:44:19', 'ADD', '1100', '0.00', null);
INSERT INTO `business_community` VALUES ('2021042681080178', '202021042689434790', 'F小区', '北京省北京市东城区自行车', '110101', '自行车', '101.33', '101.33', '4', '2021-04-26 15:50:26', 'ADD', '1000', '0.00', '18762117777');
INSERT INTO `business_community` VALUES ('2021042681080178', '202021042697254795', 'F小区', '北京省北京市东城区自行车', '110101', '自行车', '101.33', '101.33', '4', '2021-04-26 15:50:42', 'DEl', '1000', null, null);
INSERT INTO `business_community` VALUES ('2021042681080178', '202021042697254795', 'F小区', '北京省北京市东城区自行车', '110101', '自行车', '101.33', '101.33', '4', '2021-04-26 15:50:42', 'ADD', '1100', '0.00', null);
INSERT INTO `business_community` VALUES ('2021042687110164', '202021042614775063', '海尔绿城', '北京省北京市东城区奥体中路1号', '110101', '奥体中心', '101.33', '101.33', '4', '2021-04-26 16:37:10', 'DEl', '1100', null, null);
INSERT INTO `business_community` VALUES ('2021042687110164', '202021042614775063', '海尔绿城', '北京省北京市东城区奥体中路1号', '110101', '奥体中心', '101.33', '101.33', '4', '2021-04-26 16:37:10', 'ADD', '1000', '0.00', null);
INSERT INTO `business_community` VALUES ('2021042687110164', '202021042632275068', '海尔绿城', '北京省北京市东城区奥体中路1号', '110101', '奥体中心', '101.33', '101.33', '4', '2021-04-26 16:37:35', 'DEl', '1000', null, null);
INSERT INTO `business_community` VALUES ('2021042682790328', '202021042684615160', '牛逼小区', '北京省北京市东城区牛逼路1号', '110101', '牛逼大楼', '101.33', '101.33', '4', '2021-04-26 17:04:50', 'ADD', '1000', '0.00', '');
INSERT INTO `business_community` VALUES ('2021042682790328', '202021042688965165', '牛逼小区', '北京省北京市东城区牛逼路1号', '110101', '牛逼大楼', '101.33', '101.33', '4', '2021-04-26 17:05:17', 'DEl', '1000', null, null);
INSERT INTO `business_community` VALUES ('2021042682790328', '202021042688965165', '牛逼小区', '北京省北京市东城区牛逼路1号', '110101', '牛逼大楼', '101.33', '101.33', '4', '2021-04-26 17:05:17', 'ADD', '1100', '0.00', null);
INSERT INTO `business_community` VALUES ('2021031683310194', '202021042600385212', '默认收费项测试小区', '北京省北京市东城区天安门', '110101', '天安门', '101.33', '101.33', '4', '2021-04-26 20:47:44', 'DEl', '1000', null, null);
INSERT INTO `business_community` VALUES ('2021031683310194', '202021042600385212', '默认收费项测试小区', '北京省北京市东城区天安门', '110101', '天安门', '101.33', '101.33', '4', '2021-04-26 20:47:44', 'ADD', '1100', '0.00', null);
INSERT INTO `business_community` VALUES ('2021042968670860', '202021042967563420', '苏州园区', '江苏省苏州市苏州工业园区一号线', '320571', '苏州中心', '101.33', '101.33', '4', '2021-04-29 16:14:51', 'ADD', '1000', '0.00', '');
INSERT INTO `business_community` VALUES ('2021042968670860', '202021042904583425', '苏州园区', '江苏省苏州市苏州工业园区一号线', '320571', '苏州中心', '101.33', '101.33', '4', '2021-04-29 16:15:45', 'DEl', '1000', null, null);
INSERT INTO `business_community` VALUES ('2021042968670860', '202021042904583425', '苏州园区', '江苏省苏州市苏州工业园区一号线', '320571', '苏州中心', '101.33', '101.33', '4', '2021-04-29 16:15:45', 'ADD', '1100', '0.00', null);
INSERT INTO `business_community` VALUES ('2021042996780878', '202021042912333455', '苏州园区2', '江苏省苏州市苏州工业园区一号线', '320571', '没有', '101.33', '101.33', '4', '2021-04-29 16:27:34', 'ADD', '1000', '0.00', '');
INSERT INTO `business_community` VALUES ('2021042996780878', '202021042911303460', '苏州园区2', '江苏省苏州市苏州工业园区一号线', '320571', '没有', '101.33', '101.33', '4', '2021-04-29 16:27:53', 'DEl', '1000', null, null);
INSERT INTO `business_community` VALUES ('2021042996780878', '202021042911303460', '苏州园区2', '江苏省苏州市苏州工业园区一号线', '320571', '没有', '101.33', '101.33', '4', '2021-04-29 16:27:53', 'ADD', '1200', '0.00', null);
INSERT INTO `business_community` VALUES ('2021042996780878', '202021042942133462', '苏州园区2', '江苏省苏州市苏州工业园区一号线', '320571', '没有', '101.33', '101.33', '4', '2021-04-29 16:28:38', 'DEl', '1200', null, null);
INSERT INTO `business_community` VALUES ('2021042996780878', '202021042942133462', '苏州园区2', '江苏省苏州市苏州工业园区一号线', '320571', '没有', '101.33', '101.33', '4', '2021-04-29 16:28:38', 'ADD', '1000', '0.00', null);
INSERT INTO `business_community` VALUES ('2021042968670860', '202021042917213472', '苏州园区', '江苏省苏州市苏州工业园区一号线', '320571', '苏州中心', '101.33', '101.33', '4', '2021-04-29 16:36:42', 'DEl', '1100', null, null);
INSERT INTO `business_community` VALUES ('2021042968670860', '202021042917213472', '苏州园区', '江苏省苏州市苏州工业园区一号线', '320571', '苏州中心', '101.33', '101.33', '4', '2021-04-29 16:36:42', 'ADD', '1000', '0.00', null);
INSERT INTO `business_community` VALUES ('2021042968670860', '202021042915973474', '苏州园区', '江苏省苏州市苏州工业园区一号线', '320571', '苏州中心', '101.33', '101.33', '4', '2021-04-29 16:36:51', 'DEl', '1000', null, null);
INSERT INTO `business_community` VALUES ('2021042968670860', '202021042915973474', '苏州园区', '江苏省苏州市苏州工业园区一号线', '320571', '苏州中心', '101.33', '101.33', '4', '2021-04-29 16:36:51', 'ADD', '1100', '0.00', null);
INSERT INTO `business_community` VALUES ('2021042968670860', '202021042943843478', '苏州园区', '江苏省苏州市苏州工业园区一号线', '320571', '苏州中心', '101.33', '101.33', '4', '2021-04-29 16:37:51', 'DEl', '1100', null, null);
INSERT INTO `business_community` VALUES ('2021042968670860', '202021042943843478', '苏州园区', '江苏省苏州市苏州工业园区一号线', '320571', '苏州中心', '101.33', '101.33', '4', '2021-04-29 16:37:51', 'ADD', '1000', '0.00', null);
INSERT INTO `business_community` VALUES ('2021042968670860', '202021042983103480', '苏州园区', '江苏省苏州市苏州工业园区一号线', '320571', '苏州中心', '101.33', '101.33', '4', '2021-04-29 16:38:18', 'DEl', '1000', null, null);
INSERT INTO `business_community` VALUES ('2021042968670860', '202021042983103480', '苏州园区', '江苏省苏州市苏州工业园区一号线', '320571', '苏州中心', '101.33', '101.33', '4', '2021-04-29 16:38:18', 'ADD', '1100', '0.00', null);
INSERT INTO `business_community` VALUES ('2021042996780878', '202021042969653501', '苏州园区2', '江苏省苏州市苏州工业园区一号线', '320571', '没有', '101.33', '101.33', '4', '2021-04-29 16:44:50', 'DEl', '1000', null, null);
INSERT INTO `business_community` VALUES ('2021042996780878', '202021042969653501', '苏州园区2', '江苏省苏州市苏州工业园区一号线', '320571', '没有', '101.33', '101.33', '4', '2021-04-29 16:44:50', 'ADD', '1100', '0.00', null);
INSERT INTO `business_community` VALUES ('2021042968670860', '202021042986453519', '苏州园区', '江苏省苏州市苏州工业园区一号线', '320571', '苏州中心', '101.33', '101.33', '4', '2021-04-29 16:48:59', 'DEl', '1100', null, null);
INSERT INTO `business_community` VALUES ('2021042968670860', '202021042986453519', '苏州园区', '江苏省苏州市苏州工业园区一号线', '320571', '苏州中心', '101.33', '101.33', '4', '2021-04-29 16:48:59', 'ADD', '1000', '0.00', null);
INSERT INTO `business_community` VALUES ('2021042968670860', '202021042957503521', '苏州园区', '江苏省苏州市苏州工业园区一号线', '320571', '苏州中心', '101.33', '101.33', '4', '2021-04-29 16:49:11', 'DEl', '1000', null, null);
INSERT INTO `business_community` VALUES ('2021042968670860', '202021042957503521', '苏州园区', '江苏省苏州市苏州工业园区一号线', '320571', '苏州中心', '101.33', '101.33', '4', '2021-04-29 16:49:11', 'ADD', '1100', '0.00', null);
INSERT INTO `business_community` VALUES ('2021043070600054', '202021043050514015', '试试', '河北省邯郸市邯山区试试', '130402', '试试', '101.33', '101.33', '4', '2021-04-30 15:05:50', 'ADD', '1000', '0.00', '试试');
INSERT INTO `business_community` VALUES ('2021043070600054', '202021043051194020', '试试', '河北省邯郸市邯山区试试', '130402', '试试', '101.33', '101.33', '4', '2021-04-30 15:06:12', 'DEl', '1000', null, null);
INSERT INTO `business_community` VALUES ('2021043070600054', '202021043051194020', '试试', '河北省邯郸市邯山区试试', '130402', '试试', '101.33', '101.33', '4', '2021-04-30 15:06:12', 'ADD', '1100', '0.00', null);
INSERT INTO `business_community` VALUES ('2021043070600054', '202021043052524031', '试试', '河北省邯郸市邯山区试试', '130402', '试试', '101.33', '101.33', '4', '2021-04-30 15:14:37', 'DEl', '1100', null, null);
INSERT INTO `business_community` VALUES ('2021043070600054', '202021043052524031', '试试11', '是', '130402', '试试', '101.33', '101.33', '4', '2021-04-30 15:14:37', 'ADD', '1100', null, null);
INSERT INTO `business_community` VALUES ('2021043070600054', '202021043064424033', '试试11', '是', '130402', '试试', '101.33', '101.33', '4', '2021-04-30 15:14:56', 'DEl', '1100', null, null);
INSERT INTO `business_community` VALUES ('2021043070600054', '202021043064424033', '试试11', '是', '130402', '试试', '101.33', '101.33', '4', '2021-04-30 15:14:56', 'ADD', '1100', null, null);
INSERT INTO `business_community` VALUES ('2021043070600054', '202021043082144035', '试试11', '是', '130402', '试试', '101.33', '101.33', '4', '2021-04-30 15:15:25', 'DEl', '1100', null, null);
INSERT INTO `business_community` VALUES ('2021043070600054', '202021043082144035', '试试222222', '是', '130402', '试试', '101.33', '101.33', '4', '2021-04-30 15:15:25', 'ADD', '1100', null, null);
INSERT INTO `business_community` VALUES ('2021043070600054', '202021043038334037', '试试222222', '是', '130402', '试试', '101.33', '101.33', '4', '2021-04-30 15:16:01', 'DEl', '1100', null, null);
INSERT INTO `business_community` VALUES ('2021043070600054', '202021043038334037', '试试222222', '是', '130402', '试试', '101.33', '101.33', '4', '2021-04-30 15:16:01', 'ADD', '1000', '0.00', null);
INSERT INTO `business_community` VALUES ('2021043070600054', '202021043069304039', '试试222222', '是', '130402', '试试', '101.33', '101.33', '4', '2021-04-30 15:16:26', 'DEl', '1000', null, null);
INSERT INTO `business_community` VALUES ('2021043023610066', '202021043007614041', 'see', '福建省厦门市思明区22 ', '350203', '2', '101.33', '101.33', '4', '2021-04-30 15:17:00', 'ADD', '1000', '0.00', '1');
INSERT INTO `business_community` VALUES ('2021043023610066', '202021043077594046', 'see', '福建省厦门市思明区22 ', '350203', '2', '101.33', '101.33', '4', '2021-04-30 15:17:18', 'DEl', '1000', null, null);
INSERT INTO `business_community` VALUES ('2021043023610066', '202021043077594046', 'see', '福建省厦门市思明区22 ', '350203', '2', '101.33', '101.33', '4', '2021-04-30 15:17:18', 'ADD', '1100', '0.00', null);
INSERT INTO `business_community` VALUES ('2021043023610066', '202021043082704056', 'see', '福建省厦门市思明区22 ', '350203', '2', '101.33', '101.33', '4', '2021-04-30 15:22:11', 'DEl', '1100', null, null);
INSERT INTO `business_community` VALUES ('2021043023610066', '202021043082704056', 'see', '福建省厦门市思明区22 ', '350203', '2', '101.33', '101.33', '4', '2021-04-30 15:22:11', 'ADD', '', '110.00', '');
INSERT INTO `business_community` VALUES ('702019051474290001', '1234567891', '万博家博园（城西区）', '青海省西宁市城中区129号', '100010', '王府井旁30米', '101.801909', '36.597263', '5', '2019-05-14 09:19:04', 'ADD', '1000', '0.00', null);
INSERT INTO `business_community` VALUES ('702019051443120001', '22234567891', '万博家博园（城南区）', '青海省西宁市城中区129号', '100010', '王府井旁30米', '101.801909', '36.597263', '5', '2019-05-14 09:24:07', 'ADD', '1000', '0.00', null);
INSERT INTO `business_community` VALUES ('702019051636890002', '52234567891', '万博家博园（城V区）', '青海省西宁市城中区129号', '100010', '王府井旁30米', '101.801909', '36.597263', '5', '2019-05-16 02:00:00', 'ADD', '1000', '0.00', null);
INSERT INTO `business_community` VALUES ('702019051614110008', '72234567891', '万博家博园（城V区）', '青海省西宁市城中区129号', '100010', '王府井旁30米', '101.801909', '36.597263', '5', '2019-05-16 02:07:20', 'ADD', '1000', '0.00', null);
INSERT INTO `business_community` VALUES ('702019051621670004', '82234567891', '万博家博园（城V区）', '青海省西宁市城中区129号', '100010', '王府井旁30米', '101.801909', '36.597263', '5', '2019-05-16 02:11:01', 'ADD', '1000', '0.00', null);
INSERT INTO `business_community` VALUES ('702019051635110010', '92234567892', '万博家博园（城V区）', '青海省西宁市城中区129号', '100010', '王府井旁30米', '101.801909', '36.597263', '5', '2019-05-16 02:17:16', 'ADD', '1000', '0.00', null);
INSERT INTO `business_community` VALUES ('702019051626540004', '92234567896', '万博家博园（城V区）', '青海省西宁市城中区129号', '100010', '王府井旁30米', '101.801909', '36.597263', '5', '2019-05-16 02:36:50', 'ADD', '1000', '0.00', null);
INSERT INTO `business_community` VALUES ('702020050820640004', '202020050820693019', '茂源工业园', '广东省深圳市龙华区观湖街道下湖社区', '440309', '高新科技园', '101.33', '101.33', '5', '2020-05-08 21:16:05', 'ADD', '1000', '0.00', null);
INSERT INTO `business_community` VALUES ('702020051073310006', '202020051065133531', 'HC智慧小区', '青海省西宁市城中区申宁路6号', '630103', 'HC智慧小区', '101.33', '101.33', '5', '2020-05-10 10:08:50', 'ADD', '1000', '0.00', null);
INSERT INTO `business_community` VALUES ('702020051073310006', '202020051088103542', 'HC智慧小区', '青海省西宁市城中区申宁路6号', '630103', 'HC智慧小区', '101.33', '101.33', '5', '2020-05-10 10:09:47', 'DEl', '1000', '0.00', null);
INSERT INTO `business_community` VALUES ('702020051073310006', '202020051088103542', 'HC智慧小区', '青海省西宁市城中区申宁路6号', '630103', 'HC智慧小区', '101.33', '101.33', '5', '2020-05-10 10:09:47', 'ADD', '1100', '0.00', null);
INSERT INTO `business_community` VALUES ('702020051011700034', '202020051016663745', '锦绣园小区', '山西省晋中市榆次区锦绣园小区', '140702', '榆次文化广场', '101.33', '101.33', '5', '2020-05-10 23:43:53', 'ADD', '1000', '0.00', null);
INSERT INTO `business_community` VALUES ('702020051011700034', '202020051179163784', '锦绣园小区', '山西省晋中市榆次区锦绣园小区', '140702', '榆次文化广场', '101.33', '101.33', '5', '2020-05-11 00:16:04', 'DEl', '1000', '0.00', null);
INSERT INTO `business_community` VALUES ('702020051011700034', '202020051179163784', '锦绣园小区', '山西省晋中市榆次区锦绣园小区', '140702', '榆次文化广场', '101.33', '101.33', '5', '2020-05-11 00:16:04', 'ADD', '1100', '0.00', null);
INSERT INTO `business_community` VALUES ('702020051149120084', '202020051156533967', '锦绣园小区', '山西省晋中市榆次区榆次区', '140702', '榆次区', '101.33', '101.33', '5', '2020-05-11 09:59:35', 'ADD', '1000', '0.00', null);
INSERT INTO `business_community` VALUES ('702020051134310102', '202020051158174011', '好玩的小区', '上海好玩的小区', '0971', '上海好玩的小区', '101.33', '101.33', '5', '2020-05-11 11:35:40', 'ADD', '1000', '0.00', null);
INSERT INTO `business_community` VALUES ('702020042909880020', '202020051171674094', 'A小区都懂得大道多', '湖北省武汉市洪山区都懂得都懂得都懂得多的', '420111', '都懂得都懂得都懂得多的', '101.33', '101.33', '5', '2020-05-11 14:10:52', 'DEl', '1000', '0.00', null);
INSERT INTO `business_community` VALUES ('702020042909880020', '202020051171674094', 'A小区都懂得大道多', '湖北省武汉市洪山区都懂得都懂得都懂得多的', '420111', '都懂得都懂得都懂得多的', '101.33', '101.33', '5', '2020-05-11 14:10:52', 'ADD', '1100', '0.00', null);
INSERT INTO `business_community` VALUES ('702020050820640004', '202020051120144096', '茂源工业园', '广东省深圳市龙华区观湖街道下湖社区', '440309', '高新科技园', '101.33', '101.33', '5', '2020-05-11 14:10:59', 'DEl', '1000', '0.00', null);
INSERT INTO `business_community` VALUES ('702020050820640004', '202020051120144096', '茂源工业园', '广东省深圳市龙华区观湖街道下湖社区', '440309', '高新科技园', '101.33', '101.33', '5', '2020-05-11 14:10:59', 'ADD', '1100', '0.00', null);
INSERT INTO `business_community` VALUES ('702020051206860166', '202020051250174514', '中华大地', '陕西省西安市新城区中华大地', '610102', '中华大地', '101.33', '101.33', '5', '2020-05-12 10:24:17', 'ADD', '1000', '0.00', null);
INSERT INTO `business_community` VALUES ('702020051206860166', '202020051219624525', '中华大地', '陕西省西安市新城区中华大地', '610102', '中华大地', '101.33', '101.33', '5', '2020-05-12 10:24:39', 'DEl', '1000', '0.00', null);
INSERT INTO `business_community` VALUES ('702020051206860166', '202020051219624525', '中华大地', '陕西省西安市新城区中华大地', '610102', '中华大地', '101.33', '101.33', '5', '2020-05-12 10:24:39', 'ADD', '1100', '0.00', null);
INSERT INTO `business_community` VALUES ('702020051210220180', '202020051233574543', '中华大地1', '陕西省西安市碑林区中华大地1', '610103', '中华大地1', '101.33', '101.33', '5', '2020-05-12 10:52:20', 'ADD', '1000', '0.00', null);
INSERT INTO `business_community` VALUES ('702020051210220180', '202020051201304554', '中华大地1', '陕西省西安市碑林区中华大地1', '610103', '中华大地1', '101.33', '101.33', '5', '2020-05-12 10:53:34', 'DEl', '1000', '0.00', null);
INSERT INTO `business_community` VALUES ('702020051210220180', '202020051201304554', '中华大地1', '陕西省西安市碑林区中华大地1', '610103', '中华大地1', '101.33', '101.33', '5', '2020-05-12 10:53:34', 'ADD', '1000', '0.00', null);
INSERT INTO `business_community` VALUES ('702020051210220180', '202020051279564556', '中华大地1', '陕西省西安市碑林区中华大地1', '610103', '中华大地1', '101.33', '101.33', '5', '2020-05-12 10:53:51', 'DEl', '1000', '0.00', null);
INSERT INTO `business_community` VALUES ('702020051210220180', '202020051279564556', '中华大地1', '陕西省西安市碑林区中华大地1', '610103', '中华大地1', '101.33', '101.33', '5', '2020-05-12 10:53:51', 'ADD', '1100', '0.00', null);
INSERT INTO `business_community` VALUES ('702020051220240002', '202020051260404738', '欣欣小区', '河北省唐山市路北区武汉', '130203', '黄鹤楼', '101.33', '101.33', '5', '2020-05-12 20:34:29', 'ADD', '1000', '0.00', null);
INSERT INTO `business_community` VALUES ('702020051220240002', '202020051234004749', '欣欣小区', '河北省唐山市路北区武汉', '130203', '黄鹤楼', '101.33', '101.33', '5', '2020-05-12 20:34:50', 'DEl', '1000', '0.00', null);
INSERT INTO `business_community` VALUES ('702020051220240002', '202020051234004749', '欣欣小区', '河北省唐山市路北区武汉', '130203', '黄鹤楼', '101.33', '101.33', '5', '2020-05-12 20:34:50', 'ADD', '1100', '0.00', null);
INSERT INTO `business_community` VALUES ('702020051643490062', '202020051603426091', '好生活社区', '重庆省重庆市渝北区恒大中渝广场', '500112', '恒大中渝广场', '101.33', '101.33', '5', '2020-05-16 10:41:03', 'ADD', '1000', '0.00', null);
INSERT INTO `business_community` VALUES ('702020051643490062', '202020051683736102', '好生活社区', '重庆省重庆市渝北区恒大中渝广场', '500112', '恒大中渝广场', '101.33', '101.33', '5', '2020-05-16 10:41:31', 'DEl', '1000', '0.00', null);
INSERT INTO `business_community` VALUES ('702020051643490062', '202020051683736102', '好生活社区', '重庆省重庆市渝北区恒大中渝广场', '500112', '恒大中渝广场', '101.33', '101.33', '5', '2020-05-16 10:41:31', 'ADD', '1100', '0.00', null);
INSERT INTO `business_community` VALUES ('702020051149120084', '202020051691486129', '锦绣园小区', '山西省晋中市榆次区榆次区', '140702', '榆次区', '101.33', '101.33', '5', '2020-05-16 10:49:46', 'DEl', '1000', '0.00', null);
INSERT INTO `business_community` VALUES ('702020051149120084', '202020051691486129', '锦绣园小区', '山西省晋中市榆次区榆次区', '140702', '榆次区', '101.33', '101.33', '5', '2020-05-16 10:49:46', 'ADD', '1100', '0.00', null);
INSERT INTO `business_community` VALUES ('702020052397340082', '202020052339741999', '天天小区', '北京省北京市海淀区天天小区', '110108', '天天超市', '101.33', '101.33', '5', '2020-05-23 10:34:23', 'ADD', '1000', '0.00', null);
INSERT INTO `business_community` VALUES ('702020052397340082', '202020052395942012', '天天小区', '北京省北京市海淀区天天小区', '110108', '天天超市', '101.33', '101.33', '5', '2020-05-23 10:36:24', 'DEl', '1000', '0.00', null);
INSERT INTO `business_community` VALUES ('702020052397340082', '202020052395942012', '天天小区', '北京省北京市海淀区天天小区', '110108', '天天超市', '101.33', '101.33', '5', '2020-05-23 10:36:24', 'ADD', '1100', '0.00', null);
INSERT INTO `business_community` VALUES ('702020052336640012', '202020052384872086', 'toyota', '河南省郑州市中原区toyota1', '410102', 'toyota2', '101.33', '101.33', '5', '2020-05-23 12:07:23', 'ADD', '1000', '0.00', null);
INSERT INTO `business_community` VALUES ('702020052336640012', '202020052388022097', 'toyota', '河南省郑州市中原区toyota1', '410102', 'toyota2', '101.33', '101.33', '5', '2020-05-23 12:07:31', 'DEl', '1000', '0.00', null);
INSERT INTO `business_community` VALUES ('702020052336640012', '202020052388022097', 'toyota', '河南省郑州市中原区toyota1', '410102', 'toyota2', '101.33', '101.33', '5', '2020-05-23 12:07:31', 'ADD', '1100', '0.00', null);
INSERT INTO `business_community` VALUES ('702020052568920030', '202020052557582659', '通城小区', '江苏省南通市崇川区人民路', '320602', '汽车站', '101.33', '101.33', '5', '2020-05-25 09:35:04', 'ADD', '1000', '0.00', null);
INSERT INTO `business_community` VALUES ('702020052568920030', '202020052541252670', '通城小区', '江苏省南通市崇川区人民路', '320602', '汽车站', '101.33', '101.33', '5', '2020-05-25 09:35:40', 'DEl', '1000', '0.00', null);
INSERT INTO `business_community` VALUES ('702020052568920030', '202020052541252670', '通城小区', '江苏省南通市崇川区人民路', '320602', '汽车站', '101.33', '101.33', '5', '2020-05-25 09:35:40', 'ADD', '1100', '0.00', null);
INSERT INTO `business_community` VALUES ('702020041611590100', '202020052745563467', 'liujiejiejiejie', '山西省阳泉市矿区liuliuliuliu', '140303', 'liuliuliuliu', '101.33', '101.33', '5', '2020-05-27 21:58:58', 'DEl', '1100', '0.00', null);
INSERT INTO `business_community` VALUES ('702020041611590100', '202020052745563467', 'liujiejiejiejie', '山西省阳泉市矿区liuliuliuliu', '140303', 'liuliuliuliu', '101.33', '101.33', '5', '2020-05-27 21:58:58', 'ADD', '1000', '0.00', null);
INSERT INTO `business_community` VALUES ('702020041610660140', '202020052758273469', '银座华府', '山东省青岛市李沧区山东省青岛市李沧区枣园路11号', '370213', '银座', '101.33', '101.33', '5', '2020-05-27 21:59:00', 'DEl', '1100', '0.00', null);
INSERT INTO `business_community` VALUES ('702020041610660140', '202020052758273469', '银座华府', '山东省青岛市李沧区山东省青岛市李沧区枣园路11号', '370213', '银座', '101.33', '101.33', '5', '2020-05-27 21:59:00', 'ADD', '1000', '0.00', null);
INSERT INTO `business_community` VALUES ('702020041408320070', '202020052765983473', '卡圣诞节福克斯大吉', '天津省天津市和平区啊速度发斯蒂芬', '120101', '阿萨德会尽快', '101.33', '101.33', '5', '2020-05-27 21:59:05', 'DEl', '1100', '0.00', null);
INSERT INTO `business_community` VALUES ('702020041408320070', '202020052765983473', '卡圣诞节福克斯大吉', '天津省天津市和平区啊速度发斯蒂芬', '120101', '阿萨德会尽快', '101.33', '101.33', '5', '2020-05-27 21:59:05', 'ADD', '1000', '0.00', null);
INSERT INTO `business_community` VALUES ('702020041394570024', '202020052775163475', '大红门小区', '北京省北京市东城区大红门', '110101', '大红门', '101.33', '101.33', '5', '2020-05-27 21:59:07', 'DEl', '1100', '0.00', null);
INSERT INTO `business_community` VALUES ('702020041394570024', '202020052775163475', '大红门小区', '北京省北京市东城区大红门', '110101', '大红门', '101.33', '101.33', '5', '2020-05-27 21:59:07', 'ADD', '1000', '0.00', null);
INSERT INTO `business_community` VALUES ('702020041394570024', '202020052750893483', '大红门小区', '北京省北京市东城区大红门', '110101', '大红门', '101.33', '101.33', '5', '2020-05-27 22:00:43', 'DEl', '1000', '0.00', null);
INSERT INTO `business_community` VALUES ('702020041408320070', '202020052730363485', '卡圣诞节福克斯大吉', '天津省天津市和平区啊速度发斯蒂芬', '120101', '阿萨德会尽快', '101.33', '101.33', '5', '2020-05-27 22:00:46', 'DEl', '1000', '0.00', null);
INSERT INTO `business_community` VALUES ('702020041610660140', '202020052790863489', '银座华府', '山东省青岛市李沧区山东省青岛市李沧区枣园路11号', '370213', '银座', '101.33', '101.33', '5', '2020-05-27 22:00:52', 'DEl', '1000', '0.00', null);
INSERT INTO `business_community` VALUES ('702020041611590100', '202020052793373491', 'liujiejiejiejie', '山西省阳泉市矿区liuliuliuliu', '140303', 'liuliuliuliu', '101.33', '101.33', '5', '2020-05-27 22:00:54', 'DEl', '1000', '0.00', null);
INSERT INTO `business_community` VALUES ('702020041638100122', '202020052726913507', '宜家湘颂', '湖南省长沙市开福区', '430105', 'ggggg', '101.33', '101.33', '5', '2020-05-27 22:06:15', 'DEl', '1200', '0.00', null);
INSERT INTO `business_community` VALUES ('702020041638100122', '202020052726913507', '宜家湘颂', '湖南省长沙市开福区', '430105', 'ggggg', '101.33', '101.33', '5', '2020-05-27 22:06:15', 'ADD', '1000', '0.00', null);
INSERT INTO `business_community` VALUES ('702020041656090086', '202020052743043511', 'liujiejiejie', '山西省长治市襄垣县啊啊撒啊啊啊啊', '140423', '啊啊啊啊啊啊啊啊啊', '101.33', '101.33', '5', '2020-05-27 22:06:20', 'DEl', '1100', '0.00', null);
INSERT INTO `business_community` VALUES ('702020041656090086', '202020052743043511', 'liujiejiejie', '山西省长治市襄垣县啊啊撒啊啊啊啊', '140423', '啊啊啊啊啊啊啊啊啊', '101.33', '101.33', '5', '2020-05-27 22:06:20', 'ADD', '1000', '0.00', null);
INSERT INTO `business_community` VALUES ('702020041672930050', '202020052757243513', '中惠紫禁城', '青海省西宁市城东区青海省西宁市城东区', '630102', '万达广场', '101.33', '101.33', '5', '2020-05-27 22:06:22', 'DEl', '1100', '0.00', null);
INSERT INTO `business_community` VALUES ('702020041672930050', '202020052757243513', '中惠紫禁城', '青海省西宁市城东区青海省西宁市城东区', '630102', '万达广场', '101.33', '101.33', '5', '2020-05-27 22:06:22', 'ADD', '1000', '0.00', null);
INSERT INTO `business_community` VALUES ('702020052897950064', '202020052830163534', '测试AAAAA', '北京省北京市西城区AAAAAA', '110102', 'AAAAAA', '101.33', '101.33', '5', '2020-05-28 09:32:27', 'ADD', '1000', '0.00', null);
INSERT INTO `business_community` VALUES ('2021050730661362', '202021050708419546', '王企鹅', '河北省石家庄市长安区通信4', '130102', '驱蚊器', '101.33', '101.33', '5', '2021-05-07 11:48:33', 'ADD', '1000', '0.00', '13012345678');
INSERT INTO `business_community` VALUES ('2021050980250356', '2020210509955310067', 'ccdx小区', '吉林省长春市南关区长春市卫星广场', '220102', '2423', '101.33', '101.33', '5', '2021-05-09 14:59:41', 'ADD', '1000', '0.00', null);
INSERT INTO `business_community` VALUES ('2021050980250356', '2020210509035110072', 'ccdx小区', '吉林省长春市南关区长春市卫星广场', '220102', '2423', '101.33', '101.33', '5', '2021-05-09 15:00:26', 'DEl', '1000', null, null);
INSERT INTO `business_community` VALUES ('2021050980250356', '2020210509035110072', 'ccdx小区', '吉林省长春市南关区长春市卫星广场', '220102', '2423', '101.33', '101.33', '5', '2021-05-09 15:00:26', 'ADD', '1100', '0.00', null);
INSERT INTO `business_community` VALUES ('2021050980250356', '2020210509527810079', 'ccdx小区', '吉林省长春市南关区长春市卫星广场', '220102', '2423', '101.33', '101.33', '5', '2021-05-09 15:03:09', 'DEl', '1100', null, null);
INSERT INTO `business_community` VALUES ('2021050980250356', '2020210509527810079', 'ccdx小区', '吉林省长春市南关区长春市卫星广场', '220102', '2423', '101.33', '101.33', '5', '2021-05-09 15:03:09', 'ADD', '1100', '9000.00', null);
INSERT INTO `business_community` VALUES ('2021031688280334', '2020210510661010576', 'cdfsdf', '天津省天津市河东区sdf ', '120102', 'sdf', '101.33', '101.33', '5', '2021-05-10 10:40:33', 'DEl', '1000', null, null);
INSERT INTO `business_community` VALUES ('2021031688280334', '2020210510661010576', 'cdfsdf', '天津省天津市河东区sdf ', '120102', 'sdf', '101.33', '101.33', '5', '2021-05-10 10:40:33', 'ADD', '1100', '0.00', null);
INSERT INTO `business_community` VALUES ('2021031807630062', '2020210511482611105', '123213', '河北省石家庄市长安区12312', '130102', '123', '101.33', '101.33', '5', '2021-05-11 08:26:35', 'DEl', '1000', null, null);
INSERT INTO `business_community` VALUES ('2021031807630062', '2020210511482611105', '123213', '河北省石家庄市长安区12312', '130102', '123', '101.33', '101.33', '5', '2021-05-11 08:26:35', 'ADD', '1100', '0.00', null);
INSERT INTO `business_community` VALUES ('2021041033440056', '2020210511808211132', '小区1', '北京省北京市东城区小区1', '110101', '小区1', '101.33', '101.33', '5', '2021-05-11 08:33:28', 'DEl', '1100', null, null);
INSERT INTO `business_community` VALUES ('2021041033440056', '2020210511808211132', '小区1', '北京省北京市东城区小区1', '110101', '小区1', '101.33', '101.33', '5', '2021-05-11 08:33:28', 'ADD', '1000', '0.00', null);
INSERT INTO `business_community` VALUES ('2021051181691070', '2020210511188811412', '天上人间', '北京省北京市东城区故宫', '110101', '故宫', '101.33', '101.33', '5', '2021-05-11 17:32:37', 'ADD', '1000', '0.00', '2');
INSERT INTO `business_community` VALUES ('2021051181691070', '2020210511886411417', '天上人间', '北京省北京市东城区故宫', '110101', '故宫', '101.33', '101.33', '5', '2021-05-11 17:33:02', 'DEl', '1000', null, null);
INSERT INTO `business_community` VALUES ('2021051181691070', '2020210511886411417', '天上人间', '北京省北京市东城区故宫', '110101', '故宫', '101.33', '101.33', '5', '2021-05-11 17:33:02', 'ADD', '1100', '0.00', null);
INSERT INTO `business_community` VALUES ('2021051295020354', '2020210512021612517', '中山路', '浙江省嘉兴市南湖区ffgg', '330402', 'vbb', '101.33', '101.33', '5', '2021-05-12 17:27:58', 'ADD', '1000', '0.00', 'ghh');
INSERT INTO `business_community` VALUES ('2021051295020354', '2020210512509712522', '中山路', '浙江省嘉兴市南湖区ffgg', '330402', 'vbb', '101.33', '101.33', '5', '2021-05-12 17:28:35', 'DEl', '1000', null, null);
INSERT INTO `business_community` VALUES ('2021051295020354', '2020210512509712522', '中山路', '浙江省嘉兴市南湖区ffgg', '330402', 'vbb', '101.33', '101.33', '5', '2021-05-12 17:28:35', 'ADD', '1100', '0.00', null);
INSERT INTO `business_community` VALUES ('2021041033440056', '202021051467750114', '小区1', '北京省北京市东城区小区1', '110101', '小区1', '101.33', '101.33', '5', '2021-05-14 15:33:14', 'DEl', '1000', null, null);
INSERT INTO `business_community` VALUES ('2021041033440056', '202021051467750114', '小区1', '北京省北京市东城区小区1', '110101', '小区1', '101.33', '101.33', '5', '2021-05-14 15:33:14', 'ADD', '1100', '0.00', null);
INSERT INTO `business_community` VALUES ('2021050730661362', '202021051779281791', '王企鹅', '河北省石家庄市长安区通信4', '130102', '驱蚊器', '101.33', '101.33', '5', '2021-05-17 23:10:23', 'DEl', '1000', null, null);
INSERT INTO `business_community` VALUES ('2021040733150118', '202021051728701795', '乡创乡愁', '贵州省贵阳市观山湖区友山基金大厦', '520115', '五', '101.33', '101.33', '5', '2021-05-17 23:10:29', 'DEl', '1000', null, null);
INSERT INTO `business_community` VALUES ('2021051181691070', '202021051752761799', '天上人间', '北京省北京市东城区故宫', '110101', '故宫', '101.33', '101.33', '5', '2021-05-17 23:11:55', 'DEl', '1100', null, null);
INSERT INTO `business_community` VALUES ('2021051181691070', '202021051752761799', '天上人间', '北京省北京市东城区故宫', '110101', '故宫', '101.33', '101.33', '5', '2021-05-17 23:11:55', 'ADD', '1000', '0.00', null);
INSERT INTO `business_community` VALUES ('2021012140762310', '202021051789861805', '321', '北京省北京市西城区321', '110102', '321', '101.33', '101.33', '5', '2021-05-17 23:12:05', 'DEl', '1100', null, null);
INSERT INTO `business_community` VALUES ('2021012140762310', '202021051789861805', '321', '北京省北京市西城区321', '110102', '321', '101.33', '101.33', '5', '2021-05-17 23:12:05', 'ADD', '1000', '10000.00', null);
INSERT INTO `business_community` VALUES ('2021012122242316', '202021051775421807', '石家庄小区', '河北省石家庄市长安区石家庄小区', '130102', '石家庄小区', '101.33', '101.33', '5', '2021-05-17 23:12:08', 'DEl', '1100', null, null);
INSERT INTO `business_community` VALUES ('2021012122242316', '202021051775421807', '石家庄小区', '河北省石家庄市长安区石家庄小区', '130102', '石家庄小区', '101.33', '101.33', '5', '2021-05-17 23:12:08', 'ADD', '1000', '12312312.00', null);
INSERT INTO `business_community` VALUES ('2021012180202622', '202021051773761811', '竟陵小区', '北京省北京市西城区北京', '110102', '无', '101.33', '101.33', '5', '2021-05-17 23:12:22', 'DEl', '1100', null, null);
INSERT INTO `business_community` VALUES ('2021012180202622', '202021051773761811', '竟陵小区', '北京省北京市西城区北京', '110102', '无', '101.33', '101.33', '5', '2021-05-17 23:12:22', 'ADD', '1000', '10000.00', null);
INSERT INTO `business_community` VALUES ('2021012115732778', '202021051707811813', '荣景苑B区', '上海省上海市松江区松江区汇泉路80弄', '310117', '中山路商业步行街', '101.33', '101.33', '5', '2021-05-17 23:12:24', 'DEl', '1100', null, null);
INSERT INTO `business_community` VALUES ('2021012115732778', '202021051707811813', '荣景苑B区', '上海省上海市松江区松江区汇泉路80弄', '310117', '中山路商业步行街', '101.33', '101.33', '5', '2021-05-17 23:12:24', 'ADD', '1000', '10000.00', null);
INSERT INTO `business_community` VALUES ('2021012170222788', '202021051716841815', '荣景苑A区', '上海省上海市松江区上海市松江区松汇中路972弄', '310117', '中山步行街', '101.33', '101.33', '5', '2021-05-17 23:12:27', 'DEl', '1100', null, null);
INSERT INTO `business_community` VALUES ('2021012170222788', '202021051716841815', '荣景苑A区', '上海省上海市松江区上海市松江区松汇中路972弄', '310117', '中山步行街', '101.33', '101.33', '5', '2021-05-17 23:12:27', 'ADD', '1000', '20000.00', null);
INSERT INTO `business_community` VALUES ('2021012140762310', '202021051725611827', '321', '北京省北京市西城区321', '110102', '321', '101.33', '101.33', '5', '2021-05-17 23:17:29', 'DEl', '1000', null, null);
INSERT INTO `business_community` VALUES ('2021012122242316', '202021051758271829', '石家庄小区', '河北省石家庄市长安区石家庄小区', '130102', '石家庄小区', '101.33', '101.33', '5', '2021-05-17 23:17:32', 'DEl', '1000', null, null);
INSERT INTO `business_community` VALUES ('2021012180202622', '202021051796711833', '竟陵小区', '北京省北京市西城区北京', '110102', '无', '101.33', '101.33', '5', '2021-05-17 23:17:36', 'DEl', '1000', null, null);
INSERT INTO `business_community` VALUES ('2021012115732778', '202021051750171835', '荣景苑B区', '上海省上海市松江区松江区汇泉路80弄', '310117', '中山路商业步行街', '101.33', '101.33', '5', '2021-05-17 23:17:38', 'DEl', '1000', null, null);
INSERT INTO `business_community` VALUES ('2021012170222788', '202021051718591837', '荣景苑A区', '上海省上海市松江区上海市松江区松汇中路972弄', '310117', '中山步行街', '101.33', '101.33', '5', '2021-05-17 23:17:41', 'DEl', '1000', null, null);
INSERT INTO `business_community` VALUES ('2021051181691070', '202021051772901843', '天上人间', '北京省北京市东城区故宫', '110101', '故宫', '101.33', '101.33', '5', '2021-05-17 23:17:49', 'DEl', '1000', null, null);
INSERT INTO `business_community` VALUES ('2021012222523156', '202021051905462359', '开心乐园', '河北省石家庄市桥西区东港里街八里庄路', '130104', '古城北巷口', '101.33', '101.33', '5', '2021-05-19 10:08:56', 'DEl', '1100', null, null);
INSERT INTO `business_community` VALUES ('2021012222523156', '202021051905462359', '开心乐园', '河北省石家庄市桥西区东港里街八里庄路', '130104', '古城北巷口', '101.33', '101.33', '5', '2021-05-19 10:08:56', 'ADD', '1000', '0.00', null);
INSERT INTO `business_community` VALUES ('2021052456890406', '202021052450866345', '云上雅居', '北京省北京市东城区北京市', '110101', '鸟巢', '101.33', '101.33', '5', '2021-05-24 19:51:33', 'ADD', '1000', '0.00', '1');
INSERT INTO `business_community` VALUES ('2021052456890406', '202021052446376355', '云上雅居', '北京省北京市东城区北京市', '110101', '鸟巢', '101.33', '101.33', '5', '2021-05-24 19:52:33', 'DEl', '1000', null, null);
INSERT INTO `business_community` VALUES ('2021052456890406', '202021052446376355', '云上雅居', '北京省北京市东城区北京市', '110101', '鸟巢', '101.33', '101.33', '5', '2021-05-24 19:52:33', 'ADD', '1100', '0.00', null);
INSERT INTO `business_community` VALUES ('2021042230410286', '2020210528471310149', 'test155', '北京省北京市东城区test155', '110101', 'test155', '101.33', '101.33', '5', '2021-05-28 17:05:19', 'DEl', '1100', null, null);
INSERT INTO `business_community` VALUES ('2021042230410286', '2020210528471310149', 'test155', '北京省北京市东城区test155', '110101', 'test155', '101.33', '101.33', '5', '2021-05-28 17:05:19', 'ADD', '', '528.00', '13940700000');
INSERT INTO `business_community` VALUES ('702020060115190030', '202020060164630714', '爱情公寓10', '青海省西宁市城西区阿拉纳', '630104', '斯卡纳', '101.33', '101.33', '6', '2020-06-01 11:42:24', 'ADD', '1000', '0.00', null);
INSERT INTO `business_community` VALUES ('702020060191850044', '202020060194440722', '爱情公寓10', '青海省西宁市城西区阿拉纳', '630104', '斯卡纳', '101.33', '101.33', '6', '2020-06-01 11:47:51', 'ADD', '1000', '0.00', null);
INSERT INTO `business_community` VALUES ('702020060159240008', '202020060129200737', '爱情公寓10', '青海省西宁市城西区阿拉纳', '630104', '斯卡纳', '101.33', '101.33', '6', '2020-06-01 12:01:51', 'ADD', '1000', '0.00', null);
INSERT INTO `business_community` VALUES ('702020060187800022', '202020060171380747', '爱情公寓10', '青海省西宁市城西区阿拉纳', '630104', '斯卡纳', '101.33', '101.33', '6', '2020-06-01 12:13:01', 'ADD', '1000', '0.00', null);
INSERT INTO `business_community` VALUES ('702020060104470036', '202020060156690759', '爱情公寓9', '青海省西宁市城西区青紫打撒', '630104', '爱情订单', '101.33', '101.33', '6', '2020-06-01 12:28:51', 'ADD', '1000', '0.00', null);
INSERT INTO `business_community` VALUES ('702020060104470036', '202020060125840763', '爱情公寓9', '青海省西宁市城西区青紫打撒', '630104', '爱情订单', '101.33', '101.33', '6', '2020-06-01 12:50:46', 'DEl', '1000', '0.00', null);
INSERT INTO `business_community` VALUES ('702020060104470036', '202020060125840763', '爱情公寓9', '青海省西宁市城西区青紫打撒', '630104', '爱情订单', '101.33', '101.33', '6', '2020-06-01 12:50:46', 'ADD', '1100', '0.00', null);
INSERT INTO `business_community` VALUES ('702020060157200020', '202020060180120949', '没人住小区', '广东省广州市荔湾区不存在街道', '440103', '地表最烂', '101.33', '101.33', '6', '2020-06-01 16:40:14', 'ADD', '1000', '0.00', null);
INSERT INTO `business_community` VALUES ('702020060157200020', '202020060100000961', '没人住小区', '广东省广州市荔湾区不存在街道', '440103', '地表最烂', '101.33', '101.33', '6', '2020-06-01 16:50:40', 'DEl', '1000', '0.00', null);
INSERT INTO `business_community` VALUES ('702020060157200020', '202020060100000961', '没人住小区', '广东省广州市荔湾区不存在街道', '440103', '地表最烂', '101.33', '101.33', '6', '2020-06-01 16:50:40', 'ADD', '1100', '0.00', null);
INSERT INTO `business_community` VALUES ('702020060586840020', '202020060576171960', 'gfds', 'fds', '0971', 'sd', '101.33', '101.33', '6', '2020-06-05 15:26:58', 'ADD', '1000', '0.00', null);
INSERT INTO `business_community` VALUES ('702020060512030034', '202020060574201968', 'fdfg', 'undefineddf', '0971', 'df', '101.33', '101.33', '6', '2020-06-05 15:27:28', 'ADD', '1000', '0.00', null);
INSERT INTO `business_community` VALUES ('702020060735730016', '202020060789320147', 'qqqq', 'undefinedasdfdsfdsfdfdsfsdfdsfffffffffffffffffffffffffffaehjyukyujlkkih;lkj;oj;oergregrfrgrwagrwgtawgawgaasdgsafdgui;oulysrwfewrdwqdewqfdewdewrewrewewfsafdsf', '0971', 'sgfdgfsagfdsa', '101.33', '101.33', '6', '2020-06-07 21:59:37', 'ADD', '1000', '0.00', null);
INSERT INTO `business_community` VALUES ('702020060907480058', '202020060962870378', '曾成的测试小区', '重庆省重庆市永川区重庆市永川区', '500118', '一环路', '101.33', '101.33', '6', '2020-06-09 14:38:04', 'ADD', '1000', '0.00', null);
INSERT INTO `business_community` VALUES ('702020060969870072', '202020060994920386', 'HC在北京的小区', '北京省北京市东城区HC在北京的小区', '110101', '天安门', '101.33', '101.33', '6', '2020-06-09 14:52:54', 'ADD', '1000', '0.00', null);
INSERT INTO `business_community` VALUES ('702020041638100122', '202020061005010611', '宜家湘颂', '湖南省长沙市开福区', '430105', 'ggggg', '101.33', '101.33', '6', '2020-06-10 10:25:39', 'DEl', '1000', '0.00', null);
INSERT INTO `business_community` VALUES ('702020061049800008', '202020061008510049', '测试小区不显示问题', '浙江省嘉兴市秀洲区测试小区不显示问题', '330411', '测试小区不显示问题', '101.33', '101.33', '6', '2020-06-10 17:02:39', 'ADD', '1000', '0.00', null);
INSERT INTO `business_community` VALUES ('702020061087690022', '202020061036050057', 'saveCommunity', '天津省天津市河东区saveCommunity', '120102', 'saveCommunity', '101.33', '101.33', '6', '2020-06-10 17:06:40', 'ADD', '1000', '0.00', null);
INSERT INTO `business_community` VALUES ('702020061036800008', '202020061066650086', '小区不显示问题', '内蒙古自治区乌海市海南区休息休息', '150303', '休息休息', '101.33', '101.33', '6', '2020-06-10 17:42:30', 'ADD', '1000', '0.00', null);
INSERT INTO `business_community` VALUES ('702020061024370008', '202020061037880094', 'xxffff', '辽宁省丹东市振安区xx', '210604', 'ccccc', '101.33', '101.33', '6', '2020-06-10 17:47:58', 'ADD', '1000', '0.00', null);
INSERT INTO `business_community` VALUES ('702020061024370008', '202020061056140101', 'xxffff', '辽宁省丹东市振安区xx', '210604', 'ccccc', '101.33', '101.33', '6', '2020-06-10 17:48:25', 'DEl', '1000', '0.00', null);
INSERT INTO `business_community` VALUES ('702020061024370008', '202020061056140101', 'xxffff', '辽宁省丹东市振安区xx', '210604', 'ccccc', '101.33', '101.33', '6', '2020-06-10 17:48:25', 'ADD', '1100', '0.00', null);
INSERT INTO `business_community` VALUES ('702020061024370008', '202020061042290103', 'xxffff', '辽宁省丹东市振安区xx', '210604', 'ccccc', '101.33', '101.33', '6', '2020-06-10 17:49:01', 'DEl', '1100', '0.00', null);
INSERT INTO `business_community` VALUES ('702020061024370008', '202020061042290103', 'xxffff', '辽宁省丹东市振安区xx', '210604', 'ccccc', '101.33', '101.33', '6', '2020-06-10 17:49:01', 'ADD', '1000', '0.00', null);
INSERT INTO `business_community` VALUES ('702020061027400002', '202020061056320264', '在公司测试6666', '北京省北京市东城区在公司测试6666', '110101', '在公司测试6666', '101.33', '101.33', '6', '2020-06-10 19:20:22', 'ADD', '1000', '0.00', null);
INSERT INTO `business_community` VALUES ('702020061027400002', '202020061060110268', '在公司测试6666', '北京省北京市东城区在公司测试6666', '110101', '在公司测试6666', '101.33', '101.33', '6', '2020-06-10 19:21:13', 'DEl', '1000', '0.00', null);
INSERT INTO `business_community` VALUES ('702020061027400002', '202020061060110268', '在公司测试6666', '北京省北京市东城区在公司测试6666', '110101', '在公司测试6666', '101.33', '101.33', '6', '2020-06-10 19:21:13', 'ADD', '1100', '0.00', null);
INSERT INTO `business_community` VALUES ('702020041656090086', '202020061509641240', 'liujiejiejie', '山西省长治市襄垣县啊啊撒啊啊啊啊', '140423', '啊啊啊啊啊啊啊啊啊', '101.33', '101.33', '6', '2020-06-15 08:14:36', 'DEl', '1000', '0.00', null);
INSERT INTO `business_community` VALUES ('702020041672930050', '202020061556091242', '中惠紫禁城', '青海省西宁市城东区青海省西宁市城东区', '630102', '万达广场', '101.33', '101.33', '6', '2020-06-15 08:14:39', 'DEl', '1000', '0.00', null);
INSERT INTO `business_community` VALUES ('702020052897950064', '202020061549361250', '测试AAAAA', '北京省北京市西城区AAAAAA', '110102', 'AAAAAA', '101.33', '101.33', '6', '2020-06-15 08:14:54', 'DEl', '1000', '0.00', null);
INSERT INTO `business_community` VALUES ('702020060187800022', '202020061565001256', '爱情公寓10', '青海省西宁市城西区阿拉纳', '630104', '斯卡纳', '101.33', '101.33', '6', '2020-06-15 08:14:59', 'DEl', '1000', '0.00', null);
INSERT INTO `business_community` VALUES ('702020061024370008', '202020061520431262', 'xxffff', '辽宁省丹东市振安区xx', '210604', 'ccccc', '101.33', '101.33', '6', '2020-06-15 08:15:04', 'DEl', '1000', '0.00', null);
INSERT INTO `business_community` VALUES ('702020061519310040', '202020061572551465', 'sdssd', 'undefinedxx', '0971', 'xx', '101.33', '101.33', '6', '2020-06-15 10:13:43', 'ADD', '1000', '0.00', null);
INSERT INTO `business_community` VALUES ('702020061588850054', '202020061523711514', 'zzzz小区', '广东省深圳市南山区XXX产业园', '440305', '2222', '101.33', '101.33', '6', '2020-06-15 10:41:33', 'ADD', '1000', '0.00', null);
INSERT INTO `business_community` VALUES ('702020061588850054', '202020061516861518', 'zzzz小区', '广东省深圳市南山区XXX产业园', '440305', '2222', '101.33', '101.33', '6', '2020-06-15 10:41:56', 'DEl', '1000', '0.00', null);
INSERT INTO `business_community` VALUES ('702020061588850054', '202020061516861518', 'zzzz小区', '广东省深圳市南山区XXX产业园', '440305', '2222', '101.33', '101.33', '6', '2020-06-15 10:41:56', 'ADD', '1100', '0.00', null);
INSERT INTO `business_community` VALUES ('702020061514400008', '202020061580361878', '覆盖河北省', '解决', '0971', '解决', '101.33', '101.33', '6', '2020-06-15 15:43:03', 'ADD', '1000', '0.00', null);
INSERT INTO `business_community` VALUES ('702020061679420012', '202020061639352041', '龙城一号', '四川省成都市龙泉驿区驿都路', '510112', '龙城一号', '101.33', '101.33', '6', '2020-06-16 00:04:41', 'ADD', '1000', '0.00', null);
INSERT INTO `business_community` VALUES ('702020061625590006', '202020061685892541', '这是什么小区', 'asdasdf', '0971', '阿道夫', '101.33', '101.33', '6', '2020-06-16 20:58:38', 'ADD', '1000', '0.00', null);
INSERT INTO `business_community` VALUES ('702020061700180002', '202020061701672633', 'testtttttttttttttttt', '河北省唐山市开平区ddddd', '130205', 'dddd', '101.33', '101.33', '6', '2020-06-17 11:07:53', 'ADD', '1000', '0.00', null);
INSERT INTO `business_community` VALUES ('702020061725660004', '202020061785402762', '王者峡谷', '北京省北京市西城区王者峡谷', '110102', '红堡', '101.33', '101.33', '6', '2020-06-17 15:01:43', 'ADD', '1000', '0.00', null);
INSERT INTO `business_community` VALUES ('702020061725660004', '202020061744072766', '王者峡谷', '北京省北京市西城区王者峡谷', '110102', '红堡', '101.33', '101.33', '6', '2020-06-17 15:02:14', 'DEl', '1000', '0.00', null);
INSERT INTO `business_community` VALUES ('702020061725660004', '202020061744072766', '王者峡谷', '北京省北京市西城区王者峡谷', '110102', '红堡', '101.33', '101.33', '6', '2020-06-17 15:02:14', 'ADD', '1100', '0.00', null);
INSERT INTO `business_community` VALUES ('702020061764400032', '202020061715962888', 'qwer', '北京省北京市东城区zzzz', '110101', 'zzzz', '101.33', '101.33', '6', '2020-06-17 17:46:06', 'ADD', '1000', '0.00', null);
INSERT INTO `business_community` VALUES ('702020061764400032', '202020061724362892', 'qwer', '北京省北京市东城区zzzz', '110101', 'zzzz', '101.33', '101.33', '6', '2020-06-17 17:46:14', 'DEl', '1000', '0.00', null);
INSERT INTO `business_community` VALUES ('702020061764400032', '202020061724362892', 'qwer', '北京省北京市东城区zzzz', '110101', 'zzzz', '101.33', '101.33', '6', '2020-06-17 17:46:14', 'ADD', '1100', '0.00', null);
INSERT INTO `business_community` VALUES ('702020062002260002', '202020062071400621', '紫恒公寓', '青海省西宁市城西区西宁市新宁路17号', '630104', '新宁路客运站', '101.33', '101.33', '6', '2020-06-20 15:57:31', 'ADD', '1000', '0.00', null);
INSERT INTO `business_community` VALUES ('702020062002260002', '202020062049700657', '紫恒公寓', '青海省西宁市城西区西宁市新宁路17号', '630104', '新宁路客运站', '101.33', '101.33', '6', '2020-06-20 16:16:27', 'DEl', '1000', '0.00', null);
INSERT INTO `business_community` VALUES ('702020062002260002', '202020062049700657', '紫恒公寓', '青海省西宁市城西区西宁市新宁路17号', '630104', '新宁路客运站', '101.33', '101.33', '6', '2020-06-20 16:16:27', 'ADD', '1100', '0.00', null);
INSERT INTO `business_community` VALUES ('702020061679420012', '202020062021470671', '龙城一号', '四川省成都市龙泉驿区驿都路', '510112', '龙城一号', '101.33', '101.33', '6', '2020-06-20 16:25:41', 'DEl', '1000', '0.00', null);
INSERT INTO `business_community` VALUES ('702020061679420012', '202020062021470671', '龙城一号', '四川省成都市龙泉驿区驿都路', '510112', '龙城一号', '101.33', '101.33', '6', '2020-06-20 16:25:41', 'ADD', '1200', '0.00', null);
INSERT INTO `business_community` VALUES ('702020062002260002', '202020062011190677', '紫恒公寓', '青海省西宁市城西区西宁市新宁路17号', '630104', '新宁路客运站', '101.33', '101.33', '6', '2020-06-20 16:27:52', 'DEl', '1100', '0.00', null);
INSERT INTO `business_community` VALUES ('702020062002260002', '202020062011190677', '紫恒公公寓', '青海省西宁市城西区西宁市新宁路17号', '630104', '新宁路客运站', '101.33', '101.33', '6', '2020-06-20 16:27:52', 'ADD', '1100', '0.00', null);
INSERT INTO `business_community` VALUES ('702020062002260002', '202020062077440679', '紫恒公公寓', '青海省西宁市城西区西宁市新宁路17号', '630104', '新宁路客运站', '101.33', '101.33', '6', '2020-06-20 16:28:06', 'DEl', '1100', '0.00', null);
INSERT INTO `business_community` VALUES ('702020062002260002', '202020062077440679', '紫恒公寓', '青海省西宁市城西区西宁市新宁路17号', '630104', '新宁路客运站', '101.33', '101.33', '6', '2020-06-20 16:28:06', 'ADD', '1100', '0.00', null);
INSERT INTO `business_community` VALUES ('702020062002260002', '202020062004100681', '紫恒公寓', '青海省西宁市城西区西宁市新宁路17号', '630104', '新宁路客运站', '101.33', '101.33', '6', '2020-06-20 16:28:28', 'DEl', '1100', '0.00', null);
INSERT INTO `business_community` VALUES ('702020062002260002', '202020062004100681', '紫恒公寓', '青海省西宁市城西区西宁市新宁路17号', '630104', '新宁路客运站', '101.33', '101.33', '6', '2020-06-20 16:28:28', 'ADD', '1000', '0.00', null);
INSERT INTO `business_community` VALUES ('702020061700180002', '202020062031820683', 'testtttttttttttttttt', '河北省唐山市开平区ddddd', '130205', 'dddd', '101.33', '101.33', '6', '2020-06-20 16:29:14', 'DEl', '1000', '0.00', null);
INSERT INTO `business_community` VALUES ('702020061700180002', '202020062031820683', 'testtttttttttttttttt', '河北省唐山市开平区ddddd', '130205', 'dddd', '101.33', '101.33', '6', '2020-06-20 16:29:14', 'ADD', '1200', '0.00', null);
INSERT INTO `business_community` VALUES ('702020062002260002', '202020062028770685', '紫恒公寓', '青海省西宁市城西区西宁市新宁路17号', '630104', '新宁路客运站', '101.33', '101.33', '6', '2020-06-20 16:31:47', 'DEl', '1000', '0.00', null);
INSERT INTO `business_community` VALUES ('702020062002260002', '202020062028770685', '紫恒公寓', '青海省西宁市城西区西宁市新宁路17号', '630104', '新宁路客运站', '101.33', '101.33', '6', '2020-06-20 16:31:47', 'ADD', '1100', '0.00', null);
INSERT INTO `business_community` VALUES ('702020062250590008', '202020062278061456', '两步地标', 'undefined泰山十三道19999号', '0971', '一步小区', '101.33', '101.33', '6', '2020-06-22 10:36:12', 'ADD', '1000', '0.00', null);
INSERT INTO `business_community` VALUES ('702020042140640070', '202020062256341791', '老九学堂', '四川省成都市青羊区嘻嘻哈哈', '510105', '哈哈嘻嘻', '101.33', '101.33', '6', '2020-06-22 16:32:34', 'DEl', '1100', '0.00', null);
INSERT INTO `business_community` VALUES ('702020042140640070', '202020062256341791', '老九学堂', '四川省成都市青羊区嘻嘻哈哈', '510105', '哈哈嘻嘻', '101.33', '101.33', '6', '2020-06-22 16:32:34', 'ADD', '1000', '0.00', null);
INSERT INTO `business_community` VALUES ('702020042138750010', '202020062277091793', '西府海棠', '北京省北京市丰台区西府', '110106', '海棠', '101.33', '101.33', '6', '2020-06-22 16:32:42', 'DEl', '1100', '0.00', null);
INSERT INTO `business_community` VALUES ('702020042138750010', '202020062277091793', '西府海棠', '北京省北京市丰台区西府', '110106', '海棠', '101.33', '101.33', '6', '2020-06-22 16:32:42', 'ADD', '1000', '0.00', null);
INSERT INTO `business_community` VALUES ('702020062364440002', '202020062349522506', '安心雅苑', '青海省西宁市城中区城南新区申宁路', '630103', '会展中心', '101.33', '101.33', '6', '2020-06-23 22:13:59', 'ADD', '1000', '0.00', null);
INSERT INTO `business_community` VALUES ('702020062364440002', '202020062348702510', '安心雅苑', '青海省西宁市城中区城南新区申宁路', '630103', '会展中心', '101.33', '101.33', '6', '2020-06-23 22:15:17', 'DEl', '1000', '0.00', null);
INSERT INTO `business_community` VALUES ('702020062364440002', '202020062348702510', '安心雅苑', '青海省西宁市城中区城南新区申宁路', '630103', '会展中心', '101.33', '101.33', '6', '2020-06-23 22:15:17', 'ADD', '1100', '0.00', null);
INSERT INTO `business_community` VALUES ('702020042140640070', '202020062443282623', '老九学堂', '四川省成都市青羊区嘻嘻哈哈', '510105', '哈哈嘻嘻', '101.33', '101.33', '6', '2020-06-24 10:09:34', 'DEl', '1000', '0.00', null);
INSERT INTO `business_community` VALUES ('702020042140640070', '202020062443282623', '老九学堂', '四川省成都市青羊区嘻嘻哈哈', '510105', '哈哈嘻嘻', '101.33', '101.33', '6', '2020-06-24 10:09:34', 'ADD', '1100', '0.00', null);
INSERT INTO `business_community` VALUES ('702020042138750010', '202020062447232625', '西府海棠', '北京省北京市丰台区西府', '110106', '海棠', '101.33', '101.33', '6', '2020-06-24 10:09:38', 'DEl', '1000', '0.00', null);
INSERT INTO `business_community` VALUES ('702020042138750010', '202020062447232625', '西府海棠', '北京省北京市丰台区西府', '110106', '海棠', '101.33', '101.33', '6', '2020-06-24 10:09:38', 'ADD', '1100', '0.00', null);
INSERT INTO `business_community` VALUES ('702020062481990002', '202020062449722919', '哇哇哇哇', '111', '0971', '111', '101.33', '101.33', '6', '2020-06-24 17:34:18', 'ADD', '1000', '0.00', null);
INSERT INTO `business_community` VALUES ('702020062989360010', '202020062943134167', '幸福小区', '幸福路123号', '0971', '56，123', '101.33', '101.33', '6', '2020-06-29 08:50:47', 'ADD', '1000', '0.00', null);
INSERT INTO `business_community` VALUES ('702020062975020024', '202020062993554251', '东圃广场', '广东省广州市天河区黄村西路8号', '440106', '天银大厦', '101.33', '101.33', '6', '2020-06-29 13:39:30', 'ADD', '1000', '0.00', null);
INSERT INTO `business_community` VALUES ('702020062975020024', '202020062982564255', '东圃广场', '广东省广州市天河区黄村西路8号', '440106', '天银大厦', '101.33', '101.33', '6', '2020-06-29 13:39:45', 'DEl', '1000', '0.00', null);
INSERT INTO `business_community` VALUES ('702020062975020024', '202020062982564255', '东圃广场', '广东省广州市天河区黄村西路8号', '440106', '天银大厦', '101.33', '101.33', '6', '2020-06-29 13:39:45', 'ADD', '1100', '0.00', null);
INSERT INTO `business_community` VALUES ('702020062917416262', '202020062949374446', 'aaaaaaaaaaaaaaaa', 'undefinedddddd', '0971', 'ddddd', '101.33', '101.33', '6', '2020-06-29 16:28:23', 'ADD', '1000', '0.00', null);
INSERT INTO `business_community` VALUES ('702020063044110010', '202020063004124789', '凤林小区', '山东省威海市威海经济技术开发区凤林小区', '371072', '九龙城', '101.33', '101.33', '6', '2020-06-30 09:04:14', 'ADD', '1000', '0.00', null);
INSERT INTO `business_community` VALUES ('2021060113090758', '2020210601695112403', '钱塘江', '北京省北京市东城区陕西省西安市雁塔区长延堡街道沙浮沱村就在这里冲啊阿诗丹顿', '110101', '钱塘江总督李渊', '101.33', '101.33', '6', '2021-06-01 15:50:41', 'ADD', '1000', '0.00', '13131313313');
INSERT INTO `business_community` VALUES ('2021060113090758', '2020210601693412408', '钱塘江', '北京省北京市东城区陕西省西安市雁塔区长延堡街道沙浮沱村就在这里冲啊阿诗丹顿', '110101', '钱塘江总督李渊', '101.33', '101.33', '6', '2021-06-01 15:51:03', 'DEl', '1000', null, null);
INSERT INTO `business_community` VALUES ('2021012222523156', '2020210601232312456', '开心乐园', '河北省石家庄市桥西区东港里街八里庄路', '130104', '古城北巷口', '101.33', '101.33', '6', '2021-06-01 17:02:57', 'DEl', '1000', null, null);
INSERT INTO `business_community` VALUES ('2021012222523156', '2020210601232312456', '开心乐园', '河北省石家庄市桥西区东港里街八里庄路', '130104', '古城北巷口', '101.33', '101.33', '6', '2021-06-01 17:02:57', 'ADD', '1200', '0.00', null);
INSERT INTO `business_community` VALUES ('2021060205270940', '2020210602066212719', 'sfsg', '天津省天津市河东区wee', '120102', 'wee', '101.33', '101.33', '6', '2021-06-02 13:05:31', 'ADD', '1000', '0.00', 'we');
INSERT INTO `business_community` VALUES ('2021060231551256', '2020210602164713750', '额我惹我额我惹我', '北京省北京市东城区龙华街道', '110101', '美宜佳', '101.33', '101.33', '6', '2021-06-02 20:23:17', 'ADD', '1000', '0.00', '热舞热惹我惹我惹我');
INSERT INTO `business_community` VALUES ('2021060288411262', '2020210602152913755', '11', '北京省北京市东城区11去去去去去去去去去去去去去去去去去去去去去去去去去去去去去去去去去去去去去去去去去去去去去去去去去去去去去  去去去去去去去去去去去去去去去去去去去去去去去去去去去去去去去去去去去去去去去去去去去去去去去去去去去去去去', '110101', '111', '101.33', '101.33', '6', '2021-06-02 20:30:03', 'ADD', '1000', '0.00', '00000');
INSERT INTO `business_community` VALUES ('2021060312231314', '2020210603409713805', '建工新城', '湖南省长沙市天心区天心区芙蓉南路', '430103', '建工大厦', '101.33', '101.33', '6', '2021-06-03 10:36:16', 'ADD', '1000', '0.00', null);
INSERT INTO `business_community` VALUES ('2021060312231314', '2020210603859213810', '建工新城', '湖南省长沙市天心区天心区芙蓉南路', '430103', '建工大厦', '101.33', '101.33', '6', '2021-06-03 10:36:30', 'DEl', '1000', null, null);
INSERT INTO `business_community` VALUES ('2021060312231314', '2020210603859213810', '建工新城', '湖南省长沙市天心区天心区芙蓉南路', '430103', '建工大厦', '101.33', '101.33', '6', '2021-06-03 10:36:30', 'ADD', '1100', '0.00', null);
INSERT INTO `business_community` VALUES ('2021032665310054', '2020210603319113812', '建工小区01', '湖南省长沙市天心区建工新城', '430103', '建工新城', '101.33', '101.33', '6', '2021-06-03 10:37:25', 'DEl', '1100', null, null);
INSERT INTO `business_community` VALUES ('2021032665310054', '2020210603319113812', '建工小区01', '湖南省长沙市天心区建工新城', '430103', '建工新城', '101.33', '101.33', '6', '2021-06-03 10:37:25', 'ADD', '1000', '0.00', null);
INSERT INTO `business_community` VALUES ('2021032620440022', '2020210603551413814', '建工小区', '湖南省长沙市天心区建工小区', '430103', '建工小区', '101.33', '101.33', '6', '2021-06-03 10:37:28', 'DEl', '1100', null, null);
INSERT INTO `business_community` VALUES ('2021032620440022', '2020210603551413814', '建工小区', '湖南省长沙市天心区建工小区', '430103', '建工小区', '101.33', '101.33', '6', '2021-06-03 10:37:28', 'ADD', '1000', '0.00', null);
INSERT INTO `business_community` VALUES ('2021032620440022', '2020210603644113818', '建工小区', '湖南省长沙市天心区建工小区', '430103', '建工小区', '101.33', '101.33', '6', '2021-06-03 10:50:29', 'DEl', '1000', null, null);
INSERT INTO `business_community` VALUES ('2021032620440022', '2020210603644113818', '建工小区', '湖南省长沙市天心区建工小区', '430103', '建工小区', '101.33', '101.33', '6', '2021-06-03 10:50:29', 'ADD', '1100', '0.00', null);
INSERT INTO `business_community` VALUES ('2021032665310054', '2020210603802513833', '建工小区01', '湖南省长沙市天心区建工新城', '430103', '建工新城', '101.33', '101.33', '6', '2021-06-03 11:24:27', 'DEl', '1000', null, null);
INSERT INTO `business_community` VALUES ('2021060205270940', '2020210603795213835', 'sfsg', '天津省天津市河东区wee', '120102', 'wee', '101.33', '101.33', '6', '2021-06-03 11:24:36', 'DEl', '1000', null, null);
INSERT INTO `business_community` VALUES ('2021060231551256', '2020210603283913839', '额我惹我额我惹我', '北京省北京市东城区龙华街道', '110101', '美宜佳', '101.33', '101.33', '6', '2021-06-03 11:24:47', 'DEl', '1000', null, null);
INSERT INTO `business_community` VALUES ('2021060288411262', '2020210603827713841', '11', '北京省北京市东城区11去去去去去去去去去去去去去去去去去去去去去去去去去去去去去去去去去去去去去去去去去去去去去去去去去去去去去  去去去去去去去去去去去去去去去去去去去去去去去去去去去去去去去去去去去去去去去去去去去去去去去去去去去去去去', '110101', '111', '101.33', '101.33', '6', '2021-06-03 11:24:50', 'DEl', '1000', null, null);
INSERT INTO `business_community` VALUES ('2021012222523156', '2020210603720513843', '开心乐园', '河北省石家庄市桥西区东港里街八里庄路', '130104', '古城北巷口', '101.33', '101.33', '6', '2021-06-03 11:24:59', 'DEl', '1200', null, null);
INSERT INTO `business_community` VALUES ('2021060547170048', '2020210605643314425', '测试家园', '广东省中山市中山市曹一新区', '442001', '地铁', '101.33', '101.33', '6', '2021-06-05 02:33:06', 'ADD', '1000', '0.00', '123123123123');
INSERT INTO `business_community` VALUES ('702019073109590004', '202019073166840048', '江林新城', '西安市', '0971', '子午大道南三环', '101.33', '101.33', '7', '2019-07-31 05:24:43', 'ADD', '1000', '0.00', null);
INSERT INTO `business_community` VALUES ('702020062975020024', '202020070388406951', '东圃广场', '广东省广州市天河区黄村西路8号', '440106', '天银大厦', '101.33', '101.33', '7', '2020-07-03 17:18:24', 'DEl', '1100', '0.00', null);
INSERT INTO `business_community` VALUES ('702020062975020024', '202020070388406951', '东圃广场', '广东省广州市天河区黄村西路8号', '440106', '天银大厦', '101.33', '101.33', '7', '2020-07-03 17:18:24', 'ADD', '1000', '0.00', null);
INSERT INTO `business_community` VALUES ('702020042166630032', '202020071231251398', '老九大玩法非法人', '四川省成都市锦江区吊袜带安抚', '510104', '阿瓦我发', '101.33', '101.33', '7', '2020-07-12 18:47:02', 'DEl', '1100', '0.00', null);
INSERT INTO `business_community` VALUES ('702020042166630032', '202020071231251398', '老九大玩法非法人', '四川省成都市锦江区吊袜带安抚', '510104', '阿瓦我发', '101.33', '101.33', '7', '2020-07-12 18:47:02', 'ADD', '1000', '0.00', null);
INSERT INTO `business_community` VALUES ('702020071277490052', '202020071249751421', '碧桂园小区', '浙江省杭州市西湖区西湖路200号', '330106', '庆春桥', '101.33', '101.33', '7', '2020-07-12 20:43:33', 'ADD', '1000', '0.00', null);
INSERT INTO `business_community` VALUES ('702020042166630032', '202020071214431431', '老九大玩法非法人', '四川省成都市锦江区吊袜带安抚', '510104', '阿瓦我发', '101.33', '101.33', '7', '2020-07-12 22:18:19', 'DEl', '1000', '0.00', null);
INSERT INTO `business_community` VALUES ('702020042166630032', '202020071214431431', '老九大玩法非法人', '四川省成都市锦江区吊袜带安抚', '510104', '阿瓦我发', '101.33', '101.33', '7', '2020-07-12 22:18:19', 'ADD', '1200', '0.00', null);
INSERT INTO `business_community` VALUES ('702020071322280056', '202020071324111439', '新南天地', '海南省海口市美兰区111', '460108', '222', '101.33', '101.33', '7', '2020-07-13 09:06:35', 'ADD', '1000', '0.00', null);
INSERT INTO `business_community` VALUES ('702020071322280056', '202020071393621443', '新南天地', '海南省海口市美兰区111', '460108', '222', '101.33', '101.33', '7', '2020-07-13 09:11:30', 'DEl', '1000', '0.00', null);
INSERT INTO `business_community` VALUES ('702020071322280056', '202020071393621443', '新南天地', '海南省海口市美兰区111', '460108', '222', '101.33', '101.33', '7', '2020-07-13 09:11:30', 'ADD', '1100', '0.00', null);
INSERT INTO `business_community` VALUES ('702020062975020024', '202020071343052478', '东圃广场', '广东省广州市天河区黄村西路8号', '440106', '天银大厦', '101.33', '101.33', '7', '2020-07-13 22:29:23', 'DEl', '1000', '0.00', null);
INSERT INTO `business_community` VALUES ('702020062975020024', '202020071343052478', '东圃广场', '广东省广州市天河区黄村西路8号', '440106', '天银大厦', '101.33', '101.33', '7', '2020-07-13 22:29:23', 'ADD', '1100', '0.00', null);
INSERT INTO `business_community` VALUES ('702020071427320216', '202020071483622583', '小区测试186', '辽宁省大连市甘井子区sdf', '210211', 'dfd', '101.33', '101.33', '7', '2020-07-14 10:14:43', 'ADD', '1000', '0.00', null);
INSERT INTO `business_community` VALUES ('702020071427320216', '202020071422812587', '小区测试186', '辽宁省大连市甘井子区sdf', '210211', 'dfd', '101.33', '101.33', '7', '2020-07-14 10:15:10', 'DEl', '1000', '0.00', null);
INSERT INTO `business_community` VALUES ('702020071427320216', '202020071422812587', '小区测试186', '辽宁省大连市甘井子区sdf', '210211', 'dfd', '101.33', '101.33', '7', '2020-07-14 10:15:10', 'ADD', '1100', '0.00', null);
INSERT INTO `business_community` VALUES ('702020071473160244', '202020071489882707', '深圳壹方城社区', '广东省深圳市宝安区壹方天地', '440306', '壹方城', '101.33', '101.33', '7', '2020-07-14 11:41:00', 'ADD', '1000', '0.00', null);
INSERT INTO `business_community` VALUES ('702020071566550028', '202020071585990458', '龙城铭园', '陕西省西安市新城区西安市', '610102', '西安市', '101.33', '101.33', '7', '2020-07-15 13:55:57', 'ADD', '1000', '0.00', null);
INSERT INTO `business_community` VALUES ('702020071566550028', '202020071508770462', '龙城铭园', '陕西省西安市新城区西安市', '610102', '西安市', '101.33', '101.33', '7', '2020-07-15 14:07:04', 'DEl', '1000', '0.00', null);
INSERT INTO `business_community` VALUES ('702020071566550028', '202020071508770462', '龙城铭园', '陕西省西安市新城区西安市', '610102', '西安市', '101.33', '101.33', '7', '2020-07-15 14:07:04', 'ADD', '1100', '0.00', null);
INSERT INTO `business_community` VALUES ('702020071728630038', '202020071722451257', '锦绣佳园', '天津省天津市津南区天津市津南区辛庄镇', '120112', '津沽路', '101.33', '101.33', '7', '2020-07-17 17:29:34', 'ADD', '1000', '0.00', null);
INSERT INTO `business_community` VALUES ('702020071728630038', '202020071760641268', '锦绣佳园', '天津省天津市津南区天津市津南区辛庄镇', '120112', '津沽路', '101.33', '101.33', '7', '2020-07-17 17:33:09', 'DEl', '1000', '0.00', null);
INSERT INTO `business_community` VALUES ('702020071728630038', '202020071760641268', '锦绣佳园', '天津省天津市津南区天津市津南区辛庄镇', '120112', '津沽路', '101.33', '101.33', '7', '2020-07-17 17:33:09', 'ADD', '1100', '0.00', null);
INSERT INTO `business_community` VALUES ('702020063044110010', '202020071839231605', '凤林小区', '山东省威海市威海经济技术开发区凤林小区', '371072', '九龙城', '101.33', '101.33', '7', '2020-07-18 15:40:54', 'DEl', '1000', '0.00', null);
INSERT INTO `business_community` VALUES ('702020063044110010', '202020071839231605', '凤林小区', '山东省威海市威海经济技术开发区凤林小区', '371072', '九龙城', '101.33', '101.33', '7', '2020-07-18 15:40:54', 'ADD', '1100', '0.00', null);
INSERT INTO `business_community` VALUES ('702020071843450072', '202020071899111631', '万科翡翠', '陕西省西安市雁塔区科技二路', '610113', '软件园', '101.33', '101.33', '7', '2020-07-18 16:15:17', 'ADD', '1000', '0.00', null);
INSERT INTO `business_community` VALUES ('702020071843450072', '202020071886491635', '万科翡翠', '陕西省西安市雁塔区科技二路', '610113', '软件园', '101.33', '101.33', '7', '2020-07-18 16:16:02', 'DEl', '1000', '0.00', null);
INSERT INTO `business_community` VALUES ('702020071843450072', '202020071886491635', '万科翡翠', '陕西省西安市雁塔区科技二路', '610113', '软件园', '101.33', '101.33', '7', '2020-07-18 16:16:02', 'ADD', '1100', '0.00', null);
INSERT INTO `business_community` VALUES ('702020072090660134', '202020072093672451', '共宁小区', '上海省上海市静安区上海大宁路', '310106', '大宁国际', '101.33', '101.33', '7', '2020-07-20 09:58:22', 'ADD', '1000', '0.00', null);
INSERT INTO `business_community` VALUES ('702020072090660134', '202020072016992459', '共宁小区', '上海省上海市静安区上海大宁路', '310106', '大宁国际', '101.33', '101.33', '7', '2020-07-20 09:59:56', 'DEl', '1000', '0.00', null);
INSERT INTO `business_community` VALUES ('702020072090660134', '202020072016992459', '共宁小区', '上海省上海市静安区上海大宁路', '310106', '大宁国际', '101.33', '101.33', '7', '2020-07-20 09:59:56', 'ADD', '1100', '0.00', null);
INSERT INTO `business_community` VALUES ('702020072075560146', '202020072010412842', '升平小区', '山东省青岛市李沧区海尔路一号', '370213', '10,10', '101.33', '101.33', '7', '2020-07-20 13:54:01', 'ADD', '1000', '0.00', null);
INSERT INTO `business_community` VALUES ('702020072115510042', '202020072173520333', '６９００８', '新疆维吾尔自治区乌鲁木齐市水磨沟区西虹东路', '650105', '西虹宾馆', '101.33', '101.33', '7', '2020-07-21 17:25:36', 'ADD', '1000', '0.00', null);
INSERT INTO `business_community` VALUES ('702020072115510042', '202020072196600337', '６９００８', '新疆维吾尔自治区乌鲁木齐市水磨沟区西虹东路', '650105', '西虹宾馆', '101.33', '101.33', '7', '2020-07-21 17:26:17', 'DEl', '1000', '0.00', null);
INSERT INTO `business_community` VALUES ('702020072115510042', '202020072196600337', '６９００８', '新疆维吾尔自治区乌鲁木齐市水磨沟区西虹东路', '650105', '西虹宾馆', '101.33', '101.33', '7', '2020-07-21 17:26:17', 'ADD', '1100', '0.00', null);
INSERT INTO `business_community` VALUES ('702020072255700108', '202020072236720967', '成成123', '吉林省长春市绿园区123a123', '220106', '456a456', '101.33', '101.33', '7', '2020-07-22 14:35:14', 'ADD', '1000', '0.00', null);
INSERT INTO `business_community` VALUES ('702020072255700108', '202020072261860971', '成成123', '吉林省长春市绿园区123a123', '220106', '456a456', '101.33', '101.33', '7', '2020-07-22 14:36:03', 'DEl', '1000', '0.00', null);
INSERT INTO `business_community` VALUES ('702020072255700108', '202020072261860971', '成成123', '吉林省长春市绿园区123a123', '220106', '456a456', '101.33', '101.33', '7', '2020-07-22 14:36:03', 'ADD', '1100', '0.00', null);
